[INFO] fetching crate mpeg-ps 0.5.0...
[INFO] testing mpeg-ps-0.5.0 against 1.99.0-beta.8+cargoflags=--release for beta-release-1.100-2
[INFO] extracting crate mpeg-ps 0.5.0 into /workspace/builds/worker-4-tc1/source
[INFO] started tweaking crates.io crate mpeg-ps 0.5.0
[INFO] removed 0 missing examples
[INFO] removed 0 missing tests
[INFO] finished tweaking crates.io crate mpeg-ps 0.5.0
[INFO] tweaked toml for crates.io crate mpeg-ps 0.5.0 written to /workspace/builds/worker-4-tc1/source/Cargo.toml
[INFO] validating manifest of crates.io crate mpeg-ps 0.5.0 on toolchain 1.99.0-beta.8
[INFO] running `Command { std: CARGO_HOME="/workspace/cargo-home" RUSTUP_HOME="/workspace/rustup-home" "/workspace/cargo-home/bin/cargo" "+1.99.0-beta.8" "metadata" "--manifest-path" "Cargo.toml" "--no-deps", kill_on_drop: false }`
[INFO] crate crates.io crate mpeg-ps 0.5.0 already has a lockfile, it will not be regenerated
[INFO] running `Command { std: CARGO_HOME="/workspace/cargo-home" RUSTUP_HOME="/workspace/rustup-home" "/workspace/cargo-home/bin/cargo" "+1.99.0-beta.8" "fetch" "--manifest-path" "Cargo.toml", kill_on_drop: false }`
[INFO] [stderr]     Updating crates.io index
[INFO] [stderr]  Downloading crates ...
[INFO] [stderr]   Downloaded cc v1.4.1
[INFO] [stderr]   Downloaded mpeg-pes v0.5.0
[INFO] [stderr]   Downloaded broadcast-common v9.4.0
[INFO] running `Command { std: "docker" "create" "-v" "/var/lib/crater-agent-workspace/builds/worker-4-tc1/source:/opt/rustwide/workdir:ro,Z" "-v" "/var/lib/crater-agent-workspace/builds/worker-4-tc1/target:/opt/rustwide/target:rw,Z" "-v" "/var/lib/crater-agent-workspace/cargo-home:/opt/rustwide/cargo-home:ro,Z" "-v" "/var/lib/crater-agent-workspace/rustup-home:/opt/rustwide/rustup-home:ro,Z" "-m" "1610612736" "--network" "none" "ghcr.io/rust-lang/crates-build-env/linux@sha256:77db811e55d90add9212f6832c23229e3de5f1c1f9905e8cb07319ea15df73ac" "sleep" "infinity", kill_on_drop: false }`
[INFO] [stdout] 3018f8111e18b36089d5e3e72551e7fe1c5606632cedd2688ddc016bdf4cd8d1
[INFO] running `Command { std: "docker" "start" "3018f8111e18b36089d5e3e72551e7fe1c5606632cedd2688ddc016bdf4cd8d1", kill_on_drop: false }`
[INFO] running `Command { std: "docker" "inspect" "3018f8111e18b36089d5e3e72551e7fe1c5606632cedd2688ddc016bdf4cd8d1", kill_on_drop: false }`
[INFO] running `Command { std: "docker" "exec" "-e" "SOURCE_DIR=/opt/rustwide/workdir" "-e" "CARGO_HOME=/opt/rustwide/cargo-home" "-e" "RUSTUP_HOME=/opt/rustwide/rustup-home" "-e" "CARGO_TARGET_DIR=/opt/rustwide/target" "-w" "/opt/rustwide/workdir" "--user" "0:0" "3018f8111e18b36089d5e3e72551e7fe1c5606632cedd2688ddc016bdf4cd8d1" "/opt/rustwide/cargo-home/bin/cargo" "+1.99.0-beta.8" "metadata" "--no-deps" "--format-version=1", kill_on_drop: false }`
[INFO] running `Command { std: "docker" "inspect" "3018f8111e18b36089d5e3e72551e7fe1c5606632cedd2688ddc016bdf4cd8d1", kill_on_drop: false }`
[INFO] running `Command { std: "docker" "exec" "-e" "SOURCE_DIR=/opt/rustwide/workdir" "-e" "CARGO_HOME=/opt/rustwide/cargo-home" "-e" "RUSTUP_HOME=/opt/rustwide/rustup-home" "-e" "CARGO_TARGET_DIR=/opt/rustwide/target" "-e" "CARGO_INCREMENTAL=0" "-e" "RUST_BACKTRACE=full" "-e" "RUSTFLAGS=--cap-lints=warn" "-e" "RUSTDOCFLAGS=--cap-lints=warn" "-w" "/opt/rustwide/workdir" "--user" "0:0" "3018f8111e18b36089d5e3e72551e7fe1c5606632cedd2688ddc016bdf4cd8d1" "/opt/rustwide/cargo-home/bin/cargo" "+1.99.0-beta.8" "build" "--frozen" "--message-format=json" "--release", kill_on_drop: false }`
[INFO] [stderr]    Compiling thiserror v2.0.21
[INFO] [stderr]    Compiling hex v0.4.3
[INFO] [stderr]    Compiling thiserror-impl v2.0.21
[INFO] [stderr]    Compiling broadcast-common v9.4.0
[INFO] [stderr]    Compiling mpeg-pes v0.5.0
[INFO] [stderr]    Compiling mpeg-ps v0.5.0 (/opt/rustwide/workdir)
[INFO] [stderr]     Finished `release` profile [optimized] target(s) in 3.54s
[INFO] running `Command { std: "docker" "inspect" "3018f8111e18b36089d5e3e72551e7fe1c5606632cedd2688ddc016bdf4cd8d1", kill_on_drop: false }`
[INFO] running `Command { std: "docker" "exec" "-e" "SOURCE_DIR=/opt/rustwide/workdir" "-e" "CARGO_HOME=/opt/rustwide/cargo-home" "-e" "RUSTUP_HOME=/opt/rustwide/rustup-home" "-e" "CARGO_TARGET_DIR=/opt/rustwide/target" "-e" "CARGO_INCREMENTAL=0" "-e" "RUST_BACKTRACE=full" "-e" "RUSTFLAGS=--cap-lints=warn" "-e" "RUSTDOCFLAGS=--cap-lints=warn" "-w" "/opt/rustwide/workdir" "--user" "0:0" "3018f8111e18b36089d5e3e72551e7fe1c5606632cedd2688ddc016bdf4cd8d1" "/opt/rustwide/cargo-home/bin/cargo" "+1.99.0-beta.8" "test" "--frozen" "--no-run" "--message-format=json" "--release", kill_on_drop: false }`
[INFO] [stderr]    Compiling serde_core v1.0.229
[INFO] [stderr]    Compiling serde_json v1.0.151
[INFO] [stderr]    Compiling mpeg-ps v0.5.0 (/opt/rustwide/workdir)
[INFO] [stderr]     Finished `release` profile [optimized] target(s) in 10.14s
[INFO] running `Command { std: "docker" "inspect" "3018f8111e18b36089d5e3e72551e7fe1c5606632cedd2688ddc016bdf4cd8d1", kill_on_drop: false }`
[INFO] running `Command { std: "docker" "exec" "-e" "SOURCE_DIR=/opt/rustwide/workdir" "-e" "CARGO_HOME=/opt/rustwide/cargo-home" "-e" "RUSTUP_HOME=/opt/rustwide/rustup-home" "-e" "CARGO_TARGET_DIR=/opt/rustwide/target" "-e" "CARGO_INCREMENTAL=0" "-e" "RUST_BACKTRACE=full" "-e" "RUSTFLAGS=--cap-lints=warn" "-e" "RUSTDOCFLAGS=--cap-lints=warn" "-w" "/opt/rustwide/workdir" "--user" "0:0" "3018f8111e18b36089d5e3e72551e7fe1c5606632cedd2688ddc016bdf4cd8d1" "/opt/rustwide/cargo-home/bin/cargo" "+1.99.0-beta.8" "test" "--frozen" "--release", kill_on_drop: false }`
[INFO] [stderr]     Finished `release` profile [optimized] target(s) in 0.06s
[INFO] [stderr]      Running unittests src/lib.rs (/opt/rustwide/target/release/deps/mpeg_ps-c4bfd6c1ccd0f6f7)
[INFO] [stdout] 
[INFO] [stdout] running 34 tests
[INFO] [stdout] test program_stream::tests::fuzz_regression_mpeg_ps_boundary_underflow ... ok
[INFO] [stdout] test pack_header::tests::pack_header_nonzero_scr ... ok
[INFO] [stdout] test pack_header::tests::pack_header_round_trip_with_stuffing ... ok
[INFO] [stdout] test pack_header::tests::serialize_rejects_stuffing_length_mismatch ... ok
[INFO] [stdout] test pack_header::tests::serialize_rejects_out_of_range_fields ... ok
[INFO] [stdout] test program_stream::tests::psm_is_surfaced_not_folded_into_pes_packets ... ok
[INFO] [stdout] test pack_header::tests::non_0xff_stuffing_round_trips_byte_identically ... ok
[INFO] [stdout] test pack_header::tests::pack_header_round_trip_fixture_pattern ... ok
[INFO] [stdout] test program_stream::tests::stray_pack_start_code_inside_pes_payload_does_not_truncate ... ok
[INFO] [stdout] test program_stream::tests::system_header_wire_length_used_for_pes_start_not_reserialized_length ... ok
[INFO] [stdout] test program_stream_map::tests::program_stream_map_length_at_spec_max_round_trips ... ok
[INFO] [stdout] test program_stream_map::tests::program_stream_map_length_over_spec_max_is_rejected ... ok
[INFO] [stdout] test program_stream_map::tests::reserved_bits_are_set_by_convention ... ok
[INFO] [stdout] test program_stream_map::tests::pseudo_descriptor_length_overflow_is_rejected_not_wrapped ... ok
[INFO] [stdout] test program_stream_map::tests::psm_bad_crc_rejected ... ok
[INFO] [stdout] test program_stream_map::tests::psm_build_and_round_trip ... ok
[INFO] [stdout] test program_stream_map::tests::serialize_rejects_version_over_5_bits ... ok
[INFO] [stdout] test program_stream_map::tests::psm_with_nonempty_program_descriptor_loop ... ok
[INFO] [stdout] test program_stream_map::tests::psm_with_stream_id_extension ... ok
[INFO] [stdout] test scr::tests::scr_rejects_bad_marker ... ok
[INFO] [stdout] test scr::tests::scr_rejects_bad_prefix ... ok
[INFO] [stdout] test scr::tests::scr_reports_mpeg1_prefix_distinctly_from_corruption ... ok
[INFO] [stdout] test scr::tests::scr_round_trip_boundary_values ... ok
[INFO] [stdout] test system_header::tests::many_bounds_within_u16_header_length_round_trips ... ok
[INFO] [stdout] test system_header::tests::non_conventional_reserved_bits_round_trip ... ok
[INFO] [stdout] test system_header::tests::system_header_round_trip_extended_stream_id ... ok
[INFO] [stdout] test scr::tests::scr_ticks ... ok
[INFO] [stdout] test scr::tests::scr_zero_matches_fixture_pattern ... ok
[INFO] [stdout] test system_header::tests::header_length_over_u16_is_rejected_not_wrapped ... ok
[INFO] [stdout] test system_header::tests::many_bounds_past_old_u16_overflow_point_errs_not_panics ... ok
[INFO] [stdout] test system_header::tests::system_header_round_trip_no_streams ... ok
[INFO] [stdout] test system_header::tests::system_header_round_trip_with_streams ... ok
[INFO] [stdout] test system_header::tests::video_bound_bit_4_round_trips ... ok
[INFO] [stdout] test scr::tests::scr_seconds ... ok
[INFO] [stdout] 
[INFO] [stdout] test result: ok. 34 passed; 0 failed; 0 ignored; 0 measured; 0 filtered out; finished in 0.03s
[INFO] [stdout] 
[INFO] [stderr]      Running tests/fixture_ps.rs (/opt/rustwide/target/release/deps/fixture_ps-fae0751917ccbec4)
[INFO] [stdout] 
[INFO] [stdout] running 3 tests
[INFO] [stdout] test psm_unit_round_trip ... ok
[INFO] [stdout] test scan_packs_resyncs_after_a_corrupt_pack_and_reports_it ... FAILED
[INFO] [stdout] test real_fixture_walk ... FAILED
[INFO] [stdout] 
[INFO] [stdout] failures:
[INFO] [stdout] 
[INFO] [stdout] ---- scan_packs_resyncs_after_a_corrupt_pack_and_reports_it stdout ----
[INFO] [stdout] 
[INFO] [stdout] thread 'scan_packs_resyncs_after_a_corrupt_pack_and_reports_it' (427) panicked at tests/fixture_ps.rs:14:20:
[INFO] [stdout] fixture ffmpeg-mpeg2-ps.mpg must be present: Os { code: 2, kind: NotFound, message: "No such file or directory" }
[INFO] [stdout] stack backtrace:
[INFO] [stdout]    0:     0x56939264a6e1 - <<std[70759c8f55707aa4]::sys::backtrace::BacktraceLock>::print::DisplayBacktrace as core[df12db4294e9bfd3]::fmt::Display>::fmt
[INFO] [stdout]    1:     0x56939265ec8a - core[df12db4294e9bfd3]::fmt::write
[INFO] [stdout]    2:     0x56939264eb7c - <alloc[2182bb758b4b3781]::vec::Vec<u8> as core[df12db4294e9bfd3]::io::write::Write>::write_fmt
[INFO] [stdout]    3:     0x5693926269b6 - std[70759c8f55707aa4]::panicking::default_hook::{closure#0}
[INFO] [stdout]    4:     0x569392642b29 - std[70759c8f55707aa4]::panicking::default_hook
[INFO] [stdout]    5:     0x5693925da930 - test[9d35eded1c95d3be]::test_main_inner::<test[9d35eded1c95d3be]::test_main_static::{closure#0}>::{closure#0}
[INFO] [stdout]    6:     0x569392642ce2 - std[70759c8f55707aa4]::panicking::panic_with_hook
[INFO] [stdout]    7:     0x569392626a62 - std[70759c8f55707aa4]::panicking::panic_handler::{closure#0}
[INFO] [stdout]    8:     0x56939261f659 - std[70759c8f55707aa4]::sys::backtrace::__rust_end_short_backtrace::<std[70759c8f55707aa4]::panicking::panic_handler::{closure#0}, !>
[INFO] [stdout]    9:     0x56939262765d - __rustc[8fa7c3cbc660c2b3]::rust_begin_unwind
[INFO] [stdout]   10:     0x56939265f3bc - core[df12db4294e9bfd3]::panicking::panic_fmt
[INFO] [stdout]   11:     0x56939265f192 - core[df12db4294e9bfd3]::result::unwrap_failed
[INFO] [stdout]   12:     0x5693925cd7dc - <fixture_ps[e7e48ece6950cff1]::scan_packs_resyncs_after_a_corrupt_pack_and_reports_it::{closure#0} as core[df12db4294e9bfd3]::ops::function::FnOnce<()>>::call_once
[INFO] [stdout]   13:     0x5693925cdc1b - test[9d35eded1c95d3be]::__rust_begin_short_backtrace::<core[df12db4294e9bfd3]::result::Result<(), alloc[2182bb758b4b3781]::string::String>, fn() -> core[df12db4294e9bfd3]::result::Result<(), alloc[2182bb758b4b3781]::string::String>>
[INFO] [stdout]   14:     0x5693925db285 - test[9d35eded1c95d3be]::run_test::{closure#0}
[INFO] [stdout]   15:     0x5693925d4b44 - std[70759c8f55707aa4]::sys::backtrace::__rust_begin_short_backtrace::<test[9d35eded1c95d3be]::run_test::{closure#1}, ()>
[INFO] [stdout]   16:     0x5693925de3e2 - <std[70759c8f55707aa4]::thread::lifecycle::spawn_unchecked<test[9d35eded1c95d3be]::run_test::{closure#1}, ()>::{closure#1} as core[df12db4294e9bfd3]::ops::function::FnOnce<()>>::call_once::{shim:vtable#0}
[INFO] [stdout]   17:     0x569392649c99 - <std[70759c8f55707aa4]::sys::thread::unix::Thread>::new::thread_start
[INFO] [stdout]   18:     0x7722e379cdfa - <unknown>
[INFO] [stdout]   19:     0x7722e38303d4 - clone
[INFO] [stdout]   20:                0x0 - <unknown>
[INFO] [stdout] 
[INFO] [stdout] ---- real_fixture_walk stdout ----
[INFO] [stdout] 
[INFO] [stdout] thread 'real_fixture_walk' (426) panicked at tests/fixture_ps.rs:14:20:
[INFO] [stdout] fixture ffmpeg-mpeg2-ps.mpg must be present: Os { code: 2, kind: NotFound, message: "No such file or directory" }
[INFO] [stdout] stack backtrace:
[INFO] [stdout]    0:     0x56939264a6e1 - <<std[70759c8f55707aa4]::sys::backtrace::BacktraceLock>::print::DisplayBacktrace as core[df12db4294e9bfd3]::fmt::Display>::fmt
[INFO] [stdout]    1:     0x56939265ec8a - core[df12db4294e9bfd3]::fmt::write
[INFO] [stdout]    2:     0x56939264eb7c - <alloc[2182bb758b4b3781]::vec::Vec<u8> as core[df12db4294e9bfd3]::io::write::Write>::write_fmt
[INFO] [stdout]    3:     0x5693926269b6 - std[70759c8f55707aa4]::panicking::default_hook::{closure#0}
[INFO] [stdout]    4:     0x569392642b29 - std[70759c8f55707aa4]::panicking::default_hook
[INFO] [stdout]    5:     0x5693925da930 - test[9d35eded1c95d3be]::test_main_inner::<test[9d35eded1c95d3be]::test_main_static::{closure#0}>::{closure#0}
[INFO] [stdout]    6:     0x569392642ce2 - std[70759c8f55707aa4]::panicking::panic_with_hook
[INFO] [stdout]    7:     0x569392626a62 - std[70759c8f55707aa4]::panicking::panic_handler::{closure#0}
[INFO] [stdout]    8:     0x56939261f659 - std[70759c8f55707aa4]::sys::backtrace::__rust_end_short_backtrace::<std[70759c8f55707aa4]::panicking::panic_handler::{closure#0}, !>
[INFO] [stdout]    9:     0x56939262765d - __rustc[8fa7c3cbc660c2b3]::rust_begin_unwind
[INFO] [stdout]   10:     0x56939265f3bc - core[df12db4294e9bfd3]::panicking::panic_fmt
[INFO] [stdout]   11:     0x56939265f192 - core[df12db4294e9bfd3]::result::unwrap_failed
[INFO] [stdout]   12:     0x5693925cc912 - <fixture_ps[e7e48ece6950cff1]::real_fixture_walk::{closure#0} as core[df12db4294e9bfd3]::ops::function::FnOnce<()>>::call_once
[INFO] [stdout]   13:     0x5693925cdc1b - test[9d35eded1c95d3be]::__rust_begin_short_backtrace::<core[df12db4294e9bfd3]::result::Result<(), alloc[2182bb758b4b3781]::string::String>, fn() -> core[df12db4294e9bfd3]::result::Result<(), alloc[2182bb758b4b3781]::string::String>>
[INFO] [stdout]   14:     0x5693925db285 - test[9d35eded1c95d3be]::run_test::{closure#0}
[INFO] [stdout]   15:     0x5693925d4b44 - std[70759c8f55707aa4]::sys::backtrace::__rust_begin_short_backtrace::<test[9d35eded1c95d3be]::run_test::{closure#1}, ()>
[INFO] [stdout]   16:     0x5693925de3e2 - <std[70759c8f55707aa4]::thread::lifecycle::spawn_unchecked<test[9d35eded1c95d3be]::run_test::{closure#1}, ()>::{closure#1} as core[df12db4294e9bfd3]::ops::function::FnOnce<()>>::call_once::{shim:vtable#0}
[INFO] [stdout]   17:     0x569392649c99 - <std[70759c8f55707aa4]::sys::thread::unix::Thread>::new::thread_start
[INFO] [stdout]   18:     0x7722e379cdfa - <unknown>
[INFO] [stdout]   19:     0x7722e38303d4 - clone
[INFO] [stdout]   20:                0x0 - <unknown>
[INFO] [stdout] 
[INFO] [stdout] 
[INFO] [stdout] failures:
[INFO] [stdout]     real_fixture_walk
[INFO] [stdout]     scan_packs_resyncs_after_a_corrupt_pack_and_reports_it
[INFO] [stdout] 
[INFO] [stdout] test result: FAILED. 1 passed; 2 failed; 0 ignored; 0 measured; 0 filtered out; finished in 0.00s
[INFO] [stdout] 
[INFO] [stderr] error: test failed, to rerun pass `--test fixture_ps`
[INFO] running `Command { std: "docker" "inspect" "3018f8111e18b36089d5e3e72551e7fe1c5606632cedd2688ddc016bdf4cd8d1", kill_on_drop: false }`
[INFO] running `Command { std: "docker" "rm" "-f" "3018f8111e18b36089d5e3e72551e7fe1c5606632cedd2688ddc016bdf4cd8d1", kill_on_drop: false }`
[INFO] [stdout] 3018f8111e18b36089d5e3e72551e7fe1c5606632cedd2688ddc016bdf4cd8d1
