[INFO] fetching crate mpeg-pes 0.5.0...
[INFO] testing mpeg-pes-0.5.0 against 1.99.0-beta.8+cargoflags=--release for beta-release-1.100-2
[INFO] extracting crate mpeg-pes 0.5.0 into /workspace/builds/worker-7-tc1/source
[INFO] started tweaking crates.io crate mpeg-pes 0.5.0
[INFO] removed 0 missing examples
[INFO] removed 0 missing tests
[INFO] finished tweaking crates.io crate mpeg-pes 0.5.0
[INFO] tweaked toml for crates.io crate mpeg-pes 0.5.0 written to /workspace/builds/worker-7-tc1/source/Cargo.toml
[INFO] validating manifest of crates.io crate mpeg-pes 0.5.0 on toolchain 1.99.0-beta.8
[INFO] running `Command { std: CARGO_HOME="/workspace/cargo-home" RUSTUP_HOME="/workspace/rustup-home" "/workspace/cargo-home/bin/cargo" "+1.99.0-beta.8" "metadata" "--manifest-path" "Cargo.toml" "--no-deps", kill_on_drop: false }`
[INFO] crate crates.io crate mpeg-pes 0.5.0 already has a lockfile, it will not be regenerated
[INFO] running `Command { std: CARGO_HOME="/workspace/cargo-home" RUSTUP_HOME="/workspace/rustup-home" "/workspace/cargo-home/bin/cargo" "+1.99.0-beta.8" "fetch" "--manifest-path" "Cargo.toml", kill_on_drop: false }`
[INFO] [stderr]     Updating crates.io index
[INFO] [stderr]  Downloading crates ...
[INFO] [stderr]   Downloaded cc v1.4.1
[INFO] [stderr]   Downloaded broadcast-common v9.4.0
[INFO] running `Command { std: "docker" "create" "-v" "/var/lib/crater-agent-workspace/builds/worker-7-tc1/source:/opt/rustwide/workdir:ro,Z" "-v" "/var/lib/crater-agent-workspace/builds/worker-7-tc1/target:/opt/rustwide/target:rw,Z" "-v" "/var/lib/crater-agent-workspace/cargo-home:/opt/rustwide/cargo-home:ro,Z" "-v" "/var/lib/crater-agent-workspace/rustup-home:/opt/rustwide/rustup-home:ro,Z" "-m" "1610612736" "--network" "none" "ghcr.io/rust-lang/crates-build-env/linux@sha256:77db811e55d90add9212f6832c23229e3de5f1c1f9905e8cb07319ea15df73ac" "sleep" "infinity", kill_on_drop: false }`
[INFO] [stdout] 4c7bf38c2eedc6e3e2e6037527923054918f1df1bb153ec16ef56341a4d28681
[INFO] running `Command { std: "docker" "start" "4c7bf38c2eedc6e3e2e6037527923054918f1df1bb153ec16ef56341a4d28681", kill_on_drop: false }`
[INFO] running `Command { std: "docker" "inspect" "4c7bf38c2eedc6e3e2e6037527923054918f1df1bb153ec16ef56341a4d28681", kill_on_drop: false }`
[INFO] running `Command { std: "docker" "exec" "-e" "SOURCE_DIR=/opt/rustwide/workdir" "-e" "CARGO_HOME=/opt/rustwide/cargo-home" "-e" "RUSTUP_HOME=/opt/rustwide/rustup-home" "-e" "CARGO_TARGET_DIR=/opt/rustwide/target" "-w" "/opt/rustwide/workdir" "--user" "0:0" "4c7bf38c2eedc6e3e2e6037527923054918f1df1bb153ec16ef56341a4d28681" "/opt/rustwide/cargo-home/bin/cargo" "+1.99.0-beta.8" "metadata" "--no-deps" "--format-version=1", kill_on_drop: false }`
[INFO] running `Command { std: "docker" "inspect" "4c7bf38c2eedc6e3e2e6037527923054918f1df1bb153ec16ef56341a4d28681", kill_on_drop: false }`
[INFO] running `Command { std: "docker" "exec" "-e" "SOURCE_DIR=/opt/rustwide/workdir" "-e" "CARGO_HOME=/opt/rustwide/cargo-home" "-e" "RUSTUP_HOME=/opt/rustwide/rustup-home" "-e" "CARGO_TARGET_DIR=/opt/rustwide/target" "-e" "CARGO_INCREMENTAL=0" "-e" "RUST_BACKTRACE=full" "-e" "RUSTFLAGS=--cap-lints=warn" "-e" "RUSTDOCFLAGS=--cap-lints=warn" "-w" "/opt/rustwide/workdir" "--user" "0:0" "4c7bf38c2eedc6e3e2e6037527923054918f1df1bb153ec16ef56341a4d28681" "/opt/rustwide/cargo-home/bin/cargo" "+1.99.0-beta.8" "build" "--frozen" "--message-format=json" "--release", kill_on_drop: false }`
[INFO] [stderr]    Compiling hex v0.4.3
[INFO] [stderr]    Compiling syn v3.0.3
[INFO] [stderr]    Compiling broadcast-common v9.4.0
[INFO] [stderr]    Compiling thiserror-impl v2.0.21
[INFO] [stderr]    Compiling thiserror v2.0.21
[INFO] [stderr]    Compiling mpeg-pes v0.5.0 (/opt/rustwide/workdir)
[INFO] [stderr]     Finished `release` profile [optimized] target(s) in 5.42s
[INFO] running `Command { std: "docker" "inspect" "4c7bf38c2eedc6e3e2e6037527923054918f1df1bb153ec16ef56341a4d28681", kill_on_drop: false }`
[INFO] running `Command { std: "docker" "exec" "-e" "SOURCE_DIR=/opt/rustwide/workdir" "-e" "CARGO_HOME=/opt/rustwide/cargo-home" "-e" "RUSTUP_HOME=/opt/rustwide/rustup-home" "-e" "CARGO_TARGET_DIR=/opt/rustwide/target" "-e" "CARGO_INCREMENTAL=0" "-e" "RUST_BACKTRACE=full" "-e" "RUSTFLAGS=--cap-lints=warn" "-e" "RUSTDOCFLAGS=--cap-lints=warn" "-w" "/opt/rustwide/workdir" "--user" "0:0" "4c7bf38c2eedc6e3e2e6037527923054918f1df1bb153ec16ef56341a4d28681" "/opt/rustwide/cargo-home/bin/cargo" "+1.99.0-beta.8" "test" "--frozen" "--no-run" "--message-format=json" "--release", kill_on_drop: false }`
[INFO] [stderr]    Compiling serde_core v1.0.229
[INFO] [stderr]    Compiling serde_json v1.0.151
[INFO] [stderr]    Compiling mpeg-pes v0.5.0 (/opt/rustwide/workdir)
[INFO] [stderr]     Finished `release` profile [optimized] target(s) in 9.47s
[INFO] running `Command { std: "docker" "inspect" "4c7bf38c2eedc6e3e2e6037527923054918f1df1bb153ec16ef56341a4d28681", kill_on_drop: false }`
[INFO] running `Command { std: "docker" "exec" "-e" "SOURCE_DIR=/opt/rustwide/workdir" "-e" "CARGO_HOME=/opt/rustwide/cargo-home" "-e" "RUSTUP_HOME=/opt/rustwide/rustup-home" "-e" "CARGO_TARGET_DIR=/opt/rustwide/target" "-e" "CARGO_INCREMENTAL=0" "-e" "RUST_BACKTRACE=full" "-e" "RUSTFLAGS=--cap-lints=warn" "-e" "RUSTDOCFLAGS=--cap-lints=warn" "-w" "/opt/rustwide/workdir" "--user" "0:0" "4c7bf38c2eedc6e3e2e6037527923054918f1df1bb153ec16ef56341a4d28681" "/opt/rustwide/cargo-home/bin/cargo" "+1.99.0-beta.8" "test" "--frozen" "--release", kill_on_drop: false }`
[INFO] [stderr]     Finished `release` profile [optimized] target(s) in 0.04s
[INFO] [stderr]      Running unittests src/lib.rs (/opt/rustwide/target/release/deps/mpeg_pes-a6edfe3c2e3d6664)
[INFO] [stdout] 
[INFO] [stdout] running 35 tests
[INFO] [stdout] test packet::tests::escr_27mhz_round_trip ... ok
[INFO] [stdout] test assembler::tests::reassembles_across_packets_and_flushes ... ok
[INFO] [stdout] test packet::tests::escr_field_bytes_round_trip ... ok
[INFO] [stdout] test assembler::tests::oversized_pes_is_discarded_not_buffered_forever ... ok
[INFO] [stdout] test packet::tests::forbidden_pts_dts_flags_01_is_rejected ... ok
[INFO] [stdout] test assembler::tests::ignores_continuation_before_first_start ... ok
[INFO] [stdout] test packet::tests::pes_extension_private_data_round_trip ... ok
[INFO] [stdout] test packet::tests::pack_header_over_255_bytes_rejected_not_wrapped ... ok
[INFO] [stdout] test packet::tests::pes_header_all_fields_round_trip ... ok
[INFO] [stdout] test packet::tests::pes_extension_field_over_127_bytes_rejected_not_wrapped ... ok
[INFO] [stdout] test packet::tests::pes_header_es_rate_round_trip ... ok
[INFO] [stdout] test packet::tests::pes_header_escr_round_trip ... ok
[INFO] [stdout] test packet::tests::pes_header_trick_mode_round_trip ... ok
[INFO] [stdout] test packet::tests::pes_header_pes_crc_round_trip ... ok
[INFO] [stdout] test packet::tests::pts_and_dts ... ok
[INFO] [stdout] test packet::tests::pes_header_stuffing_round_trip ... ok
[INFO] [stdout] test packet::tests::rejects_bad_start_code ... ok
[INFO] [stdout] test packet::tests::pes_header_additional_copy_info_round_trip ... ok
[INFO] [stdout] test packet::tests::trick_mode_all_variants_round_trip ... ok
[INFO] [stdout] test packet::tests::serialize_rejects_oversized_optional_fields ... ok
[INFO] [stdout] test packet::tests::special_stream_no_header ... ok
[INFO] [stdout] test packet::tests::pes_extension_p_std_buffer_round_trip ... ok
[INFO] [stdout] test packet::tests::pes_extension_ppsc_round_trip ... ok
[INFO] [stdout] test timestamp::tests::pts_from_field_bytes_round_trip ... ok
[INFO] [stdout] test timestamp::tests::pts_from_field_bytes_with_dts_round_trip ... ok
[INFO] [stdout] test timestamp::tests::pts_round_trip_boundary_values ... ok
[INFO] [stdout] test timestamp::tests::rejects_bad_marker ... ok
[INFO] [stdout] test timestamp::tests::rejects_bad_prefix ... ok
[INFO] [stdout] test timestamp::tests::seconds ... ok
[INFO] [stdout] test packet::tests::rejects_short ... ok
[INFO] [stdout] test packet::tests::serialize_rejects_dts_without_pts ... ok
[INFO] [stdout] test packet::tests::video_pts_only ... ok
[INFO] [stdout] test stream_id::tests::classification ... ok
[INFO] [stdout] test timestamp::tests::dts_from_field_bytes_round_trip ... ok
[INFO] [stdout] test packet::tests::unbounded_length_zero ... ok
[INFO] [stdout] 
[INFO] [stdout] test result: ok. 35 passed; 0 failed; 0 ignored; 0 measured; 0 filtered out; finished in 0.01s
[INFO] [stdout] 
[INFO] [stderr]      Running tests/fixture_pes.rs (/opt/rustwide/target/release/deps/fixture_pes-b5b8dfa9784d6099)
[INFO] [stdout] 
[INFO] [stdout] running 1 test
[INFO] [stdout] test extracts_video_pts_from_m6_fixture ... FAILED
[INFO] [stdout] 
[INFO] [stdout] failures:
[INFO] [stdout] 
[INFO] [stdout] ---- extracts_video_pts_from_m6_fixture stdout ----
[INFO] [stdout] 
[INFO] [stdout] thread 'extracts_video_pts_from_m6_fixture' (467) panicked at tests/fixture_pes.rs:12:20:
[INFO] [stdout] fixture m6-single.ts must be present: Os { code: 2, kind: NotFound, message: "No such file or directory" }
[INFO] [stdout] stack backtrace:
[INFO] [stdout]    0:     0x64a570df1c81 - <<std[70759c8f55707aa4]::sys::backtrace::BacktraceLock>::print::DisplayBacktrace as core[df12db4294e9bfd3]::fmt::Display>::fmt
[INFO] [stdout]    1:     0x64a570e05f3a - core[df12db4294e9bfd3]::fmt::write
[INFO] [stdout]    2:     0x64a570df611c - <alloc[2182bb758b4b3781]::vec::Vec<u8> as core[df12db4294e9bfd3]::io::write::Write>::write_fmt
[INFO] [stdout]    3:     0x64a570dcdf56 - std[70759c8f55707aa4]::panicking::default_hook::{closure#0}
[INFO] [stdout]    4:     0x64a570dea0c9 - std[70759c8f55707aa4]::panicking::default_hook
[INFO] [stdout]    5:     0x64a570d84f60 - test[9d35eded1c95d3be]::test_main_inner::<test[9d35eded1c95d3be]::test_main_static::{closure#0}>::{closure#0}
[INFO] [stdout]    6:     0x64a570dea282 - std[70759c8f55707aa4]::panicking::panic_with_hook
[INFO] [stdout]    7:     0x64a570dce002 - std[70759c8f55707aa4]::panicking::panic_handler::{closure#0}
[INFO] [stdout]    8:     0x64a570dc6bf9 - std[70759c8f55707aa4]::sys::backtrace::__rust_end_short_backtrace::<std[70759c8f55707aa4]::panicking::panic_handler::{closure#0}, !>
[INFO] [stdout]    9:     0x64a570dcebfd - __rustc[8fa7c3cbc660c2b3]::rust_begin_unwind
[INFO] [stdout]   10:     0x64a570e0666c - core[df12db4294e9bfd3]::panicking::panic_fmt
[INFO] [stdout]   11:     0x64a570e06442 - core[df12db4294e9bfd3]::result::unwrap_failed
[INFO] [stdout]   12:     0x64a570d78058 - <fixture_pes[e1a304850d67163f]::extracts_video_pts_from_m6_fixture::{closure#0} as core[df12db4294e9bfd3]::ops::function::FnOnce<()>>::call_once
[INFO] [stdout]   13:     0x64a570d7824b - test[9d35eded1c95d3be]::__rust_begin_short_backtrace::<core[df12db4294e9bfd3]::result::Result<(), alloc[2182bb758b4b3781]::string::String>, fn() -> core[df12db4294e9bfd3]::result::Result<(), alloc[2182bb758b4b3781]::string::String>>
[INFO] [stdout]   14:     0x64a570d858b5 - test[9d35eded1c95d3be]::run_test::{closure#0}
[INFO] [stdout]   15:     0x64a570d7f174 - std[70759c8f55707aa4]::sys::backtrace::__rust_begin_short_backtrace::<test[9d35eded1c95d3be]::run_test::{closure#1}, ()>
[INFO] [stdout]   16:     0x64a570d88a12 - <std[70759c8f55707aa4]::thread::lifecycle::spawn_unchecked<test[9d35eded1c95d3be]::run_test::{closure#1}, ()>::{closure#1} as core[df12db4294e9bfd3]::ops::function::FnOnce<()>>::call_once::{shim:vtable#0}
[INFO] [stdout]   17:     0x64a570df1239 - <std[70759c8f55707aa4]::sys::thread::unix::Thread>::new::thread_start
[INFO] [stdout]   18:     0x74ab610c2dfa - <unknown>
[INFO] [stdout]   19:     0x74ab611563d4 - clone
[INFO] [stdout]   20:                0x0 - <unknown>
[INFO] [stdout] 
[INFO] [stdout] 
[INFO] [stdout] failures:
[INFO] [stdout]     extracts_video_pts_from_m6_fixture
[INFO] [stdout] 
[INFO] [stdout] test result: FAILED. 0 passed; 1 failed; 0 ignored; 0 measured; 0 filtered out; finished in 0.00s
[INFO] [stdout] 
[INFO] [stderr] error: test failed, to rerun pass `--test fixture_pes`
[INFO] running `Command { std: "docker" "inspect" "4c7bf38c2eedc6e3e2e6037527923054918f1df1bb153ec16ef56341a4d28681", kill_on_drop: false }`
[INFO] running `Command { std: "docker" "rm" "-f" "4c7bf38c2eedc6e3e2e6037527923054918f1df1bb153ec16ef56341a4d28681", kill_on_drop: false }`
[INFO] [stdout] 4c7bf38c2eedc6e3e2e6037527923054918f1df1bb153ec16ef56341a4d28681
