[INFO] fetching crate mp3rgain 3.11.1...
[INFO] testing mp3rgain-3.11.1 against 1.100.0-beta.1+cargoflags=--release for beta-release-1.100-2
[INFO] extracting crate mp3rgain 3.11.1 into /workspace/builds/worker-3-tc2/source
[INFO] started tweaking crates.io crate mp3rgain 3.11.1
[INFO] finished tweaking crates.io crate mp3rgain 3.11.1
[INFO] tweaked toml for crates.io crate mp3rgain 3.11.1 written to /workspace/builds/worker-3-tc2/source/Cargo.toml
[INFO] validating manifest of crates.io crate mp3rgain 3.11.1 on toolchain 1.100.0-beta.1
[INFO] running `Command { std: CARGO_HOME="/workspace/cargo-home" RUSTUP_HOME="/workspace/rustup-home" "/workspace/cargo-home/bin/cargo" "+1.100.0-beta.1" "metadata" "--manifest-path" "Cargo.toml" "--no-deps", kill_on_drop: false }`
[INFO] crate crates.io crate mp3rgain 3.11.1 already has a lockfile, it will not be regenerated
[INFO] running `Command { std: CARGO_HOME="/workspace/cargo-home" RUSTUP_HOME="/workspace/rustup-home" "/workspace/cargo-home/bin/cargo" "+1.100.0-beta.1" "fetch" "--manifest-path" "Cargo.toml", kill_on_drop: false }`
[INFO] running `Command { std: "docker" "create" "-v" "/var/lib/crater-agent-workspace/builds/worker-3-tc2/source:/opt/rustwide/workdir:ro,Z" "-v" "/var/lib/crater-agent-workspace/builds/worker-3-tc2/target:/opt/rustwide/target:rw,Z" "-v" "/var/lib/crater-agent-workspace/cargo-home:/opt/rustwide/cargo-home:ro,Z" "-v" "/var/lib/crater-agent-workspace/rustup-home:/opt/rustwide/rustup-home:ro,Z" "-m" "1610612736" "--network" "none" "ghcr.io/rust-lang/crates-build-env/linux@sha256:77db811e55d90add9212f6832c23229e3de5f1c1f9905e8cb07319ea15df73ac" "sleep" "infinity", kill_on_drop: false }`
[INFO] [stdout] 94d367350c120e3a632fcb0ad35c924e7a9d71a3c2a643c35521366e96749477
[INFO] running `Command { std: "docker" "start" "94d367350c120e3a632fcb0ad35c924e7a9d71a3c2a643c35521366e96749477", kill_on_drop: false }`
[INFO] running `Command { std: "docker" "inspect" "94d367350c120e3a632fcb0ad35c924e7a9d71a3c2a643c35521366e96749477", kill_on_drop: false }`
[INFO] running `Command { std: "docker" "exec" "-e" "SOURCE_DIR=/opt/rustwide/workdir" "-e" "CARGO_HOME=/opt/rustwide/cargo-home" "-e" "RUSTUP_HOME=/opt/rustwide/rustup-home" "-e" "CARGO_TARGET_DIR=/opt/rustwide/target" "-w" "/opt/rustwide/workdir" "--user" "0:0" "94d367350c120e3a632fcb0ad35c924e7a9d71a3c2a643c35521366e96749477" "/opt/rustwide/cargo-home/bin/cargo" "+1.100.0-beta.1" "metadata" "--no-deps" "--format-version=1", kill_on_drop: false }`
[INFO] running `Command { std: "docker" "inspect" "94d367350c120e3a632fcb0ad35c924e7a9d71a3c2a643c35521366e96749477", kill_on_drop: false }`
[INFO] running `Command { std: "docker" "exec" "-e" "SOURCE_DIR=/opt/rustwide/workdir" "-e" "CARGO_HOME=/opt/rustwide/cargo-home" "-e" "RUSTUP_HOME=/opt/rustwide/rustup-home" "-e" "CARGO_TARGET_DIR=/opt/rustwide/target" "-e" "CARGO_INCREMENTAL=0" "-e" "RUST_BACKTRACE=full" "-e" "RUSTFLAGS=--cap-lints=warn" "-e" "RUSTDOCFLAGS=--cap-lints=warn" "-w" "/opt/rustwide/workdir" "--user" "0:0" "94d367350c120e3a632fcb0ad35c924e7a9d71a3c2a643c35521366e96749477" "/opt/rustwide/cargo-home/bin/cargo" "+1.100.0-beta.1" "build" "--frozen" "--message-format=json" "--release", kill_on_drop: false }`
[INFO] [stderr]    Compiling autocfg v1.5.0
[INFO] [stderr]    Compiling bitflags v2.11.0
[INFO] [stderr]    Compiling proc-macro2 v1.0.106
[INFO] [stderr]    Compiling log v0.4.29
[INFO] [stderr]    Compiling bytemuck v1.25.0
[INFO] [stderr]    Compiling smallvec v1.15.1
[INFO] [stderr]    Compiling lazy_static v1.5.0
[INFO] [stderr]    Compiling quote v1.0.45
[INFO] [stderr]    Compiling unicode-ident v1.0.24
[INFO] [stderr]    Compiling crossbeam-utils v0.8.21
[INFO] [stderr]    Compiling regex-lite v0.1.9
[INFO] [stderr]    Compiling crossbeam-epoch v0.9.20
[INFO] [stderr]    Compiling crc32fast v1.5.0
[INFO] [stderr]    Compiling libc v0.2.184
[INFO] [stderr]    Compiling serde_core v1.0.229
[INFO] [stderr]    Compiling adler2 v2.0.1
[INFO] [stderr]    Compiling portable-atomic v1.13.1
[INFO] [stderr]    Compiling rayon-core v1.13.0
[INFO] [stderr]    Compiling zmij v1.0.21
[INFO] [stderr]    Compiling simd-adler32 v0.3.9
[INFO] [stderr]    Compiling cfg-if v1.0.4
[INFO] [stderr]    Compiling unicode-width v0.2.2
[INFO] [stderr]    Compiling anyhow v1.0.104
[INFO] [stderr]    Compiling serde_json v1.0.151
[INFO] [stderr]    Compiling miniz_oxide v0.8.9
[INFO] [stderr]    Compiling thiserror v2.0.21
[INFO] [stderr]    Compiling serde v1.0.229
[INFO] [stderr]    Compiling memchr v2.8.0
[INFO] [stderr]    Compiling byteorder v1.5.0
[INFO] [stderr]    Compiling itoa v1.0.18
[INFO] [stderr]    Compiling num-traits v0.2.19
[INFO] [stderr]    Compiling either v1.15.0
[INFO] [stderr]    Compiling unit-prefix v0.5.2
[INFO] [stderr]    Compiling colored v3.1.1
[INFO] [stderr]    Compiling flate2 v1.1.9
[INFO] [stderr]    Compiling id3 v1.17.2
[INFO] [stderr]    Compiling syn v3.0.3
[INFO] [stderr]    Compiling crossbeam-deque v0.8.6
[INFO] [stderr]    Compiling console v0.16.4
[INFO] [stderr]    Compiling num-complex v0.4.6
[INFO] [stderr]    Compiling indicatif v0.18.6
[INFO] [stderr]    Compiling rayon v1.12.0
[INFO] [stderr]    Compiling symphonia-core v0.6.1
[INFO] [stderr]    Compiling thiserror-impl v2.0.21
[INFO] [stderr]    Compiling serde_derive v1.0.229
[INFO] [stderr]    Compiling symphonia-metadata v0.6.1
[INFO] [stderr]    Compiling symphonia-bundle-mp3 v0.6.1
[INFO] [stderr]    Compiling symphonia-common v0.6.1
[INFO] [stderr]    Compiling symphonia-format-isomp4 v0.6.1
[INFO] [stderr]    Compiling symphonia-codec-aac v0.6.1
[INFO] [stderr]    Compiling symphonia v0.6.1
[INFO] [stderr]    Compiling mp3rgain v3.11.1 (/opt/rustwide/workdir)
[INFO] [stderr]     Finished `release` profile [optimized] target(s) in 1m 07s
[INFO] running `Command { std: "docker" "inspect" "94d367350c120e3a632fcb0ad35c924e7a9d71a3c2a643c35521366e96749477", kill_on_drop: false }`
[INFO] running `Command { std: "docker" "exec" "-e" "SOURCE_DIR=/opt/rustwide/workdir" "-e" "CARGO_HOME=/opt/rustwide/cargo-home" "-e" "RUSTUP_HOME=/opt/rustwide/rustup-home" "-e" "CARGO_TARGET_DIR=/opt/rustwide/target" "-e" "CARGO_INCREMENTAL=0" "-e" "RUST_BACKTRACE=full" "-e" "RUSTFLAGS=--cap-lints=warn" "-e" "RUSTDOCFLAGS=--cap-lints=warn" "-w" "/opt/rustwide/workdir" "--user" "0:0" "94d367350c120e3a632fcb0ad35c924e7a9d71a3c2a643c35521366e96749477" "/opt/rustwide/cargo-home/bin/cargo" "+1.100.0-beta.1" "test" "--frozen" "--no-run" "--message-format=json" "--release", kill_on_drop: false }`
[INFO] [stderr]    Compiling mp3rgain v3.11.1 (/opt/rustwide/workdir)
[INFO] [stderr]     Finished `release` profile [optimized] target(s) in 36.30s
[INFO] running `Command { std: "docker" "inspect" "94d367350c120e3a632fcb0ad35c924e7a9d71a3c2a643c35521366e96749477", kill_on_drop: false }`
[INFO] running `Command { std: "docker" "exec" "-e" "SOURCE_DIR=/opt/rustwide/workdir" "-e" "CARGO_HOME=/opt/rustwide/cargo-home" "-e" "RUSTUP_HOME=/opt/rustwide/rustup-home" "-e" "CARGO_TARGET_DIR=/opt/rustwide/target" "-e" "CARGO_INCREMENTAL=0" "-e" "RUST_BACKTRACE=full" "-e" "RUSTFLAGS=--cap-lints=warn" "-e" "RUSTDOCFLAGS=--cap-lints=warn" "-w" "/opt/rustwide/workdir" "--user" "0:0" "94d367350c120e3a632fcb0ad35c924e7a9d71a3c2a643c35521366e96749477" "/opt/rustwide/cargo-home/bin/cargo" "+1.100.0-beta.1" "test" "--frozen" "--release", kill_on_drop: false }`
[INFO] [stderr]     Finished `release` profile [optimized] target(s) in 0.10s
[INFO] [stderr]      Running unittests src/lib.rs (/opt/rustwide/target/release/build/mp3rgain/649a214f73e5eabb/out/mp3rgain-649a214f73e5eabb)
[INFO] [stdout] 
[INFO] [stdout] running 103 tests
[INFO] [stdout] test aac::tests::test_bit_reader_cross_byte ... ok
[INFO] [stdout] test aac::tests::test_apply_aac_gain_zero_steps ... ok
[INFO] [stdout] test aac::tests::test_bit_reader_align ... ok
[INFO] [stdout] test aac::tests::test_adjust_aac_gain_saturating ... ok
[INFO] [stdout] test aac::tests::test_bit_reader_basic ... ok
[INFO] [stdout] test aac::tests::test_ics_info_long_window ... ok
[INFO] [stdout] test aac::tests::test_huffman_decode_cb1 ... ok
[INFO] [stdout] test aac::tests::test_read_write_aac_gain_aligned ... ok
[INFO] [stdout] test aac::tests::test_apply_aac_gain_skips_silence ... ok
[INFO] [stdout] test aac::tests::test_read_write_aac_gain_unaligned ... ok
[INFO] [stdout] test aac::tests::test_read_write_roundtrip_all_offsets ... ok
[INFO] [stdout] test adts::tests::header_rejects_an_mpeg_audio_frame ... ok
[INFO] [stdout] test ape::tests::tail_read_matches_full_read ... ok
[INFO] [stdout] test adts::tests::header_rejects_a_reserved_sample_rate_index ... ok
[INFO] [stdout] test adts::tests::analyzes_every_frame_of_the_fixture ... FAILED
[INFO] [stdout] test ape::tests::shift_stored_value_leaves_other_items_alone ... ok
[INFO] [stdout] test albummeta::tests::artist_is_the_fallback ... ok
[INFO] [stdout] test ape::tests::shift_stored_value_moves_with_the_audio ... ok
[INFO] [stdout] test ape::tests::tail_read_tag_larger_than_probe ... ok
[INFO] [stdout] test ape::tests::tail_read_with_trailing_id3v1 ... ok
[INFO] [stdout] test ape::tests::tail_read_no_tag_returns_none ... ok
[INFO] [stdout] test apply::tests::prevent_clipping_caps_zero_step_clipping_track ... ok
[INFO] [stdout] test apply::tests::prevent_clipping_never_overshoots_for_clipping_source ... ok
[INFO] [stdout] test apply::tests::prevent_clipping_never_overshoots_headroom ... ok
[INFO] [stdout] test apply::tests::prevent_clipping_caps_at_floor_not_round ... ok
[INFO] [stdout] test apply::tests::prevent_clipping_passthrough_when_safe ... ok
[INFO] [stdout] test apply::tests::prevent_clipping_returns_negative_for_already_clipping_source ... ok
[INFO] [stdout] test auto_dispatch_tests::auto_dispatch_does_not_corrupt_mp4_when_payload_mimics_mp3_frame ... ok
[INFO] [stdout] test adts::tests::apply_then_undo_restores_every_gain_field ... FAILED
[INFO] [stdout] test adts::tests::rejects_mp3_and_mp4 ... FAILED
[INFO] [stdout] test ape::tests::tail_delete_keeps_audio_and_id3v1 ... ok
[INFO] [stdout] test ape::tests::write_ape_album_minmax_sets_and_preserves ... ok
[INFO] [stdout] test ape::tests::write_ape_replaygain_preserves_existing_items ... ok
[INFO] [stdout] test ape::tests::write_ape_replaygain_records_algorithm ... ok
[INFO] [stdout] test adts::tests::detects_the_adts_fixture ... FAILED
[INFO] [stdout] test adts::tests::gain_locations_stay_inside_the_stream ... FAILED
[INFO] [stdout] test adts::tests::post_apply_range_tracks_the_applied_steps ... FAILED
[INFO] [stdout] test ape::tests::tail_rewrite_untagged_files ... ok
[INFO] [stdout] test ape::tests::tail_rewrite_large_tag_and_shrink ... ok
[INFO] [stdout] test bs1770::tests::odd_sample_rate_11025 ... ok
[INFO] [stdout] test ape::tests::tail_rewrite_matches_full_rewrite ... ok
[INFO] [stdout] test albummeta::tests::album_artist_wins_over_artist ... ok
[INFO] [stdout] test bs1770::tests::true_peak_overshoots_from_a_cold_start ... ok
[INFO] [stdout] test frame::tests::test_bit_operations ... ok
[INFO] [stdout] test bs1770::tests::true_peak_silence_is_zero ... ok
[INFO] [stdout] test bs1770::tests::true_peak_never_below_sample_peak ... ok
[INFO] [stdout] test bs1770::tests::true_peak_recovers_intersample_peak ... ok
[INFO] [stdout] test frame::tests::test_parse_valid_header ... ok
[INFO] [stdout] test frame::tests::test_saturation_tally ... ok
[INFO] [stdout] test frame::tests::test_skip_id3v2 ... ok
[INFO] [stdout] test gain::tests::channel_gain_needs_left_and_right_in_every_frame ... ok
[INFO] [stdout] test gain::tests::gain_step_matches_physical_constant ... ok
[INFO] [stdout] test gain::tests::steps_to_db_roundtrip_has_no_drift ... ok
[INFO] [stdout] test frame::tests::test_parse_invalid_header ... ok
[INFO] [stdout] test frame::tests::test_is_xing_frame ... ok
[INFO] [stdout] test gain::tests::test_steps_to_db ... ok
[INFO] [stdout] test frame::tests::test_scan_gain_range_skips_mismatched_sample_rate ... ok
[INFO] [stdout] test frame::tests::test_crc_matches_mp3gain ... ok
[INFO] [stdout] test bs1770::tests::true_peak_2x_at_high_rates ... ok
[INFO] [stdout] test id3v2::tests::text_content_in_tipl_frame_is_dropped ... ok
[INFO] [stdout] test id3v2::tests::write_replaces_lowercase_duplicate_descriptions ... ok
[INFO] [stdout] test id3v2::tests::shift_keeps_description_and_order ... ok
[INFO] [stdout] test apply::tests::zero_step_non_clipping_track_is_noop ... ok
[INFO] [stdout] test bs1770::tests::coefficients_match_bs1770_reference_at_48khz ... ok
[INFO] [stdout] test gain::tests::test_db_to_steps ... ok
[INFO] [stdout] test id3v2::tests::extended_text_frame_is_encodable ... ok
[INFO] [stdout] test mp4meta::tests::test_data_box_header_and_swapped_repair ... ok
[INFO] [stdout] test bs1770::tests::silence_has_no_measurable_loudness ... ok
[INFO] [stdout] test mp4meta::tests::test_detect_codec_and_count_tracks_reads_moov_only ... ok
[INFO] [stdout] test id3v2::tests::invalid_three_byte_id_is_dropped ... ok
[INFO] [stdout] test mp4meta::tests::test_freeform_tag_serialization ... ok
[INFO] [stdout] test mp4meta::tests::test_undo_tag_serialization_roundtrip ... ok
[INFO] [stdout] test mp4meta::tests::test_undo_tags ... ok
[INFO] [stdout] test replaygain::tests::dump_golden_pcm ... ignored, one-time: regenerates the PCM dump for the reference C harness (#201)
[INFO] [stdout] test mp4meta::tests::test_is_mp4_detection ... ok
[INFO] [stdout] test mp4meta::tests::test_tag_reads_from_moov_only_match_whole_file ... ok
[INFO] [stdout] test replaygain::tests::plan_chunks_divides_a_long_track_and_leaves_a_short_one_alone ... FAILED
[INFO] [stdout] test mp4meta::tests::test_unsupported_audio_format_names_only_recognized_containers ... ok
[INFO] [stdout] test replaygain::tests::lenient_album_skips_failed_files ... FAILED
[INFO] [stdout] test replaygain::tests::rg1_loudness_is_on_the_89_db_scale_like_stored_tags ... FAILED
[INFO] [stdout] test mp4meta::tests::test_ilst_box_filtered_preserves_other_tags ... ok
[INFO] [stdout] test replaygain::tests::test_replaygain_availability ... ok
[INFO] [stdout] test replaygain::tests::test_loudness_calculation ... ok
[INFO] [stdout] test replaygain::tests::with_peak_replaces_peak_and_preserves_other_fields ... ok
[INFO] [stdout] test replaygain::tests::near_silent_file_matches_reference_zero_db ... ok
[INFO] [stdout] test replaygain::tests::test_rms_calculation ... ok
[INFO] [stdout] test stored_tag_tests::rg1_album_values_needs_the_album_pair_too ... ok
[INFO] [stdout] test stored_tag_tests::rg1_track_values_requires_both_values_and_no_algorithm_marker ... ok
[INFO] [stdout] test stored_tag_tests::consistent_album_gain_agrees_within_tolerance_and_takes_max_peak ... ok
[INFO] [stdout] test undo_steps_tests::read_undo_steps_reports_applied_gain_for_mp3 ... ok
[INFO] [stdout] test mp4meta::tests::test_detect_codec_skips_video_trak ... ok
[INFO] [stdout] test mp4meta::tests::test_replaygain_tags ... ok
[INFO] [stdout] test replaygain::tests::test_filter_creation ... ok
[INFO] [stdout] test replaygain::tests::lenient_album_errors_when_all_fail ... ok
[INFO] [stdout] test replaygain::tests::silent_file_matches_reference_zero_db ... ok
[INFO] [stdout] test replaygain::tests::analysis_matches_reference_c_to_float_precision ... ok
[INFO] [stdout] test bs1770::tests::true_peak_matches_the_previous_loop_exactly ... ok
[INFO] [stdout] test bs1770::tests::accumulate_merges_tracks_like_concatenation ... ok
[INFO] [stdout] test bs1770::tests::single_channel_reads_3db_below_stereo ... ok
[INFO] [stdout] test bs1770::tests::tech3341_case2_minus33_sine ... ok
[INFO] [stdout] test bs1770::tests::absolute_gate_excludes_silence ... ok
[INFO] [stdout] test bs1770::tests::relative_gate_excludes_quiet_passages ... ok
[INFO] [stdout] test bs1770::tests::tech3341_case1_minus23_sine ... ok
[INFO] [stdout] 
[INFO] [stdout] failures:
[INFO] [stdout] 
[INFO] [stdout] ---- adts::tests::analyzes_every_frame_of_the_fixture stdout ----
[INFO] [stdout] 
[INFO] [stdout] thread 'adts::tests::analyzes_every_frame_of_the_fixture' (1304) panicked at src/adts.rs:359:10:
[INFO] [stdout] called `Result::unwrap()` on an `Err` value: Os { code: 2, kind: NotFound, message: "No such file or directory" }
[INFO] [stdout] stack backtrace:
[INFO] [stdout]    0:     0x580701da1816 - <<std[617be2ca0a6fd877]::sys::backtrace::BacktraceLock>::print::DisplayBacktrace as core[a373ad73a504971]::fmt::Display>::fmt
[INFO] [stdout]    1:     0x580701ca9cfa - core[a373ad73a504971]::fmt::write
[INFO] [stdout]    2:     0x580701da75ec - <alloc[2e1b2a31b91974c5]::vec::Vec<u8> as core[a373ad73a504971]::io::write::Write>::write_fmt
[INFO] [stdout]    3:     0x580701d7c6e2 - std[617be2ca0a6fd877]::panicking::default_hook::{closure#0}
[INFO] [stdout]    4:     0x580701d98b21 - std[617be2ca0a6fd877]::panicking::default_hook
[INFO] [stdout]    5:     0x580701d98f62 - std[617be2ca0a6fd877]::panicking::panic_with_hook
[INFO] [stdout]    6:     0x580701d7c792 - std[617be2ca0a6fd877]::panicking::panic_handler::{closure#0}
[INFO] [stdout]    7:     0x580701d75309 - std[617be2ca0a6fd877]::sys::backtrace::__rust_end_short_backtrace::<std[617be2ca0a6fd877]::panicking::panic_handler::{closure#0}, !>
[INFO] [stdout]    8:     0x580701d7d5ed - __rustc[ea4f61d10b84890b]::rust_begin_unwind
[INFO] [stdout]    9:     0x580701caa41c - core[a373ad73a504971]::panicking::panic_fmt
[INFO] [stdout]   10:     0x580701caa1f2 - core[a373ad73a504971]::result::unwrap_failed
[INFO] [stdout]   11:     0x580701d411c9 - <mp3rgain[5d3dceabc3bc1851]::adts::tests::analyzes_every_frame_of_the_fixture::{closure#0} as core[a373ad73a504971]::ops::function::FnOnce<()>>::call_once
[INFO] [stdout]   12:     0x580701e3524b - test[aada8e7e76ba119b]::__rust_begin_short_backtrace::<core[a373ad73a504971]::result::Result<(), alloc[2e1b2a31b91974c5]::string::String>, fn() -> core[a373ad73a504971]::result::Result<(), alloc[2e1b2a31b91974c5]::string::String>>
[INFO] [stdout]   13:     0x580701e430f4 - test[aada8e7e76ba119b]::run_test::{closure#0}
[INFO] [stdout]   14:     0x580701e3c824 - std[617be2ca0a6fd877]::sys::backtrace::__rust_begin_short_backtrace::<test[aada8e7e76ba119b]::run_test::{closure#1}, ()>
[INFO] [stdout]   15:     0x580701e46eb2 - <std[617be2ca0a6fd877]::thread::lifecycle::spawn_unchecked<test[aada8e7e76ba119b]::run_test::{closure#1}, ()>::{closure#1} as core[a373ad73a504971]::ops::function::FnOnce<()>>::call_once::{shim:vtable#0}
[INFO] [stdout]   16:     0x580701da0764 - <std[617be2ca0a6fd877]::sys::thread::unix::Thread>::new::thread_start
[INFO] [stdout]   17:     0x75819d024dfa - <unknown>
[INFO] [stdout]   18:     0x75819d0b83d4 - clone
[INFO] [stdout]   19:                0x0 - <unknown>
[INFO] [stdout] 
[INFO] [stdout] ---- adts::tests::apply_then_undo_restores_every_gain_field stdout ----
[INFO] [stdout] 
[INFO] [stdout] thread 'adts::tests::apply_then_undo_restores_every_gain_field' (1305) panicked at src/adts.rs:359:10:
[INFO] [stdout] called `Result::unwrap()` on an `Err` value: Os { code: 2, kind: NotFound, message: "No such file or directory" }
[INFO] [stdout] stack backtrace:
[INFO] [stdout]    0:     0x580701da1816 - <<std[617be2ca0a6fd877]::sys::backtrace::BacktraceLock>::print::DisplayBacktrace as core[a373ad73a504971]::fmt::Display>::fmt
[INFO] [stdout]    1:     0x580701ca9cfa - core[a373ad73a504971]::fmt::write
[INFO] [stdout]    2:     0x580701da75ec - <alloc[2e1b2a31b91974c5]::vec::Vec<u8> as core[a373ad73a504971]::io::write::Write>::write_fmt
[INFO] [stdout]    3:     0x580701d7c6e2 - std[617be2ca0a6fd877]::panicking::default_hook::{closure#0}
[INFO] [stdout]    4:     0x580701d98b21 - std[617be2ca0a6fd877]::panicking::default_hook
[INFO] [stdout]    5:     0x580701d98f62 - std[617be2ca0a6fd877]::panicking::panic_with_hook
[INFO] [stdout]    6:     0x580701d7c792 - std[617be2ca0a6fd877]::panicking::panic_handler::{closure#0}
[INFO] [stdout]    7:     0x580701d75309 - std[617be2ca0a6fd877]::sys::backtrace::__rust_end_short_backtrace::<std[617be2ca0a6fd877]::panicking::panic_handler::{closure#0}, !>
[INFO] [stdout]    8:     0x580701d7d5ed - __rustc[ea4f61d10b84890b]::rust_begin_unwind
[INFO] [stdout]    9:     0x580701caa41c - core[a373ad73a504971]::panicking::panic_fmt
[INFO] [stdout]   10:     0x580701caa1f2 - core[a373ad73a504971]::result::unwrap_failed
[INFO] [stdout]   11:     0x580701d41d90 - <mp3rgain[5d3dceabc3bc1851]::adts::tests::apply_then_undo_restores_every_gain_field::{closure#0} as core[a373ad73a504971]::ops::function::FnOnce<()>>::call_once
[INFO] [stdout]   12:     0x580701e3524b - test[aada8e7e76ba119b]::__rust_begin_short_backtrace::<core[a373ad73a504971]::result::Result<(), alloc[2e1b2a31b91974c5]::string::String>, fn() -> core[a373ad73a504971]::result::Result<(), alloc[2e1b2a31b91974c5]::string::String>>
[INFO] [stdout]   13:     0x580701e430f4 - test[aada8e7e76ba119b]::run_test::{closure#0}
[INFO] [stdout]   14:     0x580701e3c824 - std[617be2ca0a6fd877]::sys::backtrace::__rust_begin_short_backtrace::<test[aada8e7e76ba119b]::run_test::{closure#1}, ()>
[INFO] [stdout]   15:     0x580701e46eb2 - <std[617be2ca0a6fd877]::thread::lifecycle::spawn_unchecked<test[aada8e7e76ba119b]::run_test::{closure#1}, ()>::{closure#1} as core[a373ad73a504971]::ops::function::FnOnce<()>>::call_once::{shim:vtable#0}
[INFO] [stdout]   16:     0x580701da0764 - <std[617be2ca0a6fd877]::sys::thread::unix::Thread>::new::thread_start
[INFO] [stdout]   17:     0x75819d024dfa - <unknown>
[INFO] [stdout]   18:     0x75819d0b83d4 - clone
[INFO] [stdout]   19:                0x0 - <unknown>
[INFO] [stdout] 
[INFO] [stdout] ---- adts::tests::rejects_mp3_and_mp4 stdout ----
[INFO] [stdout] 
[INFO] [stdout] thread 'adts::tests::rejects_mp3_and_mp4' (1311) panicked at src/adts.rs:373:10:
[INFO] [stdout] called `Result::unwrap()` on an `Err` value: Os { code: 2, kind: NotFound, message: "No such file or directory" }
[INFO] [stdout] stack backtrace:
[INFO] [stdout]    0:     0x580701da1816 - <<std[617be2ca0a6fd877]::sys::backtrace::BacktraceLock>::print::DisplayBacktrace as core[a373ad73a504971]::fmt::Display>::fmt
[INFO] [stdout]    1:     0x580701ca9cfa - core[a373ad73a504971]::fmt::write
[INFO] [stdout]    2:     0x580701da75ec - <alloc[2e1b2a31b91974c5]::vec::Vec<u8> as core[a373ad73a504971]::io::write::Write>::write_fmt
[INFO] [stdout]    3:     0x580701d7c6e2 - std[617be2ca0a6fd877]::panicking::default_hook::{closure#0}
[INFO] [stdout]    4:     0x580701d98b21 - std[617be2ca0a6fd877]::panicking::default_hook
[INFO] [stdout]    5:     0x580701d98f62 - std[617be2ca0a6fd877]::panicking::panic_with_hook
[INFO] [stdout]    6:     0x580701d7c792 - std[617be2ca0a6fd877]::panicking::panic_handler::{closure#0}
[INFO] [stdout]    7:     0x580701d75309 - std[617be2ca0a6fd877]::sys::backtrace::__rust_end_short_backtrace::<std[617be2ca0a6fd877]::panicking::panic_handler::{closure#0}, !>
[INFO] [stdout]    8:     0x580701d7d5ed - __rustc[ea4f61d10b84890b]::rust_begin_unwind
[INFO] [stdout]    9:     0x580701caa41c - core[a373ad73a504971]::panicking::panic_fmt
[INFO] [stdout]   10:     0x580701caa1f2 - core[a373ad73a504971]::result::unwrap_failed
[INFO] [stdout]   11:     0x580701d40e46 - <mp3rgain[5d3dceabc3bc1851]::adts::tests::rejects_mp3_and_mp4::{closure#0} as core[a373ad73a504971]::ops::function::FnOnce<()>>::call_once
[INFO] [stdout]   12:     0x580701e3524b - test[aada8e7e76ba119b]::__rust_begin_short_backtrace::<core[a373ad73a504971]::result::Result<(), alloc[2e1b2a31b91974c5]::string::String>, fn() -> core[a373ad73a504971]::result::Result<(), alloc[2e1b2a31b91974c5]::string::String>>
[INFO] [stdout]   13:     0x580701e430f4 - test[aada8e7e76ba119b]::run_test::{closure#0}
[INFO] [stdout]   14:     0x580701e3c824 - std[617be2ca0a6fd877]::sys::backtrace::__rust_begin_short_backtrace::<test[aada8e7e76ba119b]::run_test::{closure#1}, ()>
[INFO] [stdout]   15:     0x580701e46eb2 - <std[617be2ca0a6fd877]::thread::lifecycle::spawn_unchecked<test[aada8e7e76ba119b]::run_test::{closure#1}, ()>::{closure#1} as core[a373ad73a504971]::ops::function::FnOnce<()>>::call_once::{shim:vtable#0}
[INFO] [stdout]   16:     0x580701da0764 - <std[617be2ca0a6fd877]::sys::thread::unix::Thread>::new::thread_start
[INFO] [stdout]   17:     0x75819d024dfa - <unknown>
[INFO] [stdout]   18:     0x75819d0b83d4 - clone
[INFO] [stdout]   19:                0x0 - <unknown>
[INFO] [stdout] 
[INFO] [stdout] ---- adts::tests::detects_the_adts_fixture stdout ----
[INFO] [stdout] 
[INFO] [stdout] thread 'adts::tests::detects_the_adts_fixture' (1306) panicked at src/adts.rs:359:10:
[INFO] [stdout] called `Result::unwrap()` on an `Err` value: Os { code: 2, kind: NotFound, message: "No such file or directory" }
[INFO] [stdout] stack backtrace:
[INFO] [stdout]    0:     0x580701da1816 - <<std[617be2ca0a6fd877]::sys::backtrace::BacktraceLock>::print::DisplayBacktrace as core[a373ad73a504971]::fmt::Display>::fmt
[INFO] [stdout]    1:     0x580701ca9cfa - core[a373ad73a504971]::fmt::write
[INFO] [stdout]    2:     0x580701da75ec - <alloc[2e1b2a31b91974c5]::vec::Vec<u8> as core[a373ad73a504971]::io::write::Write>::write_fmt
[INFO] [stdout]    3:     0x580701d7c6e2 - std[617be2ca0a6fd877]::panicking::default_hook::{closure#0}
[INFO] [stdout]    4:     0x580701d98b21 - std[617be2ca0a6fd877]::panicking::default_hook
[INFO] [stdout]    5:     0x580701d98f62 - std[617be2ca0a6fd877]::panicking::panic_with_hook
[INFO] [stdout]    6:     0x580701d7c792 - std[617be2ca0a6fd877]::panicking::panic_handler::{closure#0}
[INFO] [stdout]    7:     0x580701d75309 - std[617be2ca0a6fd877]::sys::backtrace::__rust_end_short_backtrace::<std[617be2ca0a6fd877]::panicking::panic_handler::{closure#0}, !>
[INFO] [stdout]    8:     0x580701d7d5ed - __rustc[ea4f61d10b84890b]::rust_begin_unwind
[INFO] [stdout]    9:     0x580701caa41c - core[a373ad73a504971]::panicking::panic_fmt
[INFO] [stdout]   10:     0x580701caa1f2 - core[a373ad73a504971]::result::unwrap_failed
[INFO] [stdout]   11:     0x580701d41024 - <mp3rgain[5d3dceabc3bc1851]::adts::tests::detects_the_adts_fixture::{closure#0} as core[a373ad73a504971]::ops::function::FnOnce<()>>::call_once
[INFO] [stdout]   12:     0x580701e3524b - test[aada8e7e76ba119b]::__rust_begin_short_backtrace::<core[a373ad73a504971]::result::Result<(), alloc[2e1b2a31b91974c5]::string::String>, fn() -> core[a373ad73a504971]::result::Result<(), alloc[2e1b2a31b91974c5]::string::String>>
[INFO] [stdout]   13:     0x580701e430f4 - test[aada8e7e76ba119b]::run_test::{closure#0}
[INFO] [stdout]   14:     0x580701e3c824 - std[617be2ca0a6fd877]::sys::backtrace::__rust_begin_short_backtrace::<test[aada8e7e76ba119b]::run_test::{closure#1}, ()>
[INFO] [stdout]   15:     0x580701e46eb2 - <std[617be2ca0a6fd877]::thread::lifecycle::spawn_unchecked<test[aada8e7e76ba119b]::run_test::{closure#1}, ()>::{closure#1} as core[a373ad73a504971]::ops::function::FnOnce<()>>::call_once::{shim:vtable#0}
[INFO] [stdout]   16:     0x580701da0764 - <std[617be2ca0a6fd877]::sys::thread::unix::Thread>::new::thread_start
[INFO] [stdout]   17:     0x75819d024dfa - <unknown>
[INFO] [stdout]   18:     0x75819d0b83d4 - clone
[INFO] [stdout]   19:                0x0 - <unknown>
[INFO] [stdout] 
[INFO] [stdout] ---- adts::tests::gain_locations_stay_inside_the_stream stdout ----
[INFO] [stdout] 
[INFO] [stdout] thread 'adts::tests::gain_locations_stay_inside_the_stream' (1307) panicked at src/adts.rs:359:10:
[INFO] [stdout] called `Result::unwrap()` on an `Err` value: Os { code: 2, kind: NotFound, message: "No such file or directory" }
[INFO] [stdout] stack backtrace:
[INFO] [stdout]    0:     0x580701da1816 - <<std[617be2ca0a6fd877]::sys::backtrace::BacktraceLock>::print::DisplayBacktrace as core[a373ad73a504971]::fmt::Display>::fmt
[INFO] [stdout]    1:     0x580701ca9cfa - core[a373ad73a504971]::fmt::write
[INFO] [stdout]    2:     0x580701da75ec - <alloc[2e1b2a31b91974c5]::vec::Vec<u8> as core[a373ad73a504971]::io::write::Write>::write_fmt
[INFO] [stdout]    3:     0x580701d7c6e2 - std[617be2ca0a6fd877]::panicking::default_hook::{closure#0}
[INFO] [stdout]    4:     0x580701d98b21 - std[617be2ca0a6fd877]::panicking::default_hook
[INFO] [stdout]    5:     0x580701d98f62 - std[617be2ca0a6fd877]::panicking::panic_with_hook
[INFO] [stdout]    6:     0x580701d7c792 - std[617be2ca0a6fd877]::panicking::panic_handler::{closure#0}
[INFO] [stdout]    7:     0x580701d75309 - std[617be2ca0a6fd877]::sys::backtrace::__rust_end_short_backtrace::<std[617be2ca0a6fd877]::panicking::panic_handler::{closure#0}, !>
[INFO] [stdout]    8:     0x580701d7d5ed - __rustc[ea4f61d10b84890b]::rust_begin_unwind
[INFO] [stdout]    9:     0x580701caa41c - core[a373ad73a504971]::panicking::panic_fmt
[INFO] [stdout]   10:     0x580701caa1f2 - core[a373ad73a504971]::result::unwrap_failed
[INFO] [stdout]   11:     0x580701d414ee - <mp3rgain[5d3dceabc3bc1851]::adts::tests::gain_locations_stay_inside_the_stream::{closure#0} as core[a373ad73a504971]::ops::function::FnOnce<()>>::call_once
[INFO] [stdout]   12:     0x580701e3524b - test[aada8e7e76ba119b]::__rust_begin_short_backtrace::<core[a373ad73a504971]::result::Result<(), alloc[2e1b2a31b91974c5]::string::String>, fn() -> core[a373ad73a504971]::result::Result<(), alloc[2e1b2a31b91974c5]::string::String>>
[INFO] [stdout]   13:     0x580701e430f4 - test[aada8e7e76ba119b]::run_test::{closure#0}
[INFO] [stdout]   14:     0x580701e3c824 - std[617be2ca0a6fd877]::sys::backtrace::__rust_begin_short_backtrace::<test[aada8e7e76ba119b]::run_test::{closure#1}, ()>
[INFO] [stdout]   15:     0x580701e46eb2 - <std[617be2ca0a6fd877]::thread::lifecycle::spawn_unchecked<test[aada8e7e76ba119b]::run_test::{closure#1}, ()>::{closure#1} as core[a373ad73a504971]::ops::function::FnOnce<()>>::call_once::{shim:vtable#0}
[INFO] [stdout]   16:     0x580701da0764 - <std[617be2ca0a6fd877]::sys::thread::unix::Thread>::new::thread_start
[INFO] [stdout]   17:     0x75819d024dfa - <unknown>
[INFO] [stdout]   18:     0x75819d0b83d4 - clone
[INFO] [stdout]   19:                0x0 - <unknown>
[INFO] [stdout] 
[INFO] [stdout] ---- adts::tests::post_apply_range_tracks_the_applied_steps stdout ----
[INFO] [stdout] 
[INFO] [stdout] thread 'adts::tests::post_apply_range_tracks_the_applied_steps' (1310) panicked at src/adts.rs:359:10:
[INFO] [stdout] called `Result::unwrap()` on an `Err` value: Os { code: 2, kind: NotFound, message: "No such file or directory" }
[INFO] [stdout] stack backtrace:
[INFO] [stdout]    0:     0x580701da1816 - <<std[617be2ca0a6fd877]::sys::backtrace::BacktraceLock>::print::DisplayBacktrace as core[a373ad73a504971]::fmt::Display>::fmt
[INFO] [stdout]    1:     0x580701ca9cfa - core[a373ad73a504971]::fmt::write
[INFO] [stdout]    2:     0x580701da75ec - <alloc[2e1b2a31b91974c5]::vec::Vec<u8> as core[a373ad73a504971]::io::write::Write>::write_fmt
[INFO] [stdout]    3:     0x580701d7c6e2 - std[617be2ca0a6fd877]::panicking::default_hook::{closure#0}
[INFO] [stdout]    4:     0x580701d98b21 - std[617be2ca0a6fd877]::panicking::default_hook
[INFO] [stdout]    5:     0x580701d98f62 - std[617be2ca0a6fd877]::panicking::panic_with_hook
[INFO] [stdout]    6:     0x580701d7c792 - std[617be2ca0a6fd877]::panicking::panic_handler::{closure#0}
[INFO] [stdout]    7:     0x580701d75309 - std[617be2ca0a6fd877]::sys::backtrace::__rust_end_short_backtrace::<std[617be2ca0a6fd877]::panicking::panic_handler::{closure#0}, !>
[INFO] [stdout]    8:     0x580701d7d5ed - __rustc[ea4f61d10b84890b]::rust_begin_unwind
[INFO] [stdout]    9:     0x580701caa41c - core[a373ad73a504971]::panicking::panic_fmt
[INFO] [stdout]   10:     0x580701caa1f2 - core[a373ad73a504971]::result::unwrap_failed
[INFO] [stdout]   11:     0x580701d42550 - <mp3rgain[5d3dceabc3bc1851]::adts::tests::post_apply_range_tracks_the_applied_steps::{closure#0} as core[a373ad73a504971]::ops::function::FnOnce<()>>::call_once
[INFO] [stdout]   12:     0x580701e3524b - test[aada8e7e76ba119b]::__rust_begin_short_backtrace::<core[a373ad73a504971]::result::Result<(), alloc[2e1b2a31b91974c5]::string::String>, fn() -> core[a373ad73a504971]::result::Result<(), alloc[2e1b2a31b91974c5]::string::String>>
[INFO] [stdout]   13:     0x580701e430f4 - test[aada8e7e76ba119b]::run_test::{closure#0}
[INFO] [stdout]   14:     0x580701e3c824 - std[617be2ca0a6fd877]::sys::backtrace::__rust_begin_short_backtrace::<test[aada8e7e76ba119b]::run_test::{closure#1}, ()>
[INFO] [stdout]   15:     0x580701e46eb2 - <std[617be2ca0a6fd877]::thread::lifecycle::spawn_unchecked<test[aada8e7e76ba119b]::run_test::{closure#1}, ()>::{closure#1} as core[a373ad73a504971]::ops::function::FnOnce<()>>::call_once::{shim:vtable#0}
[INFO] [stdout]   16:     0x580701da0764 - <std[617be2ca0a6fd877]::sys::thread::unix::Thread>::new::thread_start
[INFO] [stdout]   17:     0x75819d024dfa - <unknown>
[INFO] [stdout]   18:     0x75819d0b83d4 - clone
[INFO] [stdout]   19:                0x0 - <unknown>
[INFO] [stdout] 
[INFO] [stdout] ---- replaygain::tests::plan_chunks_divides_a_long_track_and_leaves_a_short_one_alone stdout ----
[INFO] [stdout] 
[INFO] [stdout] thread 'replaygain::tests::plan_chunks_divides_a_long_track_and_leaves_a_short_one_alone' (1383) panicked at src/replaygain.rs:2890:44:
[INFO] [stdout] fixture: Os { code: 2, kind: NotFound, message: "No such file or directory" }
[INFO] [stdout] stack backtrace:
[INFO] [stdout]    0:     0x580701da1816 - <<std[617be2ca0a6fd877]::sys::backtrace::BacktraceLock>::print::DisplayBacktrace as core[a373ad73a504971]::fmt::Display>::fmt
[INFO] [stdout]    1:     0x580701ca9cfa - core[a373ad73a504971]::fmt::write
[INFO] [stdout]    2:     0x580701da75ec - <alloc[2e1b2a31b91974c5]::vec::Vec<u8> as core[a373ad73a504971]::io::write::Write>::write_fmt
[INFO] [stdout]    3:     0x580701d7c6e2 - std[617be2ca0a6fd877]::panicking::default_hook::{closure#0}
[INFO] [stdout]    4:     0x580701d98b21 - std[617be2ca0a6fd877]::panicking::default_hook
[INFO] [stdout]    5:     0x580701d98f62 - std[617be2ca0a6fd877]::panicking::panic_with_hook
[INFO] [stdout]    6:     0x580701d7c792 - std[617be2ca0a6fd877]::panicking::panic_handler::{closure#0}
[INFO] [stdout]    7:     0x580701d75309 - std[617be2ca0a6fd877]::sys::backtrace::__rust_end_short_backtrace::<std[617be2ca0a6fd877]::panicking::panic_handler::{closure#0}, !>
[INFO] [stdout]    8:     0x580701d7d5ed - __rustc[ea4f61d10b84890b]::rust_begin_unwind
[INFO] [stdout]    9:     0x580701caa41c - core[a373ad73a504971]::panicking::panic_fmt
[INFO] [stdout]   10:     0x580701caa1f2 - core[a373ad73a504971]::result::unwrap_failed
[INFO] [stdout]   11:     0x580701d38996 - <mp3rgain[5d3dceabc3bc1851]::replaygain::tests::plan_chunks_divides_a_long_track_and_leaves_a_short_one_alone::{closure#0} as core[a373ad73a504971]::ops::function::FnOnce<()>>::call_once
[INFO] [stdout]   12:     0x580701e3524b - test[aada8e7e76ba119b]::__rust_begin_short_backtrace::<core[a373ad73a504971]::result::Result<(), alloc[2e1b2a31b91974c5]::string::String>, fn() -> core[a373ad73a504971]::result::Result<(), alloc[2e1b2a31b91974c5]::string::String>>
[INFO] [stdout]   13:     0x580701e430f4 - test[aada8e7e76ba119b]::run_test::{closure#0}
[INFO] [stdout]   14:     0x580701e3c824 - std[617be2ca0a6fd877]::sys::backtrace::__rust_begin_short_backtrace::<test[aada8e7e76ba119b]::run_test::{closure#1}, ()>
[INFO] [stdout]   15:     0x580701e46eb2 - <std[617be2ca0a6fd877]::thread::lifecycle::spawn_unchecked<test[aada8e7e76ba119b]::run_test::{closure#1}, ()>::{closure#1} as core[a373ad73a504971]::ops::function::FnOnce<()>>::call_once::{shim:vtable#0}
[INFO] [stdout]   16:     0x580701da0764 - <std[617be2ca0a6fd877]::sys::thread::unix::Thread>::new::thread_start
[INFO] [stdout]   17:     0x75819d024dfa - <unknown>
[INFO] [stdout]   18:     0x75819d0b83d4 - clone
[INFO] [stdout]   19:                0x0 - <unknown>
[INFO] [stdout] 
[INFO] [stdout] ---- replaygain::tests::lenient_album_skips_failed_files stdout ----
[INFO] [stdout] 
[INFO] [stdout] thread 'replaygain::tests::lenient_album_skips_failed_files' (1381) panicked at src/replaygain.rs:3026:58:
[INFO] [stdout] lenient must skip the bad file: AllFilesFailed { count: 2 }
[INFO] [stdout] stack backtrace:
[INFO] [stdout]    0:     0x580701da1816 - <<std[617be2ca0a6fd877]::sys::backtrace::BacktraceLock>::print::DisplayBacktrace as core[a373ad73a504971]::fmt::Display>::fmt
[INFO] [stdout]    1:     0x580701ca9cfa - core[a373ad73a504971]::fmt::write
[INFO] [stdout]    2:     0x580701da75ec - <alloc[2e1b2a31b91974c5]::vec::Vec<u8> as core[a373ad73a504971]::io::write::Write>::write_fmt
[INFO] [stdout]    3:     0x580701d7c6e2 - std[617be2ca0a6fd877]::panicking::default_hook::{closure#0}
[INFO] [stdout]    4:     0x580701d98b21 - std[617be2ca0a6fd877]::panicking::default_hook
[INFO] [stdout]    5:     0x580701d98f62 - std[617be2ca0a6fd877]::panicking::panic_with_hook
[INFO] [stdout]    6:     0x580701d7c792 - std[617be2ca0a6fd877]::panicking::panic_handler::{closure#0}
[INFO] [stdout]    7:     0x580701d75309 - std[617be2ca0a6fd877]::sys::backtrace::__rust_end_short_backtrace::<std[617be2ca0a6fd877]::panicking::panic_handler::{closure#0}, !>
[INFO] [stdout]    8:     0x580701d7d5ed - __rustc[ea4f61d10b84890b]::rust_begin_unwind
[INFO] [stdout]    9:     0x580701caa41c - core[a373ad73a504971]::panicking::panic_fmt
[INFO] [stdout]   10:     0x580701caa1f2 - core[a373ad73a504971]::result::unwrap_failed
[INFO] [stdout]   11:     0x580701d36993 - <mp3rgain[5d3dceabc3bc1851]::replaygain::tests::lenient_album_skips_failed_files::{closure#0} as core[a373ad73a504971]::ops::function::FnOnce<()>>::call_once
[INFO] [stdout]   12:     0x580701e3524b - test[aada8e7e76ba119b]::__rust_begin_short_backtrace::<core[a373ad73a504971]::result::Result<(), alloc[2e1b2a31b91974c5]::string::String>, fn() -> core[a373ad73a504971]::result::Result<(), alloc[2e1b2a31b91974c5]::string::String>>
[INFO] [stdout]   13:     0x580701e430f4 - test[aada8e7e76ba119b]::run_test::{closure#0}
[INFO] [stdout]   14:     0x580701e3c824 - std[617be2ca0a6fd877]::sys::backtrace::__rust_begin_short_backtrace::<test[aada8e7e76ba119b]::run_test::{closure#1}, ()>
[INFO] [stdout]   15:     0x580701e46eb2 - <std[617be2ca0a6fd877]::thread::lifecycle::spawn_unchecked<test[aada8e7e76ba119b]::run_test::{closure#1}, ()>::{closure#1} as core[a373ad73a504971]::ops::function::FnOnce<()>>::call_once::{shim:vtable#0}
[INFO] [stdout]   16:     0x580701da0764 - <std[617be2ca0a6fd877]::sys::thread::unix::Thread>::new::thread_start
[INFO] [stdout]   17:     0x75819d024dfa - <unknown>
[INFO] [stdout]   18:     0x75819d0b83d4 - clone
[INFO] [stdout]   19:                0x0 - <unknown>
[INFO] [stdout] 
[INFO] [stdout] ---- replaygain::tests::rg1_loudness_is_on_the_89_db_scale_like_stored_tags stdout ----
[INFO] [stdout] 
[INFO] [stdout] thread 'replaygain::tests::rg1_loudness_is_on_the_89_db_scale_like_stored_tags' (1386) panicked at src/replaygain.rs:3057:49:
[INFO] [stdout] called `Result::unwrap()` on an `Err` value: IoOpen { path: "tests/fixtures/test_mono.mp3", source: Os { code: 2, kind: NotFound, message: "No such file or directory" } }
[INFO] [stdout] stack backtrace:
[INFO] [stdout]    0:     0x580701da1816 - <<std[617be2ca0a6fd877]::sys::backtrace::BacktraceLock>::print::DisplayBacktrace as core[a373ad73a504971]::fmt::Display>::fmt
[INFO] [stdout]    1:     0x580701ca9cfa - core[a373ad73a504971]::fmt::write
[INFO] [stdout]    2:     0x580701da75ec - <alloc[2e1b2a31b91974c5]::vec::Vec<u8> as core[a373ad73a504971]::io::write::Write>::write_fmt
[INFO] [stdout]    3:     0x580701d7c6e2 - std[617be2ca0a6fd877]::panicking::default_hook::{closure#0}
[INFO] [stdout]    4:     0x580701d98b21 - std[617be2ca0a6fd877]::panicking::default_hook
[INFO] [stdout]    5:     0x580701d98f62 - std[617be2ca0a6fd877]::panicking::panic_with_hook
[INFO] [stdout]    6:     0x580701d7c792 - std[617be2ca0a6fd877]::panicking::panic_handler::{closure#0}
[INFO] [stdout]    7:     0x580701d75309 - std[617be2ca0a6fd877]::sys::backtrace::__rust_end_short_backtrace::<std[617be2ca0a6fd877]::panicking::panic_handler::{closure#0}, !>
[INFO] [stdout]    8:     0x580701d7d5ed - __rustc[ea4f61d10b84890b]::rust_begin_unwind
[INFO] [stdout]    9:     0x580701caa41c - core[a373ad73a504971]::panicking::panic_fmt
[INFO] [stdout]   10:     0x580701caa1f2 - core[a373ad73a504971]::result::unwrap_failed
[INFO] [stdout]   11:     0x580701d383a2 - <mp3rgain[5d3dceabc3bc1851]::replaygain::tests::rg1_loudness_is_on_the_89_db_scale_like_stored_tags::{closure#0} as core[a373ad73a504971]::ops::function::FnOnce<()>>::call_once
[INFO] [stdout]   12:     0x580701e3524b - test[aada8e7e76ba119b]::__rust_begin_short_backtrace::<core[a373ad73a504971]::result::Result<(), alloc[2e1b2a31b91974c5]::string::String>, fn() -> core[a373ad73a504971]::result::Result<(), alloc[2e1b2a31b91974c5]::string::String>>
[INFO] [stdout]   13:     0x580701e430f4 - test[aada8e7e76ba119b]::run_test::{closure#0}
[INFO] [stdout]   14:     0x580701e3c824 - std[617be2ca0a6fd877]::sys::backtrace::__rust_begin_short_backtrace::<test[aada8e7e76ba119b]::run_test::{closure#1}, ()>
[INFO] [stdout]   15:     0x580701e46eb2 - <std[617be2ca0a6fd877]::thread::lifecycle::spawn_unchecked<test[aada8e7e76ba119b]::run_test::{closure#1}, ()>::{closure#1} as core[a373ad73a504971]::ops::function::FnOnce<()>>::call_once::{shim:vtable#0}
[INFO] [stdout]   16:     0x580701da0764 - <std[617be2ca0a6fd877]::sys::thread::unix::Thread>::new::thread_start
[INFO] [stdout]   17:     0x75819d024dfa - <unknown>
[INFO] [stdout]   18:     0x75819d0b83d4 - clone
[INFO] [stdout]   19:                0x0 - <unknown>
[INFO] [stdout] 
[INFO] [stdout] 
[INFO] [stdout] failures:
[INFO] [stdout]     adts::tests::analyzes_every_frame_of_the_fixture
[INFO] [stdout]     adts::tests::apply_then_undo_restores_every_gain_field
[INFO] [stdout]     adts::tests::detects_the_adts_fixture
[INFO] [stdout]     adts::tests::gain_locations_stay_inside_the_stream
[INFO] [stdout]     adts::tests::post_apply_range_tracks_the_applied_steps
[INFO] [stdout]     adts::tests::rejects_mp3_and_mp4
[INFO] [stdout]     replaygain::tests::lenient_album_skips_failed_files
[INFO] [stdout]     replaygain::tests::plan_chunks_divides_a_long_track_and_leaves_a_short_one_alone
[INFO] [stdout]     replaygain::tests::rg1_loudness_is_on_the_89_db_scale_like_stored_tags
[INFO] [stdout] 
[INFO] [stdout] test result: FAILED. 93 passed; 9 failed; 1 ignored; 0 measured; 0 filtered out; finished in 0.34s
[INFO] [stdout] 
[INFO] [stderr] error: test failed, to rerun pass `--lib`
[INFO] running `Command { std: "docker" "inspect" "94d367350c120e3a632fcb0ad35c924e7a9d71a3c2a643c35521366e96749477", kill_on_drop: false }`
[INFO] running `Command { std: "docker" "rm" "-f" "94d367350c120e3a632fcb0ad35c924e7a9d71a3c2a643c35521366e96749477", kill_on_drop: false }`
[INFO] [stdout] 94d367350c120e3a632fcb0ad35c924e7a9d71a3c2a643c35521366e96749477
