[INFO] fetching crate mountpoint-s3-fuser 0.1.1...
[INFO] testing mountpoint-s3-fuser-0.1.1 against 1.100.0-beta.1+cargoflags=--release for beta-release-1.100-2
[INFO] extracting crate mountpoint-s3-fuser 0.1.1 into /workspace/builds/worker-1-tc2/source
[INFO] removed /workspace/builds/worker-1-tc2/source/rust-toolchain
[INFO] started tweaking crates.io crate mountpoint-s3-fuser 0.1.1
[INFO] removed 0 missing examples
[INFO] removed 0 missing tests
[INFO] finished tweaking crates.io crate mountpoint-s3-fuser 0.1.1
[INFO] tweaked toml for crates.io crate mountpoint-s3-fuser 0.1.1 written to /workspace/builds/worker-1-tc2/source/Cargo.toml
[INFO] validating manifest of crates.io crate mountpoint-s3-fuser 0.1.1 on toolchain 1.100.0-beta.1
[INFO] running `Command { std: CARGO_HOME="/workspace/cargo-home" RUSTUP_HOME="/workspace/rustup-home" "/workspace/cargo-home/bin/cargo" "+1.100.0-beta.1" "metadata" "--manifest-path" "Cargo.toml" "--no-deps", kill_on_drop: false }`
[INFO] crate crates.io crate mountpoint-s3-fuser 0.1.1 already has a lockfile, it will not be regenerated
[INFO] running `Command { std: CARGO_HOME="/workspace/cargo-home" RUSTUP_HOME="/workspace/rustup-home" "/workspace/cargo-home/bin/cargo" "+1.100.0-beta.1" "fetch" "--manifest-path" "Cargo.toml", kill_on_drop: false }`
[INFO] running `Command { std: "docker" "create" "-v" "/var/lib/crater-agent-workspace/builds/worker-1-tc2/source:/opt/rustwide/workdir:ro,Z" "-v" "/var/lib/crater-agent-workspace/builds/worker-1-tc2/target:/opt/rustwide/target:rw,Z" "-v" "/var/lib/crater-agent-workspace/cargo-home:/opt/rustwide/cargo-home:ro,Z" "-v" "/var/lib/crater-agent-workspace/rustup-home:/opt/rustwide/rustup-home:ro,Z" "-m" "1610612736" "--network" "none" "ghcr.io/rust-lang/crates-build-env/linux@sha256:77db811e55d90add9212f6832c23229e3de5f1c1f9905e8cb07319ea15df73ac" "sleep" "infinity", kill_on_drop: false }`
[INFO] [stdout] e0d63871670a0c23b5554364b8a15a7c4d5248580a4635299998909ba583a755
[INFO] running `Command { std: "docker" "start" "e0d63871670a0c23b5554364b8a15a7c4d5248580a4635299998909ba583a755", kill_on_drop: false }`
[INFO] running `Command { std: "docker" "inspect" "e0d63871670a0c23b5554364b8a15a7c4d5248580a4635299998909ba583a755", kill_on_drop: false }`
[INFO] running `Command { std: "docker" "exec" "-e" "SOURCE_DIR=/opt/rustwide/workdir" "-e" "CARGO_HOME=/opt/rustwide/cargo-home" "-e" "RUSTUP_HOME=/opt/rustwide/rustup-home" "-e" "CARGO_TARGET_DIR=/opt/rustwide/target" "-w" "/opt/rustwide/workdir" "--user" "0:0" "e0d63871670a0c23b5554364b8a15a7c4d5248580a4635299998909ba583a755" "/opt/rustwide/cargo-home/bin/cargo" "+1.100.0-beta.1" "metadata" "--no-deps" "--format-version=1", kill_on_drop: false }`
[INFO] running `Command { std: "docker" "inspect" "e0d63871670a0c23b5554364b8a15a7c4d5248580a4635299998909ba583a755", kill_on_drop: false }`
[INFO] running `Command { std: "docker" "exec" "-e" "SOURCE_DIR=/opt/rustwide/workdir" "-e" "CARGO_HOME=/opt/rustwide/cargo-home" "-e" "RUSTUP_HOME=/opt/rustwide/rustup-home" "-e" "CARGO_TARGET_DIR=/opt/rustwide/target" "-e" "CARGO_INCREMENTAL=0" "-e" "RUST_BACKTRACE=full" "-e" "RUSTFLAGS=--cap-lints=warn" "-e" "RUSTDOCFLAGS=--cap-lints=warn" "-w" "/opt/rustwide/workdir" "--user" "0:0" "e0d63871670a0c23b5554364b8a15a7c4d5248580a4635299998909ba583a755" "/opt/rustwide/cargo-home/bin/cargo" "+1.100.0-beta.1" "build" "--frozen" "--message-format=json" "--release", kill_on_drop: false }`
[INFO] [stderr]    Compiling proc-macro2 v1.0.101
[INFO] [stderr]    Compiling unicode-ident v1.0.19
[INFO] [stderr]    Compiling quote v1.0.41
[INFO] [stderr]    Compiling libc v0.2.176
[INFO] [stderr]    Compiling zerocopy v0.8.26
[INFO] [stderr]    Compiling mountpoint-s3-fuser v0.1.1 (/opt/rustwide/workdir)
[INFO] [stderr]    Compiling bitflags v2.9.4
[INFO] [stderr]    Compiling nix v0.29.0
[INFO] [stderr]    Compiling cfg-if v1.0.3
[INFO] [stderr]    Compiling log v0.4.28
[INFO] [stderr]    Compiling memchr v2.7.6
[INFO] [stderr]    Compiling smallvec v1.15.1
[INFO] [stderr]    Compiling syn v2.0.106
[INFO] [stderr]    Compiling page_size v0.6.0
[INFO] [stderr]    Compiling zerocopy-derive v0.8.26
[INFO] [stdout] warning: struct `fuse_rename2_in` is never constructed
[INFO] [stdout]    --> src/ll/fuse_abi.rs:523:12
[INFO] [stdout]     |
[INFO] [stdout] 523 | pub struct fuse_rename2_in {
[INFO] [stdout]     |            ^^^^^^^^^^^^^^^
[INFO] [stdout]     |
[INFO] [stdout]     = note: `#[warn(dead_code)]` (part of `#[warn(unused)]`) on by default
[INFO] [stdout] 
[INFO] [stdout] 
[INFO] [stdout] warning: struct `cuse_init_in` is never constructed
[INFO] [stdout]    --> src/ll/fuse_abi.rs:810:12
[INFO] [stdout]     |
[INFO] [stdout] 810 | pub struct cuse_init_in {
[INFO] [stdout]     |            ^^^^^^^^^^^^
[INFO] [stdout] 
[INFO] [stdout] 
[INFO] [stdout] warning: struct `cuse_init_out` is never constructed
[INFO] [stdout]    --> src/ll/fuse_abi.rs:819:12
[INFO] [stdout]     |
[INFO] [stdout] 819 | pub struct cuse_init_out {
[INFO] [stdout]     |            ^^^^^^^^^^^^^
[INFO] [stdout] 
[INFO] [stdout] 
[INFO] [stdout] warning: struct `fuse_ioctl_iovec` is never constructed
[INFO] [stdout]    --> src/ll/fuse_abi.rs:864:12
[INFO] [stdout]     |
[INFO] [stdout] 864 | pub struct fuse_ioctl_iovec {
[INFO] [stdout]     |            ^^^^^^^^^^^^^^^^
[INFO] [stdout] 
[INFO] [stdout] 
[INFO] [stdout] warning: struct `fuse_notify_retrieve_out` is never constructed
[INFO] [stdout]    --> src/ll/fuse_abi.rs:992:12
[INFO] [stdout]     |
[INFO] [stdout] 992 | pub struct fuse_notify_retrieve_out {
[INFO] [stdout]     |            ^^^^^^^^^^^^^^^^^^^^^^^^
[INFO] [stdout] 
[INFO] [stdout] 
[INFO] [stdout] warning: struct `fuse_notify_retrieve_in` is never constructed
[INFO] [stdout]     --> src/ll/fuse_abi.rs:1002:12
[INFO] [stdout]      |
[INFO] [stdout] 1002 | pub struct fuse_notify_retrieve_in {
[INFO] [stdout]      |            ^^^^^^^^^^^^^^^^^^^^^^^
[INFO] [stdout] 
[INFO] [stdout] 
[INFO] [stdout] warning: struct `fuse_lseek_in` is never constructed
[INFO] [stdout]     --> src/ll/fuse_abi.rs:1014:12
[INFO] [stdout]      |
[INFO] [stdout] 1014 | pub struct fuse_lseek_in {
[INFO] [stdout]      |            ^^^^^^^^^^^^^
[INFO] [stdout] 
[INFO] [stdout] 
[INFO] [stdout] warning: struct `fuse_copy_file_range_in` is never constructed
[INFO] [stdout]     --> src/ll/fuse_abi.rs:1030:12
[INFO] [stdout]      |
[INFO] [stdout] 1030 | pub struct fuse_copy_file_range_in {
[INFO] [stdout]      |            ^^^^^^^^^^^^^^^^^^^^^^^
[INFO] [stdout] 
[INFO] [stdout] 
[INFO] [stderr] warning: unused dependency `page_size`
[INFO] [stderr]   --> Cargo.toml:18:15
[INFO] [stderr]    |
[INFO] [stderr] 18 | [dependencies.page_size]
[INFO] [stderr]    |               ^^^^^^^^^^
[INFO] [stderr]    |
[INFO] [stderr]    = note: `cargo::unused_dependencies` is set to `warn` by default
[INFO] [stderr] help: consider removing the dependency on `page_size`
[INFO] [stderr] warning: `mountpoint-s3-fuser` (manifest) generated 1 warning
[INFO] [stderr]     Finished `release` profile [optimized] target(s) in 20.36s
[INFO] [stderr] warning: the following packages contain code that will be rejected by a future version of Rust: nix v0.29.0
[INFO] [stderr] note: to see what the problems were, use the option `--future-incompat-report`, or run `cargo report future-incompatibilities --id 1`
[INFO] running `Command { std: "docker" "inspect" "e0d63871670a0c23b5554364b8a15a7c4d5248580a4635299998909ba583a755", kill_on_drop: false }`
[INFO] running `Command { std: "docker" "exec" "-e" "SOURCE_DIR=/opt/rustwide/workdir" "-e" "CARGO_HOME=/opt/rustwide/cargo-home" "-e" "RUSTUP_HOME=/opt/rustwide/rustup-home" "-e" "CARGO_TARGET_DIR=/opt/rustwide/target" "-e" "CARGO_INCREMENTAL=0" "-e" "RUST_BACKTRACE=full" "-e" "RUSTFLAGS=--cap-lints=warn" "-e" "RUSTDOCFLAGS=--cap-lints=warn" "-w" "/opt/rustwide/workdir" "--user" "0:0" "e0d63871670a0c23b5554364b8a15a7c4d5248580a4635299998909ba583a755" "/opt/rustwide/cargo-home/bin/cargo" "+1.100.0-beta.1" "test" "--frozen" "--no-run" "--message-format=json" "--release", kill_on_drop: false }`
[INFO] [stderr]    Compiling anstyle-query v1.1.4
[INFO] [stderr]    Compiling aho-corasick v1.1.3
[INFO] [stderr]    Compiling anstyle-parse v0.2.7
[INFO] [stderr]    Compiling is_terminal_polyfill v1.70.1
[INFO] [stderr]    Compiling anstyle v1.0.11
[INFO] [stderr]    Compiling colorchoice v1.0.4
[INFO] [stderr]    Compiling regex-syntax v0.8.6
[INFO] [stderr]    Compiling bitflags v2.9.4
[INFO] [stderr]    Compiling nix v0.29.0
[INFO] [stderr]    Compiling getrandom v0.3.3
[INFO] [stderr]    Compiling log v0.4.28
[INFO] [stderr]    Compiling anstream v0.6.20
[INFO] [stderr]    Compiling rustix v1.0.8
[INFO] [stderr]    Compiling serde_derive v1.0.228
[INFO] [stderr]    Compiling linux-raw-sys v0.9.4
[INFO] [stderr]    Compiling clap_lex v0.7.5
[INFO] [stderr]    Compiling clap_derive v4.5.47
[INFO] [stderr]    Compiling clap_builder v4.5.48
[INFO] [stderr]    Compiling jiff v0.2.15
[INFO] [stderr]    Compiling regex-automata v0.4.11
[INFO] [stderr]    Compiling once_cell v1.21.3
[INFO] [stderr]    Compiling tempfile v3.23.0
[INFO] [stderr]    Compiling serde v1.0.228
[INFO] [stderr]    Compiling clap v4.5.48
[INFO] [stderr]    Compiling mountpoint-s3-fuser v0.1.1 (/opt/rustwide/workdir)
[INFO] [stderr]    Compiling bincode v1.3.3
[INFO] [stdout] warning: struct `fuse_rename2_in` is never constructed
[INFO] [stdout]    --> src/ll/fuse_abi.rs:523:12
[INFO] [stdout]     |
[INFO] [stdout] 523 | pub struct fuse_rename2_in {
[INFO] [stdout]     |            ^^^^^^^^^^^^^^^
[INFO] [stdout]     |
[INFO] [stdout]     = note: `#[warn(dead_code)]` (part of `#[warn(unused)]`) on by default
[INFO] [stdout] 
[INFO] [stdout] 
[INFO] [stdout] warning: struct `cuse_init_in` is never constructed
[INFO] [stdout]    --> src/ll/fuse_abi.rs:810:12
[INFO] [stdout]     |
[INFO] [stdout] 810 | pub struct cuse_init_in {
[INFO] [stdout]     |            ^^^^^^^^^^^^
[INFO] [stdout] 
[INFO] [stdout] 
[INFO] [stdout] warning: struct `cuse_init_out` is never constructed
[INFO] [stdout]    --> src/ll/fuse_abi.rs:819:12
[INFO] [stdout]     |
[INFO] [stdout] 819 | pub struct cuse_init_out {
[INFO] [stdout]     |            ^^^^^^^^^^^^^
[INFO] [stdout] 
[INFO] [stdout] 
[INFO] [stdout] warning: struct `fuse_ioctl_iovec` is never constructed
[INFO] [stdout]    --> src/ll/fuse_abi.rs:864:12
[INFO] [stdout]     |
[INFO] [stdout] 864 | pub struct fuse_ioctl_iovec {
[INFO] [stdout]     |            ^^^^^^^^^^^^^^^^
[INFO] [stdout] 
[INFO] [stdout] 
[INFO] [stdout] warning: struct `fuse_notify_retrieve_out` is never constructed
[INFO] [stdout]    --> src/ll/fuse_abi.rs:992:12
[INFO] [stdout]     |
[INFO] [stdout] 992 | pub struct fuse_notify_retrieve_out {
[INFO] [stdout]     |            ^^^^^^^^^^^^^^^^^^^^^^^^
[INFO] [stdout] 
[INFO] [stdout] 
[INFO] [stdout] warning: struct `fuse_notify_retrieve_in` is never constructed
[INFO] [stdout]     --> src/ll/fuse_abi.rs:1002:12
[INFO] [stdout]      |
[INFO] [stdout] 1002 | pub struct fuse_notify_retrieve_in {
[INFO] [stdout]      |            ^^^^^^^^^^^^^^^^^^^^^^^
[INFO] [stdout] 
[INFO] [stdout] 
[INFO] [stdout] warning: struct `fuse_lseek_in` is never constructed
[INFO] [stdout]     --> src/ll/fuse_abi.rs:1014:12
[INFO] [stdout]      |
[INFO] [stdout] 1014 | pub struct fuse_lseek_in {
[INFO] [stdout]      |            ^^^^^^^^^^^^^
[INFO] [stdout] 
[INFO] [stdout] 
[INFO] [stdout] warning: struct `fuse_copy_file_range_in` is never constructed
[INFO] [stdout]     --> src/ll/fuse_abi.rs:1030:12
[INFO] [stdout]      |
[INFO] [stdout] 1030 | pub struct fuse_copy_file_range_in {
[INFO] [stdout]      |            ^^^^^^^^^^^^^^^^^^^^^^^
[INFO] [stdout] 
[INFO] [stdout] 
[INFO] [stderr]    Compiling regex v1.11.3
[INFO] [stderr]    Compiling env_filter v0.1.3
[INFO] [stderr]    Compiling env_logger v0.11.8
[INFO] [stdout] warning: struct `fuse_rename2_in` is never constructed
[INFO] [stdout]    --> src/ll/fuse_abi.rs:523:12
[INFO] [stdout]     |
[INFO] [stdout] 523 | pub struct fuse_rename2_in {
[INFO] [stdout]     |            ^^^^^^^^^^^^^^^
[INFO] [stdout]     |
[INFO] [stdout]     = note: `#[warn(dead_code)]` (part of `#[warn(unused)]`) on by default
[INFO] [stdout] 
[INFO] [stdout] 
[INFO] [stdout] warning: struct `cuse_init_in` is never constructed
[INFO] [stdout]    --> src/ll/fuse_abi.rs:810:12
[INFO] [stdout]     |
[INFO] [stdout] 810 | pub struct cuse_init_in {
[INFO] [stdout]     |            ^^^^^^^^^^^^
[INFO] [stdout] 
[INFO] [stdout] 
[INFO] [stdout] warning: struct `cuse_init_out` is never constructed
[INFO] [stdout]    --> src/ll/fuse_abi.rs:819:12
[INFO] [stdout]     |
[INFO] [stdout] 819 | pub struct cuse_init_out {
[INFO] [stdout]     |            ^^^^^^^^^^^^^
[INFO] [stdout] 
[INFO] [stdout] 
[INFO] [stdout] warning: struct `fuse_ioctl_iovec` is never constructed
[INFO] [stdout]    --> src/ll/fuse_abi.rs:864:12
[INFO] [stdout]     |
[INFO] [stdout] 864 | pub struct fuse_ioctl_iovec {
[INFO] [stdout]     |            ^^^^^^^^^^^^^^^^
[INFO] [stdout] 
[INFO] [stdout] 
[INFO] [stdout] warning: struct `fuse_notify_retrieve_out` is never constructed
[INFO] [stdout]    --> src/ll/fuse_abi.rs:992:12
[INFO] [stdout]     |
[INFO] [stdout] 992 | pub struct fuse_notify_retrieve_out {
[INFO] [stdout]     |            ^^^^^^^^^^^^^^^^^^^^^^^^
[INFO] [stdout] 
[INFO] [stdout] 
[INFO] [stdout] warning: struct `fuse_notify_retrieve_in` is never constructed
[INFO] [stdout]     --> src/ll/fuse_abi.rs:1002:12
[INFO] [stdout]      |
[INFO] [stdout] 1002 | pub struct fuse_notify_retrieve_in {
[INFO] [stdout]      |            ^^^^^^^^^^^^^^^^^^^^^^^
[INFO] [stdout] 
[INFO] [stdout] 
[INFO] [stdout] warning: struct `fuse_lseek_in` is never constructed
[INFO] [stdout]     --> src/ll/fuse_abi.rs:1014:12
[INFO] [stdout]      |
[INFO] [stdout] 1014 | pub struct fuse_lseek_in {
[INFO] [stdout]      |            ^^^^^^^^^^^^^
[INFO] [stdout] 
[INFO] [stdout] 
[INFO] [stdout] warning: struct `fuse_copy_file_range_in` is never constructed
[INFO] [stdout]     --> src/ll/fuse_abi.rs:1030:12
[INFO] [stdout]      |
[INFO] [stdout] 1030 | pub struct fuse_copy_file_range_in {
[INFO] [stdout]      |            ^^^^^^^^^^^^^^^^^^^^^^^
[INFO] [stdout] 
[INFO] [stdout] 
[INFO] [stderr] warning: unused dependency `page_size`
[INFO] [stderr]   --> Cargo.toml:18:15
[INFO] [stderr]    |
[INFO] [stderr] 18 | [dependencies.page_size]
[INFO] [stderr]    |               ^^^^^^^^^^
[INFO] [stderr]    |
[INFO] [stderr]    = note: `cargo::unused_dependencies` is set to `warn` by default
[INFO] [stderr] help: consider removing the dependency on `page_size`
[INFO] [stderr] warning: `mountpoint-s3-fuser` (manifest) generated 1 warning
[INFO] [stderr]     Finished `release` profile [optimized] target(s) in 1m 36s
[INFO] [stderr] warning: the following packages contain code that will be rejected by a future version of Rust: nix v0.29.0
[INFO] [stderr] note: to see what the problems were, use the option `--future-incompat-report`, or run `cargo report future-incompatibilities --id 1`
[INFO] running `Command { std: "docker" "inspect" "e0d63871670a0c23b5554364b8a15a7c4d5248580a4635299998909ba583a755", kill_on_drop: false }`
[INFO] running `Command { std: "docker" "exec" "-e" "SOURCE_DIR=/opt/rustwide/workdir" "-e" "CARGO_HOME=/opt/rustwide/cargo-home" "-e" "RUSTUP_HOME=/opt/rustwide/rustup-home" "-e" "CARGO_TARGET_DIR=/opt/rustwide/target" "-e" "CARGO_INCREMENTAL=0" "-e" "RUST_BACKTRACE=full" "-e" "RUSTFLAGS=--cap-lints=warn" "-e" "RUSTDOCFLAGS=--cap-lints=warn" "-w" "/opt/rustwide/workdir" "--user" "0:0" "e0d63871670a0c23b5554364b8a15a7c4d5248580a4635299998909ba583a755" "/opt/rustwide/cargo-home/bin/cargo" "+1.100.0-beta.1" "test" "--frozen" "--release", kill_on_drop: false }`
[INFO] [stderr] warning: struct `fuse_rename2_in` is never constructed
[INFO] [stderr]    --> src/ll/fuse_abi.rs:523:12
[INFO] [stderr]     |
[INFO] [stderr] 523 | pub struct fuse_rename2_in {
[INFO] [stderr]     |            ^^^^^^^^^^^^^^^
[INFO] [stderr]     |
[INFO] [stderr]     = note: `#[warn(dead_code)]` (part of `#[warn(unused)]`) on by default
[INFO] [stderr] 
[INFO] [stderr] warning: struct `cuse_init_in` is never constructed
[INFO] [stderr]    --> src/ll/fuse_abi.rs:810:12
[INFO] [stderr]     |
[INFO] [stderr] 810 | pub struct cuse_init_in {
[INFO] [stderr]     |            ^^^^^^^^^^^^
[INFO] [stderr] 
[INFO] [stderr] warning: struct `cuse_init_out` is never constructed
[INFO] [stderr]    --> src/ll/fuse_abi.rs:819:12
[INFO] [stderr]     |
[INFO] [stderr] 819 | pub struct cuse_init_out {
[INFO] [stderr]     |            ^^^^^^^^^^^^^
[INFO] [stderr] 
[INFO] [stderr] warning: struct `fuse_ioctl_iovec` is never constructed
[INFO] [stderr]    --> src/ll/fuse_abi.rs:864:12
[INFO] [stderr]     |
[INFO] [stderr] 864 | pub struct fuse_ioctl_iovec {
[INFO] [stderr]     |            ^^^^^^^^^^^^^^^^
[INFO] [stderr] 
[INFO] [stderr] warning: struct `fuse_notify_retrieve_out` is never constructed
[INFO] [stderr]    --> src/ll/fuse_abi.rs:992:12
[INFO] [stderr]     |
[INFO] [stderr] 992 | pub struct fuse_notify_retrieve_out {
[INFO] [stderr]     |            ^^^^^^^^^^^^^^^^^^^^^^^^
[INFO] [stderr] 
[INFO] [stderr] warning: struct `fuse_notify_retrieve_in` is never constructed
[INFO] [stderr]     --> src/ll/fuse_abi.rs:1002:12
[INFO] [stderr]      |
[INFO] [stderr] 1002 | pub struct fuse_notify_retrieve_in {
[INFO] [stderr]      |            ^^^^^^^^^^^^^^^^^^^^^^^
[INFO] [stderr] 
[INFO] [stderr] warning: struct `fuse_lseek_in` is never constructed
[INFO] [stderr]     --> src/ll/fuse_abi.rs:1014:12
[INFO] [stderr]      |
[INFO] [stderr] 1014 | pub struct fuse_lseek_in {
[INFO] [stderr]      |            ^^^^^^^^^^^^^
[INFO] [stderr] 
[INFO] [stderr] warning: struct `fuse_copy_file_range_in` is never constructed
[INFO] [stderr]     --> src/ll/fuse_abi.rs:1030:12
[INFO] [stderr]      |
[INFO] [stderr] 1030 | pub struct fuse_copy_file_range_in {
[INFO] [stderr]      |            ^^^^^^^^^^^^^^^^^^^^^^^
[INFO] [stderr] 
[INFO] [stderr] warning: `mountpoint-s3-fuser` (lib) generated 8 warnings
[INFO] [stderr] warning: `mountpoint-s3-fuser` (lib test) generated 8 warnings (8 duplicates)
[INFO] [stderr] warning: unused dependency `page_size`
[INFO] [stderr]   --> Cargo.toml:18:15
[INFO] [stderr]    |
[INFO] [stderr] 18 | [dependencies.page_size]
[INFO] [stderr]    |               ^^^^^^^^^^
[INFO] [stderr]    |
[INFO] [stderr]    = note: `cargo::unused_dependencies` is set to `warn` by default
[INFO] [stderr] help: consider removing the dependency on `page_size`
[INFO] [stderr] warning: `mountpoint-s3-fuser` (manifest) generated 1 warning
[INFO] [stderr]     Finished `release` profile [optimized] target(s) in 0.11s
[INFO] [stderr] warning: the following packages contain code that will be rejected by a future version of Rust: nix v0.29.0
[INFO] [stderr] note: to see what the problems were, use the option `--future-incompat-report`, or run `cargo report future-incompatibilities --id 1`
[INFO] [stderr]      Running unittests src/lib.rs (/opt/rustwide/target/release/build/mountpoint-s3-fuser/9a99a14b52ebd1aa/out/fuser-9a99a14b52ebd1aa)
[INFO] [stdout] 
[INFO] [stdout] running 52 tests
[INFO] [stdout] test ll::argument::tests::all_data ... ok
[INFO] [stdout] test ll::argument::tests::generic_argument ... ok
[INFO] [stdout] test ll::argument::tests::mixed_arguments ... ok
[INFO] [stdout] test ll::argument::tests::string_argument ... ok
[INFO] [stdout] test ll::notify::test::delete ... ok
[INFO] [stdout] test ll::notify::test::inval_entry ... ok
[INFO] [stdout] test ll::argument::tests::out_of_data ... ok
[INFO] [stdout] test ll::reply::test::reply_create ... ok
[INFO] [stdout] test ll::notify::test::store ... ok
[INFO] [stdout] test ll::reply::test::reply_attr ... ok
[INFO] [stdout] test ll::reply::test::reply_empty ... ok
[INFO] [stdout] test ll::reply::test::reply_directory ... ok
[INFO] [stdout] test ll::reply::test::reply_data ... ok
[INFO] [stdout] test ll::reply::test::reply_lock ... ok
[INFO] [stdout] test ll::reply::test::reply_open ... ok
[INFO] [stdout] test ll::reply::test::reply_statfs ... ok
[INFO] [stdout] test ll::reply::test::reply_write ... ok
[INFO] [stdout] test ll::notify::test::inval_inode ... ok
[INFO] [stdout] test ll::reply::test::reply_xattr_data ... ok
[INFO] [stdout] test ll::request::tests::init ... ok
[INFO] [stdout] test ll::request::tests::mknod ... ok
[INFO] [stdout] test ll::request::tests::short_read ... ok
[INFO] [stdout] test ll::request::tests::short_read_header ... ok
[INFO] [stdout] test mnt::mount_options::test::option_checking ... ok
[INFO] [stdout] test mnt::mount_options::test::option_round_trip ... ok
[INFO] [stdout] test mnt::mount_options::test::test_parse_options ... ok
[INFO] [stdout] test mnt::test::fuse_args ... ok
[INFO] [stdout] test ll::reply::test::reply_bmap ... ok
[INFO] [stdout] test ll::notify::test::poll ... ok
[INFO] [stdout] test ll::reply::test::reply_xattr_size ... ok
[INFO] [stdout] test reply::test::reply_attr ... ok
[INFO] [stdout] test mnt::test::mount_unmount ... FAILED
[INFO] [stdout] test reply::test::reply_data ... ok
[INFO] [stdout] test reply::test::reply_directory ... ok
[INFO] [stdout] test reply::test::reply_empty ... ok
[INFO] [stdout] test reply::test::reply_entry ... ok
[INFO] [stdout] test reply::test::reply_create ... ok
[INFO] [stdout] test reply::test::reply_lock ... ok
[INFO] [stdout] test reply::test::async_reply ... ok
[INFO] [stdout] test ll::reply::test::reply_entry ... ok
[INFO] [stdout] test reply::test::reply_open ... ok
[INFO] [stdout] test reply::test::reply_xattr_data ... ok
[INFO] [stdout] test reply::test::reply_xattr_size ... ok
[INFO] [stdout] test reply::test::reply_write ... ok
[INFO] [stdout] test reply::test::serialize_empty ... ok
[INFO] [stdout] test reply::test::serialize_slice ... ok
[INFO] [stdout] test ll::reply::test::reply_error ... ok
[INFO] [stdout] test reply::test::serialize_struct ... ok
[INFO] [stdout] test reply::test::reply_bmap ... ok
[INFO] [stdout] test reply::test::reply_raw ... ok
[INFO] [stdout] test reply::test::reply_statfs ... ok
[INFO] [stdout] test reply::test::reply_error ... ok
[INFO] [stdout] 
[INFO] [stdout] failures:
[INFO] [stdout] 
[INFO] [stdout] ---- mnt::test::mount_unmount stdout ----
[INFO] [stdout] 
[INFO] [stdout] thread 'mnt::test::mount_unmount' (1354) panicked at src/mnt/mod.rs:160:57:
[INFO] [stdout] called `Result::unwrap()` on an `Err` value: Os { code: 2, kind: NotFound, message: "No such file or directory" }
[INFO] [stdout] stack backtrace:
[INFO] [stdout]    0:     0x60a5b63b9821 - <<std[617be2ca0a6fd877]::sys::backtrace::BacktraceLock>::print::DisplayBacktrace as core[a373ad73a504971]::fmt::Display>::fmt
[INFO] [stdout]    1:     0x60a5b63ce40a - core[a373ad73a504971]::fmt::write
[INFO] [stdout]    2:     0x60a5b63bdcec - <alloc[2e1b2a31b91974c5]::vec::Vec<u8> as core[a373ad73a504971]::io::write::Write>::write_fmt
[INFO] [stdout]    3:     0x60a5b63942a6 - std[617be2ca0a6fd877]::panicking::default_hook::{closure#0}
[INFO] [stdout]    4:     0x60a5b63b16f9 - std[617be2ca0a6fd877]::panicking::default_hook
[INFO] [stdout]    5:     0x60a5b634c8f0 - test[aada8e7e76ba119b]::test_main_inner::{closure#0}
[INFO] [stdout]    6:     0x60a5b63b18b2 - std[617be2ca0a6fd877]::panicking::panic_with_hook
[INFO] [stdout]    7:     0x60a5b6394352 - std[617be2ca0a6fd877]::panicking::panic_handler::{closure#0}
[INFO] [stdout]    8:     0x60a5b638cf49 - std[617be2ca0a6fd877]::sys::backtrace::__rust_end_short_backtrace::<std[617be2ca0a6fd877]::panicking::panic_handler::{closure#0}, !>
[INFO] [stdout]    9:     0x60a5b6394f5d - __rustc[ea4f61d10b84890b]::rust_begin_unwind
[INFO] [stdout]   10:     0x60a5b63ceb3c - core[a373ad73a504971]::panicking::panic_fmt
[INFO] [stdout]   11:     0x60a5b63ce912 - core[a373ad73a504971]::result::unwrap_failed
[INFO] [stdout]   12:     0x60a5b632f5a1 - <fuser[86736493611cc601]::mnt::test::mount_unmount::{closure#0} as core[a373ad73a504971]::ops::function::FnOnce<()>>::call_once
[INFO] [stdout]   13:     0x60a5b633fd3b - test[aada8e7e76ba119b]::__rust_begin_short_backtrace::<core[a373ad73a504971]::result::Result<(), alloc[2e1b2a31b91974c5]::string::String>, fn() -> core[a373ad73a504971]::result::Result<(), alloc[2e1b2a31b91974c5]::string::String>>
[INFO] [stdout]   14:     0x60a5b634cf15 - test[aada8e7e76ba119b]::run_test::{closure#0}
[INFO] [stdout]   15:     0x60a5b6346804 - std[617be2ca0a6fd877]::sys::backtrace::__rust_begin_short_backtrace::<test[aada8e7e76ba119b]::run_test::{closure#1}, ()>
[INFO] [stdout]   16:     0x60a5b634ffa2 - <std[617be2ca0a6fd877]::thread::lifecycle::spawn_unchecked<test[aada8e7e76ba119b]::run_test::{closure#1}, ()>::{closure#1} as core[a373ad73a504971]::ops::function::FnOnce<()>>::call_once::{shim:vtable#0}
[INFO] [stdout]   17:     0x60a5b63b907f - <std[617be2ca0a6fd877]::sys::thread::unix::Thread>::new::thread_start
[INFO] [stdout]   18:     0x74ec1c3f8dfa - <unknown>
[INFO] [stdout]   19:     0x74ec1c48c3d4 - clone
[INFO] [stdout]   20:                0x0 - <unknown>
[INFO] [stdout] 
[INFO] [stdout] 
[INFO] [stdout] failures:
[INFO] [stdout]     mnt::test::mount_unmount
[INFO] [stdout] 
[INFO] [stdout] test result: FAILED. 51 passed; 1 failed; 0 ignored; 0 measured; 0 filtered out; finished in 0.01s
[INFO] [stdout] 
[INFO] [stderr] error: test failed, to rerun pass `--lib`
[INFO] running `Command { std: "docker" "inspect" "e0d63871670a0c23b5554364b8a15a7c4d5248580a4635299998909ba583a755", kill_on_drop: false }`
[INFO] running `Command { std: "docker" "rm" "-f" "e0d63871670a0c23b5554364b8a15a7c4d5248580a4635299998909ba583a755", kill_on_drop: false }`
[INFO] [stdout] e0d63871670a0c23b5554364b8a15a7c4d5248580a4635299998909ba583a755
