[INFO] fetching crate mosaika 0.0.2...
[INFO] testing mosaika-0.0.2 against 1.99.0-beta.8+cargoflags=--release for beta-release-1.100-2
[INFO] extracting crate mosaika 0.0.2 into /workspace/builds/worker-0-tc1/source
[INFO] started tweaking crates.io crate mosaika 0.0.2
[INFO] removed 0 missing tests
[INFO] finished tweaking crates.io crate mosaika 0.0.2
[INFO] tweaked toml for crates.io crate mosaika 0.0.2 written to /workspace/builds/worker-0-tc1/source/Cargo.toml
[INFO] validating manifest of crates.io crate mosaika 0.0.2 on toolchain 1.99.0-beta.8
[INFO] running `Command { std: CARGO_HOME="/workspace/cargo-home" RUSTUP_HOME="/workspace/rustup-home" "/workspace/cargo-home/bin/cargo" "+1.99.0-beta.8" "metadata" "--manifest-path" "Cargo.toml" "--no-deps", kill_on_drop: false }`
[INFO] crate crates.io crate mosaika 0.0.2 already has a lockfile, it will not be regenerated
[INFO] running `Command { std: CARGO_HOME="/workspace/cargo-home" RUSTUP_HOME="/workspace/rustup-home" "/workspace/cargo-home/bin/cargo" "+1.99.0-beta.8" "fetch" "--manifest-path" "Cargo.toml", kill_on_drop: false }`
[INFO] [stderr]  Downloading crates ...
[INFO] [stderr]   Downloaded schemars_derive v1.2.1
[INFO] running `Command { std: "docker" "create" "-v" "/var/lib/crater-agent-workspace/builds/worker-0-tc1/source:/opt/rustwide/workdir:ro,Z" "-v" "/var/lib/crater-agent-workspace/builds/worker-0-tc1/target:/opt/rustwide/target:rw,Z" "-v" "/var/lib/crater-agent-workspace/cargo-home:/opt/rustwide/cargo-home:ro,Z" "-v" "/var/lib/crater-agent-workspace/rustup-home:/opt/rustwide/rustup-home:ro,Z" "-m" "1610612736" "--network" "none" "ghcr.io/rust-lang/crates-build-env/linux@sha256:77db811e55d90add9212f6832c23229e3de5f1c1f9905e8cb07319ea15df73ac" "sleep" "infinity", kill_on_drop: false }`
[INFO] [stdout] 63234c3441850bcb675d492ea089ea992a15e447b7d1fd300a7723a87fda3697
[INFO] running `Command { std: "docker" "start" "63234c3441850bcb675d492ea089ea992a15e447b7d1fd300a7723a87fda3697", kill_on_drop: false }`
[INFO] running `Command { std: "docker" "inspect" "63234c3441850bcb675d492ea089ea992a15e447b7d1fd300a7723a87fda3697", kill_on_drop: false }`
[INFO] running `Command { std: "docker" "exec" "-e" "SOURCE_DIR=/opt/rustwide/workdir" "-e" "CARGO_HOME=/opt/rustwide/cargo-home" "-e" "RUSTUP_HOME=/opt/rustwide/rustup-home" "-e" "CARGO_TARGET_DIR=/opt/rustwide/target" "-w" "/opt/rustwide/workdir" "--user" "0:0" "63234c3441850bcb675d492ea089ea992a15e447b7d1fd300a7723a87fda3697" "/opt/rustwide/cargo-home/bin/cargo" "+1.99.0-beta.8" "metadata" "--no-deps" "--format-version=1", kill_on_drop: false }`
[INFO] running `Command { std: "docker" "inspect" "63234c3441850bcb675d492ea089ea992a15e447b7d1fd300a7723a87fda3697", kill_on_drop: false }`
[INFO] running `Command { std: "docker" "exec" "-e" "SOURCE_DIR=/opt/rustwide/workdir" "-e" "CARGO_HOME=/opt/rustwide/cargo-home" "-e" "RUSTUP_HOME=/opt/rustwide/rustup-home" "-e" "CARGO_TARGET_DIR=/opt/rustwide/target" "-e" "CARGO_INCREMENTAL=0" "-e" "RUST_BACKTRACE=full" "-e" "RUSTFLAGS=--cap-lints=warn" "-e" "RUSTDOCFLAGS=--cap-lints=warn" "-w" "/opt/rustwide/workdir" "--user" "0:0" "63234c3441850bcb675d492ea089ea992a15e447b7d1fd300a7723a87fda3697" "/opt/rustwide/cargo-home/bin/cargo" "+1.99.0-beta.8" "build" "--frozen" "--message-format=json" "--release", kill_on_drop: false }`
[INFO] [stderr]    Compiling syn v2.0.117
[INFO] [stderr]    Compiling serde_core v1.0.228
[INFO] [stderr]    Compiling aho-corasick v1.1.4
[INFO] [stderr]    Compiling regex-syntax v0.8.10
[INFO] [stderr]    Compiling tracing-core v0.1.36
[INFO] [stderr]    Compiling winnow v1.0.3
[INFO] [stderr]    Compiling log v0.4.29
[INFO] [stderr]    Compiling toml_writer v1.1.1+spec-1.1.0
[INFO] [stderr]    Compiling glob v0.3.3
[INFO] [stderr]    Compiling toml_parser v1.1.2+spec-1.1.0
[INFO] [stderr]    Compiling tracing-log v0.2.0
[INFO] [stderr]    Compiling regex-automata v0.4.14
[INFO] [stderr]    Compiling toml_datetime v1.1.1+spec-1.1.0
[INFO] [stderr]    Compiling serde_spanned v1.1.1
[INFO] [stderr]    Compiling serde_json v1.0.149
[INFO] [stderr]    Compiling toml v1.1.2+spec-1.1.0
[INFO] [stderr]    Compiling tracing-attributes v0.1.31
[INFO] [stderr]    Compiling clap_derive v4.6.1
[INFO] [stderr]    Compiling thiserror-impl v2.0.18
[INFO] [stderr]    Compiling serde_derive v1.0.228
[INFO] [stderr]    Compiling tracing v0.1.44
[INFO] [stderr]    Compiling matchers v0.2.0
[INFO] [stderr]    Compiling regex v1.12.3
[INFO] [stderr]    Compiling thiserror v2.0.18
[INFO] [stderr]    Compiling tracing-subscriber v0.3.23
[INFO] [stderr]    Compiling clap v4.6.1
[INFO] [stderr]    Compiling serde v1.0.228
[INFO] [stderr]    Compiling mosaika v0.0.2 (/opt/rustwide/workdir)
[INFO] [stderr]     Finished `release` profile [optimized] target(s) in 1m 33s
[INFO] running `Command { std: "docker" "inspect" "63234c3441850bcb675d492ea089ea992a15e447b7d1fd300a7723a87fda3697", kill_on_drop: false }`
[INFO] running `Command { std: "docker" "exec" "-e" "SOURCE_DIR=/opt/rustwide/workdir" "-e" "CARGO_HOME=/opt/rustwide/cargo-home" "-e" "RUSTUP_HOME=/opt/rustwide/rustup-home" "-e" "CARGO_TARGET_DIR=/opt/rustwide/target" "-e" "CARGO_INCREMENTAL=0" "-e" "RUST_BACKTRACE=full" "-e" "RUSTFLAGS=--cap-lints=warn" "-e" "RUSTDOCFLAGS=--cap-lints=warn" "-w" "/opt/rustwide/workdir" "--user" "0:0" "63234c3441850bcb675d492ea089ea992a15e447b7d1fd300a7723a87fda3697" "/opt/rustwide/cargo-home/bin/cargo" "+1.99.0-beta.8" "test" "--frozen" "--no-run" "--message-format=json" "--release", kill_on_drop: false }`
[INFO] [stderr]    Compiling mosaika v0.0.2 (/opt/rustwide/workdir)
[INFO] [stderr]     Finished `release` profile [optimized] target(s) in 24.24s
[INFO] running `Command { std: "docker" "inspect" "63234c3441850bcb675d492ea089ea992a15e447b7d1fd300a7723a87fda3697", kill_on_drop: false }`
[INFO] running `Command { std: "docker" "exec" "-e" "SOURCE_DIR=/opt/rustwide/workdir" "-e" "CARGO_HOME=/opt/rustwide/cargo-home" "-e" "RUSTUP_HOME=/opt/rustwide/rustup-home" "-e" "CARGO_TARGET_DIR=/opt/rustwide/target" "-e" "CARGO_INCREMENTAL=0" "-e" "RUST_BACKTRACE=full" "-e" "RUSTFLAGS=--cap-lints=warn" "-e" "RUSTDOCFLAGS=--cap-lints=warn" "-w" "/opt/rustwide/workdir" "--user" "0:0" "63234c3441850bcb675d492ea089ea992a15e447b7d1fd300a7723a87fda3697" "/opt/rustwide/cargo-home/bin/cargo" "+1.99.0-beta.8" "test" "--frozen" "--release", kill_on_drop: false }`
[INFO] [stderr]     Finished `release` profile [optimized] target(s) in 0.11s
[INFO] [stderr]      Running unittests src/lib.rs (/opt/rustwide/target/release/deps/mosaika-d82b67bf4c0d1f27)
[INFO] [stdout] 
[INFO] [stdout] running 27 tests
[INFO] [stdout] test engine::tests::balanced_matching_emits_nested_records_sorted_by_opening_position ... ok
[INFO] [stdout] test engine::tests::balanced_matching_preserves_open_and_close_captures ... ok
[INFO] [stdout] test engine::tests::balanced_matching_ignores_orphan_close ... ok
[INFO] [stdout] test engine::tests::balanced_replace_rejects_nested_replacement_regions ... ok
[INFO] [stdout] test engine::tests::balanced_matching_ignores_orphan_open ... ok
[INFO] [stdout] test engine::tests::declared_directory_transactions_require_directory_sources ... ok
[INFO] [stdout] test engine::tests::sequence_matching_accepts_repeated_delimiter_positions ... ok
[INFO] [stdout] test engine::tests::directory_transactions_expand_patterns_and_preserve_paths ... ok
[INFO] [stdout] test engine::tests::text_edit_sets_apply_to_in_memory_text ... ok
[INFO] [stdout] test engine::tests::text_edit_sets_reject_overlaps_in_one_file ... ok
[INFO] [stdout] test engine::tests::replace_regions_must_be_disjoint_across_transforms ... ok
[INFO] [stdout] test engine::tests::regex_captures_record_source_spans ... ok
[INFO] [stdout] test engine::tests::transforms_may_replace_and_log_from_one_matcher ... ok
[INFO] [stdout] test semantics::tests::directory_selector_matches_relative_paths ... ok
[INFO] [stdout] test engine::tests::run_plan_reports_overwrite_requirements ... ok
[INFO] [stdout] test semantics::tests::rejects_log_effects_without_log_sink ... ok
[INFO] [stdout] test semantics::tests::rejects_transactions_without_outputs ... ok
[INFO] [stdout] test syntax::tests::constructs_empty_scheme ... ok
[INFO] [stdout] test syntax::tests::defaults_transform_matching_to_sequence ... ok
[INFO] [stdout] test syntax::tests::parses_inline_json_scheme ... ok
[INFO] [stdout] test engine::tests::text_edit_sets_apply_in_place_and_preserve_unrelated_content ... ok
[INFO] [stdout] test engine::tests::sequence_matching_rejects_ambiguous_candidates ... ok
[INFO] [stdout] test semantics::tests::balanced_matchers_require_exactly_two_delimiters ... ok
[INFO] [stdout] test syntax::tests::test_config ... FAILED
[INFO] [stdout] test syntax::tests::parses_stdout_log_sink ... ok
[INFO] [stdout] test engine::tests::sirno_witness_rename_edits_balanced_delimiter_captures ... ok
[INFO] [stdout] test engine::tests::post_commands_run_in_their_declared_directory ... ok
[INFO] [stdout] 
[INFO] [stdout] failures:
[INFO] [stdout] 
[INFO] [stdout] ---- syntax::tests::test_config stdout ----
[INFO] [stdout] 
[INFO] [stdout] thread 'syntax::tests::test_config' (887) panicked at src/syntax.rs:345:84:
[INFO] [stdout] called `Result::unwrap()` on an `Err` value: Read { path: "examples/replace/rust-build/proj/mosaika.toml", source: Os { code: 2, kind: NotFound, message: "No such file or directory" } }
[INFO] [stdout] stack backtrace:
[INFO] [stdout]    0:     0x618e0cd8b0d1 - <<std[70759c8f55707aa4]::sys::backtrace::BacktraceLock>::print::DisplayBacktrace as core[df12db4294e9bfd3]::fmt::Display>::fmt
[INFO] [stdout]    1:     0x618e0cda1a7a - core[df12db4294e9bfd3]::fmt::write
[INFO] [stdout]    2:     0x618e0cd8f8ac - <alloc[2182bb758b4b3781]::vec::Vec<u8> as core[df12db4294e9bfd3]::io::write::Write>::write_fmt
[INFO] [stdout]    3:     0x618e0cd65096 - std[70759c8f55707aa4]::panicking::default_hook::{closure#0}
[INFO] [stdout]    4:     0x618e0cd826f9 - std[70759c8f55707aa4]::panicking::default_hook
[INFO] [stdout]    5:     0x618e0cd19800 - test[9d35eded1c95d3be]::test_main_inner::<test[9d35eded1c95d3be]::test_main_static::{closure#0}>::{closure#0}
[INFO] [stdout]    6:     0x618e0cd828b2 - std[70759c8f55707aa4]::panicking::panic_with_hook
[INFO] [stdout]    7:     0x618e0cd65142 - std[70759c8f55707aa4]::panicking::panic_handler::{closure#0}
[INFO] [stdout]    8:     0x618e0cd5db79 - std[70759c8f55707aa4]::sys::backtrace::__rust_end_short_backtrace::<std[70759c8f55707aa4]::panicking::panic_handler::{closure#0}, !>
[INFO] [stdout]    9:     0x618e0cd65d3d - __rustc[8fa7c3cbc660c2b3]::rust_begin_unwind
[INFO] [stdout]   10:     0x618e0cda229c - core[df12db4294e9bfd3]::panicking::panic_fmt
[INFO] [stdout]   11:     0x618e0cda2072 - core[df12db4294e9bfd3]::result::unwrap_failed
[INFO] [stdout]   12:     0x618e0cbcd6f9 - mosaika[56aa8f6f25cab68b]::syntax::tests::test_config
[INFO] [stdout]   13:     0x618e0cc05ce9 - <mosaika[56aa8f6f25cab68b]::syntax::tests::test_config::{closure#0} as core[df12db4294e9bfd3]::ops::function::FnOnce<()>>::call_once
[INFO] [stdout]   14:     0x618e0cd0caeb - test[9d35eded1c95d3be]::__rust_begin_short_backtrace::<core[df12db4294e9bfd3]::result::Result<(), alloc[2182bb758b4b3781]::string::String>, fn() -> core[df12db4294e9bfd3]::result::Result<(), alloc[2182bb758b4b3781]::string::String>>
[INFO] [stdout]   15:     0x618e0cd1a155 - test[9d35eded1c95d3be]::run_test::{closure#0}
[INFO] [stdout]   16:     0x618e0cd13a14 - std[70759c8f55707aa4]::sys::backtrace::__rust_begin_short_backtrace::<test[9d35eded1c95d3be]::run_test::{closure#1}, ()>
[INFO] [stdout]   17:     0x618e0cd1d2b2 - <std[70759c8f55707aa4]::thread::lifecycle::spawn_unchecked<test[9d35eded1c95d3be]::run_test::{closure#1}, ()>::{closure#1} as core[df12db4294e9bfd3]::ops::function::FnOnce<()>>::call_once::{shim:vtable#0}
[INFO] [stdout]   18:     0x618e0cd8a419 - <std[70759c8f55707aa4]::sys::thread::unix::Thread>::new::thread_start
[INFO] [stdout]   19:     0x70a712c08dfa - <unknown>
[INFO] [stdout]   20:     0x70a712c9c3d4 - clone
[INFO] [stdout]   21:                0x0 - <unknown>
[INFO] [stdout] 
[INFO] [stdout] 
[INFO] [stdout] failures:
[INFO] [stdout]     syntax::tests::test_config
[INFO] [stdout] 
[INFO] [stdout] test result: FAILED. 26 passed; 1 failed; 0 ignored; 0 measured; 0 filtered out; finished in 0.04s
[INFO] [stdout] 
[INFO] [stderr] error: test failed, to rerun pass `--lib`
[INFO] running `Command { std: "docker" "inspect" "63234c3441850bcb675d492ea089ea992a15e447b7d1fd300a7723a87fda3697", kill_on_drop: false }`
[INFO] running `Command { std: "docker" "rm" "-f" "63234c3441850bcb675d492ea089ea992a15e447b7d1fd300a7723a87fda3697", kill_on_drop: false }`
[INFO] [stdout] 63234c3441850bcb675d492ea089ea992a15e447b7d1fd300a7723a87fda3697
