[INFO] fetching crate moostache 0.6.0...
[INFO] testing moostache-0.6.0 against 1.100.0-beta.1+cargoflags=--release for beta-release-1.100-2
[INFO] extracting crate moostache 0.6.0 into /workspace/builds/worker-2-tc2/source
[INFO] started tweaking crates.io crate moostache 0.6.0
[INFO] removed 0 missing examples
[INFO] finished tweaking crates.io crate moostache 0.6.0
[INFO] tweaked toml for crates.io crate moostache 0.6.0 written to /workspace/builds/worker-2-tc2/source/Cargo.toml
[INFO] validating manifest of crates.io crate moostache 0.6.0 on toolchain 1.100.0-beta.1
[INFO] running `Command { std: CARGO_HOME="/workspace/cargo-home" RUSTUP_HOME="/workspace/rustup-home" "/workspace/cargo-home/bin/cargo" "+1.100.0-beta.1" "metadata" "--manifest-path" "Cargo.toml" "--no-deps", kill_on_drop: false }`
[INFO] crate crates.io crate moostache 0.6.0 already has a lockfile, it will not be regenerated
[INFO] running `Command { std: CARGO_HOME="/workspace/cargo-home" RUSTUP_HOME="/workspace/rustup-home" "/workspace/cargo-home/bin/cargo" "+1.100.0-beta.1" "fetch" "--manifest-path" "Cargo.toml", kill_on_drop: false }`
[INFO] running `Command { std: "docker" "create" "-v" "/var/lib/crater-agent-workspace/builds/worker-2-tc2/source:/opt/rustwide/workdir:ro,Z" "-v" "/var/lib/crater-agent-workspace/builds/worker-2-tc2/target:/opt/rustwide/target:rw,Z" "-v" "/var/lib/crater-agent-workspace/cargo-home:/opt/rustwide/cargo-home:ro,Z" "-v" "/var/lib/crater-agent-workspace/rustup-home:/opt/rustwide/rustup-home:ro,Z" "-m" "1610612736" "--network" "none" "ghcr.io/rust-lang/crates-build-env/linux@sha256:77db811e55d90add9212f6832c23229e3de5f1c1f9905e8cb07319ea15df73ac" "sleep" "infinity", kill_on_drop: false }`
[INFO] [stdout] 7e12c39c87b245c88e04c33accb8f0a4def0ea115347d2a3f9f99e271da7e3a1
[INFO] running `Command { std: "docker" "start" "7e12c39c87b245c88e04c33accb8f0a4def0ea115347d2a3f9f99e271da7e3a1", kill_on_drop: false }`
[INFO] running `Command { std: "docker" "inspect" "7e12c39c87b245c88e04c33accb8f0a4def0ea115347d2a3f9f99e271da7e3a1", kill_on_drop: false }`
[INFO] running `Command { std: "docker" "exec" "-e" "SOURCE_DIR=/opt/rustwide/workdir" "-e" "CARGO_HOME=/opt/rustwide/cargo-home" "-e" "RUSTUP_HOME=/opt/rustwide/rustup-home" "-e" "CARGO_TARGET_DIR=/opt/rustwide/target" "-w" "/opt/rustwide/workdir" "--user" "0:0" "7e12c39c87b245c88e04c33accb8f0a4def0ea115347d2a3f9f99e271da7e3a1" "/opt/rustwide/cargo-home/bin/cargo" "+1.100.0-beta.1" "metadata" "--no-deps" "--format-version=1", kill_on_drop: false }`
[INFO] running `Command { std: "docker" "inspect" "7e12c39c87b245c88e04c33accb8f0a4def0ea115347d2a3f9f99e271da7e3a1", kill_on_drop: false }`
[INFO] running `Command { std: "docker" "exec" "-e" "SOURCE_DIR=/opt/rustwide/workdir" "-e" "CARGO_HOME=/opt/rustwide/cargo-home" "-e" "RUSTUP_HOME=/opt/rustwide/rustup-home" "-e" "CARGO_TARGET_DIR=/opt/rustwide/target" "-e" "CARGO_INCREMENTAL=0" "-e" "RUST_BACKTRACE=full" "-e" "RUSTFLAGS=--cap-lints=warn" "-e" "RUSTDOCFLAGS=--cap-lints=warn" "-w" "/opt/rustwide/workdir" "--user" "0:0" "7e12c39c87b245c88e04c33accb8f0a4def0ea115347d2a3f9f99e271da7e3a1" "/opt/rustwide/cargo-home/bin/cargo" "+1.100.0-beta.1" "build" "--frozen" "--message-format=json" "--release", kill_on_drop: false }`
[INFO] [stderr]    Compiling serde v1.0.216
[INFO] [stderr]    Compiling foldhash v0.1.3
[INFO] [stderr]    Compiling syn v2.0.90
[INFO] [stderr]    Compiling hashbrown v0.15.2
[INFO] [stderr]    Compiling lru v0.12.5
[INFO] [stderr]    Compiling synstructure v0.13.1
[INFO] [stderr]    Compiling zerofrom-derive v0.1.5
[INFO] [stderr]    Compiling yoke-derive v0.7.5
[INFO] [stderr]    Compiling serde_json v1.0.133
[INFO] [stderr]    Compiling zerofrom v0.1.5
[INFO] [stderr]    Compiling yoke v0.7.5
[INFO] [stderr]    Compiling moostache v0.6.0 (/opt/rustwide/workdir)
[INFO] [stderr]     Finished `release` profile [optimized] target(s) in 8.83s
[INFO] running `Command { std: "docker" "inspect" "7e12c39c87b245c88e04c33accb8f0a4def0ea115347d2a3f9f99e271da7e3a1", kill_on_drop: false }`
[INFO] running `Command { std: "docker" "exec" "-e" "SOURCE_DIR=/opt/rustwide/workdir" "-e" "CARGO_HOME=/opt/rustwide/cargo-home" "-e" "RUSTUP_HOME=/opt/rustwide/rustup-home" "-e" "CARGO_TARGET_DIR=/opt/rustwide/target" "-e" "CARGO_INCREMENTAL=0" "-e" "RUST_BACKTRACE=full" "-e" "RUSTFLAGS=--cap-lints=warn" "-e" "RUSTDOCFLAGS=--cap-lints=warn" "-w" "/opt/rustwide/workdir" "--user" "0:0" "7e12c39c87b245c88e04c33accb8f0a4def0ea115347d2a3f9f99e271da7e3a1" "/opt/rustwide/cargo-home/bin/cargo" "+1.100.0-beta.1" "test" "--frozen" "--no-run" "--message-format=json" "--release", kill_on_drop: false }`
[INFO] [stderr]    Compiling indoc v2.0.5
[INFO] [stderr]    Compiling maplit v1.0.2
[INFO] [stderr]    Compiling serde_derive v1.0.216
[INFO] [stderr]    Compiling moostache v0.6.0 (/opt/rustwide/workdir)
[INFO] [stderr]     Finished `release` profile [optimized] target(s) in 10.50s
[INFO] running `Command { std: "docker" "inspect" "7e12c39c87b245c88e04c33accb8f0a4def0ea115347d2a3f9f99e271da7e3a1", kill_on_drop: false }`
[INFO] running `Command { std: "docker" "exec" "-e" "SOURCE_DIR=/opt/rustwide/workdir" "-e" "CARGO_HOME=/opt/rustwide/cargo-home" "-e" "RUSTUP_HOME=/opt/rustwide/rustup-home" "-e" "CARGO_TARGET_DIR=/opt/rustwide/target" "-e" "CARGO_INCREMENTAL=0" "-e" "RUST_BACKTRACE=full" "-e" "RUSTFLAGS=--cap-lints=warn" "-e" "RUSTDOCFLAGS=--cap-lints=warn" "-w" "/opt/rustwide/workdir" "--user" "0:0" "7e12c39c87b245c88e04c33accb8f0a4def0ea115347d2a3f9f99e271da7e3a1" "/opt/rustwide/cargo-home/bin/cargo" "+1.100.0-beta.1" "test" "--frozen" "--release", kill_on_drop: false }`
[INFO] [stderr]     Finished `release` profile [optimized] target(s) in 0.04s
[INFO] [stderr]      Running unittests src/lib.rs (/opt/rustwide/target/release/build/moostache/9417ab2cd16d2cc9/out/moostache-9417ab2cd16d2cc9)
[INFO] [stdout] 
[INFO] [stdout] running 141 tests
[INFO] [stdout] test tests::miri_iso_parse_heavy_section_nesting ... ok
[INFO] [stdout] test tests::miri_iso_parse_invalid_escaped_variable_utf8 ... ok
[INFO] [stdout] test tests::miri_iso_parse_invalid_inverted_section_start ... ok
[INFO] [stdout] test tests::miri_iso_parse_invalid_partial ... ok
[INFO] [stdout] test tests::miri_iso_parse_invalid_partial_utf8 ... ok
[INFO] [stdout] test tests::miri_iso_parse_empty ... ok
[INFO] [stdout] test tests::miri_iso_moostache_error_display_impl ... ok
[INFO] [stdout] test tests::miri_iso_parse_invalid_inverted_section_start_utf8 ... ok
[INFO] [stdout] test tests::miri_iso_parse_partial_padded ... ok
[INFO] [stdout] test tests::miri_iso_parse_invalid_unescaped_variable_utf8 ... ok
[INFO] [stdout] test tests::miri_iso_parse_section ... ok
[INFO] [stdout] test tests::miri_iso_parse_invalid_unescaped_variable ... ok
[INFO] [stdout] test tests::miri_iso_parse_section_end_without_start ... ok
[INFO] [stdout] test tests::miri_iso_parse_escaped_var_padded ... ok
[INFO] [stdout] test tests::miri_iso_parse_invalid_section_end ... ok
[INFO] [stdout] test tests::miri_iso_parse_escaped_var ... ok
[INFO] [stdout] test tests::miri_iso_parse_invalid_section_start ... ok
[INFO] [stdout] test tests::miri_iso_parse_invalid_escaped_variable ... ok
[INFO] [stdout] test tests::miri_iso_parse_section_utf8 ... ok
[INFO] [stdout] test tests::miri_iso_parse_invalid_section_start_utf8 ... ok
[INFO] [stdout] test tests::miri_iso_parse_unclosed_escaped_variable ... ok
[INFO] [stdout] test tests::miri_iso_parse_unclosed_inverted_section_mismatched_end ... ok
[INFO] [stdout] test tests::miri_iso_parse_unclosed_inverted_section_missing_end ... ok
[INFO] [stdout] test tests::miri_iso_parse_unclosed_inverted_section_start ... ok
[INFO] [stdout] test tests::miri_iso_parse_unclosed_partial ... ok
[INFO] [stdout] test tests::miri_iso_parse_unclosed_comment ... ok
[INFO] [stdout] test tests::miri_iso_parse_unclosed_comment_utf8 ... ok
[INFO] [stdout] test tests::miri_iso_parse_unclosed_inverted_section_mismatched_end_utf8 ... ok
[INFO] [stdout] test tests::miri_iso_parse_literal_utf8 ... ok
[INFO] [stdout] test tests::miri_iso_parse_partial ... ok
[INFO] [stdout] test tests::miri_iso_parse_partial_nested ... ok
[INFO] [stdout] test tests::miri_iso_parse_unclosed_section_end ... ok
[INFO] [stdout] test tests::miri_iso_parse_unclosed_section_mismatched_end ... ok
[INFO] [stdout] test tests::miri_iso_parse_unclosed_section_mismatched_end_utf8 ... ok
[INFO] [stdout] test tests::miri_iso_parse_unclosed_section_missing_end ... ok
[INFO] [stdout] test tests::miri_iso_parse_unclosed_section_start ... ok
[INFO] [stdout] test tests::miri_iso_parse_unclosed_unescaped_variable ... ok
[INFO] [stdout] test tests::miri_iso_parse_unescaped_var ... ok
[INFO] [stdout] test tests::miri_iso_parse_unescaped_var_padded ... ok
[INFO] [stdout] test tests::miri_iso_parse_v1_features ... ok
[INFO] [stdout] test tests::miri_iso_parse_partial_nested_padded ... ok
[INFO] [stdout] test tests::miri_iso_parse_literal ... ok
[INFO] [stdout] test tests::miri_iso_parse_v3_features ... ok
[INFO] [stdout] test tests::miri_iso_parse_v4_features_utf8 ... ok
[INFO] [stdout] test tests::miri_iso_render_escaped_dot_array ... ok
[INFO] [stdout] test tests::miri_iso_render_escaped_nested_index_string ... ok
[INFO] [stdout] test tests::miri_iso_render_escaped_nested_key_string ... ok
[INFO] [stdout] test tests::miri_iso_render_escaped_dot_float ... ok
[INFO] [stdout] test tests::miri_iso_render_inverted_section_empty_object ... ok
[INFO] [stdout] test tests::miri_iso_render_inverted_section_false ... ok
[INFO] [stdout] test tests::miri_iso_parse_v2_features ... ok
[INFO] [stdout] test tests::miri_iso_parse_v4_features ... ok
[INFO] [stdout] test tests::miri_iso_render_escaped_dot_integer ... ok
[INFO] [stdout] test tests::miri_iso_render_escaped_dot_null ... ok
[INFO] [stdout] test tests::miri_iso_render_escaped_dot_object ... ok
[INFO] [stdout] test tests::miri_iso_render_escaped_dot_string ... ok
[INFO] [stdout] test tests::miri_iso_render_inverted_section_empty_array ... ok
[INFO] [stdout] test tests::miri_iso_render_inverted_section_empty_string ... ok
[INFO] [stdout] test tests::miri_iso_render_inverted_section_null ... ok
[INFO] [stdout] test tests::miri_iso_render_inverted_section_zero ... ok
[INFO] [stdout] test tests::miri_iso_render_partial_hashmap ... ok
[INFO] [stdout] test tests::miri_iso_render_partial_hashmap_utf8 ... ok
[INFO] [stdout] test tests::miri_iso_render_partial_padded_hashmap ... ok
[INFO] [stdout] test tests::miri_iso_render_section_array_multi_escaped ... ok
[INFO] [stdout] test tests::miri_iso_render_section_array_multi_escaped_mixed ... ok
[INFO] [stdout] test tests::miri_iso_render_section_empty_array ... ok
[INFO] [stdout] test tests::miri_iso_render_section_integer ... ok
[INFO] [stdout] test tests::miri_iso_render_section_empty_object ... ok
[INFO] [stdout] test tests::miri_iso_render_section_null ... ok
[INFO] [stdout] test tests::miri_iso_render_section_object ... ok
[INFO] [stdout] test tests::miri_iso_render_section_array_multi_unescaped ... ok
[INFO] [stdout] test tests::miri_iso_render_section_array_multi_unescaped_mixed ... ok
[INFO] [stdout] test tests::miri_iso_render_section_array_single ... ok
[INFO] [stdout] test tests::miri_iso_render_section_false ... ok
[INFO] [stdout] test tests::miri_iso_render_section_object_parent_scope ... ok
[INFO] [stdout] test tests::miri_iso_render_section_empty_string ... ok
[INFO] [stdout] test tests::miri_iso_render_section_float ... ok
[INFO] [stdout] test tests::miri_iso_render_section_object_utf8 ... ok
[INFO] [stdout] test tests::miri_iso_render_serializable_struct ... ok
[INFO] [stdout] test tests::miri_iso_render_section_string_escaped_utf8 ... ok
[INFO] [stdout] test tests::miri_iso_render_section_true ... ok
[INFO] [stdout] test tests::miri_iso_render_section_string_unescaped ... ok
[INFO] [stdout] test tests::miri_iso_render_section_string_unescaped_utf8 ... ok
[INFO] [stdout] test tests::miri_iso_render_unescaped_dot_null ... ok
[INFO] [stdout] test tests::miri_iso_render_section_zero ... ok
[INFO] [stdout] test tests::miri_iso_render_unescaped_dot_float ... ok
[INFO] [stdout] test tests::miri_iso_render_unescaped_dot_array ... ok
[INFO] [stdout] test tests::miri_iso_render_unescaped_dot_object ... ok
[INFO] [stdout] test tests::miri_iso_render_unescaped_dot_object_utf8 ... ok
[INFO] [stdout] test tests::miri_iso_render_section_string_escaped ... ok
[INFO] [stdout] test tests::miri_iso_render_serializable_struct_utf8 ... ok
[INFO] [stdout] test tests::miri_iso_render_unescaped_dot_array_utf8 ... ok
[INFO] [stdout] test tests::miri_iso_render_unescaped_dot_integer ... ok
[INFO] [stdout] test tests::miri_iso_resolve_value_nested_numbers ... ok
[INFO] [stdout] test tests::miri_iso_render_unescaped_nested_index_string ... ok
[INFO] [stdout] test tests::miri_iso_render_unescaped_dot_string ... ok
[INFO] [stdout] test tests::miri_iso_resolve_value_number ... ok
[INFO] [stdout] test tests::miri_iso_render_unescaped_index_string ... ok
[INFO] [stdout] test tests::miri_iso_resolve_value_dot ... ok
[INFO] [stdout] test tests::miri_iso_render_unescaped_key_string ... ok
[INFO] [stdout] test tests::miri_iso_resolve_value_nested_mixed ... ok
[INFO] [stdout] test tests::miri_iso_render_unescaped_nested_key_string ... ok
[INFO] [stdout] test tests::miri_iso_resolve_value_nested_strings ... ok
[INFO] [stdout] test tests::miri_iso_resolve_value_parent_scope_string ... ok
[INFO] [stdout] test tests::miri_iso_resolve_value_number_utf8 ... ok
[INFO] [stdout] test tests::miri_iso_resolve_value_parent_scope_number ... ok
[INFO] [stdout] test tests::miri_iso_resolve_value_string ... ok
[INFO] [stdout] test tests::miri_iso_resolve_value_string_utf8 ... ok
[INFO] [stdout] test tests::miri_iso_truthy_value_empty_array ... ok
[INFO] [stdout] test tests::miri_iso_truthy_value_nonempty_array ... ok
[INFO] [stdout] test tests::miri_iso_truthy_value_nonempty_object ... ok
[INFO] [stdout] test tests::miri_iso_truthy_value_null ... ok
[INFO] [stdout] test tests::miri_iso_write_value_null ... ok
[INFO] [stdout] test tests::miri_iso_truthy_value_nonempty_string_utf8 ... ok
[INFO] [stdout] test tests::miri_iso_parse_literal_static ... ok
[INFO] [stdout] test tests::miri_iso_truthy_value_nonzero ... ok
[INFO] [stdout] test tests::miri_render_partial_hashmap_from_config_too_many_templates ... FAILED
[INFO] [stdout] test tests::miri_render_partial_file_utf8 ... FAILED
[INFO] [stdout] test tests::miri_render_partial_invalid_comment ... FAILED
[INFO] [stdout] test tests::miri_render_partial_invalid_escaped_variable ... FAILED
[INFO] [stdout] test tests::miri_iso_truthy_value_empty_object ... ok
[INFO] [stdout] test tests::miri_iso_truthy_value_empty_string ... ok
[INFO] [stdout] test tests::miri_iso_truthy_value_false ... ok
[INFO] [stdout] test tests::miri_iso_truthy_value_nonempty_string ... ok
[INFO] [stdout] test tests::miri_render_partial_mismatched_section_end ... FAILED
[INFO] [stdout] test tests::miri_render_partial_no_content ... FAILED
[INFO] [stdout] test tests::miri_render_partial_nonexistent_partial ... FAILED
[INFO] [stdout] test tests::miri_render_partial_invalid_inverted_section_start ... FAILED
[INFO] [stdout] test tests::miri_render_partial_unclosed_sections ... FAILED
[INFO] [stdout] test tests::miri_render_partials_exceed_cache ... FAILED
[INFO] [stdout] test tests::miri_render_partial_invalid_partial ... FAILED
[INFO] [stdout] test tests::miri_render_partial_invalid_section_start ... FAILED
[INFO] [stdout] test tests::miri_iso_truthy_value_true ... ok
[INFO] [stdout] test tests::miri_iso_truthy_value_zero ... ok
[INFO] [stdout] test tests::miri_render_partial_file ... FAILED
[INFO] [stdout] test tests::miri_iso_render_section_object_parent_scope_utf8 ... ok
[INFO] [stdout] test tests::miri_iso_render_serializable_string ... ok
[INFO] [stdout] test tests::miri_render_partial_hashmap_from_config ... FAILED
[INFO] [stdout] test tests::miri_iso_resolve_value_dot_utf8 ... ok
[INFO] [stdout] test tests::miri_render_partial_invalid_section_end ... FAILED
[INFO] [stdout] test tests::miri_render_partial_invalid_unescaped_variable ... FAILED
[INFO] [stdout] 
[INFO] [stdout] failures:
[INFO] [stdout] 
[INFO] [stdout] ---- tests::miri_render_partial_hashmap_from_config_too_many_templates stdout ----
[INFO] [stdout] 
[INFO] [stdout] thread 'tests::miri_render_partial_hashmap_from_config_too_many_templates' (753) panicked at src/tests.rs:1446:5:
[INFO] [stdout] assertion `left == right` failed
[INFO] [stdout]   left: ConfigErrorInvalidTemplatesDirectory("./templates/")
[INFO] [stdout]  right: ConfigErrorTooManyTemplates
[INFO] [stdout] stack backtrace:
[INFO] [stdout]    0:     0x6251f2f10451 - <<std[617be2ca0a6fd877]::sys::backtrace::BacktraceLock>::print::DisplayBacktrace as core[a373ad73a504971]::fmt::Display>::fmt
[INFO] [stdout]    1:     0x6251f2f24b5a - core[a373ad73a504971]::fmt::write
[INFO] [stdout]    2:     0x6251f2f1495c - <alloc[2e1b2a31b91974c5]::vec::Vec<u8> as core[a373ad73a504971]::io::write::Write>::write_fmt
[INFO] [stdout]    3:     0x6251f2eebb36 - std[617be2ca0a6fd877]::panicking::default_hook::{closure#0}
[INFO] [stdout]    4:     0x6251f2f083f9 - std[617be2ca0a6fd877]::panicking::default_hook
[INFO] [stdout]    5:     0x6251f2e9c8d0 - test[aada8e7e76ba119b]::test_main_inner::{closure#0}
[INFO] [stdout]    6:     0x6251f2f085b2 - std[617be2ca0a6fd877]::panicking::panic_with_hook
[INFO] [stdout]    7:     0x6251f2eebbe2 - std[617be2ca0a6fd877]::panicking::panic_handler::{closure#0}
[INFO] [stdout]    8:     0x6251f2ee46c9 - std[617be2ca0a6fd877]::sys::backtrace::__rust_end_short_backtrace::<std[617be2ca0a6fd877]::panicking::panic_handler::{closure#0}, !>
[INFO] [stdout]    9:     0x6251f2eec7ed - __rustc[ea4f61d10b84890b]::rust_begin_unwind
[INFO] [stdout]   10:     0x6251f2f2528c - core[a373ad73a504971]::panicking::panic_fmt
[INFO] [stdout]   11:     0x6251f2f251a3 - core[a373ad73a504971]::panicking::assert_failed_inner
[INFO] [stdout]   12:     0x6251f2e8cfae - core[a373ad73a504971]::panicking::assert_failed::<moostache[f4afb3604d7af7ab]::MoostacheError, moostache[f4afb3604d7af7ab]::MoostacheError>
[INFO] [stdout]   13:     0x6251f2e7ce65 - <moostache[f4afb3604d7af7ab]::tests::miri_render_partial_hashmap_from_config_too_many_templates::{closure#0} as core[a373ad73a504971]::ops::function::FnOnce<()>>::call_once
[INFO] [stdout]   14:     0x6251f2e8fd1b - test[aada8e7e76ba119b]::__rust_begin_short_backtrace::<core[a373ad73a504971]::result::Result<(), alloc[2e1b2a31b91974c5]::string::String>, fn() -> core[a373ad73a504971]::result::Result<(), alloc[2e1b2a31b91974c5]::string::String>>
[INFO] [stdout]   15:     0x6251f2e9cef5 - test[aada8e7e76ba119b]::run_test::{closure#0}
[INFO] [stdout]   16:     0x6251f2e967e4 - std[617be2ca0a6fd877]::sys::backtrace::__rust_begin_short_backtrace::<test[aada8e7e76ba119b]::run_test::{closure#1}, ()>
[INFO] [stdout]   17:     0x6251f2e9ff82 - <std[617be2ca0a6fd877]::thread::lifecycle::spawn_unchecked<test[aada8e7e76ba119b]::run_test::{closure#1}, ()>::{closure#1} as core[a373ad73a504971]::ops::function::FnOnce<()>>::call_once::{shim:vtable#0}
[INFO] [stdout]   18:     0x6251f2f0f94f - <std[617be2ca0a6fd877]::sys::thread::unix::Thread>::new::thread_start
[INFO] [stdout]   19:     0x75b2b0b80dfa - <unknown>
[INFO] [stdout]   20:     0x75b2b0c143d4 - clone
[INFO] [stdout]   21:                0x0 - <unknown>
[INFO] [stdout] 
[INFO] [stdout] ---- tests::miri_render_partial_file_utf8 stdout ----
[INFO] [stdout] 
[INFO] [stdout] thread 'tests::miri_render_partial_file_utf8' (751) panicked at src/tests.rs:1468:7:
[INFO] [stdout] called `Result::unwrap()` on an `Err` value: ConfigErrorInvalidTemplatesDirectory("./templates/")
[INFO] [stdout] stack backtrace:
[INFO] [stdout]    0:     0x6251f2f10451 - <<std[617be2ca0a6fd877]::sys::backtrace::BacktraceLock>::print::DisplayBacktrace as core[a373ad73a504971]::fmt::Display>::fmt
[INFO] [stdout]    1:     0x6251f2f24b5a - core[a373ad73a504971]::fmt::write
[INFO] [stdout]    2:     0x6251f2f1495c - <alloc[2e1b2a31b91974c5]::vec::Vec<u8> as core[a373ad73a504971]::io::write::Write>::write_fmt
[INFO] [stdout]    3:     0x6251f2eebb36 - std[617be2ca0a6fd877]::panicking::default_hook::{closure#0}
[INFO] [stdout]    4:     0x6251f2f083f9 - std[617be2ca0a6fd877]::panicking::default_hook
[INFO] [stdout]    5:     0x6251f2e9c8d0 - test[aada8e7e76ba119b]::test_main_inner::{closure#0}
[INFO] [stdout]    6:     0x6251f2f085b2 - std[617be2ca0a6fd877]::panicking::panic_with_hook
[INFO] [stdout]    7:     0x6251f2eebbe2 - std[617be2ca0a6fd877]::panicking::panic_handler::{closure#0}
[INFO] [stdout]    8:     0x6251f2ee46c9 - std[617be2ca0a6fd877]::sys::backtrace::__rust_end_short_backtrace::<std[617be2ca0a6fd877]::panicking::panic_handler::{closure#0}, !>
[INFO] [stdout]    9:     0x6251f2eec7ed - __rustc[ea4f61d10b84890b]::rust_begin_unwind
[INFO] [stdout]   10:     0x6251f2f2528c - core[a373ad73a504971]::panicking::panic_fmt
[INFO] [stdout]   11:     0x6251f2f25062 - core[a373ad73a504971]::result::unwrap_failed
[INFO] [stdout]   12:     0x6251f2e679ad - <moostache[f4afb3604d7af7ab]::tests::miri_render_partial_file_utf8::{closure#0} as core[a373ad73a504971]::ops::function::FnOnce<()>>::call_once
[INFO] [stdout]   13:     0x6251f2e8fd1b - test[aada8e7e76ba119b]::__rust_begin_short_backtrace::<core[a373ad73a504971]::result::Result<(), alloc[2e1b2a31b91974c5]::string::String>, fn() -> core[a373ad73a504971]::result::Result<(), alloc[2e1b2a31b91974c5]::string::String>>
[INFO] [stdout]   14:     0x6251f2e9cef5 - test[aada8e7e76ba119b]::run_test::{closure#0}
[INFO] [stdout]   15:     0x6251f2e967e4 - std[617be2ca0a6fd877]::sys::backtrace::__rust_begin_short_backtrace::<test[aada8e7e76ba119b]::run_test::{closure#1}, ()>
[INFO] [stdout]   16:     0x6251f2e9ff82 - <std[617be2ca0a6fd877]::thread::lifecycle::spawn_unchecked<test[aada8e7e76ba119b]::run_test::{closure#1}, ()>::{closure#1} as core[a373ad73a504971]::ops::function::FnOnce<()>>::call_once::{shim:vtable#0}
[INFO] [stdout]   17:     0x6251f2f0f94f - <std[617be2ca0a6fd877]::sys::thread::unix::Thread>::new::thread_start
[INFO] [stdout]   18:     0x75b2b0b80dfa - <unknown>
[INFO] [stdout]   19:     0x75b2b0c143d4 - clone
[INFO] [stdout]   20:                0x0 - <unknown>
[INFO] [stdout] 
[INFO] [stdout] ---- tests::miri_render_partial_invalid_comment stdout ----
[INFO] [stdout] 
[INFO] [stdout] thread 'tests::miri_render_partial_invalid_comment' (754) panicked at src/tests.rs:1500:8:
[INFO] [stdout] called `Result::unwrap()` on an `Err` value: ConfigErrorInvalidTemplatesDirectory("./templates/")
[INFO] [stdout] stack backtrace:
[INFO] [stdout]    0:     0x6251f2f10451 - <<std[617be2ca0a6fd877]::sys::backtrace::BacktraceLock>::print::DisplayBacktrace as core[a373ad73a504971]::fmt::Display>::fmt
[INFO] [stdout]    1:     0x6251f2f24b5a - core[a373ad73a504971]::fmt::write
[INFO] [stdout]    2:     0x6251f2f1495c - <alloc[2e1b2a31b91974c5]::vec::Vec<u8> as core[a373ad73a504971]::io::write::Write>::write_fmt
[INFO] [stdout]    3:     0x6251f2eebb36 - std[617be2ca0a6fd877]::panicking::default_hook::{closure#0}
[INFO] [stdout]    4:     0x6251f2f083f9 - std[617be2ca0a6fd877]::panicking::default_hook
[INFO] [stdout]    5:     0x6251f2e9c8d0 - test[aada8e7e76ba119b]::test_main_inner::{closure#0}
[INFO] [stdout]    6:     0x6251f2f085b2 - std[617be2ca0a6fd877]::panicking::panic_with_hook
[INFO] [stdout]    7:     0x6251f2eebbe2 - std[617be2ca0a6fd877]::panicking::panic_handler::{closure#0}
[INFO] [stdout]    8:     0x6251f2ee46c9 - std[617be2ca0a6fd877]::sys::backtrace::__rust_end_short_backtrace::<std[617be2ca0a6fd877]::panicking::panic_handler::{closure#0}, !>
[INFO] [stdout]    9:     0x6251f2eec7ed - __rustc[ea4f61d10b84890b]::rust_begin_unwind
[INFO] [stdout]   10:     0x6251f2f2528c - core[a373ad73a504971]::panicking::panic_fmt
[INFO] [stdout]   11:     0x6251f2f25062 - core[a373ad73a504971]::result::unwrap_failed
[INFO] [stdout]   12:     0x6251f2e6e229 - <moostache[f4afb3604d7af7ab]::tests::miri_render_partial_invalid_comment::{closure#0} as core[a373ad73a504971]::ops::function::FnOnce<()>>::call_once
[INFO] [stdout]   13:     0x6251f2e8fd1b - test[aada8e7e76ba119b]::__rust_begin_short_backtrace::<core[a373ad73a504971]::result::Result<(), alloc[2e1b2a31b91974c5]::string::String>, fn() -> core[a373ad73a504971]::result::Result<(), alloc[2e1b2a31b91974c5]::string::String>>
[INFO] [stdout]   14:     0x6251f2e9cef5 - test[aada8e7e76ba119b]::run_test::{closure#0}
[INFO] [stdout]   15:     0x6251f2e967e4 - std[617be2ca0a6fd877]::sys::backtrace::__rust_begin_short_backtrace::<test[aada8e7e76ba119b]::run_test::{closure#1}, ()>
[INFO] [stdout]   16:     0x6251f2e9ff82 - <std[617be2ca0a6fd877]::thread::lifecycle::spawn_unchecked<test[aada8e7e76ba119b]::run_test::{closure#1}, ()>::{closure#1} as core[a373ad73a504971]::ops::function::FnOnce<()>>::call_once::{shim:vtable#0}
[INFO] [stdout]   17:     0x6251f2f0f94f - <std[617be2ca0a6fd877]::sys::thread::unix::Thread>::new::thread_start
[INFO] [stdout]   18:     0x75b2b0b80dfa - <unknown>
[INFO] [stdout]   19:     0x75b2b0c143d4 - clone
[INFO] [stdout]   20:                0x0 - <unknown>
[INFO] [stdout] 
[INFO] [stdout] ---- tests::miri_render_partial_invalid_escaped_variable stdout ----
[INFO] [stdout] 
[INFO] [stdout] thread 'tests::miri_render_partial_invalid_escaped_variable' (755) panicked at src/tests.rs:1514:8:
[INFO] [stdout] called `Result::unwrap()` on an `Err` value: ConfigErrorInvalidTemplatesDirectory("./templates/")
[INFO] [stdout] stack backtrace:
[INFO] [stdout]    0:     0x6251f2f10451 - <<std[617be2ca0a6fd877]::sys::backtrace::BacktraceLock>::print::DisplayBacktrace as core[a373ad73a504971]::fmt::Display>::fmt
[INFO] [stdout]    1:     0x6251f2f24b5a - core[a373ad73a504971]::fmt::write
[INFO] [stdout]    2:     0x6251f2f1495c - <alloc[2e1b2a31b91974c5]::vec::Vec<u8> as core[a373ad73a504971]::io::write::Write>::write_fmt
[INFO] [stdout]    3:     0x6251f2eebb36 - std[617be2ca0a6fd877]::panicking::default_hook::{closure#0}
[INFO] [stdout]    4:     0x6251f2f083f9 - std[617be2ca0a6fd877]::panicking::default_hook
[INFO] [stdout]    5:     0x6251f2e9c8d0 - test[aada8e7e76ba119b]::test_main_inner::{closure#0}
[INFO] [stdout]    6:     0x6251f2f085b2 - std[617be2ca0a6fd877]::panicking::panic_with_hook
[INFO] [stdout]    7:     0x6251f2eebbe2 - std[617be2ca0a6fd877]::panicking::panic_handler::{closure#0}
[INFO] [stdout]    8:     0x6251f2ee46c9 - std[617be2ca0a6fd877]::sys::backtrace::__rust_end_short_backtrace::<std[617be2ca0a6fd877]::panicking::panic_handler::{closure#0}, !>
[INFO] [stdout]    9:     0x6251f2eec7ed - __rustc[ea4f61d10b84890b]::rust_begin_unwind
[INFO] [stdout]   10:     0x6251f2f2528c - core[a373ad73a504971]::panicking::panic_fmt
[INFO] [stdout]   11:     0x6251f2f25062 - core[a373ad73a504971]::result::unwrap_failed
[INFO] [stdout]   12:     0x6251f2e79376 - <moostache[f4afb3604d7af7ab]::tests::miri_render_partial_invalid_escaped_variable::{closure#0} as core[a373ad73a504971]::ops::function::FnOnce<()>>::call_once
[INFO] [stdout]   13:     0x6251f2e8fd1b - test[aada8e7e76ba119b]::__rust_begin_short_backtrace::<core[a373ad73a504971]::result::Result<(), alloc[2e1b2a31b91974c5]::string::String>, fn() -> core[a373ad73a504971]::result::Result<(), alloc[2e1b2a31b91974c5]::string::String>>
[INFO] [stdout]   14:     0x6251f2e9cef5 - test[aada8e7e76ba119b]::run_test::{closure#0}
[INFO] [stdout]   15:     0x6251f2e967e4 - std[617be2ca0a6fd877]::sys::backtrace::__rust_begin_short_backtrace::<test[aada8e7e76ba119b]::run_test::{closure#1}, ()>
[INFO] [stdout]   16:     0x6251f2e9ff82 - <std[617be2ca0a6fd877]::thread::lifecycle::spawn_unchecked<test[aada8e7e76ba119b]::run_test::{closure#1}, ()>::{closure#1} as core[a373ad73a504971]::ops::function::FnOnce<()>>::call_once::{shim:vtable#0}
[INFO] [stdout]   17:     0x6251f2f0f94f - <std[617be2ca0a6fd877]::sys::thread::unix::Thread>::new::thread_start
[INFO] [stdout]   18:     0x75b2b0b80dfa - <unknown>
[INFO] [stdout]   19:     0x75b2b0c143d4 - clone
[INFO] [stdout]   20:                0x0 - <unknown>
[INFO] [stdout] 
[INFO] [stdout] ---- tests::miri_render_partial_mismatched_section_end stdout ----
[INFO] [stdout] 
[INFO] [stdout] thread 'tests::miri_render_partial_mismatched_section_end' (761) panicked at src/tests.rs:1584:8:
[INFO] [stdout] called `Result::unwrap()` on an `Err` value: ConfigErrorInvalidTemplatesDirectory("./templates/")
[INFO] [stdout] stack backtrace:
[INFO] [stdout]    0:     0x6251f2f10451 - <<std[617be2ca0a6fd877]::sys::backtrace::BacktraceLock>::print::DisplayBacktrace as core[a373ad73a504971]::fmt::Display>::fmt
[INFO] [stdout]    1:     0x6251f2f24b5a - core[a373ad73a504971]::fmt::write
[INFO] [stdout]    2:     0x6251f2f1495c - <alloc[2e1b2a31b91974c5]::vec::Vec<u8> as core[a373ad73a504971]::io::write::Write>::write_fmt
[INFO] [stdout]    3:     0x6251f2eebb36 - std[617be2ca0a6fd877]::panicking::default_hook::{closure#0}
[INFO] [stdout]    4:     0x6251f2f083f9 - std[617be2ca0a6fd877]::panicking::default_hook
[INFO] [stdout]    5:     0x6251f2e9c8d0 - test[aada8e7e76ba119b]::test_main_inner::{closure#0}
[INFO] [stdout]    6:     0x6251f2f085b2 - std[617be2ca0a6fd877]::panicking::panic_with_hook
[INFO] [stdout]    7:     0x6251f2eebbe2 - std[617be2ca0a6fd877]::panicking::panic_handler::{closure#0}
[INFO] [stdout]    8:     0x6251f2ee46c9 - std[617be2ca0a6fd877]::sys::backtrace::__rust_end_short_backtrace::<std[617be2ca0a6fd877]::panicking::panic_handler::{closure#0}, !>
[INFO] [stdout]    9:     0x6251f2eec7ed - __rustc[ea4f61d10b84890b]::rust_begin_unwind
[INFO] [stdout]   10:     0x6251f2f2528c - core[a373ad73a504971]::panicking::panic_fmt
[INFO] [stdout]   11:     0x6251f2f25062 - core[a373ad73a504971]::result::unwrap_failed
[INFO] [stdout]   12:     0x6251f2e76b96 - <moostache[f4afb3604d7af7ab]::tests::miri_render_partial_mismatched_section_end::{closure#0} as core[a373ad73a504971]::ops::function::FnOnce<()>>::call_once
[INFO] [stdout]   13:     0x6251f2e8fd1b - test[aada8e7e76ba119b]::__rust_begin_short_backtrace::<core[a373ad73a504971]::result::Result<(), alloc[2e1b2a31b91974c5]::string::String>, fn() -> core[a373ad73a504971]::result::Result<(), alloc[2e1b2a31b91974c5]::string::String>>
[INFO] [stdout]   14:     0x6251f2e9cef5 - test[aada8e7e76ba119b]::run_test::{closure#0}
[INFO] [stdout]   15:     0x6251f2e967e4 - std[617be2ca0a6fd877]::sys::backtrace::__rust_begin_short_backtrace::<test[aada8e7e76ba119b]::run_test::{closure#1}, ()>
[INFO] [stdout]   16:     0x6251f2e9ff82 - <std[617be2ca0a6fd877]::thread::lifecycle::spawn_unchecked<test[aada8e7e76ba119b]::run_test::{closure#1}, ()>::{closure#1} as core[a373ad73a504971]::ops::function::FnOnce<()>>::call_once::{shim:vtable#0}
[INFO] [stdout]   17:     0x6251f2f0f94f - <std[617be2ca0a6fd877]::sys::thread::unix::Thread>::new::thread_start
[INFO] [stdout]   18:     0x75b2b0b80dfa - <unknown>
[INFO] [stdout]   19:     0x75b2b0c143d4 - clone
[INFO] [stdout]   20:                0x0 - <unknown>
[INFO] [stdout] 
[INFO] [stdout] ---- tests::miri_render_partial_no_content stdout ----
[INFO] [stdout] 
[INFO] [stdout] thread 'tests::miri_render_partial_no_content' (762) panicked at src/tests.rs:1626:8:
[INFO] [stdout] called `Result::unwrap()` on an `Err` value: ConfigErrorInvalidTemplatesDirectory("./templates/")
[INFO] [stdout] stack backtrace:
[INFO] [stdout]    0:     0x6251f2f10451 - <<std[617be2ca0a6fd877]::sys::backtrace::BacktraceLock>::print::DisplayBacktrace as core[a373ad73a504971]::fmt::Display>::fmt
[INFO] [stdout]    1:     0x6251f2f24b5a - core[a373ad73a504971]::fmt::write
[INFO] [stdout]    2:     0x6251f2f1495c - <alloc[2e1b2a31b91974c5]::vec::Vec<u8> as core[a373ad73a504971]::io::write::Write>::write_fmt
[INFO] [stdout]    3:     0x6251f2eebb36 - std[617be2ca0a6fd877]::panicking::default_hook::{closure#0}
[INFO] [stdout]    4:     0x6251f2f083f9 - std[617be2ca0a6fd877]::panicking::default_hook
[INFO] [stdout]    5:     0x6251f2e9c8d0 - test[aada8e7e76ba119b]::test_main_inner::{closure#0}
[INFO] [stdout]    6:     0x6251f2f085b2 - std[617be2ca0a6fd877]::panicking::panic_with_hook
[INFO] [stdout]    7:     0x6251f2eebbe2 - std[617be2ca0a6fd877]::panicking::panic_handler::{closure#0}
[INFO] [stdout]    8:     0x6251f2ee46c9 - std[617be2ca0a6fd877]::sys::backtrace::__rust_end_short_backtrace::<std[617be2ca0a6fd877]::panicking::panic_handler::{closure#0}, !>
[INFO] [stdout]    9:     0x6251f2eec7ed - __rustc[ea4f61d10b84890b]::rust_begin_unwind
[INFO] [stdout]   10:     0x6251f2f2528c - core[a373ad73a504971]::panicking::panic_fmt
[INFO] [stdout]   11:     0x6251f2f25062 - core[a373ad73a504971]::result::unwrap_failed
[INFO] [stdout]   12:     0x6251f2e683b6 - <moostache[f4afb3604d7af7ab]::tests::miri_render_partial_no_content::{closure#0} as core[a373ad73a504971]::ops::function::FnOnce<()>>::call_once
[INFO] [stdout]   13:     0x6251f2e8fd1b - test[aada8e7e76ba119b]::__rust_begin_short_backtrace::<core[a373ad73a504971]::result::Result<(), alloc[2e1b2a31b91974c5]::string::String>, fn() -> core[a373ad73a504971]::result::Result<(), alloc[2e1b2a31b91974c5]::string::String>>
[INFO] [stdout]   14:     0x6251f2e9cef5 - test[aada8e7e76ba119b]::run_test::{closure#0}
[INFO] [stdout]   15:     0x6251f2e967e4 - std[617be2ca0a6fd877]::sys::backtrace::__rust_begin_short_backtrace::<test[aada8e7e76ba119b]::run_test::{closure#1}, ()>
[INFO] [stdout]   16:     0x6251f2e9ff82 - <std[617be2ca0a6fd877]::thread::lifecycle::spawn_unchecked<test[aada8e7e76ba119b]::run_test::{closure#1}, ()>::{closure#1} as core[a373ad73a504971]::ops::function::FnOnce<()>>::call_once::{shim:vtable#0}
[INFO] [stdout]   17:     0x6251f2f0f94f - <std[617be2ca0a6fd877]::sys::thread::unix::Thread>::new::thread_start
[INFO] [stdout]   18:     0x75b2b0b80dfa - <unknown>
[INFO] [stdout]   19:     0x75b2b0c143d4 - clone
[INFO] [stdout]   20:                0x0 - <unknown>
[INFO] [stdout] 
[INFO] [stdout] ---- tests::miri_render_partial_nonexistent_partial stdout ----
[INFO] [stdout] 
[INFO] [stdout] thread 'tests::miri_render_partial_nonexistent_partial' (763) panicked at src/tests.rs:1640:8:
[INFO] [stdout] called `Result::unwrap()` on an `Err` value: ConfigErrorInvalidTemplatesDirectory("./templates/")
[INFO] [stdout] stack backtrace:
[INFO] [stdout]    0:     0x6251f2f10451 - <<std[617be2ca0a6fd877]::sys::backtrace::BacktraceLock>::print::DisplayBacktrace as core[a373ad73a504971]::fmt::Display>::fmt
[INFO] [stdout]    1:     0x6251f2f24b5a - core[a373ad73a504971]::fmt::write
[INFO] [stdout]    2:     0x6251f2f1495c - <alloc[2e1b2a31b91974c5]::vec::Vec<u8> as core[a373ad73a504971]::io::write::Write>::write_fmt
[INFO] [stdout]    3:     0x6251f2eebb36 - std[617be2ca0a6fd877]::panicking::default_hook::{closure#0}
[INFO] [stdout]    4:     0x6251f2f083f9 - std[617be2ca0a6fd877]::panicking::default_hook
[INFO] [stdout]    5:     0x6251f2e9c8d0 - test[aada8e7e76ba119b]::test_main_inner::{closure#0}
[INFO] [stdout]    6:     0x6251f2f085b2 - std[617be2ca0a6fd877]::panicking::panic_with_hook
[INFO] [stdout]    7:     0x6251f2eebbe2 - std[617be2ca0a6fd877]::panicking::panic_handler::{closure#0}
[INFO] [stdout]    8:     0x6251f2ee46c9 - std[617be2ca0a6fd877]::sys::backtrace::__rust_end_short_backtrace::<std[617be2ca0a6fd877]::panicking::panic_handler::{closure#0}, !>
[INFO] [stdout]    9:     0x6251f2eec7ed - __rustc[ea4f61d10b84890b]::rust_begin_unwind
[INFO] [stdout]   10:     0x6251f2f2528c - core[a373ad73a504971]::panicking::panic_fmt
[INFO] [stdout]   11:     0x6251f2f25062 - core[a373ad73a504971]::result::unwrap_failed
[INFO] [stdout]   12:     0x6251f2e7415d - <moostache[f4afb3604d7af7ab]::tests::miri_render_partial_nonexistent_partial::{closure#0} as core[a373ad73a504971]::ops::function::FnOnce<()>>::call_once
[INFO] [stdout]   13:     0x6251f2e8fd1b - test[aada8e7e76ba119b]::__rust_begin_short_backtrace::<core[a373ad73a504971]::result::Result<(), alloc[2e1b2a31b91974c5]::string::String>, fn() -> core[a373ad73a504971]::result::Result<(), alloc[2e1b2a31b91974c5]::string::String>>
[INFO] [stdout]   14:     0x6251f2e9cef5 - test[aada8e7e76ba119b]::run_test::{closure#0}
[INFO] [stdout]   15:     0x6251f2e967e4 - std[617be2ca0a6fd877]::sys::backtrace::__rust_begin_short_backtrace::<test[aada8e7e76ba119b]::run_test::{closure#1}, ()>
[INFO] [stdout]   16:     0x6251f2e9ff82 - <std[617be2ca0a6fd877]::thread::lifecycle::spawn_unchecked<test[aada8e7e76ba119b]::run_test::{closure#1}, ()>::{closure#1} as core[a373ad73a504971]::ops::function::FnOnce<()>>::call_once::{shim:vtable#0}
[INFO] [stdout]   17:     0x6251f2f0f94f - <std[617be2ca0a6fd877]::sys::thread::unix::Thread>::new::thread_start
[INFO] [stdout]   18:     0x75b2b0b80dfa - <unknown>
[INFO] [stdout]   19:     0x75b2b0c143d4 - clone
[INFO] [stdout]   20:                0x0 - <unknown>
[INFO] [stdout] 
[INFO] [stdout] ---- tests::miri_render_partial_invalid_inverted_section_start stdout ----
[INFO] [stdout] 
[INFO] [stdout] thread 'tests::miri_render_partial_invalid_inverted_section_start' (756) panicked at src/tests.rs:1542:8:
[INFO] [stdout] called `Result::unwrap()` on an `Err` value: ConfigErrorInvalidTemplatesDirectory("./templates/")
[INFO] [stdout] stack backtrace:
[INFO] [stdout]    0:     0x6251f2f10451 - <<std[617be2ca0a6fd877]::sys::backtrace::BacktraceLock>::print::DisplayBacktrace as core[a373ad73a504971]::fmt::Display>::fmt
[INFO] [stdout]    1:     0x6251f2f24b5a - core[a373ad73a504971]::fmt::write
[INFO] [stdout]    2:     0x6251f2f1495c - <alloc[2e1b2a31b91974c5]::vec::Vec<u8> as core[a373ad73a504971]::io::write::Write>::write_fmt
[INFO] [stdout]    3:     0x6251f2eebb36 - std[617be2ca0a6fd877]::panicking::default_hook::{closure#0}
[INFO] [stdout]    4:     0x6251f2f083f9 - std[617be2ca0a6fd877]::panicking::default_hook
[INFO] [stdout]    5:     0x6251f2e9c8d0 - test[aada8e7e76ba119b]::test_main_inner::{closure#0}
[INFO] [stdout]    6:     0x6251f2f085b2 - std[617be2ca0a6fd877]::panicking::panic_with_hook
[INFO] [stdout]    7:     0x6251f2eebbe2 - std[617be2ca0a6fd877]::panicking::panic_handler::{closure#0}
[INFO] [stdout]    8:     0x6251f2ee46c9 - std[617be2ca0a6fd877]::sys::backtrace::__rust_end_short_backtrace::<std[617be2ca0a6fd877]::panicking::panic_handler::{closure#0}, !>
[INFO] [stdout]    9:     0x6251f2eec7ed - __rustc[ea4f61d10b84890b]::rust_begin_unwind
[INFO] [stdout]   10:     0x6251f2f2528c - core[a373ad73a504971]::panicking::panic_fmt
[INFO] [stdout]   11:     0x6251f2f25062 - core[a373ad73a504971]::result::unwrap_failed
[INFO] [stdout]   12:     0x6251f2e7c36d - <moostache[f4afb3604d7af7ab]::tests::miri_render_partial_invalid_inverted_section_start::{closure#0} as core[a373ad73a504971]::ops::function::FnOnce<()>>::call_once
[INFO] [stdout]   13:     0x6251f2e8fd1b - test[aada8e7e76ba119b]::__rust_begin_short_backtrace::<core[a373ad73a504971]::result::Result<(), alloc[2e1b2a31b91974c5]::string::String>, fn() -> core[a373ad73a504971]::result::Result<(), alloc[2e1b2a31b91974c5]::string::String>>
[INFO] [stdout]   14:     0x6251f2e9cef5 - test[aada8e7e76ba119b]::run_test::{closure#0}
[INFO] [stdout]   15:     0x6251f2e967e4 - std[617be2ca0a6fd877]::sys::backtrace::__rust_begin_short_backtrace::<test[aada8e7e76ba119b]::run_test::{closure#1}, ()>
[INFO] [stdout]   16:     0x6251f2e9ff82 - <std[617be2ca0a6fd877]::thread::lifecycle::spawn_unchecked<test[aada8e7e76ba119b]::run_test::{closure#1}, ()>::{closure#1} as core[a373ad73a504971]::ops::function::FnOnce<()>>::call_once::{shim:vtable#0}
[INFO] [stdout]   17:     0x6251f2f0f94f - <std[617be2ca0a6fd877]::sys::thread::unix::Thread>::new::thread_start
[INFO] [stdout]   18:     0x75b2b0b80dfa - <unknown>
[INFO] [stdout]   19:     0x75b2b0c143d4 - clone
[INFO] [stdout]   20:                0x0 - <unknown>
[INFO] [stdout] 
[INFO] [stdout] ---- tests::miri_render_partial_unclosed_sections stdout ----
[INFO] [stdout] 
[INFO] [stdout] thread 'tests::miri_render_partial_unclosed_sections' (764) panicked at src/tests.rs:1598:8:
[INFO] [stdout] called `Result::unwrap()` on an `Err` value: ConfigErrorInvalidTemplatesDirectory("./templates/")
[INFO] [stdout] stack backtrace:
[INFO] [stdout]    0:     0x6251f2f10451 - <<std[617be2ca0a6fd877]::sys::backtrace::BacktraceLock>::print::DisplayBacktrace as core[a373ad73a504971]::fmt::Display>::fmt
[INFO] [stdout]    1:     0x6251f2f24b5a - core[a373ad73a504971]::fmt::write
[INFO] [stdout]    2:     0x6251f2f1495c - <alloc[2e1b2a31b91974c5]::vec::Vec<u8> as core[a373ad73a504971]::io::write::Write>::write_fmt
[INFO] [stdout]    3:     0x6251f2eebb36 - std[617be2ca0a6fd877]::panicking::default_hook::{closure#0}
[INFO] [stdout]    4:     0x6251f2f083f9 - std[617be2ca0a6fd877]::panicking::default_hook
[INFO] [stdout]    5:     0x6251f2e9c8d0 - test[aada8e7e76ba119b]::test_main_inner::{closure#0}
[INFO] [stdout]    6:     0x6251f2f085b2 - std[617be2ca0a6fd877]::panicking::panic_with_hook
[INFO] [stdout]    7:     0x6251f2eebbe2 - std[617be2ca0a6fd877]::panicking::panic_handler::{closure#0}
[INFO] [stdout]    8:     0x6251f2ee46c9 - std[617be2ca0a6fd877]::sys::backtrace::__rust_end_short_backtrace::<std[617be2ca0a6fd877]::panicking::panic_handler::{closure#0}, !>
[INFO] [stdout]    9:     0x6251f2eec7ed - __rustc[ea4f61d10b84890b]::rust_begin_unwind
[INFO] [stdout]   10:     0x6251f2f2528c - core[a373ad73a504971]::panicking::panic_fmt
[INFO] [stdout]   11:     0x6251f2f25062 - core[a373ad73a504971]::result::unwrap_failed
[INFO] [stdout]   12:     0x6251f2e722d9 - <moostache[f4afb3604d7af7ab]::tests::miri_render_partial_unclosed_sections::{closure#0} as core[a373ad73a504971]::ops::function::FnOnce<()>>::call_once
[INFO] [stdout]   13:     0x6251f2e8fd1b - test[aada8e7e76ba119b]::__rust_begin_short_backtrace::<core[a373ad73a504971]::result::Result<(), alloc[2e1b2a31b91974c5]::string::String>, fn() -> core[a373ad73a504971]::result::Result<(), alloc[2e1b2a31b91974c5]::string::String>>
[INFO] [stdout]   14:     0x6251f2e9cef5 - test[aada8e7e76ba119b]::run_test::{closure#0}
[INFO] [stdout]   15:     0x6251f2e967e4 - std[617be2ca0a6fd877]::sys::backtrace::__rust_begin_short_backtrace::<test[aada8e7e76ba119b]::run_test::{closure#1}, ()>
[INFO] [stdout]   16:     0x6251f2e9ff82 - <std[617be2ca0a6fd877]::thread::lifecycle::spawn_unchecked<test[aada8e7e76ba119b]::run_test::{closure#1}, ()>::{closure#1} as core[a373ad73a504971]::ops::function::FnOnce<()>>::call_once::{shim:vtable#0}
[INFO] [stdout]   17:     0x6251f2f0f94f - <std[617be2ca0a6fd877]::sys::thread::unix::Thread>::new::thread_start
[INFO] [stdout]   18:     0x75b2b0b80dfa - <unknown>
[INFO] [stdout]   19:     0x75b2b0c143d4 - clone
[INFO] [stdout]   20:                0x0 - <unknown>
[INFO] [stdout] 
[INFO] [stdout] ---- tests::miri_render_partials_exceed_cache stdout ----
[INFO] [stdout] 
[INFO] [stdout] thread 'tests::miri_render_partials_exceed_cache' (765) panicked at src/tests.rs:1481:8:
[INFO] [stdout] called `Result::unwrap()` on an `Err` value: ConfigErrorInvalidTemplatesDirectory("./templates/")
[INFO] [stdout] stack backtrace:
[INFO] [stdout]    0:     0x6251f2f10451 - <<std[617be2ca0a6fd877]::sys::backtrace::BacktraceLock>::print::DisplayBacktrace as core[a373ad73a504971]::fmt::Display>::fmt
[INFO] [stdout]    1:     0x6251f2f24b5a - core[a373ad73a504971]::fmt::write
[INFO] [stdout]    2:     0x6251f2f1495c - <alloc[2e1b2a31b91974c5]::vec::Vec<u8> as core[a373ad73a504971]::io::write::Write>::write_fmt
[INFO] [stdout]    3:     0x6251f2eebb36 - std[617be2ca0a6fd877]::panicking::default_hook::{closure#0}
[INFO] [stdout]    4:     0x6251f2f083f9 - std[617be2ca0a6fd877]::panicking::default_hook
[INFO] [stdout]    5:     0x6251f2e9c8d0 - test[aada8e7e76ba119b]::test_main_inner::{closure#0}
[INFO] [stdout]    6:     0x6251f2f085b2 - std[617be2ca0a6fd877]::panicking::panic_with_hook
[INFO] [stdout]    7:     0x6251f2eebbe2 - std[617be2ca0a6fd877]::panicking::panic_handler::{closure#0}
[INFO] [stdout]    8:     0x6251f2ee46c9 - std[617be2ca0a6fd877]::sys::backtrace::__rust_end_short_backtrace::<std[617be2ca0a6fd877]::panicking::panic_handler::{closure#0}, !>
[INFO] [stdout]    9:     0x6251f2eec7ed - __rustc[ea4f61d10b84890b]::rust_begin_unwind
[INFO] [stdout]   10:     0x6251f2f2528c - core[a373ad73a504971]::panicking::panic_fmt
[INFO] [stdout]   11:     0x6251f2f25062 - core[a373ad73a504971]::result::unwrap_failed
[INFO] [stdout]   12:     0x6251f2e6aac2 - <moostache[f4afb3604d7af7ab]::tests::miri_render_partials_exceed_cache::{closure#0} as core[a373ad73a504971]::ops::function::FnOnce<()>>::call_once
[INFO] [stdout]   13:     0x6251f2e8fd1b - test[aada8e7e76ba119b]::__rust_begin_short_backtrace::<core[a373ad73a504971]::result::Result<(), alloc[2e1b2a31b91974c5]::string::String>, fn() -> core[a373ad73a504971]::result::Result<(), alloc[2e1b2a31b91974c5]::string::String>>
[INFO] [stdout]   14:     0x6251f2e9cef5 - test[aada8e7e76ba119b]::run_test::{closure#0}
[INFO] [stdout]   15:     0x6251f2e967e4 - std[617be2ca0a6fd877]::sys::backtrace::__rust_begin_short_backtrace::<test[aada8e7e76ba119b]::run_test::{closure#1}, ()>
[INFO] [stdout]   16:     0x6251f2e9ff82 - <std[617be2ca0a6fd877]::thread::lifecycle::spawn_unchecked<test[aada8e7e76ba119b]::run_test::{closure#1}, ()>::{closure#1} as core[a373ad73a504971]::ops::function::FnOnce<()>>::call_once::{shim:vtable#0}
[INFO] [stdout]   17:     0x6251f2f0f94f - <std[617be2ca0a6fd877]::sys::thread::unix::Thread>::new::thread_start
[INFO] [stdout]   18:     0x75b2b0b80dfa - <unknown>
[INFO] [stdout]   19:     0x75b2b0c143d4 - clone
[INFO] [stdout]   20:                0x0 - <unknown>
[INFO] [stdout] 
[INFO] [stdout] ---- tests::miri_render_partial_invalid_partial stdout ----
[INFO] [stdout] 
[INFO] [stdout] thread 'tests::miri_render_partial_invalid_partial' (757) panicked at src/tests.rs:1612:8:
[INFO] [stdout] called `Result::unwrap()` on an `Err` value: ConfigErrorInvalidTemplatesDirectory("./templates/")
[INFO] [stdout] stack backtrace:
[INFO] [stdout]    0:     0x6251f2f10451 - <<std[617be2ca0a6fd877]::sys::backtrace::BacktraceLock>::print::DisplayBacktrace as core[a373ad73a504971]::fmt::Display>::fmt
[INFO] [stdout]    1:     0x6251f2f24b5a - core[a373ad73a504971]::fmt::write
[INFO] [stdout]    2:     0x6251f2f1495c - <alloc[2e1b2a31b91974c5]::vec::Vec<u8> as core[a373ad73a504971]::io::write::Write>::write_fmt
[INFO] [stdout]    3:     0x6251f2eebb36 - std[617be2ca0a6fd877]::panicking::default_hook::{closure#0}
[INFO] [stdout]    4:     0x6251f2f083f9 - std[617be2ca0a6fd877]::panicking::default_hook
[INFO] [stdout]    5:     0x6251f2e9c8d0 - test[aada8e7e76ba119b]::test_main_inner::{closure#0}
[INFO] [stdout]    6:     0x6251f2f085b2 - std[617be2ca0a6fd877]::panicking::panic_with_hook
[INFO] [stdout]    7:     0x6251f2eebbe2 - std[617be2ca0a6fd877]::panicking::panic_handler::{closure#0}
[INFO] [stdout]    8:     0x6251f2ee46c9 - std[617be2ca0a6fd877]::sys::backtrace::__rust_end_short_backtrace::<std[617be2ca0a6fd877]::panicking::panic_handler::{closure#0}, !>
[INFO] [stdout]    9:     0x6251f2eec7ed - __rustc[ea4f61d10b84890b]::rust_begin_unwind
[INFO] [stdout]   10:     0x6251f2f2528c - core[a373ad73a504971]::panicking::panic_fmt
[INFO] [stdout]   11:     0x6251f2f25062 - core[a373ad73a504971]::result::unwrap_failed
[INFO] [stdout]   12:     0x6251f2e6e509 - <moostache[f4afb3604d7af7ab]::tests::miri_render_partial_invalid_partial::{closure#0} as core[a373ad73a504971]::ops::function::FnOnce<()>>::call_once
[INFO] [stdout]   13:     0x6251f2e8fd1b - test[aada8e7e76ba119b]::__rust_begin_short_backtrace::<core[a373ad73a504971]::result::Result<(), alloc[2e1b2a31b91974c5]::string::String>, fn() -> core[a373ad73a504971]::result::Result<(), alloc[2e1b2a31b91974c5]::string::String>>
[INFO] [stdout]   14:     0x6251f2e9cef5 - test[aada8e7e76ba119b]::run_test::{closure#0}
[INFO] [stdout]   15:     0x6251f2e967e4 - std[617be2ca0a6fd877]::sys::backtrace::__rust_begin_short_backtrace::<test[aada8e7e76ba119b]::run_test::{closure#1}, ()>
[INFO] [stdout]   16:     0x6251f2e9ff82 - <std[617be2ca0a6fd877]::thread::lifecycle::spawn_unchecked<test[aada8e7e76ba119b]::run_test::{closure#1}, ()>::{closure#1} as core[a373ad73a504971]::ops::function::FnOnce<()>>::call_once::{shim:vtable#0}
[INFO] [stdout]   17:     0x6251f2f0f94f - <std[617be2ca0a6fd877]::sys::thread::unix::Thread>::new::thread_start
[INFO] [stdout]   18:     0x75b2b0b80dfa - <unknown>
[INFO] [stdout]   19:     0x75b2b0c143d4 - clone
[INFO] [stdout]   20:                0x0 - <unknown>
[INFO] [stdout] 
[INFO] [stdout] ---- tests::miri_render_partial_invalid_section_start stdout ----
[INFO] [stdout] 
[INFO] [stdout] thread 'tests::miri_render_partial_invalid_section_start' (759) panicked at src/tests.rs:1556:8:
[INFO] [stdout] called `Result::unwrap()` on an `Err` value: ConfigErrorInvalidTemplatesDirectory("./templates/")
[INFO] [stdout] stack backtrace:
[INFO] [stdout]    0:     0x6251f2f10451 - <<std[617be2ca0a6fd877]::sys::backtrace::BacktraceLock>::print::DisplayBacktrace as core[a373ad73a504971]::fmt::Display>::fmt
[INFO] [stdout]    1:     0x6251f2f24b5a - core[a373ad73a504971]::fmt::write
[INFO] [stdout]    2:     0x6251f2f1495c - <alloc[2e1b2a31b91974c5]::vec::Vec<u8> as core[a373ad73a504971]::io::write::Write>::write_fmt
[INFO] [stdout]    3:     0x6251f2eebb36 - std[617be2ca0a6fd877]::panicking::default_hook::{closure#0}
[INFO] [stdout]    4:     0x6251f2f083f9 - std[617be2ca0a6fd877]::panicking::default_hook
[INFO] [stdout]    5:     0x6251f2e9c8d0 - test[aada8e7e76ba119b]::test_main_inner::{closure#0}
[INFO] [stdout]    6:     0x6251f2f085b2 - std[617be2ca0a6fd877]::panicking::panic_with_hook
[INFO] [stdout]    7:     0x6251f2eebbe2 - std[617be2ca0a6fd877]::panicking::panic_handler::{closure#0}
[INFO] [stdout]    8:     0x6251f2ee46c9 - std[617be2ca0a6fd877]::sys::backtrace::__rust_end_short_backtrace::<std[617be2ca0a6fd877]::panicking::panic_handler::{closure#0}, !>
[INFO] [stdout]    9:     0x6251f2eec7ed - __rustc[ea4f61d10b84890b]::rust_begin_unwind
[INFO] [stdout]   10:     0x6251f2f2528c - core[a373ad73a504971]::panicking::panic_fmt
[INFO] [stdout]   11:     0x6251f2f25062 - core[a373ad73a504971]::result::unwrap_failed
[INFO] [stdout]   12:     0x6251f2e760c6 - <moostache[f4afb3604d7af7ab]::tests::miri_render_partial_invalid_section_start::{closure#0} as core[a373ad73a504971]::ops::function::FnOnce<()>>::call_once
[INFO] [stdout]   13:     0x6251f2e8fd1b - test[aada8e7e76ba119b]::__rust_begin_short_backtrace::<core[a373ad73a504971]::result::Result<(), alloc[2e1b2a31b91974c5]::string::String>, fn() -> core[a373ad73a504971]::result::Result<(), alloc[2e1b2a31b91974c5]::string::String>>
[INFO] [stdout]   14:     0x6251f2e9cef5 - test[aada8e7e76ba119b]::run_test::{closure#0}
[INFO] [stdout]   15:     0x6251f2e967e4 - std[617be2ca0a6fd877]::sys::backtrace::__rust_begin_short_backtrace::<test[aada8e7e76ba119b]::run_test::{closure#1}, ()>
[INFO] [stdout]   16:     0x6251f2e9ff82 - <std[617be2ca0a6fd877]::thread::lifecycle::spawn_unchecked<test[aada8e7e76ba119b]::run_test::{closure#1}, ()>::{closure#1} as core[a373ad73a504971]::ops::function::FnOnce<()>>::call_once::{shim:vtable#0}
[INFO] [stdout]   17:     0x6251f2f0f94f - <std[617be2ca0a6fd877]::sys::thread::unix::Thread>::new::thread_start
[INFO] [stdout]   18:     0x75b2b0b80dfa - <unknown>
[INFO] [stdout]   19:     0x75b2b0c143d4 - clone
[INFO] [stdout]   20:                0x0 - <unknown>
[INFO] [stdout] 
[INFO] [stdout] ---- tests::miri_render_partial_file stdout ----
[INFO] [stdout] 
[INFO] [stdout] thread 'tests::miri_render_partial_file' (750) panicked at src/tests.rs:1455:7:
[INFO] [stdout] called `Result::unwrap()` on an `Err` value: ConfigErrorInvalidTemplatesDirectory("./templates/")
[INFO] [stdout] stack backtrace:
[INFO] [stdout]    0:     0x6251f2f10451 - <<std[617be2ca0a6fd877]::sys::backtrace::BacktraceLock>::print::DisplayBacktrace as core[a373ad73a504971]::fmt::Display>::fmt
[INFO] [stdout]    1:     0x6251f2f24b5a - core[a373ad73a504971]::fmt::write
[INFO] [stdout]    2:     0x6251f2f1495c - <alloc[2e1b2a31b91974c5]::vec::Vec<u8> as core[a373ad73a504971]::io::write::Write>::write_fmt
[INFO] [stdout]    3:     0x6251f2eebb36 - std[617be2ca0a6fd877]::panicking::default_hook::{closure#0}
[INFO] [stdout]    4:     0x6251f2f083f9 - std[617be2ca0a6fd877]::panicking::default_hook
[INFO] [stdout]    5:     0x6251f2e9c8d0 - test[aada8e7e76ba119b]::test_main_inner::{closure#0}
[INFO] [stdout]    6:     0x6251f2f085b2 - std[617be2ca0a6fd877]::panicking::panic_with_hook
[INFO] [stdout]    7:     0x6251f2eebbe2 - std[617be2ca0a6fd877]::panicking::panic_handler::{closure#0}
[INFO] [stdout]    8:     0x6251f2ee46c9 - std[617be2ca0a6fd877]::sys::backtrace::__rust_end_short_backtrace::<std[617be2ca0a6fd877]::panicking::panic_handler::{closure#0}, !>
[INFO] [stdout]    9:     0x6251f2eec7ed - __rustc[ea4f61d10b84890b]::rust_begin_unwind
[INFO] [stdout]   10:     0x6251f2f2528c - core[a373ad73a504971]::panicking::panic_fmt
[INFO] [stdout]   11:     0x6251f2f25062 - core[a373ad73a504971]::result::unwrap_failed
[INFO] [stdout]   12:     0x6251f2e62dfd - <moostache[f4afb3604d7af7ab]::tests::miri_render_partial_file::{closure#0} as core[a373ad73a504971]::ops::function::FnOnce<()>>::call_once
[INFO] [stdout]   13:     0x6251f2e8fd1b - test[aada8e7e76ba119b]::__rust_begin_short_backtrace::<core[a373ad73a504971]::result::Result<(), alloc[2e1b2a31b91974c5]::string::String>, fn() -> core[a373ad73a504971]::result::Result<(), alloc[2e1b2a31b91974c5]::string::String>>
[INFO] [stdout]   14:     0x6251f2e9cef5 - test[aada8e7e76ba119b]::run_test::{closure#0}
[INFO] [stdout]   15:     0x6251f2e967e4 - std[617be2ca0a6fd877]::sys::backtrace::__rust_begin_short_backtrace::<test[aada8e7e76ba119b]::run_test::{closure#1}, ()>
[INFO] [stdout]   16:     0x6251f2e9ff82 - <std[617be2ca0a6fd877]::thread::lifecycle::spawn_unchecked<test[aada8e7e76ba119b]::run_test::{closure#1}, ()>::{closure#1} as core[a373ad73a504971]::ops::function::FnOnce<()>>::call_once::{shim:vtable#0}
[INFO] [stdout]   17:     0x6251f2f0f94f - <std[617be2ca0a6fd877]::sys::thread::unix::Thread>::new::thread_start
[INFO] [stdout]   18:     0x75b2b0b80dfa - <unknown>
[INFO] [stdout]   19:     0x75b2b0c143d4 - clone
[INFO] [stdout]   20:                0x0 - <unknown>
[INFO] [stdout] 
[INFO] [stdout] ---- tests::miri_render_partial_hashmap_from_config stdout ----
[INFO] [stdout] 
[INFO] [stdout] thread 'tests::miri_render_partial_hashmap_from_config' (752) panicked at src/tests.rs:1432:7:
[INFO] [stdout] called `Result::unwrap()` on an `Err` value: ConfigErrorInvalidTemplatesDirectory("./templates/")
[INFO] [stdout] stack backtrace:
[INFO] [stdout]    0:     0x6251f2f10451 - <<std[617be2ca0a6fd877]::sys::backtrace::BacktraceLock>::print::DisplayBacktrace as core[a373ad73a504971]::fmt::Display>::fmt
[INFO] [stdout]    1:     0x6251f2f24b5a - core[a373ad73a504971]::fmt::write
[INFO] [stdout]    2:     0x6251f2f1495c - <alloc[2e1b2a31b91974c5]::vec::Vec<u8> as core[a373ad73a504971]::io::write::Write>::write_fmt
[INFO] [stdout]    3:     0x6251f2eebb36 - std[617be2ca0a6fd877]::panicking::default_hook::{closure#0}
[INFO] [stdout]    4:     0x6251f2f083f9 - std[617be2ca0a6fd877]::panicking::default_hook
[INFO] [stdout]    5:     0x6251f2e9c8d0 - test[aada8e7e76ba119b]::test_main_inner::{closure#0}
[INFO] [stdout]    6:     0x6251f2f085b2 - std[617be2ca0a6fd877]::panicking::panic_with_hook
[INFO] [stdout]    7:     0x6251f2eebbe2 - std[617be2ca0a6fd877]::panicking::panic_handler::{closure#0}
[INFO] [stdout]    8:     0x6251f2ee46c9 - std[617be2ca0a6fd877]::sys::backtrace::__rust_end_short_backtrace::<std[617be2ca0a6fd877]::panicking::panic_handler::{closure#0}, !>
[INFO] [stdout]    9:     0x6251f2eec7ed - __rustc[ea4f61d10b84890b]::rust_begin_unwind
[INFO] [stdout]   10:     0x6251f2f2528c - core[a373ad73a504971]::panicking::panic_fmt
[INFO] [stdout]   11:     0x6251f2f25062 - core[a373ad73a504971]::result::unwrap_failed
[INFO] [stdout]   12:     0x6251f2e73a85 - <moostache[f4afb3604d7af7ab]::tests::miri_render_partial_hashmap_from_config::{closure#0} as core[a373ad73a504971]::ops::function::FnOnce<()>>::call_once
[INFO] [stdout]   13:     0x6251f2e8fd1b - test[aada8e7e76ba119b]::__rust_begin_short_backtrace::<core[a373ad73a504971]::result::Result<(), alloc[2e1b2a31b91974c5]::string::String>, fn() -> core[a373ad73a504971]::result::Result<(), alloc[2e1b2a31b91974c5]::string::String>>
[INFO] [stdout]   14:     0x6251f2e9cef5 - test[aada8e7e76ba119b]::run_test::{closure#0}
[INFO] [stdout]   15:     0x6251f2e967e4 - std[617be2ca0a6fd877]::sys::backtrace::__rust_begin_short_backtrace::<test[aada8e7e76ba119b]::run_test::{closure#1}, ()>
[INFO] [stdout]   16:     0x6251f2e9ff82 - <std[617be2ca0a6fd877]::thread::lifecycle::spawn_unchecked<test[aada8e7e76ba119b]::run_test::{closure#1}, ()>::{closure#1} as core[a373ad73a504971]::ops::function::FnOnce<()>>::call_once::{shim:vtable#0}
[INFO] [stdout]   17:     0x6251f2f0f94f - <std[617be2ca0a6fd877]::sys::thread::unix::Thread>::new::thread_start
[INFO] [stdout]   18:     0x75b2b0b80dfa - <unknown>
[INFO] [stdout]   19:     0x75b2b0c143d4 - clone
[INFO] [stdout]   20:                0x0 - <unknown>
[INFO] [stdout] 
[INFO] [stdout] ---- tests::miri_render_partial_invalid_section_end stdout ----
[INFO] [stdout] 
[INFO] [stdout] thread 'tests::miri_render_partial_invalid_section_end' (758) panicked at src/tests.rs:1570:8:
[INFO] [stdout] called `Result::unwrap()` on an `Err` value: ConfigErrorInvalidTemplatesDirectory("./templates/")
[INFO] [stdout] stack backtrace:
[INFO] [stdout]    0:     0x6251f2f10451 - <<std[617be2ca0a6fd877]::sys::backtrace::BacktraceLock>::print::DisplayBacktrace as core[a373ad73a504971]::fmt::Display>::fmt
[INFO] [stdout]    1:     0x6251f2f24b5a - core[a373ad73a504971]::fmt::write
[INFO] [stdout]    2:     0x6251f2f1495c - <alloc[2e1b2a31b91974c5]::vec::Vec<u8> as core[a373ad73a504971]::io::write::Write>::write_fmt
[INFO] [stdout]    3:     0x6251f2eebb36 - std[617be2ca0a6fd877]::panicking::default_hook::{closure#0}
[INFO] [stdout]    4:     0x6251f2f083f9 - std[617be2ca0a6fd877]::panicking::default_hook
[INFO] [stdout]    5:     0x6251f2e9c8d0 - test[aada8e7e76ba119b]::test_main_inner::{closure#0}
[INFO] [stdout]    6:     0x6251f2f085b2 - std[617be2ca0a6fd877]::panicking::panic_with_hook
[INFO] [stdout]    7:     0x6251f2eebbe2 - std[617be2ca0a6fd877]::panicking::panic_handler::{closure#0}
[INFO] [stdout]    8:     0x6251f2ee46c9 - std[617be2ca0a6fd877]::sys::backtrace::__rust_end_short_backtrace::<std[617be2ca0a6fd877]::panicking::panic_handler::{closure#0}, !>
[INFO] [stdout]    9:     0x6251f2eec7ed - __rustc[ea4f61d10b84890b]::rust_begin_unwind
[INFO] [stdout]   10:     0x6251f2f2528c - core[a373ad73a504971]::panicking::panic_fmt
[INFO] [stdout]   11:     0x6251f2f25062 - core[a373ad73a504971]::result::unwrap_failed
[INFO] [stdout]   12:     0x6251f2e73e86 - <moostache[f4afb3604d7af7ab]::tests::miri_render_partial_invalid_section_end::{closure#0} as core[a373ad73a504971]::ops::function::FnOnce<()>>::call_once
[INFO] [stdout]   13:     0x6251f2e8fd1b - test[aada8e7e76ba119b]::__rust_begin_short_backtrace::<core[a373ad73a504971]::result::Result<(), alloc[2e1b2a31b91974c5]::string::String>, fn() -> core[a373ad73a504971]::result::Result<(), alloc[2e1b2a31b91974c5]::string::String>>
[INFO] [stdout]   14:     0x6251f2e9cef5 - test[aada8e7e76ba119b]::run_test::{closure#0}
[INFO] [stdout]   15:     0x6251f2e967e4 - std[617be2ca0a6fd877]::sys::backtrace::__rust_begin_short_backtrace::<test[aada8e7e76ba119b]::run_test::{closure#1}, ()>
[INFO] [stdout]   16:     0x6251f2e9ff82 - <std[617be2ca0a6fd877]::thread::lifecycle::spawn_unchecked<test[aada8e7e76ba119b]::run_test::{closure#1}, ()>::{closure#1} as core[a373ad73a504971]::ops::function::FnOnce<()>>::call_once::{shim:vtable#0}
[INFO] [stdout]   17:     0x6251f2f0f94f - <std[617be2ca0a6fd877]::sys::thread::unix::Thread>::new::thread_start
[INFO] [stdout]   18:     0x75b2b0b80dfa - <unknown>
[INFO] [stdout]   19:     0x75b2b0c143d4 - clone
[INFO] [stdout]   20:                0x0 - <unknown>
[INFO] [stdout] 
[INFO] [stdout] ---- tests::miri_render_partial_invalid_unescaped_variable stdout ----
[INFO] [stdout] 
[INFO] [stdout] thread 'tests::miri_render_partial_invalid_unescaped_variable' (760) panicked at src/tests.rs:1528:8:
[INFO] [stdout] called `Result::unwrap()` on an `Err` value: ConfigErrorInvalidTemplatesDirectory("./templates/")
[INFO] [stdout] stack backtrace:
[INFO] [stdout]    0:     0x6251f2f10451 - <<std[617be2ca0a6fd877]::sys::backtrace::BacktraceLock>::print::DisplayBacktrace as core[a373ad73a504971]::fmt::Display>::fmt
[INFO] [stdout]    1:     0x6251f2f24b5a - core[a373ad73a504971]::fmt::write
[INFO] [stdout]    2:     0x6251f2f1495c - <alloc[2e1b2a31b91974c5]::vec::Vec<u8> as core[a373ad73a504971]::io::write::Write>::write_fmt
[INFO] [stdout]    3:     0x6251f2eebb36 - std[617be2ca0a6fd877]::panicking::default_hook::{closure#0}
[INFO] [stdout]    4:     0x6251f2f083f9 - std[617be2ca0a6fd877]::panicking::default_hook
[INFO] [stdout]    5:     0x6251f2e9c8d0 - test[aada8e7e76ba119b]::test_main_inner::{closure#0}
[INFO] [stdout]    6:     0x6251f2f085b2 - std[617be2ca0a6fd877]::panicking::panic_with_hook
[INFO] [stdout]    7:     0x6251f2eebbe2 - std[617be2ca0a6fd877]::panicking::panic_handler::{closure#0}
[INFO] [stdout]    8:     0x6251f2ee46c9 - std[617be2ca0a6fd877]::sys::backtrace::__rust_end_short_backtrace::<std[617be2ca0a6fd877]::panicking::panic_handler::{closure#0}, !>
[INFO] [stdout]    9:     0x6251f2eec7ed - __rustc[ea4f61d10b84890b]::rust_begin_unwind
[INFO] [stdout]   10:     0x6251f2f2528c - core[a373ad73a504971]::panicking::panic_fmt
[INFO] [stdout]   11:     0x6251f2f25062 - core[a373ad73a504971]::result::unwrap_failed
[INFO] [stdout]   12:     0x6251f2e7b236 - <moostache[f4afb3604d7af7ab]::tests::miri_render_partial_invalid_unescaped_variable::{closure#0} as core[a373ad73a504971]::ops::function::FnOnce<()>>::call_once
[INFO] [stdout]   13:     0x6251f2e8fd1b - test[aada8e7e76ba119b]::__rust_begin_short_backtrace::<core[a373ad73a504971]::result::Result<(), alloc[2e1b2a31b91974c5]::string::String>, fn() -> core[a373ad73a504971]::result::Result<(), alloc[2e1b2a31b91974c5]::string::String>>
[INFO] [stdout]   14:     0x6251f2e9cef5 - test[aada8e7e76ba119b]::run_test::{closure#0}
[INFO] [stdout]   15:     0x6251f2e967e4 - std[617be2ca0a6fd877]::sys::backtrace::__rust_begin_short_backtrace::<test[aada8e7e76ba119b]::run_test::{closure#1}, ()>
[INFO] [stdout]   16:     0x6251f2e9ff82 - <std[617be2ca0a6fd877]::thread::lifecycle::spawn_unchecked<test[aada8e7e76ba119b]::run_test::{closure#1}, ()>::{closure#1} as core[a373ad73a504971]::ops::function::FnOnce<()>>::call_once::{shim:vtable#0}
[INFO] [stdout]   17:     0x6251f2f0f94f - <std[617be2ca0a6fd877]::sys::thread::unix::Thread>::new::thread_start
[INFO] [stdout]   18:     0x75b2b0b80dfa - <unknown>
[INFO] [stdout]   19:     0x75b2b0c143d4 - clone
[INFO] [stdout]   20:                0x0 - <unknown>
[INFO] [stdout] 
[INFO] [stdout] 
[INFO] [stdout] failures:
[INFO] [stdout]     tests::miri_render_partial_file
[INFO] [stdout]     tests::miri_render_partial_file_utf8
[INFO] [stdout]     tests::miri_render_partial_hashmap_from_config
[INFO] [stdout]     tests::miri_render_partial_hashmap_from_config_too_many_templates
[INFO] [stdout]     tests::miri_render_partial_invalid_comment
[INFO] [stdout]     tests::miri_render_partial_invalid_escaped_variable
[INFO] [stdout]     tests::miri_render_partial_invalid_inverted_section_start
[INFO] [stdout]     tests::miri_render_partial_invalid_partial
[INFO] [stdout]     tests::miri_render_partial_invalid_section_end
[INFO] [stdout]     tests::miri_render_partial_invalid_section_start
[INFO] [stdout]     tests::miri_render_partial_invalid_unescaped_variable
[INFO] [stdout]     tests::miri_render_partial_mismatched_section_end
[INFO] [stdout]     tests::miri_render_partial_no_content
[INFO] [stdout]     tests::miri_render_partial_nonexistent_partial
[INFO] [stdout]     tests::miri_render_partial_unclosed_sections
[INFO] [stdout]     tests::miri_render_partials_exceed_cache
[INFO] [stdout] 
[INFO] [stdout] test result: FAILED. 125 passed; 16 failed; 0 ignored; 0 measured; 0 filtered out; finished in 0.08s
[INFO] [stdout] 
[INFO] [stderr] error: test failed, to rerun pass `--lib`
[INFO] running `Command { std: "docker" "inspect" "7e12c39c87b245c88e04c33accb8f0a4def0ea115347d2a3f9f99e271da7e3a1", kill_on_drop: false }`
[INFO] running `Command { std: "docker" "rm" "-f" "7e12c39c87b245c88e04c33accb8f0a4def0ea115347d2a3f9f99e271da7e3a1", kill_on_drop: false }`
[INFO] [stdout] 7e12c39c87b245c88e04c33accb8f0a4def0ea115347d2a3f9f99e271da7e3a1
