[INFO] fetching crate moonlight-bridge-codegen 0.5.1...
[INFO] testing moonlight-bridge-codegen-0.5.1 against 1.100.0-beta.1+cargoflags=--release for beta-release-1.100-2
[INFO] extracting crate moonlight-bridge-codegen 0.5.1 into /workspace/builds/worker-3-tc2/source
[INFO] started tweaking crates.io crate moonlight-bridge-codegen 0.5.1
[INFO] removed 0 missing tests
[INFO] finished tweaking crates.io crate moonlight-bridge-codegen 0.5.1
[INFO] tweaked toml for crates.io crate moonlight-bridge-codegen 0.5.1 written to /workspace/builds/worker-3-tc2/source/Cargo.toml
[INFO] validating manifest of crates.io crate moonlight-bridge-codegen 0.5.1 on toolchain 1.100.0-beta.1
[INFO] running `Command { std: CARGO_HOME="/workspace/cargo-home" RUSTUP_HOME="/workspace/rustup-home" "/workspace/cargo-home/bin/cargo" "+1.100.0-beta.1" "metadata" "--manifest-path" "Cargo.toml" "--no-deps", kill_on_drop: false }`
[INFO] crate crates.io crate moonlight-bridge-codegen 0.5.1 already has a lockfile, it will not be regenerated
[INFO] running `Command { std: CARGO_HOME="/workspace/cargo-home" RUSTUP_HOME="/workspace/rustup-home" "/workspace/cargo-home/bin/cargo" "+1.100.0-beta.1" "fetch" "--manifest-path" "Cargo.toml", kill_on_drop: false }`
[INFO] running `Command { std: "docker" "create" "-v" "/var/lib/crater-agent-workspace/builds/worker-3-tc2/source:/opt/rustwide/workdir:ro,Z" "-v" "/var/lib/crater-agent-workspace/builds/worker-3-tc2/target:/opt/rustwide/target:rw,Z" "-v" "/var/lib/crater-agent-workspace/cargo-home:/opt/rustwide/cargo-home:ro,Z" "-v" "/var/lib/crater-agent-workspace/rustup-home:/opt/rustwide/rustup-home:ro,Z" "-m" "1610612736" "--network" "none" "ghcr.io/rust-lang/crates-build-env/linux@sha256:77db811e55d90add9212f6832c23229e3de5f1c1f9905e8cb07319ea15df73ac" "sleep" "infinity", kill_on_drop: false }`
[INFO] [stdout] e523e29aa10b9c18189140ebb4f14be0409824ba0e7dda1613541416a9e1e53b
[INFO] running `Command { std: "docker" "start" "e523e29aa10b9c18189140ebb4f14be0409824ba0e7dda1613541416a9e1e53b", kill_on_drop: false }`
[INFO] running `Command { std: "docker" "inspect" "e523e29aa10b9c18189140ebb4f14be0409824ba0e7dda1613541416a9e1e53b", kill_on_drop: false }`
[INFO] running `Command { std: "docker" "exec" "-e" "SOURCE_DIR=/opt/rustwide/workdir" "-e" "CARGO_HOME=/opt/rustwide/cargo-home" "-e" "RUSTUP_HOME=/opt/rustwide/rustup-home" "-e" "CARGO_TARGET_DIR=/opt/rustwide/target" "-w" "/opt/rustwide/workdir" "--user" "0:0" "e523e29aa10b9c18189140ebb4f14be0409824ba0e7dda1613541416a9e1e53b" "/opt/rustwide/cargo-home/bin/cargo" "+1.100.0-beta.1" "metadata" "--no-deps" "--format-version=1", kill_on_drop: false }`
[INFO] running `Command { std: "docker" "inspect" "e523e29aa10b9c18189140ebb4f14be0409824ba0e7dda1613541416a9e1e53b", kill_on_drop: false }`
[INFO] running `Command { std: "docker" "exec" "-e" "SOURCE_DIR=/opt/rustwide/workdir" "-e" "CARGO_HOME=/opt/rustwide/cargo-home" "-e" "RUSTUP_HOME=/opt/rustwide/rustup-home" "-e" "CARGO_TARGET_DIR=/opt/rustwide/target" "-e" "CARGO_INCREMENTAL=0" "-e" "RUST_BACKTRACE=full" "-e" "RUSTFLAGS=--cap-lints=warn" "-e" "RUSTDOCFLAGS=--cap-lints=warn" "-w" "/opt/rustwide/workdir" "--user" "0:0" "e523e29aa10b9c18189140ebb4f14be0409824ba0e7dda1613541416a9e1e53b" "/opt/rustwide/cargo-home/bin/cargo" "+1.100.0-beta.1" "build" "--frozen" "--message-format=json" "--release", kill_on_drop: false }`
[INFO] [stderr]    Compiling either v1.18.0
[INFO] [stderr]    Compiling anyhow v1.0.104
[INFO] [stderr]    Compiling quote v1.0.47
[INFO] [stderr]    Compiling syn v2.0.119
[INFO] [stderr]    Compiling regex-syntax v0.8.11
[INFO] [stderr]    Compiling bitflags v2.13.1
[INFO] [stderr]    Compiling prettyplease v0.2.37
[INFO] [stderr]    Compiling indexmap v2.14.2
[INFO] [stderr]    Compiling syn v3.0.5
[INFO] [stderr]    Compiling itertools v0.14.0
[INFO] [stderr]    Compiling rustix v1.1.4
[INFO] [stderr]    Compiling fixedbitset v0.5.7
[INFO] [stderr]    Compiling once_cell v1.21.4
[INFO] [stderr]    Compiling petgraph v0.8.3
[INFO] [stderr]    Compiling regex-automata v0.4.18
[INFO] [stderr]    Compiling serde_derive v1.0.229
[INFO] [stderr]    Compiling prost-derive v0.14.4
[INFO] [stderr]    Compiling tempfile v3.27.0
[INFO] [stderr]    Compiling multimap v0.10.1
[INFO] [stderr]    Compiling regex v1.13.1
[INFO] [stderr]    Compiling prost v0.14.4
[INFO] [stderr]    Compiling prost-types v0.14.4
[INFO] [stderr]    Compiling serde v1.0.229
[INFO] [stderr]    Compiling prost-build v0.14.4
[INFO] [stderr]    Compiling prost-reflect v0.16.5
[INFO] [stderr]    Compiling moonlight-bridge-codegen v0.5.1 (/opt/rustwide/workdir)
[INFO] [stderr]     Finished `release` profile [optimized] target(s) in 2m 14s
[INFO] running `Command { std: "docker" "inspect" "e523e29aa10b9c18189140ebb4f14be0409824ba0e7dda1613541416a9e1e53b", kill_on_drop: false }`
[INFO] running `Command { std: "docker" "exec" "-e" "SOURCE_DIR=/opt/rustwide/workdir" "-e" "CARGO_HOME=/opt/rustwide/cargo-home" "-e" "RUSTUP_HOME=/opt/rustwide/rustup-home" "-e" "CARGO_TARGET_DIR=/opt/rustwide/target" "-e" "CARGO_INCREMENTAL=0" "-e" "RUST_BACKTRACE=full" "-e" "RUSTFLAGS=--cap-lints=warn" "-e" "RUSTDOCFLAGS=--cap-lints=warn" "-w" "/opt/rustwide/workdir" "--user" "0:0" "e523e29aa10b9c18189140ebb4f14be0409824ba0e7dda1613541416a9e1e53b" "/opt/rustwide/cargo-home/bin/cargo" "+1.100.0-beta.1" "test" "--frozen" "--no-run" "--message-format=json" "--release", kill_on_drop: false }`
[INFO] [stderr]    Compiling moonlight-bridge-codegen v0.5.1 (/opt/rustwide/workdir)
[INFO] [stderr]     Finished `release` profile [optimized] target(s) in 9.33s
[INFO] running `Command { std: "docker" "inspect" "e523e29aa10b9c18189140ebb4f14be0409824ba0e7dda1613541416a9e1e53b", kill_on_drop: false }`
[INFO] running `Command { std: "docker" "exec" "-e" "SOURCE_DIR=/opt/rustwide/workdir" "-e" "CARGO_HOME=/opt/rustwide/cargo-home" "-e" "RUSTUP_HOME=/opt/rustwide/rustup-home" "-e" "CARGO_TARGET_DIR=/opt/rustwide/target" "-e" "CARGO_INCREMENTAL=0" "-e" "RUST_BACKTRACE=full" "-e" "RUSTFLAGS=--cap-lints=warn" "-e" "RUSTDOCFLAGS=--cap-lints=warn" "-w" "/opt/rustwide/workdir" "--user" "0:0" "e523e29aa10b9c18189140ebb4f14be0409824ba0e7dda1613541416a9e1e53b" "/opt/rustwide/cargo-home/bin/cargo" "+1.100.0-beta.1" "test" "--frozen" "--release", kill_on_drop: false }`
[INFO] [stderr]     Finished `release` profile [optimized] target(s) in 0.09s
[INFO] [stderr]      Running unittests src/lib.rs (/opt/rustwide/target/release/build/moonlight-bridge-codegen/ce3bd31489646f55/out/moonlight_bridge_codegen-ce3bd31489646f55)
[INFO] [stdout] 
[INFO] [stdout] running 8 tests
[INFO] [stdout] test schema::tests::additive_field_is_compatible ... ok
[INFO] [stdout] test tests::method_ids_are_deterministic ... ok
[INFO] [stdout] test schema::tests::method_policy_changes_are_locked ... ok
[INFO] [stdout] test schema::tests::changed_field_type_is_breaking ... ok
[INFO] [stdout] test schema::tests::existing_enum_reservations_cannot_be_reused ... ok
[INFO] [stdout] test tests::generated_names_follow_language_conventions ... ok
[INFO] [stdout] test schema::tests::existing_message_reservations_cannot_be_reused ... ok
[INFO] [stdout] test schema::tests::removed_field_requires_reserved_name_and_number ... ok
[INFO] [stdout] 
[INFO] [stdout] test result: ok. 8 passed; 0 failed; 0 ignored; 0 measured; 0 filtered out; finished in 0.00s
[INFO] [stdout] 
[INFO] [stderr]      Running unittests src/main.rs (/opt/rustwide/target/release/build/moonlight-bridge-codegen/967ab06bf17c2a90/out/moonlight_bridge_codegen-967ab06bf17c2a90)
[INFO] [stdout] 
[INFO] [stdout] running 0 tests
[INFO] [stdout] 
[INFO] [stdout] test result: ok. 0 passed; 0 failed; 0 ignored; 0 measured; 0 filtered out; finished in 0.00s
[INFO] [stdout] 
[INFO] [stderr]      Running tests/policy_options.rs (/opt/rustwide/target/release/build/moonlight-bridge-codegen/4f564db2796a96d4/out/policy_options-4f564db2796a96d4)
[INFO] [stdout] 
[INFO] [stdout] running 5 tests
[INFO] [stdout] test valid_method_policy_is_loaded_from_descriptor_extension ... FAILED
[INFO] [stdout] test generated_bindings_embed_and_apply_method_policy ... FAILED
[INFO] [stdout] test invalid_ranges_and_scope_syntax_are_rejected ... FAILED
[INFO] [stdout] test streaming_retry_is_rejected ... FAILED
[INFO] [stdout] test retrying_mutation_without_idempotency_is_rejected ... FAILED
[INFO] [stdout] 
[INFO] [stdout] failures:
[INFO] [stdout] 
[INFO] [stdout] ---- valid_method_policy_is_loaded_from_descriptor_extension stdout ----
[INFO] [stdout] 
[INFO] [stdout] thread 'valid_method_policy_is_loaded_from_descriptor_extension' (877) panicked at tests/policy_options.rs:163:5:
[INFO] [stdout] protoc failed: /opt/rustwide/workdir/../../proto: warning: directory does not exist.
[INFO] [stdout] moonlight/bridge/options/v1/options.proto: File not found.
[INFO] [stdout] fixture.proto:4:1: Import "moonlight/bridge/options/v1/options.proto" was not found or had errors.
[INFO] [stdout] 
[INFO] [stdout] stack backtrace:
[INFO] [stdout]    0:     0x5ebaba9be721 - <<std[617be2ca0a6fd877]::sys::backtrace::BacktraceLock>::print::DisplayBacktrace as core[a373ad73a504971]::fmt::Display>::fmt
[INFO] [stdout]    1:     0x5ebaba9d53ca - core[a373ad73a504971]::fmt::write
[INFO] [stdout]    2:     0x5ebaba9c295c - <alloc[2e1b2a31b91974c5]::vec::Vec<u8> as core[a373ad73a504971]::io::write::Write>::write_fmt
[INFO] [stdout]    3:     0x5ebaba999686 - std[617be2ca0a6fd877]::panicking::default_hook::{closure#0}
[INFO] [stdout]    4:     0x5ebaba9b6569 - std[617be2ca0a6fd877]::panicking::default_hook
[INFO] [stdout]    5:     0x5ebaba8b5090 - test[aada8e7e76ba119b]::test_main_inner::{closure#0}
[INFO] [stdout]    6:     0x5ebaba9b6722 - std[617be2ca0a6fd877]::panicking::panic_with_hook
[INFO] [stdout]    7:     0x5ebaba999732 - std[617be2ca0a6fd877]::panicking::panic_handler::{closure#0}
[INFO] [stdout]    8:     0x5ebaba992199 - std[617be2ca0a6fd877]::sys::backtrace::__rust_end_short_backtrace::<std[617be2ca0a6fd877]::panicking::panic_handler::{closure#0}, !>
[INFO] [stdout]    9:     0x5ebaba99a33d - __rustc[ea4f61d10b84890b]::rust_begin_unwind
[INFO] [stdout]   10:     0x5ebaba9d5afc - core[a373ad73a504971]::panicking::panic_fmt
[INFO] [stdout]   11:     0x5ebaba89d35e - policy_options[d0aa1799911ad3a2]::compile_fixture
[INFO] [stdout]   12:     0x5ebaba89ec3a - <policy_options[d0aa1799911ad3a2]::valid_method_policy_is_loaded_from_descriptor_extension::{closure#0} as core[a373ad73a504971]::ops::function::FnOnce<()>>::call_once
[INFO] [stdout]   13:     0x5ebaba8a84db - test[aada8e7e76ba119b]::__rust_begin_short_backtrace::<core[a373ad73a504971]::result::Result<(), alloc[2e1b2a31b91974c5]::string::String>, fn() -> core[a373ad73a504971]::result::Result<(), alloc[2e1b2a31b91974c5]::string::String>>
[INFO] [stdout]   14:     0x5ebaba8b56b5 - test[aada8e7e76ba119b]::run_test::{closure#0}
[INFO] [stdout]   15:     0x5ebaba8aefa4 - std[617be2ca0a6fd877]::sys::backtrace::__rust_begin_short_backtrace::<test[aada8e7e76ba119b]::run_test::{closure#1}, ()>
[INFO] [stdout]   16:     0x5ebaba8b8742 - <std[617be2ca0a6fd877]::thread::lifecycle::spawn_unchecked<test[aada8e7e76ba119b]::run_test::{closure#1}, ()>::{closure#1} as core[a373ad73a504971]::ops::function::FnOnce<()>>::call_once::{shim:vtable#0}
[INFO] [stdout]   17:     0x5ebaba9bd72f - <std[617be2ca0a6fd877]::sys::thread::unix::Thread>::new::thread_start
[INFO] [stdout]   18:     0x7198cf4e6dfa - <unknown>
[INFO] [stdout]   19:     0x7198cf57a3d4 - clone
[INFO] [stdout]   20:                0x0 - <unknown>
[INFO] [stdout] 
[INFO] [stdout] ---- generated_bindings_embed_and_apply_method_policy stdout ----
[INFO] [stdout] 
[INFO] [stdout] thread 'generated_bindings_embed_and_apply_method_policy' (873) panicked at tests/policy_options.rs:163:5:
[INFO] [stdout] protoc failed: /opt/rustwide/workdir/../../proto: warning: directory does not exist.
[INFO] [stdout] moonlight/bridge/options/v1/options.proto: File not found.
[INFO] [stdout] fixture.proto:6:1: Import "moonlight/bridge/options/v1/options.proto" was not found or had errors.
[INFO] [stdout] 
[INFO] [stdout] stack backtrace:
[INFO] [stdout]    0:     0x5ebaba9be721 - <<std[617be2ca0a6fd877]::sys::backtrace::BacktraceLock>::print::DisplayBacktrace as core[a373ad73a504971]::fmt::Display>::fmt
[INFO] [stdout]    1:     0x5ebaba9d53ca - core[a373ad73a504971]::fmt::write
[INFO] [stdout]    2:     0x5ebaba9c295c - <alloc[2e1b2a31b91974c5]::vec::Vec<u8> as core[a373ad73a504971]::io::write::Write>::write_fmt
[INFO] [stdout]    3:     0x5ebaba999686 - std[617be2ca0a6fd877]::panicking::default_hook::{closure#0}
[INFO] [stdout]    4:     0x5ebaba9b6569 - std[617be2ca0a6fd877]::panicking::default_hook
[INFO] [stdout]    5:     0x5ebaba8b5090 - test[aada8e7e76ba119b]::test_main_inner::{closure#0}
[INFO] [stdout]    6:     0x5ebaba9b6722 - std[617be2ca0a6fd877]::panicking::panic_with_hook
[INFO] [stdout]    7:     0x5ebaba999732 - std[617be2ca0a6fd877]::panicking::panic_handler::{closure#0}
[INFO] [stdout]    8:     0x5ebaba992199 - std[617be2ca0a6fd877]::sys::backtrace::__rust_end_short_backtrace::<std[617be2ca0a6fd877]::panicking::panic_handler::{closure#0}, !>
[INFO] [stdout]    9:     0x5ebaba99a33d - __rustc[ea4f61d10b84890b]::rust_begin_unwind
[INFO] [stdout]   10:     0x5ebaba9d5afc - core[a373ad73a504971]::panicking::panic_fmt
[INFO] [stdout]   11:     0x5ebaba89d35e - policy_options[d0aa1799911ad3a2]::compile_fixture
[INFO] [stdout]   12:     0x5ebaba89e6b7 - <policy_options[d0aa1799911ad3a2]::generated_bindings_embed_and_apply_method_policy::{closure#0} as core[a373ad73a504971]::ops::function::FnOnce<()>>::call_once
[INFO] [stdout]   13:     0x5ebaba8a84db - test[aada8e7e76ba119b]::__rust_begin_short_backtrace::<core[a373ad73a504971]::result::Result<(), alloc[2e1b2a31b91974c5]::string::String>, fn() -> core[a373ad73a504971]::result::Result<(), alloc[2e1b2a31b91974c5]::string::String>>
[INFO] [stdout]   14:     0x5ebaba8b56b5 - test[aada8e7e76ba119b]::run_test::{closure#0}
[INFO] [stdout]   15:     0x5ebaba8aefa4 - std[617be2ca0a6fd877]::sys::backtrace::__rust_begin_short_backtrace::<test[aada8e7e76ba119b]::run_test::{closure#1}, ()>
[INFO] [stdout]   16:     0x5ebaba8b8742 - <std[617be2ca0a6fd877]::thread::lifecycle::spawn_unchecked<test[aada8e7e76ba119b]::run_test::{closure#1}, ()>::{closure#1} as core[a373ad73a504971]::ops::function::FnOnce<()>>::call_once::{shim:vtable#0}
[INFO] [stdout]   17:     0x5ebaba9bd72f - <std[617be2ca0a6fd877]::sys::thread::unix::Thread>::new::thread_start
[INFO] [stdout]   18:     0x7198cf4e6dfa - <unknown>
[INFO] [stdout]   19:     0x7198cf57a3d4 - clone
[INFO] [stdout]   20:                0x0 - <unknown>
[INFO] [stdout] 
[INFO] [stdout] ---- invalid_ranges_and_scope_syntax_are_rejected stdout ----
[INFO] [stdout] 
[INFO] [stdout] thread 'invalid_ranges_and_scope_syntax_are_rejected' (874) panicked at tests/policy_options.rs:163:5:
[INFO] [stdout] protoc failed: /opt/rustwide/workdir/../../proto: warning: directory does not exist.
[INFO] [stdout] moonlight/bridge/options/v1/options.proto: File not found.
[INFO] [stdout] fixture.proto:4:1: Import "moonlight/bridge/options/v1/options.proto" was not found or had errors.
[INFO] [stdout] 
[INFO] [stdout] stack backtrace:
[INFO] [stdout]    0:     0x5ebaba9be721 - <<std[617be2ca0a6fd877]::sys::backtrace::BacktraceLock>::print::DisplayBacktrace as core[a373ad73a504971]::fmt::Display>::fmt
[INFO] [stdout]    1:     0x5ebaba9d53ca - core[a373ad73a504971]::fmt::write
[INFO] [stdout]    2:     0x5ebaba9c295c - <alloc[2e1b2a31b91974c5]::vec::Vec<u8> as core[a373ad73a504971]::io::write::Write>::write_fmt
[INFO] [stdout]    3:     0x5ebaba999686 - std[617be2ca0a6fd877]::panicking::default_hook::{closure#0}
[INFO] [stdout]    4:     0x5ebaba9b6569 - std[617be2ca0a6fd877]::panicking::default_hook
[INFO] [stdout]    5:     0x5ebaba8b5090 - test[aada8e7e76ba119b]::test_main_inner::{closure#0}
[INFO] [stdout]    6:     0x5ebaba9b6722 - std[617be2ca0a6fd877]::panicking::panic_with_hook
[INFO] [stdout]    7:     0x5ebaba999732 - std[617be2ca0a6fd877]::panicking::panic_handler::{closure#0}
[INFO] [stdout]    8:     0x5ebaba992199 - std[617be2ca0a6fd877]::sys::backtrace::__rust_end_short_backtrace::<std[617be2ca0a6fd877]::panicking::panic_handler::{closure#0}, !>
[INFO] [stdout]    9:     0x5ebaba99a33d - __rustc[ea4f61d10b84890b]::rust_begin_unwind
[INFO] [stdout]   10:     0x5ebaba9d5afc - core[a373ad73a504971]::panicking::panic_fmt
[INFO] [stdout]   11:     0x5ebaba89d35e - policy_options[d0aa1799911ad3a2]::compile_fixture
[INFO] [stdout]   12:     0x5ebaba89d5cb - policy_options[d0aa1799911ad3a2]::assert_policy_error
[INFO] [stdout]   13:     0x5ebaba89e641 - <policy_options[d0aa1799911ad3a2]::invalid_ranges_and_scope_syntax_are_rejected::{closure#0} as core[a373ad73a504971]::ops::function::FnOnce<()>>::call_once
[INFO] [stdout]   14:     0x5ebaba8a84db - test[aada8e7e76ba119b]::__rust_begin_short_backtrace::<core[a373ad73a504971]::result::Result<(), alloc[2e1b2a31b91974c5]::string::String>, fn() -> core[a373ad73a504971]::result::Result<(), alloc[2e1b2a31b91974c5]::string::String>>
[INFO] [stdout]   15:     0x5ebaba8b56b5 - test[aada8e7e76ba119b]::run_test::{closure#0}
[INFO] [stdout]   16:     0x5ebaba8aefa4 - std[617be2ca0a6fd877]::sys::backtrace::__rust_begin_short_backtrace::<test[aada8e7e76ba119b]::run_test::{closure#1}, ()>
[INFO] [stdout]   17:     0x5ebaba8b8742 - <std[617be2ca0a6fd877]::thread::lifecycle::spawn_unchecked<test[aada8e7e76ba119b]::run_test::{closure#1}, ()>::{closure#1} as core[a373ad73a504971]::ops::function::FnOnce<()>>::call_once::{shim:vtable#0}
[INFO] [stdout]   18:     0x5ebaba9bd72f - <std[617be2ca0a6fd877]::sys::thread::unix::Thread>::new::thread_start
[INFO] [stdout]   19:     0x7198cf4e6dfa - <unknown>
[INFO] [stdout]   20:     0x7198cf57a3d4 - clone
[INFO] [stdout]   21:                0x0 - <unknown>
[INFO] [stdout] 
[INFO] [stdout] ---- streaming_retry_is_rejected stdout ----
[INFO] [stdout] 
[INFO] [stdout] thread 'streaming_retry_is_rejected' (876) panicked at tests/policy_options.rs:163:5:
[INFO] [stdout] protoc failed: /opt/rustwide/workdir/../../proto: warning: directory does not exist.
[INFO] [stdout] moonlight/bridge/options/v1/options.proto: File not found.
[INFO] [stdout] fixture.proto:4:1: Import "moonlight/bridge/options/v1/options.proto" was not found or had errors.
[INFO] [stdout] 
[INFO] [stdout] stack backtrace:
[INFO] [stdout]    0:     0x5ebaba9be721 - <<std[617be2ca0a6fd877]::sys::backtrace::BacktraceLock>::print::DisplayBacktrace as core[a373ad73a504971]::fmt::Display>::fmt
[INFO] [stdout]    1:     0x5ebaba9d53ca - core[a373ad73a504971]::fmt::write
[INFO] [stdout]    2:     0x5ebaba9c295c - <alloc[2e1b2a31b91974c5]::vec::Vec<u8> as core[a373ad73a504971]::io::write::Write>::write_fmt
[INFO] [stdout]    3:     0x5ebaba999686 - std[617be2ca0a6fd877]::panicking::default_hook::{closure#0}
[INFO] [stdout]    4:     0x5ebaba9b6569 - std[617be2ca0a6fd877]::panicking::default_hook
[INFO] [stdout]    5:     0x5ebaba8b5090 - test[aada8e7e76ba119b]::test_main_inner::{closure#0}
[INFO] [stdout]    6:     0x5ebaba9b6722 - std[617be2ca0a6fd877]::panicking::panic_with_hook
[INFO] [stdout]    7:     0x5ebaba999732 - std[617be2ca0a6fd877]::panicking::panic_handler::{closure#0}
[INFO] [stdout]    8:     0x5ebaba992199 - std[617be2ca0a6fd877]::sys::backtrace::__rust_end_short_backtrace::<std[617be2ca0a6fd877]::panicking::panic_handler::{closure#0}, !>
[INFO] [stdout]    9:     0x5ebaba99a33d - __rustc[ea4f61d10b84890b]::rust_begin_unwind
[INFO] [stdout]   10:     0x5ebaba9d5afc - core[a373ad73a504971]::panicking::panic_fmt
[INFO] [stdout]   11:     0x5ebaba89d35e - policy_options[d0aa1799911ad3a2]::compile_fixture
[INFO] [stdout]   12:     0x5ebaba89e3a1 - <policy_options[d0aa1799911ad3a2]::streaming_retry_is_rejected::{closure#0} as core[a373ad73a504971]::ops::function::FnOnce<()>>::call_once
[INFO] [stdout]   13:     0x5ebaba8a84db - test[aada8e7e76ba119b]::__rust_begin_short_backtrace::<core[a373ad73a504971]::result::Result<(), alloc[2e1b2a31b91974c5]::string::String>, fn() -> core[a373ad73a504971]::result::Result<(), alloc[2e1b2a31b91974c5]::string::String>>
[INFO] [stdout]   14:     0x5ebaba8b56b5 - test[aada8e7e76ba119b]::run_test::{closure#0}
[INFO] [stdout]   15:     0x5ebaba8aefa4 - std[617be2ca0a6fd877]::sys::backtrace::__rust_begin_short_backtrace::<test[aada8e7e76ba119b]::run_test::{closure#1}, ()>
[INFO] [stdout]   16:     0x5ebaba8b8742 - <std[617be2ca0a6fd877]::thread::lifecycle::spawn_unchecked<test[aada8e7e76ba119b]::run_test::{closure#1}, ()>::{closure#1} as core[a373ad73a504971]::ops::function::FnOnce<()>>::call_once::{shim:vtable#0}
[INFO] [stdout]   17:     0x5ebaba9bd72f - <std[617be2ca0a6fd877]::sys::thread::unix::Thread>::new::thread_start
[INFO] [stdout]   18:     0x7198cf4e6dfa - <unknown>
[INFO] [stdout]   19:     0x7198cf57a3d4 - clone
[INFO] [stdout]   20:                0x0 - <unknown>
[INFO] [stdout] 
[INFO] [stdout] ---- retrying_mutation_without_idempotency_is_rejected stdout ----
[INFO] [stdout] 
[INFO] [stdout] thread 'retrying_mutation_without_idempotency_is_rejected' (875) panicked at tests/policy_options.rs:163:5:
[INFO] [stdout] protoc failed: /opt/rustwide/workdir/../../proto: warning: directory does not exist.
[INFO] [stdout] moonlight/bridge/options/v1/options.proto: File not found.
[INFO] [stdout] fixture.proto:4:1: Import "moonlight/bridge/options/v1/options.proto" was not found or had errors.
[INFO] [stdout] 
[INFO] [stdout] stack backtrace:
[INFO] [stdout]    0:     0x5ebaba9be721 - <<std[617be2ca0a6fd877]::sys::backtrace::BacktraceLock>::print::DisplayBacktrace as core[a373ad73a504971]::fmt::Display>::fmt
[INFO] [stdout]    1:     0x5ebaba9d53ca - core[a373ad73a504971]::fmt::write
[INFO] [stdout]    2:     0x5ebaba9c295c - <alloc[2e1b2a31b91974c5]::vec::Vec<u8> as core[a373ad73a504971]::io::write::Write>::write_fmt
[INFO] [stdout]    3:     0x5ebaba999686 - std[617be2ca0a6fd877]::panicking::default_hook::{closure#0}
[INFO] [stdout]    4:     0x5ebaba9b6569 - std[617be2ca0a6fd877]::panicking::default_hook
[INFO] [stdout]    5:     0x5ebaba8b5090 - test[aada8e7e76ba119b]::test_main_inner::{closure#0}
[INFO] [stdout]    6:     0x5ebaba9b6722 - std[617be2ca0a6fd877]::panicking::panic_with_hook
[INFO] [stdout]    7:     0x5ebaba999732 - std[617be2ca0a6fd877]::panicking::panic_handler::{closure#0}
[INFO] [stdout]    8:     0x5ebaba992199 - std[617be2ca0a6fd877]::sys::backtrace::__rust_end_short_backtrace::<std[617be2ca0a6fd877]::panicking::panic_handler::{closure#0}, !>
[INFO] [stdout]    9:     0x5ebaba99a33d - __rustc[ea4f61d10b84890b]::rust_begin_unwind
[INFO] [stdout]   10:     0x5ebaba9d5afc - core[a373ad73a504971]::panicking::panic_fmt
[INFO] [stdout]   11:     0x5ebaba89d35e - policy_options[d0aa1799911ad3a2]::compile_fixture
[INFO] [stdout]   12:     0x5ebaba89d5cb - policy_options[d0aa1799911ad3a2]::assert_policy_error
[INFO] [stdout]   13:     0x5ebaba89ec01 - <policy_options[d0aa1799911ad3a2]::retrying_mutation_without_idempotency_is_rejected::{closure#0} as core[a373ad73a504971]::ops::function::FnOnce<()>>::call_once
[INFO] [stdout]   14:     0x5ebaba8a84db - test[aada8e7e76ba119b]::__rust_begin_short_backtrace::<core[a373ad73a504971]::result::Result<(), alloc[2e1b2a31b91974c5]::string::String>, fn() -> core[a373ad73a504971]::result::Result<(), alloc[2e1b2a31b91974c5]::string::String>>
[INFO] [stdout]   15:     0x5ebaba8b56b5 - test[aada8e7e76ba119b]::run_test::{closure#0}
[INFO] [stdout]   16:     0x5ebaba8aefa4 - std[617be2ca0a6fd877]::sys::backtrace::__rust_begin_short_backtrace::<test[aada8e7e76ba119b]::run_test::{closure#1}, ()>
[INFO] [stdout]   17:     0x5ebaba8b8742 - <std[617be2ca0a6fd877]::thread::lifecycle::spawn_unchecked<test[aada8e7e76ba119b]::run_test::{closure#1}, ()>::{closure#1} as core[a373ad73a504971]::ops::function::FnOnce<()>>::call_once::{shim:vtable#0}
[INFO] [stdout]   18:     0x5ebaba9bd72f - <std[617be2ca0a6fd877]::sys::thread::unix::Thread>::new::thread_start
[INFO] [stdout]   19:     0x7198cf4e6dfa - <unknown>
[INFO] [stdout]   20:     0x7198cf57a3d4 - clone
[INFO] [stdout]   21:                0x0 - <unknown>
[INFO] [stdout] 
[INFO] [stdout] 
[INFO] [stdout] failures:
[INFO] [stdout]     generated_bindings_embed_and_apply_method_policy
[INFO] [stdout]     invalid_ranges_and_scope_syntax_are_rejected
[INFO] [stdout]     retrying_mutation_without_idempotency_is_rejected
[INFO] [stdout]     streaming_retry_is_rejected
[INFO] [stdout]     valid_method_policy_is_loaded_from_descriptor_extension
[INFO] [stdout] 
[INFO] [stdout] test result: FAILED. 0 passed; 5 failed; 0 ignored; 0 measured; 0 filtered out; finished in 0.07s
[INFO] [stdout] 
[INFO] [stderr] error: test failed, to rerun pass `--test policy_options`
[INFO] running `Command { std: "docker" "inspect" "e523e29aa10b9c18189140ebb4f14be0409824ba0e7dda1613541416a9e1e53b", kill_on_drop: false }`
[INFO] running `Command { std: "docker" "rm" "-f" "e523e29aa10b9c18189140ebb4f14be0409824ba0e7dda1613541416a9e1e53b", kill_on_drop: false }`
[INFO] [stdout] e523e29aa10b9c18189140ebb4f14be0409824ba0e7dda1613541416a9e1e53b
