[INFO] fetching crate moonlift 0.1.0-alpha.0...
[INFO] testing moonlift-0.1.0-alpha.0 against 1.99.0-beta.8+cargoflags=--release for beta-release-1.100-2
[INFO] extracting crate moonlift 0.1.0-alpha.0 into /workspace/builds/worker-1-tc1/source
[INFO] started tweaking crates.io crate moonlift 0.1.0-alpha.0
[INFO] finished tweaking crates.io crate moonlift 0.1.0-alpha.0
[INFO] tweaked toml for crates.io crate moonlift 0.1.0-alpha.0 written to /workspace/builds/worker-1-tc1/source/Cargo.toml
[INFO] validating manifest of crates.io crate moonlift 0.1.0-alpha.0 on toolchain 1.99.0-beta.8
[INFO] running `Command { std: CARGO_HOME="/workspace/cargo-home" RUSTUP_HOME="/workspace/rustup-home" "/workspace/cargo-home/bin/cargo" "+1.99.0-beta.8" "metadata" "--manifest-path" "Cargo.toml" "--no-deps", kill_on_drop: false }`
[INFO] running `Command { std: CARGO_HOME="/workspace/cargo-home" RUSTUP_HOME="/workspace/rustup-home" "/workspace/cargo-home/bin/cargo" "+1.99.0-beta.8" "generate-lockfile" "--manifest-path" "Cargo.toml", kill_on_drop: false }`
[INFO] [stderr]     Updating crates.io index
[INFO] [stderr]      Locking 57 packages to highest compatible versions
[INFO] [stderr]       Adding cranelift v0.98.2 (available: v0.136.3)
[INFO] [stderr]       Adding cranelift-jit v0.98.2 (available: v0.136.3)
[INFO] [stderr]       Adding cranelift-module v0.98.2 (available: v0.136.3)
[INFO] [stderr]       Adding cranelift-native v0.98.2 (available: v0.136.3)
[INFO] [stderr]       Adding thiserror v1.0.69 (available: v2.0.21)
[INFO] running `Command { std: CARGO_HOME="/workspace/cargo-home" RUSTUP_HOME="/workspace/rustup-home" "/workspace/cargo-home/bin/cargo" "+1.99.0-beta.8" "fetch" "--manifest-path" "Cargo.toml", kill_on_drop: false }`
[INFO] [stderr]  Downloading crates ...
[INFO] [stderr]   Downloaded unicode-ident v1.0.27
[INFO] [stderr]   Downloaded smallvec v1.16.3
[INFO] [stderr]   Downloaded cranelift-native v0.98.2
[INFO] [stderr]   Downloaded target-lexicon v0.12.16
[INFO] [stderr]   Downloaded cranelift-control v0.98.2
[INFO] [stderr]   Downloaded cranelift-codegen-shared v0.98.2
[INFO] [stderr]   Downloaded cranelift-module v0.98.2
[INFO] [stderr]   Downloaded wasmtime-jit-icache-coherence v11.0.2
[INFO] [stderr]   Downloaded slice-group-by v0.3.1
[INFO] [stderr]   Downloaded region v2.2.0
[INFO] [stderr]   Downloaded fallible-iterator v0.2.0
[INFO] [stderr]   Downloaded cranelift-entity v0.98.2
[INFO] [stderr]   Downloaded cranelift-bforest v0.98.2
[INFO] [stderr]   Downloaded cranelift-jit v0.98.2
[INFO] [stderr]   Downloaded cranelift v0.98.2
[INFO] [stderr]   Downloaded arbitrary v1.5.0
[INFO] [stderr]   Downloaded mach v0.3.2
[INFO] [stderr]   Downloaded cranelift-frontend v0.98.2
[INFO] [stderr]   Downloaded indexmap v1.9.3
[INFO] [stderr]   Downloaded cranelift-isle v0.98.2
[INFO] [stderr]   Downloaded cranelift-codegen-meta v0.98.2
[INFO] [stderr]   Downloaded hashbrown v0.12.3
[INFO] [stderr]   Downloaded regalloc2 v0.9.3
[INFO] [stderr]   Downloaded zerocopy-derive v0.8.63
[INFO] [stderr]   Downloaded gimli v0.27.3
[INFO] [stderr]   Downloaded zerocopy v0.8.63
[INFO] [stderr]   Downloaded cranelift-codegen v0.98.2
[INFO] running `Command { std: "docker" "create" "-v" "/var/lib/crater-agent-workspace/builds/worker-1-tc1/source:/opt/rustwide/workdir:ro,Z" "-v" "/var/lib/crater-agent-workspace/builds/worker-1-tc1/target:/opt/rustwide/target:rw,Z" "-v" "/var/lib/crater-agent-workspace/cargo-home:/opt/rustwide/cargo-home:ro,Z" "-v" "/var/lib/crater-agent-workspace/rustup-home:/opt/rustwide/rustup-home:ro,Z" "-m" "1610612736" "--network" "none" "ghcr.io/rust-lang/crates-build-env/linux@sha256:77db811e55d90add9212f6832c23229e3de5f1c1f9905e8cb07319ea15df73ac" "sleep" "infinity", kill_on_drop: false }`
[INFO] [stdout] 019e832824ae55cd2ae51710efcf7834e4b155020cc4627b27e5cf23fc7a5a81
[INFO] running `Command { std: "docker" "start" "019e832824ae55cd2ae51710efcf7834e4b155020cc4627b27e5cf23fc7a5a81", kill_on_drop: false }`
[INFO] running `Command { std: "docker" "inspect" "019e832824ae55cd2ae51710efcf7834e4b155020cc4627b27e5cf23fc7a5a81", kill_on_drop: false }`
[INFO] running `Command { std: "docker" "exec" "-e" "SOURCE_DIR=/opt/rustwide/workdir" "-e" "CARGO_HOME=/opt/rustwide/cargo-home" "-e" "RUSTUP_HOME=/opt/rustwide/rustup-home" "-e" "CARGO_TARGET_DIR=/opt/rustwide/target" "-w" "/opt/rustwide/workdir" "--user" "0:0" "019e832824ae55cd2ae51710efcf7834e4b155020cc4627b27e5cf23fc7a5a81" "/opt/rustwide/cargo-home/bin/cargo" "+1.99.0-beta.8" "metadata" "--no-deps" "--format-version=1", kill_on_drop: false }`
[INFO] running `Command { std: "docker" "inspect" "019e832824ae55cd2ae51710efcf7834e4b155020cc4627b27e5cf23fc7a5a81", kill_on_drop: false }`
[INFO] running `Command { std: "docker" "exec" "-e" "SOURCE_DIR=/opt/rustwide/workdir" "-e" "CARGO_HOME=/opt/rustwide/cargo-home" "-e" "RUSTUP_HOME=/opt/rustwide/rustup-home" "-e" "CARGO_TARGET_DIR=/opt/rustwide/target" "-e" "CARGO_INCREMENTAL=0" "-e" "RUST_BACKTRACE=full" "-e" "RUSTFLAGS=--cap-lints=warn" "-e" "RUSTDOCFLAGS=--cap-lints=warn" "-w" "/opt/rustwide/workdir" "--user" "0:0" "019e832824ae55cd2ae51710efcf7834e4b155020cc4627b27e5cf23fc7a5a81" "/opt/rustwide/cargo-home/bin/cargo" "+1.99.0-beta.8" "build" "--frozen" "--message-format=json" "--release", kill_on_drop: false }`
[INFO] [stderr]    Compiling version_check v0.9.5
[INFO] [stderr]    Compiling zerocopy v0.8.63
[INFO] [stderr]    Compiling cranelift-isle v0.98.2
[INFO] [stderr]    Compiling once_cell v1.21.4
[INFO] [stderr]    Compiling cranelift-codegen-shared v0.98.2
[INFO] [stderr]    Compiling hashbrown v0.12.3
[INFO] [stderr]    Compiling target-lexicon v0.12.16
[INFO] [stderr]    Compiling cranelift-entity v0.98.2
[INFO] [stderr]    Compiling smallvec v1.16.3
[INFO] [stderr]    Compiling fallible-iterator v0.2.0
[INFO] [stderr]    Compiling slice-group-by v0.3.1
[INFO] [stderr]    Compiling log v0.4.34
[INFO] [stderr]    Compiling stable_deref_trait v1.2.1
[INFO] [stderr]    Compiling rustc-hash v1.1.0
[INFO] [stderr]    Compiling indexmap v1.9.3
[INFO] [stderr]    Compiling arbitrary v1.5.0
[INFO] [stderr]    Compiling cranelift-codegen-meta v0.98.2
[INFO] [stderr]    Compiling bumpalo v3.20.3
[INFO] [stderr]    Compiling unicode-ident v1.0.27
[INFO] [stderr]    Compiling thiserror v1.0.69
[INFO] [stderr]    Compiling bitflags v1.3.2
[INFO] [stderr]    Compiling proc-macro2 v1.0.107
[INFO] [stderr]    Compiling region v2.2.0
[INFO] [stderr]    Compiling wasmtime-jit-icache-coherence v11.0.2
[INFO] [stderr]    Compiling cranelift-bforest v0.98.2
[INFO] [stderr]    Compiling ahash v0.8.12
[INFO] [stderr]    Compiling quote v1.0.47
[INFO] [stderr]    Compiling syn v2.0.119
[INFO] [stderr]    Compiling cranelift-control v0.98.2
[INFO] [stderr]    Compiling gimli v0.27.3
[INFO] [stderr]    Compiling cranelift-codegen v0.98.2
[INFO] [stderr]    Compiling thiserror-impl v1.0.69
[INFO] [stderr]    Compiling hashbrown v0.13.2
[INFO] [stderr]    Compiling regalloc2 v0.9.3
[INFO] [stderr]    Compiling cranelift-native v0.98.2
[INFO] [stderr]    Compiling cranelift-frontend v0.98.2
[INFO] [stderr]    Compiling cranelift-module v0.98.2
[INFO] [stderr]    Compiling cranelift-jit v0.98.2
[INFO] [stderr]    Compiling cranelift v0.98.2
[INFO] [stderr]    Compiling moonlift v0.1.0-alpha.0 (/opt/rustwide/workdir)
[INFO] [stdout] warning: method `as_f64_mut` is never used
[INFO] [stdout]   --> src/ast.rs:17:12
[INFO] [stdout]    |
[INFO] [stdout]  7 | impl Number {
[INFO] [stdout]    | ----------- method in this implementation
[INFO] [stdout] ...
[INFO] [stdout] 17 |     pub fn as_f64_mut(&mut self) -> &mut f64 {
[INFO] [stdout]    |            ^^^^^^^^^^
[INFO] [stdout]    |
[INFO] [stdout]    = note: `#[warn(dead_code)]` (part of `#[warn(unused)]`) on by default
[INFO] [stdout] 
[INFO] [stdout] 
[INFO] [stdout] warning: method `to_str` is never used
[INFO] [stdout]   --> src/ast.rs:91:18
[INFO] [stdout]    |
[INFO] [stdout] 80 | impl UnaryOp {
[INFO] [stdout]    | ------------ method in this implementation
[INFO] [stdout] ...
[INFO] [stdout] 91 |     pub const fn to_str(self) -> &'static str {
[INFO] [stdout]    |                  ^^^^^^
[INFO] [stdout] 
[INFO] [stdout] 
[INFO] [stdout] warning: method `to_str` is never used
[INFO] [stdout]    --> src/ast.rs:153:18
[INFO] [stdout]     |
[INFO] [stdout] 126 | impl InfixOp {
[INFO] [stdout]     | ------------ method in this implementation
[INFO] [stdout] ...
[INFO] [stdout] 153 |     pub const fn to_str(self) -> &'static str {
[INFO] [stdout]     |                  ^^^^^^
[INFO] [stdout] 
[INFO] [stdout] 
[INFO] [stdout] warning: field `data_description` is never read
[INFO] [stdout]   --> src/jit.rs:20:5
[INFO] [stdout]    |
[INFO] [stdout]  9 | pub struct JIT {
[INFO] [stdout]    |            --- field in this struct
[INFO] [stdout] ...
[INFO] [stdout] 20 |     data_description: DataDescription,
[INFO] [stdout]    |     ^^^^^^^^^^^^^^^^
[INFO] [stdout] 
[INFO] [stdout] 
[INFO] [stdout] warning: field `module` is never read
[INFO] [stdout]    --> src/jit.rs:140:5
[INFO] [stdout]     |
[INFO] [stdout] 136 | struct Translator<'a> {
[INFO] [stdout]     |        ---------- field in this struct
[INFO] [stdout] ...
[INFO] [stdout] 140 |     module: &'a mut JITModule,
[INFO] [stdout]     |     ^^^^^^
[INFO] [stdout] 
[INFO] [stdout] 
[INFO] [stdout] warning: method `into_inner` is never used
[INFO] [stdout]   --> src/lexer.rs:89:12
[INFO] [stdout]    |
[INFO] [stdout] 77 | impl<R> ReadSource<R> {
[INFO] [stdout]    | --------------------- method in this implementation
[INFO] [stdout] ...
[INFO] [stdout] 89 |     pub fn into_inner(self) -> R {
[INFO] [stdout]    |            ^^^^^^^^^^
[INFO] [stdout] 
[INFO] [stdout] 
[INFO] [stdout] warning: method `into_inner` is never used
[INFO] [stdout]    --> src/lexer.rs:145:12
[INFO] [stdout]     |
[INFO] [stdout] 139 | impl<T: AsRef<[u8]>> BytesSource<T> {
[INFO] [stdout]     | ----------------------------------- method in this implementation
[INFO] [stdout] ...
[INFO] [stdout] 145 |     pub fn into_inner(self) -> T {
[INFO] [stdout]     |            ^^^^^^^^^^
[INFO] [stdout] 
[INFO] [stdout] 
[INFO] [stderr]     Finished `release` profile [optimized] target(s) in 53.32s
[INFO] running `Command { std: "docker" "inspect" "019e832824ae55cd2ae51710efcf7834e4b155020cc4627b27e5cf23fc7a5a81", kill_on_drop: false }`
[INFO] running `Command { std: "docker" "exec" "-e" "SOURCE_DIR=/opt/rustwide/workdir" "-e" "CARGO_HOME=/opt/rustwide/cargo-home" "-e" "RUSTUP_HOME=/opt/rustwide/rustup-home" "-e" "CARGO_TARGET_DIR=/opt/rustwide/target" "-e" "CARGO_INCREMENTAL=0" "-e" "RUST_BACKTRACE=full" "-e" "RUSTFLAGS=--cap-lints=warn" "-e" "RUSTDOCFLAGS=--cap-lints=warn" "-w" "/opt/rustwide/workdir" "--user" "0:0" "019e832824ae55cd2ae51710efcf7834e4b155020cc4627b27e5cf23fc7a5a81" "/opt/rustwide/cargo-home/bin/cargo" "+1.99.0-beta.8" "test" "--frozen" "--no-run" "--message-format=json" "--release", kill_on_drop: false }`
[INFO] [stdout] warning: method `as_f64_mut` is never used
[INFO] [stdout]   --> src/ast.rs:17:12
[INFO] [stdout]    |
[INFO] [stdout]  7 | impl Number {
[INFO] [stdout]    | ----------- method in this implementation
[INFO] [stdout] ...
[INFO] [stdout] 17 |     pub fn as_f64_mut(&mut self) -> &mut f64 {
[INFO] [stdout]    |            ^^^^^^^^^^
[INFO] [stdout]    |
[INFO] [stdout]    = note: `#[warn(dead_code)]` (part of `#[warn(unused)]`) on by default
[INFO] [stdout] 
[INFO] [stdout] 
[INFO] [stdout] warning: method `to_str` is never used
[INFO] [stdout]   --> src/ast.rs:91:18
[INFO] [stdout]    |
[INFO] [stdout] 80 | impl UnaryOp {
[INFO] [stdout]    | ------------ method in this implementation
[INFO] [stdout] ...
[INFO] [stdout] 91 |     pub const fn to_str(self) -> &'static str {
[INFO] [stdout]    |                  ^^^^^^
[INFO] [stdout] 
[INFO] [stdout] 
[INFO] [stdout] warning: method `to_str` is never used
[INFO] [stdout]    --> src/ast.rs:153:18
[INFO] [stdout]     |
[INFO] [stdout] 126 | impl InfixOp {
[INFO] [stdout]     | ------------ method in this implementation
[INFO] [stdout] ...
[INFO] [stdout] 153 |     pub const fn to_str(self) -> &'static str {
[INFO] [stdout]     |                  ^^^^^^
[INFO] [stdout] 
[INFO] [stdout] 
[INFO] [stdout] warning: field `data_description` is never read
[INFO] [stdout]   --> src/jit.rs:20:5
[INFO] [stdout]    |
[INFO] [stdout]  9 | pub struct JIT {
[INFO] [stdout]    |            --- field in this struct
[INFO] [stdout] ...
[INFO] [stdout] 20 |     data_description: DataDescription,
[INFO] [stdout]    |     ^^^^^^^^^^^^^^^^
[INFO] [stdout] 
[INFO] [stdout] 
[INFO] [stdout] warning: field `module` is never read
[INFO] [stdout]    --> src/jit.rs:140:5
[INFO] [stdout]     |
[INFO] [stdout] 136 | struct Translator<'a> {
[INFO] [stdout]     |        ---------- field in this struct
[INFO] [stdout] ...
[INFO] [stdout] 140 |     module: &'a mut JITModule,
[INFO] [stdout]     |     ^^^^^^
[INFO] [stdout] 
[INFO] [stdout] 
[INFO] [stdout] warning: method `into_inner` is never used
[INFO] [stdout]   --> src/lexer.rs:89:12
[INFO] [stdout]    |
[INFO] [stdout] 77 | impl<R> ReadSource<R> {
[INFO] [stdout]    | --------------------- method in this implementation
[INFO] [stdout] ...
[INFO] [stdout] 89 |     pub fn into_inner(self) -> R {
[INFO] [stdout]    |            ^^^^^^^^^^
[INFO] [stdout] 
[INFO] [stdout] 
[INFO] [stdout] warning: method `into_inner` is never used
[INFO] [stdout]    --> src/lexer.rs:145:12
[INFO] [stdout]     |
[INFO] [stdout] 139 | impl<T: AsRef<[u8]>> BytesSource<T> {
[INFO] [stdout]     | ----------------------------------- method in this implementation
[INFO] [stdout] ...
[INFO] [stdout] 145 |     pub fn into_inner(self) -> T {
[INFO] [stdout]     |            ^^^^^^^^^^
[INFO] [stdout] 
[INFO] [stdout] 
[INFO] [stderr]    Compiling moonlift v0.1.0-alpha.0 (/opt/rustwide/workdir)
[INFO] [stdout] warning: function `parse_and_compile_test__all` should have a snake case name
[INFO] [stdout]   --> tests/lua_suite.rs:20:4
[INFO] [stdout]    |
[INFO] [stdout] 20 | fn parse_and_compile_test__all() {
[INFO] [stdout]    |    ^^^^^^^^^^^^^^^^^^^^^^^^^^^ help: convert the identifier to snake case: `parse_and_compile_test_all`
[INFO] [stdout]    |
[INFO] [stdout]    = note: `#[warn(non_snake_case)]` (part of `#[warn(nonstandard_style)]`) on by default
[INFO] [stdout] 
[INFO] [stdout] 
[INFO] [stdout] warning: function `parse_test__api` should have a snake case name
[INFO] [stdout]   --> tests/lua_suite.rs:25:4
[INFO] [stdout]    |
[INFO] [stdout] 25 | fn parse_test__api() {
[INFO] [stdout]    |    ^^^^^^^^^^^^^^^ help: convert the identifier to snake case: `parse_test_api`
[INFO] [stdout] 
[INFO] [stdout] 
[INFO] [stdout] warning: function `parse_test__attrib` should have a snake case name
[INFO] [stdout]   --> tests/lua_suite.rs:29:4
[INFO] [stdout]    |
[INFO] [stdout] 29 | fn parse_test__attrib() {
[INFO] [stdout]    |    ^^^^^^^^^^^^^^^^^^ help: convert the identifier to snake case: `parse_test_attrib`
[INFO] [stdout] 
[INFO] [stdout] 
[INFO] [stdout] warning: function `parse_test__big` should have a snake case name
[INFO] [stdout]   --> tests/lua_suite.rs:33:4
[INFO] [stdout]    |
[INFO] [stdout] 33 | fn parse_test__big() {
[INFO] [stdout]    |    ^^^^^^^^^^^^^^^ help: convert the identifier to snake case: `parse_test_big`
[INFO] [stdout] 
[INFO] [stdout] 
[INFO] [stdout] warning: function `parse_test__bitwise` should have a snake case name
[INFO] [stdout]   --> tests/lua_suite.rs:37:4
[INFO] [stdout]    |
[INFO] [stdout] 37 | fn parse_test__bitwise() {
[INFO] [stdout]    |    ^^^^^^^^^^^^^^^^^^^ help: convert the identifier to snake case: `parse_test_bitwise`
[INFO] [stdout] 
[INFO] [stdout] 
[INFO] [stdout] warning: function `parse_test__bwcoercion` should have a snake case name
[INFO] [stdout]   --> tests/lua_suite.rs:41:4
[INFO] [stdout]    |
[INFO] [stdout] 41 | fn parse_test__bwcoercion() {
[INFO] [stdout]    |    ^^^^^^^^^^^^^^^^^^^^^^ help: convert the identifier to snake case: `parse_test_bwcoercion`
[INFO] [stdout] 
[INFO] [stdout] 
[INFO] [stdout] warning: function `parse_test__calls` should have a snake case name
[INFO] [stdout]   --> tests/lua_suite.rs:45:4
[INFO] [stdout]    |
[INFO] [stdout] 45 | fn parse_test__calls() {
[INFO] [stdout]    |    ^^^^^^^^^^^^^^^^^ help: convert the identifier to snake case: `parse_test_calls`
[INFO] [stdout] 
[INFO] [stdout] 
[INFO] [stdout] warning: function `parse_test__closure` should have a snake case name
[INFO] [stdout]   --> tests/lua_suite.rs:49:4
[INFO] [stdout]    |
[INFO] [stdout] 49 | fn parse_test__closure() {
[INFO] [stdout]    |    ^^^^^^^^^^^^^^^^^^^ help: convert the identifier to snake case: `parse_test_closure`
[INFO] [stdout] 
[INFO] [stdout] 
[INFO] [stdout] warning: function `parse_test__code` should have a snake case name
[INFO] [stdout]   --> tests/lua_suite.rs:53:4
[INFO] [stdout]    |
[INFO] [stdout] 53 | fn parse_test__code() {
[INFO] [stdout]    |    ^^^^^^^^^^^^^^^^ help: convert the identifier to snake case: `parse_test_code`
[INFO] [stdout] 
[INFO] [stdout] 
[INFO] [stdout] warning: function `parse_test__constructs` should have a snake case name
[INFO] [stdout]   --> tests/lua_suite.rs:57:4
[INFO] [stdout]    |
[INFO] [stdout] 57 | fn parse_test__constructs() {
[INFO] [stdout]    |    ^^^^^^^^^^^^^^^^^^^^^^ help: convert the identifier to snake case: `parse_test_constructs`
[INFO] [stdout] 
[INFO] [stdout] 
[INFO] [stdout] warning: function `parse_test__coroutine` should have a snake case name
[INFO] [stdout]   --> tests/lua_suite.rs:61:4
[INFO] [stdout]    |
[INFO] [stdout] 61 | fn parse_test__coroutine() {
[INFO] [stdout]    |    ^^^^^^^^^^^^^^^^^^^^^ help: convert the identifier to snake case: `parse_test_coroutine`
[INFO] [stdout] 
[INFO] [stdout] 
[INFO] [stdout] warning: function `parse_test__cstack` should have a snake case name
[INFO] [stdout]   --> tests/lua_suite.rs:65:4
[INFO] [stdout]    |
[INFO] [stdout] 65 | fn parse_test__cstack() {
[INFO] [stdout]    |    ^^^^^^^^^^^^^^^^^^ help: convert the identifier to snake case: `parse_test_cstack`
[INFO] [stdout] 
[INFO] [stdout] 
[INFO] [stdout] warning: function `parse_test__db` should have a snake case name
[INFO] [stdout]   --> tests/lua_suite.rs:69:4
[INFO] [stdout]    |
[INFO] [stdout] 69 | fn parse_test__db() {
[INFO] [stdout]    |    ^^^^^^^^^^^^^^ help: convert the identifier to snake case: `parse_test_db`
[INFO] [stdout] 
[INFO] [stdout] 
[INFO] [stdout] warning: function `parse_test__errors` should have a snake case name
[INFO] [stdout]   --> tests/lua_suite.rs:73:4
[INFO] [stdout]    |
[INFO] [stdout] 73 | fn parse_test__errors() {
[INFO] [stdout]    |    ^^^^^^^^^^^^^^^^^^ help: convert the identifier to snake case: `parse_test_errors`
[INFO] [stdout] 
[INFO] [stdout] 
[INFO] [stdout] warning: function `parse_test__events` should have a snake case name
[INFO] [stdout]   --> tests/lua_suite.rs:77:4
[INFO] [stdout]    |
[INFO] [stdout] 77 | fn parse_test__events() {
[INFO] [stdout]    |    ^^^^^^^^^^^^^^^^^^ help: convert the identifier to snake case: `parse_test_events`
[INFO] [stdout] 
[INFO] [stdout] 
[INFO] [stdout] warning: function `parse_test__giles` should have a snake case name
[INFO] [stdout]   --> tests/lua_suite.rs:81:4
[INFO] [stdout]    |
[INFO] [stdout] 81 | fn parse_test__giles() {
[INFO] [stdout]    |    ^^^^^^^^^^^^^^^^^ help: convert the identifier to snake case: `parse_test_giles`
[INFO] [stdout] 
[INFO] [stdout] 
[INFO] [stdout] warning: function `parse_test__gc` should have a snake case name
[INFO] [stdout]   --> tests/lua_suite.rs:85:4
[INFO] [stdout]    |
[INFO] [stdout] 85 | fn parse_test__gc() {
[INFO] [stdout]    |    ^^^^^^^^^^^^^^ help: convert the identifier to snake case: `parse_test_gc`
[INFO] [stdout] 
[INFO] [stdout] 
[INFO] [stdout] warning: function `parse_test__gengc` should have a snake case name
[INFO] [stdout]   --> tests/lua_suite.rs:89:4
[INFO] [stdout]    |
[INFO] [stdout] 89 | fn parse_test__gengc() {
[INFO] [stdout]    |    ^^^^^^^^^^^^^^^^^ help: convert the identifier to snake case: `parse_test_gengc`
[INFO] [stdout] 
[INFO] [stdout] 
[INFO] [stdout] warning: function `parse_test__goto` should have a snake case name
[INFO] [stdout]   --> tests/lua_suite.rs:93:4
[INFO] [stdout]    |
[INFO] [stdout] 93 | fn parse_test__goto() {
[INFO] [stdout]    |    ^^^^^^^^^^^^^^^^ help: convert the identifier to snake case: `parse_test_goto`
[INFO] [stdout] 
[INFO] [stdout] 
[INFO] [stdout] warning: function `parse_test__heavy` should have a snake case name
[INFO] [stdout]   --> tests/lua_suite.rs:97:4
[INFO] [stdout]    |
[INFO] [stdout] 97 | fn parse_test__heavy() {
[INFO] [stdout]    |    ^^^^^^^^^^^^^^^^^ help: convert the identifier to snake case: `parse_test_heavy`
[INFO] [stdout] 
[INFO] [stdout] 
[INFO] [stdout] warning: function `parse_test__literals` should have a snake case name
[INFO] [stdout]    --> tests/lua_suite.rs:101:4
[INFO] [stdout]     |
[INFO] [stdout] 101 | fn parse_test__literals() {
[INFO] [stdout]     |    ^^^^^^^^^^^^^^^^^^^^ help: convert the identifier to snake case: `parse_test_literals`
[INFO] [stdout] 
[INFO] [stdout] 
[INFO] [stdout] warning: function `parse_test__locals` should have a snake case name
[INFO] [stdout]    --> tests/lua_suite.rs:105:4
[INFO] [stdout]     |
[INFO] [stdout] 105 | fn parse_test__locals() {
[INFO] [stdout]     |    ^^^^^^^^^^^^^^^^^^ help: convert the identifier to snake case: `parse_test_locals`
[INFO] [stdout] 
[INFO] [stdout] 
[INFO] [stdout] warning: function `parse_test__main` should have a snake case name
[INFO] [stdout]    --> tests/lua_suite.rs:109:4
[INFO] [stdout]     |
[INFO] [stdout] 109 | fn parse_test__main() {
[INFO] [stdout]     |    ^^^^^^^^^^^^^^^^ help: convert the identifier to snake case: `parse_test_main`
[INFO] [stdout] 
[INFO] [stdout] 
[INFO] [stdout] warning: function `parse_test__math` should have a snake case name
[INFO] [stdout]    --> tests/lua_suite.rs:113:4
[INFO] [stdout]     |
[INFO] [stdout] 113 | fn parse_test__math() {
[INFO] [stdout]     |    ^^^^^^^^^^^^^^^^ help: convert the identifier to snake case: `parse_test_math`
[INFO] [stdout] 
[INFO] [stdout] 
[INFO] [stdout] warning: function `parse_test__nextvar` should have a snake case name
[INFO] [stdout]    --> tests/lua_suite.rs:117:4
[INFO] [stdout]     |
[INFO] [stdout] 117 | fn parse_test__nextvar() {
[INFO] [stdout]     |    ^^^^^^^^^^^^^^^^^^^ help: convert the identifier to snake case: `parse_test_nextvar`
[INFO] [stdout] 
[INFO] [stdout] 
[INFO] [stdout] warning: function `parse_test__pm` should have a snake case name
[INFO] [stdout]    --> tests/lua_suite.rs:121:4
[INFO] [stdout]     |
[INFO] [stdout] 121 | fn parse_test__pm() {
[INFO] [stdout]     |    ^^^^^^^^^^^^^^ help: convert the identifier to snake case: `parse_test_pm`
[INFO] [stdout] 
[INFO] [stdout] 
[INFO] [stdout] warning: function `parse_test__sort` should have a snake case name
[INFO] [stdout]    --> tests/lua_suite.rs:125:4
[INFO] [stdout]     |
[INFO] [stdout] 125 | fn parse_test__sort() {
[INFO] [stdout]     |    ^^^^^^^^^^^^^^^^ help: convert the identifier to snake case: `parse_test_sort`
[INFO] [stdout] 
[INFO] [stdout] 
[INFO] [stdout] warning: function `parse_test__strings` should have a snake case name
[INFO] [stdout]    --> tests/lua_suite.rs:129:4
[INFO] [stdout]     |
[INFO] [stdout] 129 | fn parse_test__strings() {
[INFO] [stdout]     |    ^^^^^^^^^^^^^^^^^^^ help: convert the identifier to snake case: `parse_test_strings`
[INFO] [stdout] 
[INFO] [stdout] 
[INFO] [stdout] warning: function `parse_test__tpack` should have a snake case name
[INFO] [stdout]    --> tests/lua_suite.rs:133:4
[INFO] [stdout]     |
[INFO] [stdout] 133 | fn parse_test__tpack() {
[INFO] [stdout]     |    ^^^^^^^^^^^^^^^^^ help: convert the identifier to snake case: `parse_test_tpack`
[INFO] [stdout] 
[INFO] [stdout] 
[INFO] [stdout] warning: function `parse_test__tracegc` should have a snake case name
[INFO] [stdout]    --> tests/lua_suite.rs:137:4
[INFO] [stdout]     |
[INFO] [stdout] 137 | fn parse_test__tracegc() {
[INFO] [stdout]     |    ^^^^^^^^^^^^^^^^^^^ help: convert the identifier to snake case: `parse_test_tracegc`
[INFO] [stdout] 
[INFO] [stdout] 
[INFO] [stdout] warning: function `parse_test__utf8` should have a snake case name
[INFO] [stdout]    --> tests/lua_suite.rs:141:4
[INFO] [stdout]     |
[INFO] [stdout] 141 | fn parse_test__utf8() {
[INFO] [stdout]     |    ^^^^^^^^^^^^^^^^ help: convert the identifier to snake case: `parse_test_utf8`
[INFO] [stdout] 
[INFO] [stdout] 
[INFO] [stdout] warning: function `parse_test__vararg` should have a snake case name
[INFO] [stdout]    --> tests/lua_suite.rs:145:4
[INFO] [stdout]     |
[INFO] [stdout] 145 | fn parse_test__vararg() {
[INFO] [stdout]     |    ^^^^^^^^^^^^^^^^^^ help: convert the identifier to snake case: `parse_test_vararg`
[INFO] [stdout] 
[INFO] [stdout] 
[INFO] [stdout] warning: function `parse_test__verybig` should have a snake case name
[INFO] [stdout]    --> tests/lua_suite.rs:149:4
[INFO] [stdout]     |
[INFO] [stdout] 149 | fn parse_test__verybig() {
[INFO] [stdout]     |    ^^^^^^^^^^^^^^^^^^^ help: convert the identifier to snake case: `parse_test_verybig`
[INFO] [stdout] 
[INFO] [stdout] 
[INFO] [stdout] warning: method `as_f64_mut` is never used
[INFO] [stdout]   --> src/ast.rs:17:12
[INFO] [stdout]    |
[INFO] [stdout]  7 | impl Number {
[INFO] [stdout]    | ----------- method in this implementation
[INFO] [stdout] ...
[INFO] [stdout] 17 |     pub fn as_f64_mut(&mut self) -> &mut f64 {
[INFO] [stdout]    |            ^^^^^^^^^^
[INFO] [stdout]    |
[INFO] [stdout]    = note: `#[warn(dead_code)]` (part of `#[warn(unused)]`) on by default
[INFO] [stdout] 
[INFO] [stdout] 
[INFO] [stdout] warning: method `to_str` is never used
[INFO] [stdout]   --> src/ast.rs:91:18
[INFO] [stdout]    |
[INFO] [stdout] 80 | impl UnaryOp {
[INFO] [stdout]    | ------------ method in this implementation
[INFO] [stdout] ...
[INFO] [stdout] 91 |     pub const fn to_str(self) -> &'static str {
[INFO] [stdout]    |                  ^^^^^^
[INFO] [stdout] 
[INFO] [stdout] 
[INFO] [stdout] warning: method `to_str` is never used
[INFO] [stdout]    --> src/ast.rs:153:18
[INFO] [stdout]     |
[INFO] [stdout] 126 | impl InfixOp {
[INFO] [stdout]     | ------------ method in this implementation
[INFO] [stdout] ...
[INFO] [stdout] 153 |     pub const fn to_str(self) -> &'static str {
[INFO] [stdout]     |                  ^^^^^^
[INFO] [stdout] 
[INFO] [stdout] 
[INFO] [stdout] warning: field `data_description` is never read
[INFO] [stdout]   --> src/jit.rs:20:5
[INFO] [stdout]    |
[INFO] [stdout]  9 | pub struct JIT {
[INFO] [stdout]    |            --- field in this struct
[INFO] [stdout] ...
[INFO] [stdout] 20 |     data_description: DataDescription,
[INFO] [stdout]    |     ^^^^^^^^^^^^^^^^
[INFO] [stdout] 
[INFO] [stdout] 
[INFO] [stdout] warning: field `module` is never read
[INFO] [stdout]    --> src/jit.rs:140:5
[INFO] [stdout]     |
[INFO] [stdout] 136 | struct Translator<'a> {
[INFO] [stdout]     |        ---------- field in this struct
[INFO] [stdout] ...
[INFO] [stdout] 140 |     module: &'a mut JITModule,
[INFO] [stdout]     |     ^^^^^^
[INFO] [stdout] 
[INFO] [stdout] 
[INFO] [stdout] warning: method `into_inner` is never used
[INFO] [stdout]   --> src/lexer.rs:89:12
[INFO] [stdout]    |
[INFO] [stdout] 77 | impl<R> ReadSource<R> {
[INFO] [stdout]    | --------------------- method in this implementation
[INFO] [stdout] ...
[INFO] [stdout] 89 |     pub fn into_inner(self) -> R {
[INFO] [stdout]    |            ^^^^^^^^^^
[INFO] [stdout] 
[INFO] [stdout] 
[INFO] [stdout] warning: method `into_inner` is never used
[INFO] [stdout]    --> src/lexer.rs:145:12
[INFO] [stdout]     |
[INFO] [stdout] 139 | impl<T: AsRef<[u8]>> BytesSource<T> {
[INFO] [stdout]     | ----------------------------------- method in this implementation
[INFO] [stdout] ...
[INFO] [stdout] 145 |     pub fn into_inner(self) -> T {
[INFO] [stdout]     |            ^^^^^^^^^^
[INFO] [stdout] 
[INFO] [stdout] 
[INFO] [stderr]     Finished `release` profile [optimized] target(s) in 3.60s
[INFO] running `Command { std: "docker" "inspect" "019e832824ae55cd2ae51710efcf7834e4b155020cc4627b27e5cf23fc7a5a81", kill_on_drop: false }`
[INFO] running `Command { std: "docker" "exec" "-e" "SOURCE_DIR=/opt/rustwide/workdir" "-e" "CARGO_HOME=/opt/rustwide/cargo-home" "-e" "RUSTUP_HOME=/opt/rustwide/rustup-home" "-e" "CARGO_TARGET_DIR=/opt/rustwide/target" "-e" "CARGO_INCREMENTAL=0" "-e" "RUST_BACKTRACE=full" "-e" "RUSTFLAGS=--cap-lints=warn" "-e" "RUSTDOCFLAGS=--cap-lints=warn" "-w" "/opt/rustwide/workdir" "--user" "0:0" "019e832824ae55cd2ae51710efcf7834e4b155020cc4627b27e5cf23fc7a5a81" "/opt/rustwide/cargo-home/bin/cargo" "+1.99.0-beta.8" "test" "--frozen" "--release", kill_on_drop: false }`
[INFO] [stderr] warning: method `as_f64_mut` is never used
[INFO] [stderr]   --> src/ast.rs:17:12
[INFO] [stderr]    |
[INFO] [stderr]  7 | impl Number {
[INFO] [stderr]    | ----------- method in this implementation
[INFO] [stderr] ...
[INFO] [stderr] 17 |     pub fn as_f64_mut(&mut self) -> &mut f64 {
[INFO] [stderr]    |            ^^^^^^^^^^
[INFO] [stderr]    |
[INFO] [stderr]    = note: `#[warn(dead_code)]` (part of `#[warn(unused)]`) on by default
[INFO] [stderr] 
[INFO] [stderr] warning: method `to_str` is never used
[INFO] [stderr]   --> src/ast.rs:91:18
[INFO] [stderr]    |
[INFO] [stderr] 80 | impl UnaryOp {
[INFO] [stderr]    | ------------ method in this implementation
[INFO] [stderr] ...
[INFO] [stderr] 91 |     pub const fn to_str(self) -> &'static str {
[INFO] [stderr]    |                  ^^^^^^
[INFO] [stderr] 
[INFO] [stderr] warning: method `to_str` is never used
[INFO] [stderr]    --> src/ast.rs:153:18
[INFO] [stderr]     |
[INFO] [stderr] 126 | impl InfixOp {
[INFO] [stderr]     | ------------ method in this implementation
[INFO] [stderr] ...
[INFO] [stderr] 153 |     pub const fn to_str(self) -> &'static str {
[INFO] [stderr]     |                  ^^^^^^
[INFO] [stderr] 
[INFO] [stderr] warning: field `data_description` is never read
[INFO] [stderr]   --> src/jit.rs:20:5
[INFO] [stderr]    |
[INFO] [stderr]  9 | pub struct JIT {
[INFO] [stderr]    |            --- field in this struct
[INFO] [stderr] ...
[INFO] [stderr] 20 |     data_description: DataDescription,
[INFO] [stderr]    |     ^^^^^^^^^^^^^^^^
[INFO] [stderr] 
[INFO] [stderr] warning: field `module` is never read
[INFO] [stderr]    --> src/jit.rs:140:5
[INFO] [stderr]     |
[INFO] [stderr] 136 | struct Translator<'a> {
[INFO] [stderr]     |        ---------- field in this struct
[INFO] [stderr] ...
[INFO] [stderr] 140 |     module: &'a mut JITModule,
[INFO] [stderr]     |     ^^^^^^
[INFO] [stderr] 
[INFO] [stderr] warning: method `into_inner` is never used
[INFO] [stderr]   --> src/lexer.rs:89:12
[INFO] [stderr]    |
[INFO] [stderr] 77 | impl<R> ReadSource<R> {
[INFO] [stderr]    | --------------------- method in this implementation
[INFO] [stderr] ...
[INFO] [stderr] 89 |     pub fn into_inner(self) -> R {
[INFO] [stderr]    |            ^^^^^^^^^^
[INFO] [stderr] 
[INFO] [stderr] warning: method `into_inner` is never used
[INFO] [stderr]    --> src/lexer.rs:145:12
[INFO] [stderr]     |
[INFO] [stderr] 139 | impl<T: AsRef<[u8]>> BytesSource<T> {
[INFO] [stderr]     | ----------------------------------- method in this implementation
[INFO] [stderr] ...
[INFO] [stderr] 145 |     pub fn into_inner(self) -> T {
[INFO] [stderr]     |            ^^^^^^^^^^
[INFO] [stderr] 
[INFO] [stderr] warning: `moonlift` (lib) generated 7 warnings
[INFO] [stderr] warning: function `parse_and_compile_test__all` should have a snake case name
[INFO] [stderr]   --> tests/lua_suite.rs:20:4
[INFO] [stderr]    |
[INFO] [stderr] 20 | fn parse_and_compile_test__all() {
[INFO] [stderr]    |    ^^^^^^^^^^^^^^^^^^^^^^^^^^^ help: convert the identifier to snake case: `parse_and_compile_test_all`
[INFO] [stderr]    |
[INFO] [stderr]    = note: `#[warn(non_snake_case)]` (part of `#[warn(nonstandard_style)]`) on by default
[INFO] [stderr] 
[INFO] [stderr] warning: function `parse_test__api` should have a snake case name
[INFO] [stderr]   --> tests/lua_suite.rs:25:4
[INFO] [stderr]    |
[INFO] [stderr] 25 | fn parse_test__api() {
[INFO] [stderr]    |    ^^^^^^^^^^^^^^^ help: convert the identifier to snake case: `parse_test_api`
[INFO] [stderr] 
[INFO] [stderr] warning: function `parse_test__attrib` should have a snake case name
[INFO] [stderr]   --> tests/lua_suite.rs:29:4
[INFO] [stderr]    |
[INFO] [stderr] 29 | fn parse_test__attrib() {
[INFO] [stderr]    |    ^^^^^^^^^^^^^^^^^^ help: convert the identifier to snake case: `parse_test_attrib`
[INFO] [stderr] 
[INFO] [stderr] warning: function `parse_test__big` should have a snake case name
[INFO] [stderr]   --> tests/lua_suite.rs:33:4
[INFO] [stderr]    |
[INFO] [stderr] 33 | fn parse_test__big() {
[INFO] [stderr]    |    ^^^^^^^^^^^^^^^ help: convert the identifier to snake case: `parse_test_big`
[INFO] [stderr] 
[INFO] [stderr] warning: function `parse_test__bitwise` should have a snake case name
[INFO] [stderr]   --> tests/lua_suite.rs:37:4
[INFO] [stderr]    |
[INFO] [stderr] 37 | fn parse_test__bitwise() {
[INFO] [stderr]    |    ^^^^^^^^^^^^^^^^^^^ help: convert the identifier to snake case: `parse_test_bitwise`
[INFO] [stderr] 
[INFO] [stderr] warning: function `parse_test__bwcoercion` should have a snake case name
[INFO] [stderr]   --> tests/lua_suite.rs:41:4
[INFO] [stderr]    |
[INFO] [stderr] 41 | fn parse_test__bwcoercion() {
[INFO] [stderr]    |    ^^^^^^^^^^^^^^^^^^^^^^ help: convert the identifier to snake case: `parse_test_bwcoercion`
[INFO] [stderr] 
[INFO] [stderr] warning: function `parse_test__calls` should have a snake case name
[INFO] [stderr]   --> tests/lua_suite.rs:45:4
[INFO] [stderr]    |
[INFO] [stderr] 45 | fn parse_test__calls() {
[INFO] [stderr]    |    ^^^^^^^^^^^^^^^^^ help: convert the identifier to snake case: `parse_test_calls`
[INFO] [stderr] 
[INFO] [stderr] warning: function `parse_test__closure` should have a snake case name
[INFO] [stderr]   --> tests/lua_suite.rs:49:4
[INFO] [stderr]    |
[INFO] [stderr] 49 | fn parse_test__closure() {
[INFO] [stderr]    |    ^^^^^^^^^^^^^^^^^^^ help: convert the identifier to snake case: `parse_test_closure`
[INFO] [stderr] 
[INFO] [stderr] warning: function `parse_test__code` should have a snake case name
[INFO] [stderr]   --> tests/lua_suite.rs:53:4
[INFO] [stderr]    |
[INFO] [stderr] 53 | fn parse_test__code() {
[INFO] [stderr]    |    ^^^^^^^^^^^^^^^^ help: convert the identifier to snake case: `parse_test_code`
[INFO] [stderr] 
[INFO] [stderr] warning: function `parse_test__constructs` should have a snake case name
[INFO] [stderr]   --> tests/lua_suite.rs:57:4
[INFO] [stderr]    |
[INFO] [stderr] 57 | fn parse_test__constructs() {
[INFO] [stderr]    |    ^^^^^^^^^^^^^^^^^^^^^^ help: convert the identifier to snake case: `parse_test_constructs`
[INFO] [stderr] 
[INFO] [stderr] warning: function `parse_test__coroutine` should have a snake case name
[INFO] [stderr]   --> tests/lua_suite.rs:61:4
[INFO] [stderr]    |
[INFO] [stderr] 61 | fn parse_test__coroutine() {
[INFO] [stderr]    |    ^^^^^^^^^^^^^^^^^^^^^ help: convert the identifier to snake case: `parse_test_coroutine`
[INFO] [stderr] 
[INFO] [stderr] warning: function `parse_test__cstack` should have a snake case name
[INFO] [stderr]   --> tests/lua_suite.rs:65:4
[INFO] [stderr]    |
[INFO] [stderr] 65 | fn parse_test__cstack() {
[INFO] [stderr]    |    ^^^^^^^^^^^^^^^^^^ help: convert the identifier to snake case: `parse_test_cstack`
[INFO] [stderr] 
[INFO] [stderr] warning: function `parse_test__db` should have a snake case name
[INFO] [stderr]   --> tests/lua_suite.rs:69:4
[INFO] [stderr]    |
[INFO] [stderr] 69 | fn parse_test__db() {
[INFO] [stderr]    |    ^^^^^^^^^^^^^^ help: convert the identifier to snake case: `parse_test_db`
[INFO] [stderr] 
[INFO] [stderr] warning: function `parse_test__errors` should have a snake case name
[INFO] [stderr]   --> tests/lua_suite.rs:73:4
[INFO] [stderr]    |
[INFO] [stderr] 73 | fn parse_test__errors() {
[INFO] [stderr]    |    ^^^^^^^^^^^^^^^^^^ help: convert the identifier to snake case: `parse_test_errors`
[INFO] [stderr] 
[INFO] [stderr] warning: function `parse_test__events` should have a snake case name
[INFO] [stderr]   --> tests/lua_suite.rs:77:4
[INFO] [stderr]    |
[INFO] [stderr] 77 | fn parse_test__events() {
[INFO] [stderr]    |    ^^^^^^^^^^^^^^^^^^ help: convert the identifier to snake case: `parse_test_events`
[INFO] [stderr] 
[INFO] [stderr] warning: function `parse_test__giles` should have a snake case name
[INFO] [stderr]   --> tests/lua_suite.rs:81:4
[INFO] [stderr]    |
[INFO] [stderr] 81 | fn parse_test__giles() {
[INFO] [stderr]    |    ^^^^^^^^^^^^^^^^^ help: convert the identifier to snake case: `parse_test_giles`
[INFO] [stderr] 
[INFO] [stderr] warning: function `parse_test__gc` should have a snake case name
[INFO] [stderr]   --> tests/lua_suite.rs:85:4
[INFO] [stderr]    |
[INFO] [stderr] 85 | fn parse_test__gc() {
[INFO] [stderr]    |    ^^^^^^^^^^^^^^ help: convert the identifier to snake case: `parse_test_gc`
[INFO] [stderr] 
[INFO] [stderr] warning: function `parse_test__gengc` should have a snake case name
[INFO] [stderr]   --> tests/lua_suite.rs:89:4
[INFO] [stderr]    |
[INFO] [stderr] 89 | fn parse_test__gengc() {
[INFO] [stderr]    |    ^^^^^^^^^^^^^^^^^ help: convert the identifier to snake case: `parse_test_gengc`
[INFO] [stderr] 
[INFO] [stderr] warning: function `parse_test__goto` should have a snake case name
[INFO] [stderr]   --> tests/lua_suite.rs:93:4
[INFO] [stderr]    |
[INFO] [stderr] 93 | fn parse_test__goto() {
[INFO] [stderr]    |    ^^^^^^^^^^^^^^^^ help: convert the identifier to snake case: `parse_test_goto`
[INFO] [stderr] 
[INFO] [stderr] warning: function `parse_test__heavy` should have a snake case name
[INFO] [stderr]   --> tests/lua_suite.rs:97:4
[INFO] [stderr]    |
[INFO] [stderr] 97 | fn parse_test__heavy() {
[INFO] [stderr]    |    ^^^^^^^^^^^^^^^^^ help: convert the identifier to snake case: `parse_test_heavy`
[INFO] [stderr] 
[INFO] [stderr] warning: function `parse_test__literals` should have a snake case name
[INFO] [stderr]    --> tests/lua_suite.rs:101:4
[INFO] [stderr]     |
[INFO] [stderr] 101 | fn parse_test__literals() {
[INFO] [stderr]     |    ^^^^^^^^^^^^^^^^^^^^ help: convert the identifier to snake case: `parse_test_literals`
[INFO] [stderr] 
[INFO] [stderr] warning: function `parse_test__locals` should have a snake case name
[INFO] [stderr]    --> tests/lua_suite.rs:105:4
[INFO] [stderr]     |
[INFO] [stderr] 105 | fn parse_test__locals() {
[INFO] [stderr]     |    ^^^^^^^^^^^^^^^^^^ help: convert the identifier to snake case: `parse_test_locals`
[INFO] [stderr] 
[INFO] [stderr] warning: function `parse_test__main` should have a snake case name
[INFO] [stderr]    --> tests/lua_suite.rs:109:4
[INFO] [stderr]     |
[INFO] [stderr] 109 | fn parse_test__main() {
[INFO] [stderr]     |    ^^^^^^^^^^^^^^^^ help: convert the identifier to snake case: `parse_test_main`
[INFO] [stderr] 
[INFO] [stderr] warning: function `parse_test__math` should have a snake case name
[INFO] [stderr]    --> tests/lua_suite.rs:113:4
[INFO] [stderr]     |
[INFO] [stderr] 113 | fn parse_test__math() {
[INFO] [stderr]     |    ^^^^^^^^^^^^^^^^ help: convert the identifier to snake case: `parse_test_math`
[INFO] [stderr] 
[INFO] [stderr] warning: function `parse_test__nextvar` should have a snake case name
[INFO] [stderr]    --> tests/lua_suite.rs:117:4
[INFO] [stderr]     |
[INFO] [stderr] 117 | fn parse_test__nextvar() {
[INFO] [stderr]     |    ^^^^^^^^^^^^^^^^^^^ help: convert the identifier to snake case: `parse_test_nextvar`
[INFO] [stderr] 
[INFO] [stderr] warning: function `parse_test__pm` should have a snake case name
[INFO] [stderr]    --> tests/lua_suite.rs:121:4
[INFO] [stderr]     |
[INFO] [stderr] 121 | fn parse_test__pm() {
[INFO] [stderr]     |    ^^^^^^^^^^^^^^ help: convert the identifier to snake case: `parse_test_pm`
[INFO] [stderr] 
[INFO] [stderr] warning: function `parse_test__sort` should have a snake case name
[INFO] [stderr]    --> tests/lua_suite.rs:125:4
[INFO] [stderr]     |
[INFO] [stderr] 125 | fn parse_test__sort() {
[INFO] [stderr]     |    ^^^^^^^^^^^^^^^^ help: convert the identifier to snake case: `parse_test_sort`
[INFO] [stderr] 
[INFO] [stderr] warning: function `parse_test__strings` should have a snake case name
[INFO] [stderr]    --> tests/lua_suite.rs:129:4
[INFO] [stderr]     |
[INFO] [stderr] 129 | fn parse_test__strings() {
[INFO] [stderr]     |    ^^^^^^^^^^^^^^^^^^^ help: convert the identifier to snake case: `parse_test_strings`
[INFO] [stderr] 
[INFO] [stderr] warning: function `parse_test__tpack` should have a snake case name
[INFO] [stderr]    --> tests/lua_suite.rs:133:4
[INFO] [stderr]     |
[INFO] [stderr] 133 | fn parse_test__tpack() {
[INFO] [stderr]     |    ^^^^^^^^^^^^^^^^^ help: convert the identifier to snake case: `parse_test_tpack`
[INFO] [stderr] 
[INFO] [stderr] warning: function `parse_test__tracegc` should have a snake case name
[INFO] [stderr]    --> tests/lua_suite.rs:137:4
[INFO] [stderr]     |
[INFO] [stderr] 137 | fn parse_test__tracegc() {
[INFO] [stderr]     |    ^^^^^^^^^^^^^^^^^^^ help: convert the identifier to snake case: `parse_test_tracegc`
[INFO] [stderr] 
[INFO] [stderr] warning: function `parse_test__utf8` should have a snake case name
[INFO] [stderr]    --> tests/lua_suite.rs:141:4
[INFO] [stderr]     |
[INFO] [stderr] 141 | fn parse_test__utf8() {
[INFO] [stderr]     |    ^^^^^^^^^^^^^^^^ help: convert the identifier to snake case: `parse_test_utf8`
[INFO] [stderr] 
[INFO] [stderr] warning: function `parse_test__vararg` should have a snake case name
[INFO] [stderr]    --> tests/lua_suite.rs:145:4
[INFO] [stderr]     |
[INFO] [stderr] 145 | fn parse_test__vararg() {
[INFO] [stderr]     |    ^^^^^^^^^^^^^^^^^^ help: convert the identifier to snake case: `parse_test_vararg`
[INFO] [stderr] 
[INFO] [stderr] warning: function `parse_test__verybig` should have a snake case name
[INFO] [stderr]    --> tests/lua_suite.rs:149:4
[INFO] [stderr]     |
[INFO] [stderr] 149 | fn parse_test__verybig() {
[INFO] [stderr]     |    ^^^^^^^^^^^^^^^^^^^ help: convert the identifier to snake case: `parse_test_verybig`
[INFO] [stderr] 
[INFO] [stderr] warning: `moonlift` (test "lua_suite") generated 33 warnings
[INFO] [stderr] warning: `moonlift` (lib test) generated 7 warnings (7 duplicates)
[INFO] [stderr]     Finished `release` profile [optimized] target(s) in 0.07s
[INFO] [stderr]      Running unittests src/lib.rs (/opt/rustwide/target/release/deps/moonlift-4f1a088e075c8d4e)
[INFO] [stdout] 
[INFO] [stdout] running 8 tests
[INFO] [stdout] test lexer::tests::numbers ... ok
[INFO] [stdout] test parser::tests::expr2 ... ok
[INFO] [stdout] test lexer::tests::symbols ... ok
[INFO] [stdout] test parser::tests::stmt1 ... ok
[INFO] [stdout] test parser::tests::expr1 ... ok
[INFO] [stdout] test lexer::tests::strings ... ok
[INFO] [stdout] test lexer::tests::test_comments ... ok
[INFO] [stdout] test lexer::tests::keywords ... ok
[INFO] [stderr]      Running tests/lua_suite.rs (/opt/rustwide/target/release/deps/lua_suite-c8c05c2a0b030f3c)
[INFO] [stdout] 
[INFO] [stdout] test result: ok. 8 passed; 0 failed; 0 ignored; 0 measured; 0 filtered out; finished in 0.00s
[INFO] [stdout] 
[INFO] [stdout] 
[INFO] [stdout] running 33 tests
[INFO] [stdout] test parse_test__bwcoercion ... ok
[INFO] [stdout] test parse_test__big ... ok
[INFO] [stdout] test parse_test__calls ... ok
[INFO] [stdout] test parse_test__bitwise ... ok
[INFO] [stdout] test parse_test__attrib ... ok
[INFO] [stdout] test parse_test__code ... ok
[INFO] [stdout] test parse_test__cstack ... ok
[INFO] [stdout] test parse_test__api ... ok
[INFO] [stdout] test parse_test__gengc ... ok
[INFO] [stdout] test parse_test__db ... ok
[INFO] [stdout] test parse_test__constructs ... ok
[INFO] [stdout] test parse_test__main ... ok
[INFO] [stdout] test parse_test__errors ... ok
[INFO] [stdout] test parse_and_compile_test__all ... FAILED
[INFO] [stdout] test parse_test__literals ... FAILED
[INFO] [stdout] test parse_test__gc ... ok
[INFO] [stdout] test parse_test__events ... ok
[INFO] [stdout] test parse_test__goto ... ok
[INFO] [stdout] test parse_test__utf8 ... FAILED
[INFO] [stdout] test parse_test__heavy ... ok
[INFO] [stdout] test parse_test__vararg ... ok
[INFO] [stdout] test parse_test__math ... ok
[INFO] [stdout] test parse_test__tracegc ... ok
[INFO] [stdout] test parse_test__closure ... ok
[INFO] [stdout] test parse_test__tpack ... ok
[INFO] [stdout] test parse_test__sort ... ok
[INFO] [stdout] test parse_test__locals ... ok
[INFO] [stdout] test parse_test__verybig ... ok
[INFO] [stderr] error: test failed, to rerun pass `--test lua_suite`
[INFO] [stdout] test parse_test__pm ... ok
[INFO] [stdout] test parse_test__giles ... ok
[INFO] [stdout] test parse_test__strings ... ok
[INFO] [stdout] test parse_test__nextvar ... ok
[INFO] [stdout] test parse_test__coroutine ... ok
[INFO] [stdout] 
[INFO] [stdout] failures:
[INFO] [stdout] 
[INFO] [stdout] ---- parse_and_compile_test__all stdout ----
[INFO] [stdout] parsing lua/testes/all.lua
[INFO] [stdout] 
[INFO] [stdout] thread 'parse_and_compile_test__all' (1731) panicked at src/jit.rs:336:18:
[INFO] [stdout] not yet implemented: Unsupported expression String([76, 117, 97, 32, 53, 46, 52])
[INFO] [stdout] stack backtrace:
[INFO] [stdout]    0:     0x5b62c27f1b41 - <<std[70759c8f55707aa4]::sys::backtrace::BacktraceLock>::print::DisplayBacktrace as core[df12db4294e9bfd3]::fmt::Display>::fmt
[INFO] [stdout]    1:     0x5b62c2808c6a - core[df12db4294e9bfd3]::fmt::write
[INFO] [stdout]    2:     0x5b62c27f64fc - <alloc[2182bb758b4b3781]::vec::Vec<u8> as core[df12db4294e9bfd3]::io::write::Write>::write_fmt
[INFO] [stdout]    3:     0x5b62c27cdb06 - std[70759c8f55707aa4]::panicking::default_hook::{closure#0}
[INFO] [stdout]    4:     0x5b62c27ea1d9 - std[70759c8f55707aa4]::panicking::default_hook
[INFO] [stdout]    5:     0x5b62c262f240 - test[9d35eded1c95d3be]::test_main_inner::<test[9d35eded1c95d3be]::test_main_static::{closure#0}>::{closure#0}
[INFO] [stdout]    6:     0x5b62c27ea392 - std[70759c8f55707aa4]::panicking::panic_with_hook
[INFO] [stdout]    7:     0x5b62c27cdbb2 - std[70759c8f55707aa4]::panicking::panic_handler::{closure#0}
[INFO] [stdout]    8:     0x5b62c27c63a9 - std[70759c8f55707aa4]::sys::backtrace::__rust_end_short_backtrace::<std[70759c8f55707aa4]::panicking::panic_handler::{closure#0}, !>
[INFO] [stdout]    9:     0x5b62c27ce8bd - __rustc[8fa7c3cbc660c2b3]::rust_begin_unwind
[INFO] [stdout]   10:     0x5b62c28093cc - core[df12db4294e9bfd3]::panicking::panic_fmt
[INFO] [stdout]   11:     0x5b62c2669357 - <moonlift[6f5a5df05460b8dd]::jit::Translator>::translate_expr
[INFO] [stdout]   12:     0x5b62c266966d - <moonlift[6f5a5df05460b8dd]::jit::Translator>::translate_statement
[INFO] [stdout]   13:     0x5b62c266878b - <moonlift[6f5a5df05460b8dd]::jit::JIT>::compile
[INFO] [stdout]   14:     0x5b62c2622374 - <lua_suite[13ef8c82db314d81]::parse_and_compile_test__all::{closure#0} as core[df12db4294e9bfd3]::ops::function::FnOnce<()>>::call_once
[INFO] [stdout]   15:     0x5b62c262252b - test[9d35eded1c95d3be]::__rust_begin_short_backtrace::<core[df12db4294e9bfd3]::result::Result<(), alloc[2182bb758b4b3781]::string::String>, fn() -> core[df12db4294e9bfd3]::result::Result<(), alloc[2182bb758b4b3781]::string::String>>
[INFO] [stdout]   16:     0x5b62c262fb95 - test[9d35eded1c95d3be]::run_test::{closure#0}
[INFO] [stdout]   17:     0x5b62c2629454 - std[70759c8f55707aa4]::sys::backtrace::__rust_begin_short_backtrace::<test[9d35eded1c95d3be]::run_test::{closure#1}, ()>
[INFO] [stdout]   18:     0x5b62c2632cf2 - <std[70759c8f55707aa4]::thread::lifecycle::spawn_unchecked<test[9d35eded1c95d3be]::run_test::{closure#1}, ()>::{closure#1} as core[df12db4294e9bfd3]::ops::function::FnOnce<()>>::call_once::{shim:vtable#0}
[INFO] [stdout]   19:     0x5b62c27f1419 - <std[70759c8f55707aa4]::sys::thread::unix::Thread>::new::thread_start
[INFO] [stdout]   20:     0x76325a612dfa - <unknown>
[INFO] [stdout]   21:     0x76325a6a63d4 - clone
[INFO] [stdout]   22:                0x0 - <unknown>
[INFO] [stdout] 
[INFO] [stdout] ---- parse_test__literals stdout ----
[INFO] [stdout] parsing lua/testes/literals.lua
[INFO] [stdout] 
[INFO] [stdout] thread 'parse_test__literals' (1751) panicked at tests/lua_suite.rs:10:19:
[INFO] [stdout] Error while parsing lua/testes/literals.lua: ParseError(LexerError(InvalidEscapeSequence('u')), Position { pos: 1716, line: 69, line_pos: 1689 })
[INFO] [stdout] stack backtrace:
[INFO] [stdout]    0:     0x5b62c27f1b41 - <<std[70759c8f55707aa4]::sys::backtrace::BacktraceLock>::print::DisplayBacktrace as core[df12db4294e9bfd3]::fmt::Display>::fmt
[INFO] [stdout]    1:     0x5b62c2808c6a - core[df12db4294e9bfd3]::fmt::write
[INFO] [stdout]    2:     0x5b62c27f64fc - <alloc[2182bb758b4b3781]::vec::Vec<u8> as core[df12db4294e9bfd3]::io::write::Write>::write_fmt
[INFO] [stdout]    3:     0x5b62c27cdb06 - std[70759c8f55707aa4]::panicking::default_hook::{closure#0}
[INFO] [stdout]    4:     0x5b62c27ea1d9 - std[70759c8f55707aa4]::panicking::default_hook
[INFO] [stdout]    5:     0x5b62c262f240 - test[9d35eded1c95d3be]::test_main_inner::<test[9d35eded1c95d3be]::test_main_static::{closure#0}>::{closure#0}
[INFO] [stdout]    6:     0x5b62c27ea392 - std[70759c8f55707aa4]::panicking::panic_with_hook
[INFO] [stdout]    7:     0x5b62c27cdbb2 - std[70759c8f55707aa4]::panicking::panic_handler::{closure#0}
[INFO] [stdout]    8:     0x5b62c27c63a9 - std[70759c8f55707aa4]::sys::backtrace::__rust_end_short_backtrace::<std[70759c8f55707aa4]::panicking::panic_handler::{closure#0}, !>
[INFO] [stdout]    9:     0x5b62c27ce8bd - __rustc[8fa7c3cbc660c2b3]::rust_begin_unwind
[INFO] [stdout]   10:     0x5b62c28093cc - core[df12db4294e9bfd3]::panicking::panic_fmt
[INFO] [stdout]   11:     0x5b62c261e00f - lua_suite[13ef8c82db314d81]::parse_test::<&str>
[INFO] [stdout]   12:     0x5b62c2621fc2 - <lua_suite[13ef8c82db314d81]::parse_test__literals::{closure#0} as core[df12db4294e9bfd3]::ops::function::FnOnce<()>>::call_once
[INFO] [stdout]   13:     0x5b62c262252b - test[9d35eded1c95d3be]::__rust_begin_short_backtrace::<core[df12db4294e9bfd3]::result::Result<(), alloc[2182bb758b4b3781]::string::String>, fn() -> core[df12db4294e9bfd3]::result::Result<(), alloc[2182bb758b4b3781]::string::String>>
[INFO] [stdout]   14:     0x5b62c262fb95 - test[9d35eded1c95d3be]::run_test::{closure#0}
[INFO] [stdout]   15:     0x5b62c2629454 - std[70759c8f55707aa4]::sys::backtrace::__rust_begin_short_backtrace::<test[9d35eded1c95d3be]::run_test::{closure#1}, ()>
[INFO] [stdout]   16:     0x5b62c2632cf2 - <std[70759c8f55707aa4]::thread::lifecycle::spawn_unchecked<test[9d35eded1c95d3be]::run_test::{closure#1}, ()>::{closure#1} as core[df12db4294e9bfd3]::ops::function::FnOnce<()>>::call_once::{shim:vtable#0}
[INFO] [stdout]   17:     0x5b62c27f1419 - <std[70759c8f55707aa4]::sys::thread::unix::Thread>::new::thread_start
[INFO] [stdout]   18:     0x76325a612dfa - <unknown>
[INFO] [stdout]   19:     0x76325a6a63d4 - clone
[INFO] [stdout]   20:                0x0 - <unknown>
[INFO] [stdout] 
[INFO] [stdout] ---- parse_test__utf8 stdout ----
[INFO] [stdout] parsing lua/testes/utf8.lua
[INFO] [stdout] 
[INFO] [stdout] thread 'parse_test__utf8' (1761) panicked at tests/lua_suite.rs:10:19:
[INFO] [stdout] Error while parsing lua/testes/utf8.lua: ParseError(LexerError(InvalidEscapeSequence('u')), Position { pos: 3197, line: 120, line_pos: 3173 })
[INFO] [stdout] stack backtrace:
[INFO] [stdout]    0:     0x5b62c27f1b41 - <<std[70759c8f55707aa4]::sys::backtrace::BacktraceLock>::print::DisplayBacktrace as core[df12db4294e9bfd3]::fmt::Display>::fmt
[INFO] [stdout]    1:     0x5b62c2808c6a - core[df12db4294e9bfd3]::fmt::write
[INFO] [stdout]    2:     0x5b62c27f64fc - <alloc[2182bb758b4b3781]::vec::Vec<u8> as core[df12db4294e9bfd3]::io::write::Write>::write_fmt
[INFO] [stdout]    3:     0x5b62c27cdb06 - std[70759c8f55707aa4]::panicking::default_hook::{closure#0}
[INFO] [stdout]    4:     0x5b62c27ea1d9 - std[70759c8f55707aa4]::panicking::default_hook
[INFO] [stdout]    5:     0x5b62c262f240 - test[9d35eded1c95d3be]::test_main_inner::<test[9d35eded1c95d3be]::test_main_static::{closure#0}>::{closure#0}
[INFO] [stdout]    6:     0x5b62c27ea392 - std[70759c8f55707aa4]::panicking::panic_with_hook
[INFO] [stdout]    7:     0x5b62c27cdbb2 - std[70759c8f55707aa4]::panicking::panic_handler::{closure#0}
[INFO] [stdout]    8:     0x5b62c27c63a9 - std[70759c8f55707aa4]::sys::backtrace::__rust_end_short_backtrace::<std[70759c8f55707aa4]::panicking::panic_handler::{closure#0}, !>
[INFO] [stdout]    9:     0x5b62c27ce8bd - __rustc[8fa7c3cbc660c2b3]::rust_begin_unwind
[INFO] [stdout]   10:     0x5b62c28093cc - core[df12db4294e9bfd3]::panicking::panic_fmt
[INFO] [stdout]   11:     0x5b62c261e00f - lua_suite[13ef8c82db314d81]::parse_test::<&str>
[INFO] [stdout]   12:     0x5b62c2621002 - <lua_suite[13ef8c82db314d81]::parse_test__utf8::{closure#0} as core[df12db4294e9bfd3]::ops::function::FnOnce<()>>::call_once
[INFO] [stdout]   13:     0x5b62c262252b - test[9d35eded1c95d3be]::__rust_begin_short_backtrace::<core[df12db4294e9bfd3]::result::Result<(), alloc[2182bb758b4b3781]::string::String>, fn() -> core[df12db4294e9bfd3]::result::Result<(), alloc[2182bb758b4b3781]::string::String>>
[INFO] [stdout]   14:     0x5b62c262fb95 - test[9d35eded1c95d3be]::run_test::{closure#0}
[INFO] [stdout]   15:     0x5b62c2629454 - std[70759c8f55707aa4]::sys::backtrace::__rust_begin_short_backtrace::<test[9d35eded1c95d3be]::run_test::{closure#1}, ()>
[INFO] [stdout]   16:     0x5b62c2632cf2 - <std[70759c8f55707aa4]::thread::lifecycle::spawn_unchecked<test[9d35eded1c95d3be]::run_test::{closure#1}, ()>::{closure#1} as core[df12db4294e9bfd3]::ops::function::FnOnce<()>>::call_once::{shim:vtable#0}
[INFO] [stdout]   17:     0x5b62c27f1419 - <std[70759c8f55707aa4]::sys::thread::unix::Thread>::new::thread_start
[INFO] [stdout]   18:     0x76325a612dfa - <unknown>
[INFO] [stdout]   19:     0x76325a6a63d4 - clone
[INFO] [stdout]   20:                0x0 - <unknown>
[INFO] [stdout] 
[INFO] [stdout] 
[INFO] [stdout] failures:
[INFO] [stdout]     parse_and_compile_test__all
[INFO] [stdout]     parse_test__literals
[INFO] [stdout]     parse_test__utf8
[INFO] [stdout] 
[INFO] [stdout] test result: FAILED. 30 passed; 3 failed; 0 ignored; 0 measured; 0 filtered out; finished in 0.02s
[INFO] [stdout] 
[INFO] running `Command { std: "docker" "inspect" "019e832824ae55cd2ae51710efcf7834e4b155020cc4627b27e5cf23fc7a5a81", kill_on_drop: false }`
[INFO] running `Command { std: "docker" "rm" "-f" "019e832824ae55cd2ae51710efcf7834e4b155020cc4627b27e5cf23fc7a5a81", kill_on_drop: false }`
[INFO] [stdout] 019e832824ae55cd2ae51710efcf7834e4b155020cc4627b27e5cf23fc7a5a81
