[INFO] fetching crate moonalloy 0.3.4...
[INFO] testing moonalloy-0.3.4 against 1.100.0-beta.1+cargoflags=--release for beta-release-1.100-2
[INFO] extracting crate moonalloy 0.3.4 into /workspace/builds/worker-4-tc2/source
[INFO] started tweaking crates.io crate moonalloy 0.3.4
[INFO] finished tweaking crates.io crate moonalloy 0.3.4
[INFO] tweaked toml for crates.io crate moonalloy 0.3.4 written to /workspace/builds/worker-4-tc2/source/Cargo.toml
[INFO] validating manifest of crates.io crate moonalloy 0.3.4 on toolchain 1.100.0-beta.1
[INFO] running `Command { std: CARGO_HOME="/workspace/cargo-home" RUSTUP_HOME="/workspace/rustup-home" "/workspace/cargo-home/bin/cargo" "+1.100.0-beta.1" "metadata" "--manifest-path" "Cargo.toml" "--no-deps", kill_on_drop: false }`
[INFO] running `Command { std: CARGO_HOME="/workspace/cargo-home" RUSTUP_HOME="/workspace/rustup-home" "/workspace/cargo-home/bin/cargo" "+1.100.0-beta.1" "generate-lockfile" "--manifest-path" "Cargo.toml", kill_on_drop: false }`
[INFO] running `Command { std: CARGO_HOME="/workspace/cargo-home" RUSTUP_HOME="/workspace/rustup-home" "/workspace/cargo-home/bin/cargo" "+1.100.0-beta.1" "fetch" "--manifest-path" "Cargo.toml", kill_on_drop: false }`
[INFO] running `Command { std: "docker" "create" "-v" "/var/lib/crater-agent-workspace/builds/worker-4-tc2/source:/opt/rustwide/workdir:ro,Z" "-v" "/var/lib/crater-agent-workspace/builds/worker-4-tc2/target:/opt/rustwide/target:rw,Z" "-v" "/var/lib/crater-agent-workspace/cargo-home:/opt/rustwide/cargo-home:ro,Z" "-v" "/var/lib/crater-agent-workspace/rustup-home:/opt/rustwide/rustup-home:ro,Z" "-m" "1610612736" "--network" "none" "ghcr.io/rust-lang/crates-build-env/linux@sha256:77db811e55d90add9212f6832c23229e3de5f1c1f9905e8cb07319ea15df73ac" "sleep" "infinity", kill_on_drop: false }`
[INFO] [stdout] 795d3068ec1a629ab4ab10c1f5f3bb41a8e3d4658b7f54dd6b664d39fe37d22d
[INFO] running `Command { std: "docker" "start" "795d3068ec1a629ab4ab10c1f5f3bb41a8e3d4658b7f54dd6b664d39fe37d22d", kill_on_drop: false }`
[INFO] running `Command { std: "docker" "inspect" "795d3068ec1a629ab4ab10c1f5f3bb41a8e3d4658b7f54dd6b664d39fe37d22d", kill_on_drop: false }`
[INFO] running `Command { std: "docker" "exec" "-e" "SOURCE_DIR=/opt/rustwide/workdir" "-e" "CARGO_HOME=/opt/rustwide/cargo-home" "-e" "RUSTUP_HOME=/opt/rustwide/rustup-home" "-e" "CARGO_TARGET_DIR=/opt/rustwide/target" "-w" "/opt/rustwide/workdir" "--user" "0:0" "795d3068ec1a629ab4ab10c1f5f3bb41a8e3d4658b7f54dd6b664d39fe37d22d" "/opt/rustwide/cargo-home/bin/cargo" "+1.100.0-beta.1" "metadata" "--no-deps" "--format-version=1", kill_on_drop: false }`
[INFO] running `Command { std: "docker" "inspect" "795d3068ec1a629ab4ab10c1f5f3bb41a8e3d4658b7f54dd6b664d39fe37d22d", kill_on_drop: false }`
[INFO] running `Command { std: "docker" "exec" "-e" "SOURCE_DIR=/opt/rustwide/workdir" "-e" "CARGO_HOME=/opt/rustwide/cargo-home" "-e" "RUSTUP_HOME=/opt/rustwide/rustup-home" "-e" "CARGO_TARGET_DIR=/opt/rustwide/target" "-e" "CARGO_INCREMENTAL=0" "-e" "RUST_BACKTRACE=full" "-e" "RUSTFLAGS=--cap-lints=warn" "-e" "RUSTDOCFLAGS=--cap-lints=warn" "-w" "/opt/rustwide/workdir" "--user" "0:0" "795d3068ec1a629ab4ab10c1f5f3bb41a8e3d4658b7f54dd6b664d39fe37d22d" "/opt/rustwide/cargo-home/bin/cargo" "+1.100.0-beta.1" "build" "--frozen" "--message-format=json" "--release", kill_on_drop: false }`
[INFO] [stderr]    Compiling moonalloy v0.3.4 (/opt/rustwide/workdir)
[INFO] [stderr]     Finished `release` profile [optimized] target(s) in 0.62s
[INFO] running `Command { std: "docker" "inspect" "795d3068ec1a629ab4ab10c1f5f3bb41a8e3d4658b7f54dd6b664d39fe37d22d", kill_on_drop: false }`
[INFO] running `Command { std: "docker" "exec" "-e" "SOURCE_DIR=/opt/rustwide/workdir" "-e" "CARGO_HOME=/opt/rustwide/cargo-home" "-e" "RUSTUP_HOME=/opt/rustwide/rustup-home" "-e" "CARGO_TARGET_DIR=/opt/rustwide/target" "-e" "CARGO_INCREMENTAL=0" "-e" "RUST_BACKTRACE=full" "-e" "RUSTFLAGS=--cap-lints=warn" "-e" "RUSTDOCFLAGS=--cap-lints=warn" "-w" "/opt/rustwide/workdir" "--user" "0:0" "795d3068ec1a629ab4ab10c1f5f3bb41a8e3d4658b7f54dd6b664d39fe37d22d" "/opt/rustwide/cargo-home/bin/cargo" "+1.100.0-beta.1" "test" "--frozen" "--no-run" "--message-format=json" "--release", kill_on_drop: false }`
[INFO] [stderr]    Compiling moonalloy v0.3.4 (/opt/rustwide/workdir)
[INFO] [stderr]     Finished `release` profile [optimized] target(s) in 1.30s
[INFO] running `Command { std: "docker" "inspect" "795d3068ec1a629ab4ab10c1f5f3bb41a8e3d4658b7f54dd6b664d39fe37d22d", kill_on_drop: false }`
[INFO] running `Command { std: "docker" "exec" "-e" "SOURCE_DIR=/opt/rustwide/workdir" "-e" "CARGO_HOME=/opt/rustwide/cargo-home" "-e" "RUSTUP_HOME=/opt/rustwide/rustup-home" "-e" "CARGO_TARGET_DIR=/opt/rustwide/target" "-e" "CARGO_INCREMENTAL=0" "-e" "RUST_BACKTRACE=full" "-e" "RUSTFLAGS=--cap-lints=warn" "-e" "RUSTDOCFLAGS=--cap-lints=warn" "-w" "/opt/rustwide/workdir" "--user" "0:0" "795d3068ec1a629ab4ab10c1f5f3bb41a8e3d4658b7f54dd6b664d39fe37d22d" "/opt/rustwide/cargo-home/bin/cargo" "+1.100.0-beta.1" "test" "--frozen" "--release", kill_on_drop: false }`
[INFO] [stderr]     Finished `release` profile [optimized] target(s) in 0.02s
[INFO] [stderr]      Running unittests src/lib.rs (/opt/rustwide/target/release/build/moonalloy/c664c5bf290a1894/out/moonalloy-c664c5bf290a1894)
[INFO] [stdout] 
[INFO] [stdout] running 37 tests
[INFO] [stdout] test linalg::array::test::test_index ... ok
[INFO] [stdout] test linalg::array::test::test_index_out_of_bounds - should panic ... ok
[INFO] [stdout] test linalg::array::test::test_get ... ok
[INFO] [stdout] test linalg::array::test::test_neg ... FAILED
[INFO] [stdout] test linalg::array::test::test_mult ... FAILED
[INFO] [stdout] test linalg::array::test::test_concat ... FAILED
[INFO] [stdout] test linalg::array::test::test_dotp ... FAILED
[INFO] [stdout] test linalg::array::test::test_add ... FAILED
[INFO] [stdout] test linalg::array::test::test_iterator ... ok
[INFO] [stdout] test linalg::array::test::test_set ... ok
[INFO] [stdout] test linalg::array::test::test_sub ... FAILED
[INFO] [stdout] test linalg::array::test::test_sum ... ok
[INFO] [stdout] test linalg::array::test::test_splice ... FAILED
[INFO] [stdout] test linalg::array::test::test_zeros ... FAILED
[INFO] [stderr] error: test failed, to rerun pass `--lib`
[INFO] [stderr] 
[INFO] [stderr] Caused by:
[INFO] [stderr]   process didn't exit successfully: `/opt/rustwide/target/release/build/moonalloy/c664c5bf290a1894/out/moonalloy-c664c5bf290a1894` (signal: 11, SIGSEGV: invalid memory reference)
[INFO] running `Command { std: "docker" "inspect" "795d3068ec1a629ab4ab10c1f5f3bb41a8e3d4658b7f54dd6b664d39fe37d22d", kill_on_drop: false }`
[INFO] running `Command { std: "docker" "rm" "-f" "795d3068ec1a629ab4ab10c1f5f3bb41a8e3d4658b7f54dd6b664d39fe37d22d", kill_on_drop: false }`
[INFO] [stdout] 795d3068ec1a629ab4ab10c1f5f3bb41a8e3d4658b7f54dd6b664d39fe37d22d
