[INFO] fetching crate moo-math 0.1.1...
[INFO] testing moo-math-0.1.1 against 1.100.0-beta.1+cargoflags=--release for beta-release-1.100-2
[INFO] extracting crate moo-math 0.1.1 into /workspace/builds/worker-2-tc2/source
[INFO] started tweaking crates.io crate moo-math 0.1.1
[INFO] finished tweaking crates.io crate moo-math 0.1.1
[INFO] tweaked toml for crates.io crate moo-math 0.1.1 written to /workspace/builds/worker-2-tc2/source/Cargo.toml
[INFO] validating manifest of crates.io crate moo-math 0.1.1 on toolchain 1.100.0-beta.1
[INFO] running `Command { std: CARGO_HOME="/workspace/cargo-home" RUSTUP_HOME="/workspace/rustup-home" "/workspace/cargo-home/bin/cargo" "+1.100.0-beta.1" "metadata" "--manifest-path" "Cargo.toml" "--no-deps", kill_on_drop: false }`
[INFO] running `Command { std: CARGO_HOME="/workspace/cargo-home" RUSTUP_HOME="/workspace/rustup-home" "/workspace/cargo-home/bin/cargo" "+1.100.0-beta.1" "generate-lockfile" "--manifest-path" "Cargo.toml", kill_on_drop: false }`
[INFO] [stderr]     Updating crates.io index
[INFO] [stderr]      Locking 75 packages to highest compatible versions
[INFO] [stderr]       Adding criterion v0.4.0 (available: v0.8.2)
[INFO] running `Command { std: CARGO_HOME="/workspace/cargo-home" RUSTUP_HOME="/workspace/rustup-home" "/workspace/cargo-home/bin/cargo" "+1.100.0-beta.1" "fetch" "--manifest-path" "Cargo.toml", kill_on_drop: false }`
[INFO] running `Command { std: "docker" "create" "-v" "/var/lib/crater-agent-workspace/builds/worker-2-tc2/source:/opt/rustwide/workdir:ro,Z" "-v" "/var/lib/crater-agent-workspace/builds/worker-2-tc2/target:/opt/rustwide/target:rw,Z" "-v" "/var/lib/crater-agent-workspace/cargo-home:/opt/rustwide/cargo-home:ro,Z" "-v" "/var/lib/crater-agent-workspace/rustup-home:/opt/rustwide/rustup-home:ro,Z" "-m" "1610612736" "--network" "none" "ghcr.io/rust-lang/crates-build-env/linux@sha256:77db811e55d90add9212f6832c23229e3de5f1c1f9905e8cb07319ea15df73ac" "sleep" "infinity", kill_on_drop: false }`
[INFO] [stdout] 79036d3f99d24c5ed2b5c40e7a27651cb06a65b4d8498e46f067e27be6309df8
[INFO] running `Command { std: "docker" "start" "79036d3f99d24c5ed2b5c40e7a27651cb06a65b4d8498e46f067e27be6309df8", kill_on_drop: false }`
[INFO] running `Command { std: "docker" "inspect" "79036d3f99d24c5ed2b5c40e7a27651cb06a65b4d8498e46f067e27be6309df8", kill_on_drop: false }`
[INFO] running `Command { std: "docker" "exec" "-e" "SOURCE_DIR=/opt/rustwide/workdir" "-e" "CARGO_HOME=/opt/rustwide/cargo-home" "-e" "RUSTUP_HOME=/opt/rustwide/rustup-home" "-e" "CARGO_TARGET_DIR=/opt/rustwide/target" "-w" "/opt/rustwide/workdir" "--user" "0:0" "79036d3f99d24c5ed2b5c40e7a27651cb06a65b4d8498e46f067e27be6309df8" "/opt/rustwide/cargo-home/bin/cargo" "+1.100.0-beta.1" "metadata" "--no-deps" "--format-version=1", kill_on_drop: false }`
[INFO] running `Command { std: "docker" "inspect" "79036d3f99d24c5ed2b5c40e7a27651cb06a65b4d8498e46f067e27be6309df8", kill_on_drop: false }`
[INFO] running `Command { std: "docker" "exec" "-e" "SOURCE_DIR=/opt/rustwide/workdir" "-e" "CARGO_HOME=/opt/rustwide/cargo-home" "-e" "RUSTUP_HOME=/opt/rustwide/rustup-home" "-e" "CARGO_TARGET_DIR=/opt/rustwide/target" "-e" "CARGO_INCREMENTAL=0" "-e" "RUST_BACKTRACE=full" "-e" "RUSTFLAGS=--cap-lints=warn" "-e" "RUSTDOCFLAGS=--cap-lints=warn" "-w" "/opt/rustwide/workdir" "--user" "0:0" "79036d3f99d24c5ed2b5c40e7a27651cb06a65b4d8498e46f067e27be6309df8" "/opt/rustwide/cargo-home/bin/cargo" "+1.100.0-beta.1" "build" "--frozen" "--message-format=json" "--release", kill_on_drop: false }`
[INFO] [stderr]    Compiling moo-math v0.1.1 (/opt/rustwide/workdir)
[INFO] [stdout] warning: methods `run` and `runge_kutta` are never used
[INFO] [stdout]   --> src/lib.rs:64:8
[INFO] [stdout]    |
[INFO] [stdout] 63 | impl Program {
[INFO] [stdout]    | ------------ methods in this implementation
[INFO] [stdout] 64 |     fn run(&self, x: f64) -> f64 {
[INFO] [stdout]    |        ^^^
[INFO] [stdout] ...
[INFO] [stdout] 67 |     fn runge_kutta(&self, x0: f64, y0: f64, step: f64) -> (f64, f64) {
[INFO] [stdout]    |        ^^^^^^^^^^^
[INFO] [stdout]    |
[INFO] [stdout]    = note: `#[warn(dead_code)]` (part of `#[warn(unused)]`) on by default
[INFO] [stdout] 
[INFO] [stdout] 
[INFO] [stdout] warning: methods `typ` and `perform` are never used
[INFO] [stdout]   --> src/lib.rs:77:8
[INFO] [stdout]    |
[INFO] [stdout] 76 | impl Primitive {
[INFO] [stdout]    | -------------- methods in this implementation
[INFO] [stdout] 77 |     fn typ(&self) -> &'static str {
[INFO] [stdout]    |        ^^^
[INFO] [stdout] ...
[INFO] [stdout] 85 |     fn perform(&self, x: f64, y: f64) -> f64 {
[INFO] [stdout]    |        ^^^^^^^
[INFO] [stdout] 
[INFO] [stdout] 
[INFO] [stdout] warning: method `perform` is never used
[INFO] [stdout]    --> src/lib.rs:104:8
[INFO] [stdout]     |
[INFO] [stdout] 103 | impl Expression {
[INFO] [stdout]     | --------------- method in this implementation
[INFO] [stdout] 104 |     fn perform(&self, x: f64, y: f64) -> f64 {
[INFO] [stdout]     |        ^^^^^^^
[INFO] [stdout] 
[INFO] [stdout] 
[INFO] [stdout] warning: methods `typ` and `to_string` are never used
[INFO] [stdout]    --> src/lib.rs:138:8
[INFO] [stdout]     |
[INFO] [stdout] 137 | impl Token {
[INFO] [stdout]     | ---------- methods in this implementation
[INFO] [stdout] 138 |     fn typ(&self) -> &'static str {
[INFO] [stdout]     |        ^^^
[INFO] [stdout] ...
[INFO] [stdout] 149 |     fn to_string(&self) -> String {
[INFO] [stdout]     |        ^^^^^^^^^
[INFO] [stdout] 
[INFO] [stdout] 
[INFO] [stdout] warning: hiding a lifetime that's elided elsewhere is confusing
[INFO] [stdout]    --> src/lib.rs:268:17
[INFO] [stdout]     |
[INFO] [stdout] 268 |     fn new(src: &str) -> Tokenizer {
[INFO] [stdout]     |                 ^^^^     ^^^^^^^^^ the same lifetime is hidden here
[INFO] [stdout]     |                 |
[INFO] [stdout]     |                 the lifetime is elided here
[INFO] [stdout]     |
[INFO] [stdout]     = help: the same lifetime is referred to in inconsistent ways, making the signature confusing
[INFO] [stdout]     = note: `#[warn(mismatched_lifetime_syntaxes)]` on by default
[INFO] [stdout] help: use `'_` for type paths
[INFO] [stdout]     |
[INFO] [stdout] 268 |     fn new(src: &str) -> Tokenizer<'_> {
[INFO] [stdout]     |                                   ++++
[INFO] [stdout] 
[INFO] [stdout] 
[INFO] [stderr]     Finished `release` profile [optimized] target(s) in 0.89s
[INFO] running `Command { std: "docker" "inspect" "79036d3f99d24c5ed2b5c40e7a27651cb06a65b4d8498e46f067e27be6309df8", kill_on_drop: false }`
[INFO] running `Command { std: "docker" "exec" "-e" "SOURCE_DIR=/opt/rustwide/workdir" "-e" "CARGO_HOME=/opt/rustwide/cargo-home" "-e" "RUSTUP_HOME=/opt/rustwide/rustup-home" "-e" "CARGO_TARGET_DIR=/opt/rustwide/target" "-e" "CARGO_INCREMENTAL=0" "-e" "RUST_BACKTRACE=full" "-e" "RUSTFLAGS=--cap-lints=warn" "-e" "RUSTDOCFLAGS=--cap-lints=warn" "-w" "/opt/rustwide/workdir" "--user" "0:0" "79036d3f99d24c5ed2b5c40e7a27651cb06a65b4d8498e46f067e27be6309df8" "/opt/rustwide/cargo-home/bin/cargo" "+1.100.0-beta.1" "test" "--frozen" "--no-run" "--message-format=json" "--release", kill_on_drop: false }`
[INFO] [stderr]    Compiling zerocopy v0.8.63
[INFO] [stderr]    Compiling indexmap v1.9.3
[INFO] [stderr]    Compiling syn v3.0.9
[INFO] [stderr]    Compiling zerocopy-derive v0.8.63
[INFO] [stderr]    Compiling num-traits v0.2.19
[INFO] [stderr]    Compiling either v1.19.0
[INFO] [stderr]    Compiling libc v0.2.191
[INFO] [stderr]    Compiling ciborium-io v0.2.2
[INFO] [stderr]    Compiling hashbrown v0.12.3
[INFO] [stderr]    Compiling plotters-backend v0.3.7
[INFO] [stderr]    Compiling os_str_bytes v6.6.1
[INFO] [stderr]    Compiling itertools v0.10.5
[INFO] [stderr]    Compiling clap_lex v0.2.4
[INFO] [stderr]    Compiling plotters-svg v0.3.7
[INFO] [stderr]    Compiling serde_json v1.0.154
[INFO] [stderr]    Compiling textwrap v0.16.4
[INFO] [stderr]    Compiling cast v0.3.0
[INFO] [stderr]    Compiling atty v0.2.14
[INFO] [stderr]    Compiling clap v3.2.25
[INFO] [stderr]    Compiling plotters v0.3.7
[INFO] [stderr]    Compiling rayon v1.12.0
[INFO] [stderr]    Compiling criterion-plot v0.5.0
[INFO] [stderr]    Compiling anes v0.1.6
[INFO] [stderr]    Compiling oorandom v11.1.5
[INFO] [stderr]    Compiling lazy_static v1.5.1
[INFO] [stdout] warning: methods `run` and `runge_kutta` are never used
[INFO] [stdout]   --> src/lib.rs:64:8
[INFO] [stdout]    |
[INFO] [stdout] 63 | impl Program {
[INFO] [stdout]    | ------------ methods in this implementation
[INFO] [stdout] 64 |     fn run(&self, x: f64) -> f64 {
[INFO] [stdout]    |        ^^^
[INFO] [stdout] ...
[INFO] [stdout] 67 |     fn runge_kutta(&self, x0: f64, y0: f64, step: f64) -> (f64, f64) {
[INFO] [stdout]    |        ^^^^^^^^^^^
[INFO] [stdout]    |
[INFO] [stdout]    = note: `#[warn(dead_code)]` (part of `#[warn(unused)]`) on by default
[INFO] [stdout] 
[INFO] [stdout] 
[INFO] [stdout] warning: methods `typ` and `perform` are never used
[INFO] [stdout]   --> src/lib.rs:77:8
[INFO] [stdout]    |
[INFO] [stdout] 76 | impl Primitive {
[INFO] [stdout]    | -------------- methods in this implementation
[INFO] [stdout] 77 |     fn typ(&self) -> &'static str {
[INFO] [stdout]    |        ^^^
[INFO] [stdout] ...
[INFO] [stdout] 85 |     fn perform(&self, x: f64, y: f64) -> f64 {
[INFO] [stdout]    |        ^^^^^^^
[INFO] [stdout] 
[INFO] [stdout] 
[INFO] [stdout] warning: method `perform` is never used
[INFO] [stdout]    --> src/lib.rs:104:8
[INFO] [stdout]     |
[INFO] [stdout] 103 | impl Expression {
[INFO] [stdout]     | --------------- method in this implementation
[INFO] [stdout] 104 |     fn perform(&self, x: f64, y: f64) -> f64 {
[INFO] [stdout]     |        ^^^^^^^
[INFO] [stdout] 
[INFO] [stdout] 
[INFO] [stdout] warning: methods `typ` and `to_string` are never used
[INFO] [stdout]    --> src/lib.rs:138:8
[INFO] [stdout]     |
[INFO] [stdout] 137 | impl Token {
[INFO] [stdout]     | ---------- methods in this implementation
[INFO] [stdout] 138 |     fn typ(&self) -> &'static str {
[INFO] [stdout]     |        ^^^
[INFO] [stdout] ...
[INFO] [stdout] 149 |     fn to_string(&self) -> String {
[INFO] [stdout]     |        ^^^^^^^^^
[INFO] [stdout] 
[INFO] [stdout] 
[INFO] [stdout] warning: hiding a lifetime that's elided elsewhere is confusing
[INFO] [stdout]    --> src/lib.rs:268:17
[INFO] [stdout]     |
[INFO] [stdout] 268 |     fn new(src: &str) -> Tokenizer {
[INFO] [stdout]     |                 ^^^^     ^^^^^^^^^ the same lifetime is hidden here
[INFO] [stdout]     |                 |
[INFO] [stdout]     |                 the lifetime is elided here
[INFO] [stdout]     |
[INFO] [stdout]     = help: the same lifetime is referred to in inconsistent ways, making the signature confusing
[INFO] [stdout]     = note: `#[warn(mismatched_lifetime_syntaxes)]` on by default
[INFO] [stdout] help: use `'_` for type paths
[INFO] [stdout]     |
[INFO] [stdout] 268 |     fn new(src: &str) -> Tokenizer<'_> {
[INFO] [stdout]     |                                   ++++
[INFO] [stdout] 
[INFO] [stdout] 
[INFO] [stderr]    Compiling serde_derive v1.0.229
[INFO] [stderr]    Compiling serde v1.0.229
[INFO] [stderr]    Compiling tinytemplate v1.2.1
[INFO] [stderr]    Compiling half v2.7.1
[INFO] [stderr]    Compiling ciborium-ll v0.2.2
[INFO] [stderr]    Compiling ciborium v0.2.2
[INFO] [stderr]    Compiling criterion v0.4.0
[INFO] [stderr]    Compiling moo-math v0.1.1 (/opt/rustwide/workdir)
[INFO] [stdout] warning: unused import: `Duration`
[INFO] [stdout]    --> src/lib.rs:635:25
[INFO] [stdout]     |
[INFO] [stdout] 635 |         use std::time::{Duration, SystemTime};
[INFO] [stdout]     |                         ^^^^^^^^
[INFO] [stdout]     |
[INFO] [stdout]     = note: `#[warn(unused_imports)]` (part of `#[warn(unused)]`) on by default
[INFO] [stdout] 
[INFO] [stdout] 
[INFO] [stdout] warning: method `runge_kutta` is never used
[INFO] [stdout]   --> src/lib.rs:67:8
[INFO] [stdout]    |
[INFO] [stdout] 63 | impl Program {
[INFO] [stdout]    | ------------ method in this implementation
[INFO] [stdout] ...
[INFO] [stdout] 67 |     fn runge_kutta(&self, x0: f64, y0: f64, step: f64) -> (f64, f64) {
[INFO] [stdout]    |        ^^^^^^^^^^^
[INFO] [stdout]    |
[INFO] [stdout]    = note: `#[warn(dead_code)]` (part of `#[warn(unused)]`) on by default
[INFO] [stdout] 
[INFO] [stdout] 
[INFO] [stdout] warning: method `typ` is never used
[INFO] [stdout]   --> src/lib.rs:77:8
[INFO] [stdout]    |
[INFO] [stdout] 76 | impl Primitive {
[INFO] [stdout]    | -------------- method in this implementation
[INFO] [stdout] 77 |     fn typ(&self) -> &'static str {
[INFO] [stdout]    |        ^^^
[INFO] [stdout] 
[INFO] [stdout] 
[INFO] [stdout] warning: hiding a lifetime that's elided elsewhere is confusing
[INFO] [stdout]    --> src/lib.rs:268:17
[INFO] [stdout]     |
[INFO] [stdout] 268 |     fn new(src: &str) -> Tokenizer {
[INFO] [stdout]     |                 ^^^^     ^^^^^^^^^ the same lifetime is hidden here
[INFO] [stdout]     |                 |
[INFO] [stdout]     |                 the lifetime is elided here
[INFO] [stdout]     |
[INFO] [stdout]     = help: the same lifetime is referred to in inconsistent ways, making the signature confusing
[INFO] [stdout]     = note: `#[warn(mismatched_lifetime_syntaxes)]` on by default
[INFO] [stdout] help: use `'_` for type paths
[INFO] [stdout]     |
[INFO] [stdout] 268 |     fn new(src: &str) -> Tokenizer<'_> {
[INFO] [stdout]     |                                   ++++
[INFO] [stdout] 
[INFO] [stdout] 
[INFO] [stderr]     Finished `release` profile [optimized] target(s) in 1m 10s
[INFO] running `Command { std: "docker" "inspect" "79036d3f99d24c5ed2b5c40e7a27651cb06a65b4d8498e46f067e27be6309df8", kill_on_drop: false }`
[INFO] running `Command { std: "docker" "exec" "-e" "SOURCE_DIR=/opt/rustwide/workdir" "-e" "CARGO_HOME=/opt/rustwide/cargo-home" "-e" "RUSTUP_HOME=/opt/rustwide/rustup-home" "-e" "CARGO_TARGET_DIR=/opt/rustwide/target" "-e" "CARGO_INCREMENTAL=0" "-e" "RUST_BACKTRACE=full" "-e" "RUSTFLAGS=--cap-lints=warn" "-e" "RUSTDOCFLAGS=--cap-lints=warn" "-w" "/opt/rustwide/workdir" "--user" "0:0" "79036d3f99d24c5ed2b5c40e7a27651cb06a65b4d8498e46f067e27be6309df8" "/opt/rustwide/cargo-home/bin/cargo" "+1.100.0-beta.1" "test" "--frozen" "--release", kill_on_drop: false }`
[INFO] [stderr] warning: methods `run` and `runge_kutta` are never used
[INFO] [stderr]   --> src/lib.rs:64:8
[INFO] [stderr]    |
[INFO] [stderr] 63 | impl Program {
[INFO] [stderr]    | ------------ methods in this implementation
[INFO] [stderr] 64 |     fn run(&self, x: f64) -> f64 {
[INFO] [stderr]    |        ^^^
[INFO] [stderr] ...
[INFO] [stderr] 67 |     fn runge_kutta(&self, x0: f64, y0: f64, step: f64) -> (f64, f64) {
[INFO] [stderr]    |        ^^^^^^^^^^^
[INFO] [stderr]    |
[INFO] [stderr]    = note: `#[warn(dead_code)]` (part of `#[warn(unused)]`) on by default
[INFO] [stderr] 
[INFO] [stderr] warning: methods `typ` and `perform` are never used
[INFO] [stderr]   --> src/lib.rs:77:8
[INFO] [stderr]    |
[INFO] [stderr] 76 | impl Primitive {
[INFO] [stderr]    | -------------- methods in this implementation
[INFO] [stderr] 77 |     fn typ(&self) -> &'static str {
[INFO] [stderr]    |        ^^^
[INFO] [stderr] ...
[INFO] [stderr] 85 |     fn perform(&self, x: f64, y: f64) -> f64 {
[INFO] [stderr]    |        ^^^^^^^
[INFO] [stderr] 
[INFO] [stderr] warning: method `perform` is never used
[INFO] [stderr]    --> src/lib.rs:104:8
[INFO] [stderr]     |
[INFO] [stderr] 103 | impl Expression {
[INFO] [stderr]     | --------------- method in this implementation
[INFO] [stderr] 104 |     fn perform(&self, x: f64, y: f64) -> f64 {
[INFO] [stderr]     |        ^^^^^^^
[INFO] [stderr] 
[INFO] [stderr] warning: methods `typ` and `to_string` are never used
[INFO] [stderr]    --> src/lib.rs:138:8
[INFO] [stderr]     |
[INFO] [stderr] 137 | impl Token {
[INFO] [stderr]     | ---------- methods in this implementation
[INFO] [stderr] 138 |     fn typ(&self) -> &'static str {
[INFO] [stderr]     |        ^^^
[INFO] [stderr] ...
[INFO] [stderr] 149 |     fn to_string(&self) -> String {
[INFO] [stderr]     |        ^^^^^^^^^
[INFO] [stderr] 
[INFO] [stderr] warning: hiding a lifetime that's elided elsewhere is confusing
[INFO] [stderr]    --> src/lib.rs:268:17
[INFO] [stderr]     |
[INFO] [stderr] 268 |     fn new(src: &str) -> Tokenizer {
[INFO] [stderr]     |                 ^^^^     ^^^^^^^^^ the same lifetime is hidden here
[INFO] [stderr]     |                 |
[INFO] [stderr]     |                 the lifetime is elided here
[INFO] [stderr]     |
[INFO] [stderr]     = help: the same lifetime is referred to in inconsistent ways, making the signature confusing
[INFO] [stderr]     = note: `#[warn(mismatched_lifetime_syntaxes)]` on by default
[INFO] [stderr] help: use `'_` for type paths
[INFO] [stderr]     |
[INFO] [stderr] 268 |     fn new(src: &str) -> Tokenizer<'_> {
[INFO] [stderr]     |                                   ++++
[INFO] [stderr] 
[INFO] [stderr] warning: `moo-math` (lib) generated 5 warnings (run `cargo fix --lib -p moo-math` to apply 1 suggestion)
[INFO] [stderr] warning: unused import: `Duration`
[INFO] [stderr]    --> src/lib.rs:635:25
[INFO] [stderr]     |
[INFO] [stderr] 635 |         use std::time::{Duration, SystemTime};
[INFO] [stderr]     |                         ^^^^^^^^
[INFO] [stderr]     |
[INFO] [stderr]     = note: `#[warn(unused_imports)]` (part of `#[warn(unused)]`) on by default
[INFO] [stderr] 
[INFO] [stderr] warning: method `runge_kutta` is never used
[INFO] [stderr]   --> src/lib.rs:67:8
[INFO] [stderr]    |
[INFO] [stderr] 63 | impl Program {
[INFO] [stderr]    | ------------ method in this implementation
[INFO] [stderr] ...
[INFO] [stderr] 67 |     fn runge_kutta(&self, x0: f64, y0: f64, step: f64) -> (f64, f64) {
[INFO] [stderr]    |        ^^^^^^^^^^^
[INFO] [stderr]    |
[INFO] [stderr]    = note: `#[warn(dead_code)]` (part of `#[warn(unused)]`) on by default
[INFO] [stderr] 
[INFO] [stderr] warning: method `typ` is never used
[INFO] [stderr]   --> src/lib.rs:77:8
[INFO] [stderr]    |
[INFO] [stderr] 76 | impl Primitive {
[INFO] [stderr]    | -------------- method in this implementation
[INFO] [stderr] 77 |     fn typ(&self) -> &'static str {
[INFO] [stderr]    |        ^^^
[INFO] [stderr] 
[INFO] [stderr] warning: `moo-math` (lib test) generated 4 warnings (1 duplicate) (run `cargo fix --lib -p moo-math --tests` to apply 1 suggestion)
[INFO] [stderr]     Finished `release` profile [optimized] target(s) in 0.13s
[INFO] [stderr]      Running unittests src/lib.rs (/opt/rustwide/target/release/build/moo-math/aedd5e01a3093c35/out/moo_math-aedd5e01a3093c35)
[INFO] [stdout] 
[INFO] [stdout] running 13 tests
[INFO] [stdout] test identifier_tests::ident_number ... ok
[INFO] [stdout] test identifier_tests::ident_cow ... ok
[INFO] [stdout] test identifier_tests::ident_underscore ... ok
[INFO] [stdout] test identifier_tests::ident_x ... ok
[INFO] [stdout] test numeric_tests::number_float ... ok
[INFO] [stdout] test numeric_tests::number_unexpected_err ... ok
[INFO] [stdout] test numeric_tests::number_zero_integer ... ok
[INFO] [stdout] test parse_tests::parse_1 ... ok
[INFO] [stdout] test expr_tests::expr_2 ... FAILED
[INFO] [stdout] test expr_tests::expr_1 ... ok
[INFO] [stdout] test numeric_tests::number_integer ... ok
[INFO] [stdout] test numeric_tests::number_underscore ... ok
[INFO] [stdout] test numeric_tests::number_zero_float ... ok
[INFO] [stdout] 
[INFO] [stdout] failures:
[INFO] [stdout] 
[INFO] [stdout] ---- expr_tests::expr_2 stdout ----
[INFO] [stdout] 
[INFO] [stdout] thread 'expr_tests::expr_2' (689) panicked at src/lib.rs:621:9:
[INFO] [stdout] assertion `left == right` failed
[INFO] [stdout]   left: "LParent"
[INFO] [stdout]  right: "Parenthesis"
[INFO] [stdout] stack backtrace:
[INFO] [stdout]    0:     0x5f0c61010f61 - <<std[617be2ca0a6fd877]::sys::backtrace::BacktraceLock>::print::DisplayBacktrace as core[a373ad73a504971]::fmt::Display>::fmt
[INFO] [stdout]    1:     0x5f0c6102597a - core[a373ad73a504971]::fmt::write
[INFO] [stdout]    2:     0x5f0c6101517c - <alloc[2e1b2a31b91974c5]::vec::Vec<u8> as core[a373ad73a504971]::io::write::Write>::write_fmt
[INFO] [stdout]    3:     0x5f0c60fed366 - std[617be2ca0a6fd877]::panicking::default_hook::{closure#0}
[INFO] [stdout]    4:     0x5f0c610095f9 - std[617be2ca0a6fd877]::panicking::default_hook
[INFO] [stdout]    5:     0x5f0c60fa5c40 - test[aada8e7e76ba119b]::test_main_inner::{closure#0}
[INFO] [stdout]    6:     0x5f0c610097b2 - std[617be2ca0a6fd877]::panicking::panic_with_hook
[INFO] [stdout]    7:     0x5f0c60fed412 - std[617be2ca0a6fd877]::panicking::panic_handler::{closure#0}
[INFO] [stdout]    8:     0x5f0c60fe6129 - std[617be2ca0a6fd877]::sys::backtrace::__rust_end_short_backtrace::<std[617be2ca0a6fd877]::panicking::panic_handler::{closure#0}, !>
[INFO] [stdout]    9:     0x5f0c60fee01d - __rustc[ea4f61d10b84890b]::rust_begin_unwind
[INFO] [stdout]   10:     0x5f0c610260ac - core[a373ad73a504971]::panicking::panic_fmt
[INFO] [stdout]   11:     0x5f0c61025fc3 - core[a373ad73a504971]::panicking::assert_failed_inner
[INFO] [stdout]   12:     0x5f0c60f9664b - core[a373ad73a504971]::panicking::assert_failed::<&str, &str>
[INFO] [stdout]   13:     0x5f0c60f98750 - <moo_math[d2a498a7e5e09422]::expr_tests::expr_2::{closure#0} as core[a373ad73a504971]::ops::function::FnOnce<()>>::call_once
[INFO] [stdout]   14:     0x5f0c60f9908b - test[aada8e7e76ba119b]::__rust_begin_short_backtrace::<core[a373ad73a504971]::result::Result<(), alloc[2e1b2a31b91974c5]::string::String>, fn() -> core[a373ad73a504971]::result::Result<(), alloc[2e1b2a31b91974c5]::string::String>>
[INFO] [stdout]   15:     0x5f0c60fa6265 - test[aada8e7e76ba119b]::run_test::{closure#0}
[INFO] [stdout]   16:     0x5f0c60f9fb54 - std[617be2ca0a6fd877]::sys::backtrace::__rust_begin_short_backtrace::<test[aada8e7e76ba119b]::run_test::{closure#1}, ()>
[INFO] [stdout]   17:     0x5f0c60fa92f2 - <std[617be2ca0a6fd877]::thread::lifecycle::spawn_unchecked<test[aada8e7e76ba119b]::run_test::{closure#1}, ()>::{closure#1} as core[a373ad73a504971]::ops::function::FnOnce<()>>::call_once::{shim:vtable#0}
[INFO] [stdout]   18:     0x5f0c610107bf - <std[617be2ca0a6fd877]::sys::thread::unix::Thread>::new::thread_start
[INFO] [stdout]   19:     0x7096ebca9dfa - <unknown>
[INFO] [stdout]   20:     0x7096ebd3d3d4 - clone
[INFO] [stdout]   21:                0x0 - <unknown>
[INFO] [stdout] 
[INFO] [stdout] 
[INFO] [stdout] failures:
[INFO] [stdout]     expr_tests::expr_2
[INFO] [stdout] 
[INFO] [stdout] test result: FAILED. 12 passed; 1 failed; 0 ignored; 0 measured; 0 filtered out; finished in 0.00s
[INFO] [stdout] 
[INFO] [stderr] error: test failed, to rerun pass `--lib`
[INFO] running `Command { std: "docker" "inspect" "79036d3f99d24c5ed2b5c40e7a27651cb06a65b4d8498e46f067e27be6309df8", kill_on_drop: false }`
[INFO] running `Command { std: "docker" "rm" "-f" "79036d3f99d24c5ed2b5c40e7a27651cb06a65b4d8498e46f067e27be6309df8", kill_on_drop: false }`
[INFO] [stdout] 79036d3f99d24c5ed2b5c40e7a27651cb06a65b4d8498e46f067e27be6309df8
