[INFO] fetching crate montagent-text 0.3.0...
[INFO] testing montagent-text-0.3.0 against 1.99.0-beta.8+cargoflags=--release for beta-release-1.100-2
[INFO] extracting crate montagent-text 0.3.0 into /workspace/builds/worker-6-tc1/source
[INFO] started tweaking crates.io crate montagent-text 0.3.0
[INFO] removed 0 missing tests
[INFO] finished tweaking crates.io crate montagent-text 0.3.0
[INFO] tweaked toml for crates.io crate montagent-text 0.3.0 written to /workspace/builds/worker-6-tc1/source/Cargo.toml
[INFO] validating manifest of crates.io crate montagent-text 0.3.0 on toolchain 1.99.0-beta.8
[INFO] running `Command { std: CARGO_HOME="/workspace/cargo-home" RUSTUP_HOME="/workspace/rustup-home" "/workspace/cargo-home/bin/cargo" "+1.99.0-beta.8" "metadata" "--manifest-path" "Cargo.toml" "--no-deps", kill_on_drop: false }`
[INFO] crate crates.io crate montagent-text 0.3.0 already has a lockfile, it will not be regenerated
[INFO] running `Command { std: CARGO_HOME="/workspace/cargo-home" RUSTUP_HOME="/workspace/rustup-home" "/workspace/cargo-home/bin/cargo" "+1.99.0-beta.8" "fetch" "--manifest-path" "Cargo.toml", kill_on_drop: false }`
[INFO] [stderr]     Updating crates.io index
[INFO] [stderr]  Downloading crates ...
[INFO] [stderr]   Downloaded font-types v0.12.5
[INFO] [stderr]   Downloaded parlance v0.1.0
[INFO] [stderr]   Downloaded parley_data v0.11.1
[INFO] [stderr]   Downloaded fontique v0.11.1
[INFO] [stderr]   Downloaded parley v0.11.1
[INFO] [stderr]   Downloaded skrifa v0.44.0
[INFO] [stderr]   Downloaded harfrust v0.12.0
[INFO] [stderr]   Downloaded skrifa v0.46.2
[INFO] [stderr]   Downloaded read-fonts v0.43.3
[INFO] [stderr]   Downloaded read-fonts v0.41.0
[INFO] running `Command { std: "docker" "create" "-v" "/var/lib/crater-agent-workspace/builds/worker-6-tc1/source:/opt/rustwide/workdir:ro,Z" "-v" "/var/lib/crater-agent-workspace/builds/worker-6-tc1/target:/opt/rustwide/target:rw,Z" "-v" "/var/lib/crater-agent-workspace/cargo-home:/opt/rustwide/cargo-home:ro,Z" "-v" "/var/lib/crater-agent-workspace/rustup-home:/opt/rustwide/rustup-home:ro,Z" "-m" "1610612736" "--network" "none" "ghcr.io/rust-lang/crates-build-env/linux@sha256:77db811e55d90add9212f6832c23229e3de5f1c1f9905e8cb07319ea15df73ac" "sleep" "infinity", kill_on_drop: false }`
[INFO] [stdout] 053e5606d57498b532ac07309065f151a7f712b5db33c42b9cd33ed239565280
[INFO] running `Command { std: "docker" "start" "053e5606d57498b532ac07309065f151a7f712b5db33c42b9cd33ed239565280", kill_on_drop: false }`
[INFO] running `Command { std: "docker" "inspect" "053e5606d57498b532ac07309065f151a7f712b5db33c42b9cd33ed239565280", kill_on_drop: false }`
[INFO] running `Command { std: "docker" "exec" "-e" "SOURCE_DIR=/opt/rustwide/workdir" "-e" "CARGO_HOME=/opt/rustwide/cargo-home" "-e" "RUSTUP_HOME=/opt/rustwide/rustup-home" "-e" "CARGO_TARGET_DIR=/opt/rustwide/target" "-w" "/opt/rustwide/workdir" "--user" "0:0" "053e5606d57498b532ac07309065f151a7f712b5db33c42b9cd33ed239565280" "/opt/rustwide/cargo-home/bin/cargo" "+1.99.0-beta.8" "metadata" "--no-deps" "--format-version=1", kill_on_drop: false }`
[INFO] running `Command { std: "docker" "inspect" "053e5606d57498b532ac07309065f151a7f712b5db33c42b9cd33ed239565280", kill_on_drop: false }`
[INFO] running `Command { std: "docker" "exec" "-e" "SOURCE_DIR=/opt/rustwide/workdir" "-e" "CARGO_HOME=/opt/rustwide/cargo-home" "-e" "RUSTUP_HOME=/opt/rustwide/rustup-home" "-e" "CARGO_TARGET_DIR=/opt/rustwide/target" "-e" "CARGO_INCREMENTAL=0" "-e" "RUST_BACKTRACE=full" "-e" "RUSTFLAGS=--cap-lints=warn" "-e" "RUSTDOCFLAGS=--cap-lints=warn" "-w" "/opt/rustwide/workdir" "--user" "0:0" "053e5606d57498b532ac07309065f151a7f712b5db33c42b9cd33ed239565280" "/opt/rustwide/cargo-home/bin/cargo" "+1.99.0-beta.8" "build" "--frozen" "--message-format=json" "--release", kill_on_drop: false }`
[INFO] [stderr]    Compiling stable_deref_trait v1.2.1
[INFO] [stderr]    Compiling writeable v0.6.4
[INFO] [stderr]    Compiling litemap v0.8.3
[INFO] [stderr]    Compiling once_cell v1.21.4
[INFO] [stderr]    Compiling smallvec v1.16.1
[INFO] [stderr]    Compiling icu_properties_data v2.3.0
[INFO] [stderr]    Compiling icu_locale_fallback_data v2.3.0
[INFO] [stderr]    Compiling icu_normalizer_data v2.3.0
[INFO] [stderr]    Compiling icu_segmenter_data v2.3.0
[INFO] [stderr]    Compiling linebender_resource_handle v0.1.1
[INFO] [stderr]    Compiling hashbrown v0.17.1
[INFO] [stderr]    Compiling parlance v0.1.0
[INFO] [stderr]    Compiling bitflags v2.13.2
[INFO] [stderr]    Compiling syn v3.0.6
[INFO] [stderr]    Compiling memmap2 v0.9.11
[INFO] [stderr]    Compiling unicode-segmentation v1.13.3
[INFO] [stderr]    Compiling synstructure v0.14.0
[INFO] [stderr]    Compiling zerovec-derive v0.11.6
[INFO] [stderr]    Compiling displaydoc v0.2.7
[INFO] [stderr]    Compiling bytemuck_derive v1.12.1
[INFO] [stderr]    Compiling serde_derive v1.0.229
[INFO] [stderr]    Compiling zerofrom-derive v0.1.8
[INFO] [stderr]    Compiling yoke-derive v0.8.4
[INFO] [stderr]    Compiling zerofrom v0.1.8
[INFO] [stderr]    Compiling yoke v0.8.3
[INFO] [stderr]    Compiling bytemuck v1.25.2
[INFO] [stderr]    Compiling zerotrie v0.2.5
[INFO] [stderr]    Compiling font-types v0.12.5
[INFO] [stderr]    Compiling zerovec v0.11.8
[INFO] [stderr]    Compiling read-fonts v0.41.0
[INFO] [stderr]    Compiling read-fonts v0.43.3
[INFO] [stderr]    Compiling tinystr v0.8.4
[INFO] [stderr]    Compiling potential_utf v0.1.6
[INFO] [stderr]    Compiling icu_locale_core v2.3.0
[INFO] [stderr]    Compiling icu_collections v2.3.0
[INFO] [stderr]    Compiling serde v1.0.229
[INFO] [stderr]    Compiling icu_provider v2.3.1
[INFO] [stderr]    Compiling icu_locale_fallback v2.3.0
[INFO] [stderr]    Compiling icu_properties v2.3.0
[INFO] [stderr]    Compiling icu_normalizer v2.3.0
[INFO] [stderr]    Compiling icu_segmenter v2.3.0
[INFO] [stderr]    Compiling parley_data v0.11.1
[INFO] [stderr]    Compiling fontique v0.11.1
[INFO] [stderr]    Compiling skrifa v0.44.0
[INFO] [stderr]    Compiling harfrust v0.12.0
[INFO] [stderr]    Compiling skrifa v0.46.2
[INFO] [stderr]    Compiling parley v0.11.1
[INFO] [stderr]    Compiling montagent-text v0.3.0 (/opt/rustwide/workdir)
[INFO] [stderr]     Finished `release` profile [optimized] target(s) in 1m 20s
[INFO] running `Command { std: "docker" "inspect" "053e5606d57498b532ac07309065f151a7f712b5db33c42b9cd33ed239565280", kill_on_drop: false }`
[INFO] running `Command { std: "docker" "exec" "-e" "SOURCE_DIR=/opt/rustwide/workdir" "-e" "CARGO_HOME=/opt/rustwide/cargo-home" "-e" "RUSTUP_HOME=/opt/rustwide/rustup-home" "-e" "CARGO_TARGET_DIR=/opt/rustwide/target" "-e" "CARGO_INCREMENTAL=0" "-e" "RUST_BACKTRACE=full" "-e" "RUSTFLAGS=--cap-lints=warn" "-e" "RUSTDOCFLAGS=--cap-lints=warn" "-w" "/opt/rustwide/workdir" "--user" "0:0" "053e5606d57498b532ac07309065f151a7f712b5db33c42b9cd33ed239565280" "/opt/rustwide/cargo-home/bin/cargo" "+1.99.0-beta.8" "test" "--frozen" "--no-run" "--message-format=json" "--release", kill_on_drop: false }`
[INFO] [stderr]    Compiling serde_core v1.0.229
[INFO] [stderr]    Compiling winnow v1.0.4
[INFO] [stderr]    Compiling winnow v0.7.15
[INFO] [stderr]    Compiling toml_writer v1.1.2+spec-1.1.0
[INFO] [stderr]    Compiling toml_parser v1.1.3+spec-1.1.0
[INFO] [stderr]    Compiling serde v1.0.229
[INFO] [stderr]    Compiling toml_datetime v0.7.5+spec-1.1.0
[INFO] [stderr]    Compiling serde_spanned v1.1.1
[INFO] [stderr]    Compiling toml v0.9.12+spec-1.1.0
[INFO] [stderr]    Compiling montagent-text v0.3.0 (/opt/rustwide/workdir)
[INFO] [stderr]     Finished `release` profile [optimized] target(s) in 20.28s
[INFO] running `Command { std: "docker" "inspect" "053e5606d57498b532ac07309065f151a7f712b5db33c42b9cd33ed239565280", kill_on_drop: false }`
[INFO] running `Command { std: "docker" "exec" "-e" "SOURCE_DIR=/opt/rustwide/workdir" "-e" "CARGO_HOME=/opt/rustwide/cargo-home" "-e" "RUSTUP_HOME=/opt/rustwide/rustup-home" "-e" "CARGO_TARGET_DIR=/opt/rustwide/target" "-e" "CARGO_INCREMENTAL=0" "-e" "RUST_BACKTRACE=full" "-e" "RUSTFLAGS=--cap-lints=warn" "-e" "RUSTDOCFLAGS=--cap-lints=warn" "-w" "/opt/rustwide/workdir" "--user" "0:0" "053e5606d57498b532ac07309065f151a7f712b5db33c42b9cd33ed239565280" "/opt/rustwide/cargo-home/bin/cargo" "+1.99.0-beta.8" "test" "--frozen" "--release", kill_on_drop: false }`
[INFO] [stderr]     Finished `release` profile [optimized] target(s) in 0.11s
[INFO] [stderr]      Running unittests src/lib.rs (/opt/rustwide/target/release/deps/montagent_text-314ebc2c5b4bcc40)
[INFO] [stdout] 
[INFO] [stdout] running 12 tests
[INFO] [stdout] test ink::tests::the_alignment_offset_moves_a_line_into_the_shared_frame ... ok
[INFO] [stdout] test ink::tests::the_stroke_is_dilated_into_the_boxes ... ok
[INFO] [stdout] test ink::tests::clearance_reads_as_a_negative_overlap ... ok
[INFO] [stdout] test ink::tests::the_worst_sharing_pair_is_the_one_reported ... ok
[INFO] [stdout] test spacing::tests::zero_spacing_takes_no_gap ... ok
[INFO] [stdout] test place::tests::the_widest_line_starts_at_the_block_edge_whatever_the_alignment ... ok
[INFO] [stdout] test spacing::tests::a_line_of_one_grapheme_takes_no_gap ... ok
[INFO] [stdout] test place::tests::start_and_end_swap_under_a_right_to_left_base_direction ... ok
[INFO] [stderr]      Running tests/face_from_bytes.rs (/opt/rustwide/target/release/deps/face_from_bytes-ddf52821622acf8a)
[INFO] [stdout] test spacing::tests::arabic_is_a_joining_script_and_latin_is_not ... ok
[INFO] [stdout] test ink::tests::glyphs_that_share_no_horizontal_space_have_no_seam_at_all ... ok
[INFO] [stdout] test ink::tests::a_seam_is_positive_exactly_when_ink_that_shares_x_overlaps ... ok
[INFO] [stdout] test ink::tests::boxes_that_abut_exactly_do_not_share_space ... ok
[INFO] [stdout] 
[INFO] [stdout] test result: ok. 12 passed; 0 failed; 0 ignored; 0 measured; 0 filtered out; finished in 0.01s
[INFO] [stdout] 
[INFO] [stdout] 
[INFO] [stdout] running 7 tests
[INFO] [stdout] test bytes_that_are_not_a_font_are_refused_without_naming_a_path ... ok
[INFO] [stdout] test metrics_of_bytes_that_are_not_a_font_are_refused ... ok
[INFO] [stdout] test a_face_from_bytes_opens_no_file ... FAILED
[INFO] [stdout] test a_face_from_bytes_measures_as_the_same_face_from_its_file ... FAILED
[INFO] [stdout] test a_character_the_face_does_not_map_advances_by_its_replacement_glyph ... FAILED
[INFO] [stdout] test a_face_from_bytes_is_one_key_like_any_other ... FAILED
[INFO] [stdout] test face_metrics_are_the_files_own_integers ... FAILED
[INFO] [stderr] error: test failed, to rerun pass `--test face_from_bytes`
[INFO] [stdout] 
[INFO] [stdout] failures:
[INFO] [stdout] 
[INFO] [stdout] ---- a_face_from_bytes_opens_no_file stdout ----
[INFO] [stdout] 
[INFO] [stdout] thread 'a_face_from_bytes_opens_no_file' (1533) panicked at tests/face_from_bytes.rs:25:45:
[INFO] [stdout] reading "/opt/fixtures/en-halloween-decorating/fonts/OpenRunde-Bold.otf": No such file or directory (os error 2)
[INFO] [stdout] stack backtrace:
[INFO] [stdout]    0:     0x654cabd84241 - <<std[70759c8f55707aa4]::sys::backtrace::BacktraceLock>::print::DisplayBacktrace as core[df12db4294e9bfd3]::fmt::Display>::fmt
[INFO] [stdout]    1:     0x654cabd990fa - core[df12db4294e9bfd3]::fmt::write
[INFO] [stdout]    2:     0x654cabd886fc - <alloc[2182bb758b4b3781]::vec::Vec<u8> as core[df12db4294e9bfd3]::io::write::Write>::write_fmt
[INFO] [stdout]    3:     0x654cabd60056 - std[70759c8f55707aa4]::panicking::default_hook::{closure#0}
[INFO] [stdout]    4:     0x654cabd7c5d9 - std[70759c8f55707aa4]::panicking::default_hook
[INFO] [stdout]    5:     0x654cabbbc530 - test[9d35eded1c95d3be]::test_main_inner::<test[9d35eded1c95d3be]::test_main_static::{closure#0}>::{closure#0}
[INFO] [stdout]    6:     0x654cabd7c792 - std[70759c8f55707aa4]::panicking::panic_with_hook
[INFO] [stdout]    7:     0x654cabd60102 - std[70759c8f55707aa4]::panicking::panic_handler::{closure#0}
[INFO] [stdout]    8:     0x654cabd58cf9 - std[70759c8f55707aa4]::sys::backtrace::__rust_end_short_backtrace::<std[70759c8f55707aa4]::panicking::panic_handler::{closure#0}, !>
[INFO] [stdout]    9:     0x654cabd60cfd - __rustc[8fa7c3cbc660c2b3]::rust_begin_unwind
[INFO] [stdout]   10:     0x654cabd9982c - core[df12db4294e9bfd3]::panicking::panic_fmt
[INFO] [stdout]   11:     0x654cabbae07a - face_from_bytes[bd48a62e7f7a50f4]::read::{closure#0}
[INFO] [stdout]   12:     0x654cabbae34b - face_from_bytes[bd48a62e7f7a50f4]::read
[INFO] [stdout]   13:     0x654cabbae717 - <face_from_bytes[bd48a62e7f7a50f4]::a_face_from_bytes_opens_no_file::{closure#0} as core[df12db4294e9bfd3]::ops::function::FnOnce<()>>::call_once
[INFO] [stdout]   14:     0x654cabbaf81b - test[9d35eded1c95d3be]::__rust_begin_short_backtrace::<core[df12db4294e9bfd3]::result::Result<(), alloc[2182bb758b4b3781]::string::String>, fn() -> core[df12db4294e9bfd3]::result::Result<(), alloc[2182bb758b4b3781]::string::String>>
[INFO] [stdout]   15:     0x654cabbbce85 - test[9d35eded1c95d3be]::run_test::{closure#0}
[INFO] [stdout]   16:     0x654cabbb6744 - std[70759c8f55707aa4]::sys::backtrace::__rust_begin_short_backtrace::<test[9d35eded1c95d3be]::run_test::{closure#1}, ()>
[INFO] [stdout]   17:     0x654cabbbffe2 - <std[70759c8f55707aa4]::thread::lifecycle::spawn_unchecked<test[9d35eded1c95d3be]::run_test::{closure#1}, ()>::{closure#1} as core[df12db4294e9bfd3]::ops::function::FnOnce<()>>::call_once::{shim:vtable#0}
[INFO] [stdout]   18:     0x654cabd837f9 - <std[70759c8f55707aa4]::sys::thread::unix::Thread>::new::thread_start
[INFO] [stdout]   19:     0x73fea6e29dfa - <unknown>
[INFO] [stdout]   20:     0x73fea6ebd3d4 - clone
[INFO] [stdout]   21:                0x0 - <unknown>
[INFO] [stdout] 
[INFO] [stdout] ---- a_face_from_bytes_measures_as_the_same_face_from_its_file stdout ----
[INFO] [stdout] 
[INFO] [stdout] thread 'a_face_from_bytes_measures_as_the_same_face_from_its_file' (1532) panicked at tests/face_from_bytes.rs:66:10:
[INFO] [stdout] called `Result::unwrap()` on an `Err` value: FontError { path: Some("/opt/fixtures/en-halloween-decorating/fonts/OpenRunde-Bold.otf"), reason: "No such file or directory (os error 2)" }
[INFO] [stdout] stack backtrace:
[INFO] [stdout]    0:     0x654cabd84241 - <<std[70759c8f55707aa4]::sys::backtrace::BacktraceLock>::print::DisplayBacktrace as core[df12db4294e9bfd3]::fmt::Display>::fmt
[INFO] [stdout]    1:     0x654cabd990fa - core[df12db4294e9bfd3]::fmt::write
[INFO] [stdout]    2:     0x654cabd886fc - <alloc[2182bb758b4b3781]::vec::Vec<u8> as core[df12db4294e9bfd3]::io::write::Write>::write_fmt
[INFO] [stdout]    3:     0x654cabd60056 - std[70759c8f55707aa4]::panicking::default_hook::{closure#0}
[INFO] [stdout]    4:     0x654cabd7c5d9 - std[70759c8f55707aa4]::panicking::default_hook
[INFO] [stdout]    5:     0x654cabbbc530 - test[9d35eded1c95d3be]::test_main_inner::<test[9d35eded1c95d3be]::test_main_static::{closure#0}>::{closure#0}
[INFO] [stdout]    6:     0x654cabd7c792 - std[70759c8f55707aa4]::panicking::panic_with_hook
[INFO] [stdout]    7:     0x654cabd60102 - std[70759c8f55707aa4]::panicking::panic_handler::{closure#0}
[INFO] [stdout]    8:     0x654cabd58cf9 - std[70759c8f55707aa4]::sys::backtrace::__rust_end_short_backtrace::<std[70759c8f55707aa4]::panicking::panic_handler::{closure#0}, !>
[INFO] [stdout]    9:     0x654cabd60cfd - __rustc[8fa7c3cbc660c2b3]::rust_begin_unwind
[INFO] [stdout]   10:     0x654cabd9982c - core[df12db4294e9bfd3]::panicking::panic_fmt
[INFO] [stdout]   11:     0x654cabd99602 - core[df12db4294e9bfd3]::result::unwrap_failed
[INFO] [stdout]   12:     0x654cabbaeff2 - <face_from_bytes[bd48a62e7f7a50f4]::a_face_from_bytes_measures_as_the_same_face_from_its_file::{closure#0} as core[df12db4294e9bfd3]::ops::function::FnOnce<()>>::call_once
[INFO] [stdout]   13:     0x654cabbaf81b - test[9d35eded1c95d3be]::__rust_begin_short_backtrace::<core[df12db4294e9bfd3]::result::Result<(), alloc[2182bb758b4b3781]::string::String>, fn() -> core[df12db4294e9bfd3]::result::Result<(), alloc[2182bb758b4b3781]::string::String>>
[INFO] [stdout]   14:     0x654cabbbce85 - test[9d35eded1c95d3be]::run_test::{closure#0}
[INFO] [stdout]   15:     0x654cabbb6744 - std[70759c8f55707aa4]::sys::backtrace::__rust_begin_short_backtrace::<test[9d35eded1c95d3be]::run_test::{closure#1}, ()>
[INFO] [stdout]   16:     0x654cabbbffe2 - <std[70759c8f55707aa4]::thread::lifecycle::spawn_unchecked<test[9d35eded1c95d3be]::run_test::{closure#1}, ()>::{closure#1} as core[df12db4294e9bfd3]::ops::function::FnOnce<()>>::call_once::{shim:vtable#0}
[INFO] [stdout]   17:     0x654cabd837f9 - <std[70759c8f55707aa4]::sys::thread::unix::Thread>::new::thread_start
[INFO] [stdout]   18:     0x73fea6e29dfa - <unknown>
[INFO] [stdout]   19:     0x73fea6ebd3d4 - clone
[INFO] [stdout]   20:                0x0 - <unknown>
[INFO] [stdout] 
[INFO] [stdout] ---- a_character_the_face_does_not_map_advances_by_its_replacement_glyph stdout ----
[INFO] [stdout] 
[INFO] [stdout] thread 'a_character_the_face_does_not_map_advances_by_its_replacement_glyph' (1530) panicked at tests/face_from_bytes.rs:25:45:
[INFO] [stdout] reading "/opt/fixtures/en-halloween-decorating/fonts/OpenRunde-Bold.otf": No such file or directory (os error 2)
[INFO] [stdout] stack backtrace:
[INFO] [stdout]    0:     0x654cabd84241 - <<std[70759c8f55707aa4]::sys::backtrace::BacktraceLock>::print::DisplayBacktrace as core[df12db4294e9bfd3]::fmt::Display>::fmt
[INFO] [stdout]    1:     0x654cabd990fa - core[df12db4294e9bfd3]::fmt::write
[INFO] [stdout]    2:     0x654cabd886fc - <alloc[2182bb758b4b3781]::vec::Vec<u8> as core[df12db4294e9bfd3]::io::write::Write>::write_fmt
[INFO] [stdout]    3:     0x654cabd60056 - std[70759c8f55707aa4]::panicking::default_hook::{closure#0}
[INFO] [stdout]    4:     0x654cabd7c5d9 - std[70759c8f55707aa4]::panicking::default_hook
[INFO] [stdout]    5:     0x654cabbbc530 - test[9d35eded1c95d3be]::test_main_inner::<test[9d35eded1c95d3be]::test_main_static::{closure#0}>::{closure#0}
[INFO] [stdout]    6:     0x654cabd7c792 - std[70759c8f55707aa4]::panicking::panic_with_hook
[INFO] [stdout]    7:     0x654cabd60102 - std[70759c8f55707aa4]::panicking::panic_handler::{closure#0}
[INFO] [stdout]    8:     0x654cabd58cf9 - std[70759c8f55707aa4]::sys::backtrace::__rust_end_short_backtrace::<std[70759c8f55707aa4]::panicking::panic_handler::{closure#0}, !>
[INFO] [stdout]    9:     0x654cabd60cfd - __rustc[8fa7c3cbc660c2b3]::rust_begin_unwind
[INFO] [stdout]   10:     0x654cabd9982c - core[df12db4294e9bfd3]::panicking::panic_fmt
[INFO] [stdout]   11:     0x654cabbae07a - face_from_bytes[bd48a62e7f7a50f4]::read::{closure#0}
[INFO] [stdout]   12:     0x654cabbae34b - face_from_bytes[bd48a62e7f7a50f4]::read
[INFO] [stdout]   13:     0x654cabbaf689 - <face_from_bytes[bd48a62e7f7a50f4]::a_character_the_face_does_not_map_advances_by_its_replacement_glyph::{closure#0} as core[df12db4294e9bfd3]::ops::function::FnOnce<()>>::call_once
[INFO] [stdout]   14:     0x654cabbaf81b - test[9d35eded1c95d3be]::__rust_begin_short_backtrace::<core[df12db4294e9bfd3]::result::Result<(), alloc[2182bb758b4b3781]::string::String>, fn() -> core[df12db4294e9bfd3]::result::Result<(), alloc[2182bb758b4b3781]::string::String>>
[INFO] [stdout]   15:     0x654cabbbce85 - test[9d35eded1c95d3be]::run_test::{closure#0}
[INFO] [stdout]   16:     0x654cabbb6744 - std[70759c8f55707aa4]::sys::backtrace::__rust_begin_short_backtrace::<test[9d35eded1c95d3be]::run_test::{closure#1}, ()>
[INFO] [stdout]   17:     0x654cabbbffe2 - <std[70759c8f55707aa4]::thread::lifecycle::spawn_unchecked<test[9d35eded1c95d3be]::run_test::{closure#1}, ()>::{closure#1} as core[df12db4294e9bfd3]::ops::function::FnOnce<()>>::call_once::{shim:vtable#0}
[INFO] [stdout]   18:     0x654cabd837f9 - <std[70759c8f55707aa4]::sys::thread::unix::Thread>::new::thread_start
[INFO] [stdout]   19:     0x73fea6e29dfa - <unknown>
[INFO] [stdout]   20:     0x73fea6ebd3d4 - clone
[INFO] [stdout]   21:                0x0 - <unknown>
[INFO] [stdout] 
[INFO] [stdout] ---- a_face_from_bytes_is_one_key_like_any_other stdout ----
[INFO] [stdout] 
[INFO] [stdout] thread 'a_face_from_bytes_is_one_key_like_any_other' (1531) panicked at tests/face_from_bytes.rs:25:45:
[INFO] [stdout] reading "/opt/fixtures/en-halloween-decorating/fonts/OpenRunde-Bold.otf": No such file or directory (os error 2)
[INFO] [stdout] stack backtrace:
[INFO] [stdout]    0:     0x654cabd84241 - <<std[70759c8f55707aa4]::sys::backtrace::BacktraceLock>::print::DisplayBacktrace as core[df12db4294e9bfd3]::fmt::Display>::fmt
[INFO] [stdout]    1:     0x654cabd990fa - core[df12db4294e9bfd3]::fmt::write
[INFO] [stdout]    2:     0x654cabd886fc - <alloc[2182bb758b4b3781]::vec::Vec<u8> as core[df12db4294e9bfd3]::io::write::Write>::write_fmt
[INFO] [stdout]    3:     0x654cabd60056 - std[70759c8f55707aa4]::panicking::default_hook::{closure#0}
[INFO] [stdout]    4:     0x654cabd7c5d9 - std[70759c8f55707aa4]::panicking::default_hook
[INFO] [stdout]    5:     0x654cabbbc530 - test[9d35eded1c95d3be]::test_main_inner::<test[9d35eded1c95d3be]::test_main_static::{closure#0}>::{closure#0}
[INFO] [stdout]    6:     0x654cabd7c792 - std[70759c8f55707aa4]::panicking::panic_with_hook
[INFO] [stdout]    7:     0x654cabd60102 - std[70759c8f55707aa4]::panicking::panic_handler::{closure#0}
[INFO] [stdout]    8:     0x654cabd58cf9 - std[70759c8f55707aa4]::sys::backtrace::__rust_end_short_backtrace::<std[70759c8f55707aa4]::panicking::panic_handler::{closure#0}, !>
[INFO] [stdout]    9:     0x654cabd60cfd - __rustc[8fa7c3cbc660c2b3]::rust_begin_unwind
[INFO] [stdout]   10:     0x654cabd9982c - core[df12db4294e9bfd3]::panicking::panic_fmt
[INFO] [stdout]   11:     0x654cabbae07a - face_from_bytes[bd48a62e7f7a50f4]::read::{closure#0}
[INFO] [stdout]   12:     0x654cabbae34b - face_from_bytes[bd48a62e7f7a50f4]::read
[INFO] [stdout]   13:     0x654cabbaeb05 - <face_from_bytes[bd48a62e7f7a50f4]::a_face_from_bytes_is_one_key_like_any_other::{closure#0} as core[df12db4294e9bfd3]::ops::function::FnOnce<()>>::call_once
[INFO] [stdout]   14:     0x654cabbaf81b - test[9d35eded1c95d3be]::__rust_begin_short_backtrace::<core[df12db4294e9bfd3]::result::Result<(), alloc[2182bb758b4b3781]::string::String>, fn() -> core[df12db4294e9bfd3]::result::Result<(), alloc[2182bb758b4b3781]::string::String>>
[INFO] [stdout]   15:     0x654cabbbce85 - test[9d35eded1c95d3be]::run_test::{closure#0}
[INFO] [stdout]   16:     0x654cabbb6744 - std[70759c8f55707aa4]::sys::backtrace::__rust_begin_short_backtrace::<test[9d35eded1c95d3be]::run_test::{closure#1}, ()>
[INFO] [stdout]   17:     0x654cabbbffe2 - <std[70759c8f55707aa4]::thread::lifecycle::spawn_unchecked<test[9d35eded1c95d3be]::run_test::{closure#1}, ()>::{closure#1} as core[df12db4294e9bfd3]::ops::function::FnOnce<()>>::call_once::{shim:vtable#0}
[INFO] [stdout]   18:     0x654cabd837f9 - <std[70759c8f55707aa4]::sys::thread::unix::Thread>::new::thread_start
[INFO] [stdout]   19:     0x73fea6e29dfa - <unknown>
[INFO] [stdout]   20:     0x73fea6ebd3d4 - clone
[INFO] [stdout]   21:                0x0 - <unknown>
[INFO] [stdout] 
[INFO] [stdout] ---- face_metrics_are_the_files_own_integers stdout ----
[INFO] [stdout] 
[INFO] [stdout] thread 'face_metrics_are_the_files_own_integers' (1535) panicked at tests/face_from_bytes.rs:25:45:
[INFO] [stdout] reading "/opt/fixtures/en-halloween-decorating/fonts/OpenRunde-Bold.otf": No such file or directory (os error 2)
[INFO] [stdout] stack backtrace:
[INFO] [stdout]    0:     0x654cabd84241 - <<std[70759c8f55707aa4]::sys::backtrace::BacktraceLock>::print::DisplayBacktrace as core[df12db4294e9bfd3]::fmt::Display>::fmt
[INFO] [stdout]    1:     0x654cabd990fa - core[df12db4294e9bfd3]::fmt::write
[INFO] [stdout]    2:     0x654cabd886fc - <alloc[2182bb758b4b3781]::vec::Vec<u8> as core[df12db4294e9bfd3]::io::write::Write>::write_fmt
[INFO] [stdout]    3:     0x654cabd60056 - std[70759c8f55707aa4]::panicking::default_hook::{closure#0}
[INFO] [stdout]    4:     0x654cabd7c5d9 - std[70759c8f55707aa4]::panicking::default_hook
[INFO] [stdout]    5:     0x654cabbbc530 - test[9d35eded1c95d3be]::test_main_inner::<test[9d35eded1c95d3be]::test_main_static::{closure#0}>::{closure#0}
[INFO] [stdout]    6:     0x654cabd7c792 - std[70759c8f55707aa4]::panicking::panic_with_hook
[INFO] [stdout]    7:     0x654cabd60102 - std[70759c8f55707aa4]::panicking::panic_handler::{closure#0}
[INFO] [stdout]    8:     0x654cabd58cf9 - std[70759c8f55707aa4]::sys::backtrace::__rust_end_short_backtrace::<std[70759c8f55707aa4]::panicking::panic_handler::{closure#0}, !>
[INFO] [stdout]    9:     0x654cabd60cfd - __rustc[8fa7c3cbc660c2b3]::rust_begin_unwind
[INFO] [stdout]   10:     0x654cabd9982c - core[df12db4294e9bfd3]::panicking::panic_fmt
[INFO] [stdout]   11:     0x654cabbae07a - face_from_bytes[bd48a62e7f7a50f4]::read::{closure#0}
[INFO] [stdout]   12:     0x654cabbae34b - face_from_bytes[bd48a62e7f7a50f4]::read
[INFO] [stdout]   13:     0x654cabbae8aa - <face_from_bytes[bd48a62e7f7a50f4]::face_metrics_are_the_files_own_integers::{closure#0} as core[df12db4294e9bfd3]::ops::function::FnOnce<()>>::call_once
[INFO] [stdout]   14:     0x654cabbaf81b - test[9d35eded1c95d3be]::__rust_begin_short_backtrace::<core[df12db4294e9bfd3]::result::Result<(), alloc[2182bb758b4b3781]::string::String>, fn() -> core[df12db4294e9bfd3]::result::Result<(), alloc[2182bb758b4b3781]::string::String>>
[INFO] [stdout]   15:     0x654cabbbce85 - test[9d35eded1c95d3be]::run_test::{closure#0}
[INFO] [stdout]   16:     0x654cabbb6744 - std[70759c8f55707aa4]::sys::backtrace::__rust_begin_short_backtrace::<test[9d35eded1c95d3be]::run_test::{closure#1}, ()>
[INFO] [stdout]   17:     0x654cabbbffe2 - <std[70759c8f55707aa4]::thread::lifecycle::spawn_unchecked<test[9d35eded1c95d3be]::run_test::{closure#1}, ()>::{closure#1} as core[df12db4294e9bfd3]::ops::function::FnOnce<()>>::call_once::{shim:vtable#0}
[INFO] [stdout]   18:     0x654cabd837f9 - <std[70759c8f55707aa4]::sys::thread::unix::Thread>::new::thread_start
[INFO] [stdout]   19:     0x73fea6e29dfa - <unknown>
[INFO] [stdout]   20:     0x73fea6ebd3d4 - clone
[INFO] [stdout]   21:                0x0 - <unknown>
[INFO] [stdout] 
[INFO] [stdout] 
[INFO] [stdout] failures:
[INFO] [stdout]     a_character_the_face_does_not_map_advances_by_its_replacement_glyph
[INFO] [stdout]     a_face_from_bytes_is_one_key_like_any_other
[INFO] [stdout]     a_face_from_bytes_measures_as_the_same_face_from_its_file
[INFO] [stdout]     a_face_from_bytes_opens_no_file
[INFO] [stdout]     face_metrics_are_the_files_own_integers
[INFO] [stdout] 
[INFO] [stdout] test result: FAILED. 2 passed; 5 failed; 0 ignored; 0 measured; 0 filtered out; finished in 0.01s
[INFO] [stdout] 
[INFO] running `Command { std: "docker" "inspect" "053e5606d57498b532ac07309065f151a7f712b5db33c42b9cd33ed239565280", kill_on_drop: false }`
[INFO] running `Command { std: "docker" "rm" "-f" "053e5606d57498b532ac07309065f151a7f712b5db33c42b9cd33ed239565280", kill_on_drop: false }`
[INFO] [stdout] 053e5606d57498b532ac07309065f151a7f712b5db33c42b9cd33ed239565280
