[INFO] fetching crate monotonic-time-rs 0.0.10...
[INFO] testing monotonic-time-rs-0.0.10 against 1.99.0-beta.8+cargoflags=--release for beta-release-1.100-2
[INFO] extracting crate monotonic-time-rs 0.0.10 into /workspace/builds/worker-7-tc1/source
[INFO] started tweaking crates.io crate monotonic-time-rs 0.0.10
[INFO] removed 0 missing tests
[INFO] finished tweaking crates.io crate monotonic-time-rs 0.0.10
[INFO] tweaked toml for crates.io crate monotonic-time-rs 0.0.10 written to /workspace/builds/worker-7-tc1/source/Cargo.toml
[INFO] validating manifest of crates.io crate monotonic-time-rs 0.0.10 on toolchain 1.99.0-beta.8
[INFO] running `Command { std: CARGO_HOME="/workspace/cargo-home" RUSTUP_HOME="/workspace/rustup-home" "/workspace/cargo-home/bin/cargo" "+1.99.0-beta.8" "metadata" "--manifest-path" "Cargo.toml" "--no-deps", kill_on_drop: false }`
[INFO] crate crates.io crate monotonic-time-rs 0.0.10 already has a lockfile, it will not be regenerated
[INFO] running `Command { std: CARGO_HOME="/workspace/cargo-home" RUSTUP_HOME="/workspace/rustup-home" "/workspace/cargo-home/bin/cargo" "+1.99.0-beta.8" "fetch" "--manifest-path" "Cargo.toml", kill_on_drop: false }`
[INFO] [stderr]  Downloading crates ...
[INFO] [stderr]   Downloaded log v0.4.24
[INFO] [stderr]   Downloaded value-bag-sval2 v1.10.0
[INFO] [stderr]   Downloaded sval_nested v2.13.2
[INFO] [stderr]   Downloaded sval_serde v2.13.2
[INFO] [stderr]   Downloaded sval_json v2.13.2
[INFO] [stderr]   Downloaded sval_dynamic v2.13.2
[INFO] [stderr]   Downloaded test-log v0.2.16
[INFO] [stderr]   Downloaded test-log-macros v0.2.16
[INFO] [stderr]   Downloaded sval_ref v2.13.2
[INFO] [stderr]   Downloaded typeid v1.0.2
[INFO] [stderr]   Downloaded sval_fmt v2.13.2
[INFO] [stderr]   Downloaded serde_fmt v1.0.3
[INFO] [stderr]   Downloaded value-bag-serde1 v1.10.0
[INFO] [stderr]   Downloaded sval v2.13.2
[INFO] [stderr]   Downloaded sval_buffer v2.13.2
[INFO] [stderr]   Downloaded erased-serde v0.4.5
[INFO] [stderr]   Downloaded web-sys v0.3.76
[INFO] running `Command { std: "docker" "create" "-v" "/var/lib/crater-agent-workspace/builds/worker-7-tc1/source:/opt/rustwide/workdir:ro,Z" "-v" "/var/lib/crater-agent-workspace/builds/worker-7-tc1/target:/opt/rustwide/target:rw,Z" "-v" "/var/lib/crater-agent-workspace/cargo-home:/opt/rustwide/cargo-home:ro,Z" "-v" "/var/lib/crater-agent-workspace/rustup-home:/opt/rustwide/rustup-home:ro,Z" "-m" "1610612736" "--network" "none" "ghcr.io/rust-lang/crates-build-env/linux@sha256:77db811e55d90add9212f6832c23229e3de5f1c1f9905e8cb07319ea15df73ac" "sleep" "infinity", kill_on_drop: false }`
[INFO] [stdout] b1b06218fcc5e3409d319729ceeb5cfa1c0412622c3b10d234327478d168a09d
[INFO] running `Command { std: "docker" "start" "b1b06218fcc5e3409d319729ceeb5cfa1c0412622c3b10d234327478d168a09d", kill_on_drop: false }`
[INFO] running `Command { std: "docker" "inspect" "b1b06218fcc5e3409d319729ceeb5cfa1c0412622c3b10d234327478d168a09d", kill_on_drop: false }`
[INFO] running `Command { std: "docker" "exec" "-e" "SOURCE_DIR=/opt/rustwide/workdir" "-e" "CARGO_HOME=/opt/rustwide/cargo-home" "-e" "RUSTUP_HOME=/opt/rustwide/rustup-home" "-e" "CARGO_TARGET_DIR=/opt/rustwide/target" "-w" "/opt/rustwide/workdir" "--user" "0:0" "b1b06218fcc5e3409d319729ceeb5cfa1c0412622c3b10d234327478d168a09d" "/opt/rustwide/cargo-home/bin/cargo" "+1.99.0-beta.8" "metadata" "--no-deps" "--format-version=1", kill_on_drop: false }`
[INFO] running `Command { std: "docker" "inspect" "b1b06218fcc5e3409d319729ceeb5cfa1c0412622c3b10d234327478d168a09d", kill_on_drop: false }`
[INFO] running `Command { std: "docker" "exec" "-e" "SOURCE_DIR=/opt/rustwide/workdir" "-e" "CARGO_HOME=/opt/rustwide/cargo-home" "-e" "RUSTUP_HOME=/opt/rustwide/rustup-home" "-e" "CARGO_TARGET_DIR=/opt/rustwide/target" "-e" "CARGO_INCREMENTAL=0" "-e" "RUST_BACKTRACE=full" "-e" "RUSTFLAGS=--cap-lints=warn" "-e" "RUSTDOCFLAGS=--cap-lints=warn" "-w" "/opt/rustwide/workdir" "--user" "0:0" "b1b06218fcc5e3409d319729ceeb5cfa1c0412622c3b10d234327478d168a09d" "/opt/rustwide/cargo-home/bin/cargo" "+1.99.0-beta.8" "build" "--frozen" "--message-format=json" "--release", kill_on_drop: false }`
[INFO] [stderr]    Compiling monotonic-time-rs v0.0.10 (/opt/rustwide/workdir)
[INFO] [stderr]     Finished `release` profile [optimized] target(s) in 0.17s
[INFO] running `Command { std: "docker" "inspect" "b1b06218fcc5e3409d319729ceeb5cfa1c0412622c3b10d234327478d168a09d", kill_on_drop: false }`
[INFO] running `Command { std: "docker" "exec" "-e" "SOURCE_DIR=/opt/rustwide/workdir" "-e" "CARGO_HOME=/opt/rustwide/cargo-home" "-e" "RUSTUP_HOME=/opt/rustwide/rustup-home" "-e" "CARGO_TARGET_DIR=/opt/rustwide/target" "-e" "CARGO_INCREMENTAL=0" "-e" "RUST_BACKTRACE=full" "-e" "RUSTFLAGS=--cap-lints=warn" "-e" "RUSTDOCFLAGS=--cap-lints=warn" "-w" "/opt/rustwide/workdir" "--user" "0:0" "b1b06218fcc5e3409d319729ceeb5cfa1c0412622c3b10d234327478d168a09d" "/opt/rustwide/cargo-home/bin/cargo" "+1.99.0-beta.8" "test" "--frozen" "--no-run" "--message-format=json" "--release", kill_on_drop: false }`
[INFO] [stderr]    Compiling proc-macro2 v1.0.93
[INFO] [stderr]    Compiling unicode-ident v1.0.14
[INFO] [stderr]    Compiling colorchoice v1.0.3
[INFO] [stderr]    Compiling anstyle-query v1.1.2
[INFO] [stderr]    Compiling log v0.4.24
[INFO] [stderr]    Compiling anstyle v1.0.10
[INFO] [stderr]    Compiling is_terminal_polyfill v1.70.1
[INFO] [stderr]    Compiling anstyle-parse v0.2.6
[INFO] [stderr]    Compiling env_filter v0.1.3
[INFO] [stderr]    Compiling anstream v0.6.18
[INFO] [stderr]    Compiling env_logger v0.11.6
[INFO] [stderr]    Compiling quote v1.0.38
[INFO] [stderr]    Compiling syn v2.0.96
[INFO] [stderr]    Compiling test-log-macros v0.2.16
[INFO] [stderr]    Compiling test-log v0.2.16
[INFO] [stderr]    Compiling monotonic-time-rs v0.0.10 (/opt/rustwide/workdir)
[INFO] [stderr]     Finished `release` profile [optimized] target(s) in 6.35s
[INFO] running `Command { std: "docker" "inspect" "b1b06218fcc5e3409d319729ceeb5cfa1c0412622c3b10d234327478d168a09d", kill_on_drop: false }`
[INFO] running `Command { std: "docker" "exec" "-e" "SOURCE_DIR=/opt/rustwide/workdir" "-e" "CARGO_HOME=/opt/rustwide/cargo-home" "-e" "RUSTUP_HOME=/opt/rustwide/rustup-home" "-e" "CARGO_TARGET_DIR=/opt/rustwide/target" "-e" "CARGO_INCREMENTAL=0" "-e" "RUST_BACKTRACE=full" "-e" "RUSTFLAGS=--cap-lints=warn" "-e" "RUSTDOCFLAGS=--cap-lints=warn" "-w" "/opt/rustwide/workdir" "--user" "0:0" "b1b06218fcc5e3409d319729ceeb5cfa1c0412622c3b10d234327478d168a09d" "/opt/rustwide/cargo-home/bin/cargo" "+1.99.0-beta.8" "test" "--frozen" "--release", kill_on_drop: false }`
[INFO] [stderr]     Finished `release` profile [optimized] target(s) in 0.10s
[INFO] [stderr]      Running unittests src/lib.rs (/opt/rustwide/target/release/deps/monotonic_time_rs-58168b642a1d38fc)
[INFO] [stdout] 
[INFO] [stdout] running 0 tests
[INFO] [stdout] 
[INFO] [stdout] test result: ok. 0 passed; 0 failed; 0 ignored; 0 measured; 0 filtered out; finished in 0.00s
[INFO] [stdout] 
[INFO] [stderr]      Running tests/test.rs (/opt/rustwide/target/release/deps/test-9d91272f6fcf70fa)
[INFO] [stdout] 
[INFO] [stdout] running 16 tests
[INFO] [stdout] test assign_sub ... ok
[INFO] [stdout] test illegal_assign_sub - should panic ... FAILED
[INFO] [stdout] test multiply_int_duration ... ok
[INFO] [stdout] test sub ... ok
[INFO] [stdout] test diff_duration ... ok
[INFO] [stdout] test multiply_duration ... ok
[INFO] [stdout] test sub_assign ... ok
[INFO] [stdout] test add_assign_durations ... ok
[INFO] [stdout] test add ... ok
[INFO] [stdout] test from_lower ... ok
[INFO] [stdout] test add_durations ... ok
[INFO] [stdout] test multiply_duration_int_after ... ok
[INFO] [stdout] test multiply_duration_after ... ok
[INFO] [stdout] test div_duration ... ok
[INFO] [stdout] test illegal_assign_add - should panic ... FAILED
[INFO] [stdout] test realtime_instant ... ok
[INFO] [stderr] error: test failed, to rerun pass `--test test`
[INFO] [stdout] 
[INFO] [stdout] failures:
[INFO] [stdout] 
[INFO] [stdout] ---- illegal_assign_sub stdout ----
[INFO] [stdout] note: test did not panic as expected at tests/test.rs:57:4
[INFO] [stdout] ---- illegal_assign_add stdout ----
[INFO] [stdout] note: test did not panic as expected at tests/test.rs:34:4
[INFO] [stdout] 
[INFO] [stdout] failures:
[INFO] [stdout]     illegal_assign_add
[INFO] [stdout]     illegal_assign_sub
[INFO] [stdout] 
[INFO] [stdout] test result: FAILED. 14 passed; 2 failed; 0 ignored; 0 measured; 0 filtered out; finished in 1.00s
[INFO] [stdout] 
[INFO] running `Command { std: "docker" "inspect" "b1b06218fcc5e3409d319729ceeb5cfa1c0412622c3b10d234327478d168a09d", kill_on_drop: false }`
[INFO] running `Command { std: "docker" "rm" "-f" "b1b06218fcc5e3409d319729ceeb5cfa1c0412622c3b10d234327478d168a09d", kill_on_drop: false }`
[INFO] [stdout] b1b06218fcc5e3409d319729ceeb5cfa1c0412622c3b10d234327478d168a09d
