[INFO] fetching crate monostyle_rules 0.3.26...
[INFO] testing monostyle_rules-0.3.26 against 1.100.0-beta.1+cargoflags=--release for beta-release-1.100-2
[INFO] extracting crate monostyle_rules 0.3.26 into /workspace/builds/worker-0-tc2/source
[INFO] started tweaking crates.io crate monostyle_rules 0.3.26
[INFO] removed 0 missing tests
[INFO] finished tweaking crates.io crate monostyle_rules 0.3.26
[INFO] tweaked toml for crates.io crate monostyle_rules 0.3.26 written to /workspace/builds/worker-0-tc2/source/Cargo.toml
[INFO] validating manifest of crates.io crate monostyle_rules 0.3.26 on toolchain 1.100.0-beta.1
[INFO] running `Command { std: CARGO_HOME="/workspace/cargo-home" RUSTUP_HOME="/workspace/rustup-home" "/workspace/cargo-home/bin/cargo" "+1.100.0-beta.1" "metadata" "--manifest-path" "Cargo.toml" "--no-deps", kill_on_drop: false }`
[INFO] crate crates.io crate monostyle_rules 0.3.26 already has a lockfile, it will not be regenerated
[INFO] running `Command { std: CARGO_HOME="/workspace/cargo-home" RUSTUP_HOME="/workspace/rustup-home" "/workspace/cargo-home/bin/cargo" "+1.100.0-beta.1" "fetch" "--manifest-path" "Cargo.toml", kill_on_drop: false }`
[INFO] running `Command { std: "docker" "create" "-v" "/var/lib/crater-agent-workspace/builds/worker-0-tc2/source:/opt/rustwide/workdir:ro,Z" "-v" "/var/lib/crater-agent-workspace/builds/worker-0-tc2/target:/opt/rustwide/target:rw,Z" "-v" "/var/lib/crater-agent-workspace/cargo-home:/opt/rustwide/cargo-home:ro,Z" "-v" "/var/lib/crater-agent-workspace/rustup-home:/opt/rustwide/rustup-home:ro,Z" "-m" "1610612736" "--network" "none" "ghcr.io/rust-lang/crates-build-env/linux@sha256:77db811e55d90add9212f6832c23229e3de5f1c1f9905e8cb07319ea15df73ac" "sleep" "infinity", kill_on_drop: false }`
[INFO] [stdout] 974276d89890c90731506aa612183e7333704318754cb5eb27c7bacc38dc6e4f
[INFO] running `Command { std: "docker" "start" "974276d89890c90731506aa612183e7333704318754cb5eb27c7bacc38dc6e4f", kill_on_drop: false }`
[INFO] running `Command { std: "docker" "inspect" "974276d89890c90731506aa612183e7333704318754cb5eb27c7bacc38dc6e4f", kill_on_drop: false }`
[INFO] running `Command { std: "docker" "exec" "-e" "SOURCE_DIR=/opt/rustwide/workdir" "-e" "CARGO_HOME=/opt/rustwide/cargo-home" "-e" "RUSTUP_HOME=/opt/rustwide/rustup-home" "-e" "CARGO_TARGET_DIR=/opt/rustwide/target" "-w" "/opt/rustwide/workdir" "--user" "0:0" "974276d89890c90731506aa612183e7333704318754cb5eb27c7bacc38dc6e4f" "/opt/rustwide/cargo-home/bin/cargo" "+1.100.0-beta.1" "metadata" "--no-deps" "--format-version=1", kill_on_drop: false }`
[INFO] running `Command { std: "docker" "inspect" "974276d89890c90731506aa612183e7333704318754cb5eb27c7bacc38dc6e4f", kill_on_drop: false }`
[INFO] running `Command { std: "docker" "exec" "-e" "SOURCE_DIR=/opt/rustwide/workdir" "-e" "CARGO_HOME=/opt/rustwide/cargo-home" "-e" "RUSTUP_HOME=/opt/rustwide/rustup-home" "-e" "CARGO_TARGET_DIR=/opt/rustwide/target" "-e" "CARGO_INCREMENTAL=0" "-e" "RUST_BACKTRACE=full" "-e" "RUSTFLAGS=--cap-lints=warn" "-e" "RUSTDOCFLAGS=--cap-lints=warn" "-w" "/opt/rustwide/workdir" "--user" "0:0" "974276d89890c90731506aa612183e7333704318754cb5eb27c7bacc38dc6e4f" "/opt/rustwide/cargo-home/bin/cargo" "+1.100.0-beta.1" "build" "--frozen" "--message-format=json" "--release", kill_on_drop: false }`
[INFO] [stderr]    Compiling proc-macro2 v1.0.107
[INFO] [stderr]    Compiling quote v1.0.47
[INFO] [stderr]    Compiling serde v1.0.229
[INFO] [stderr]    Compiling serde_core v1.0.229
[INFO] [stderr]    Compiling syn v3.0.6
[INFO] [stderr]    Compiling serde_derive v1.0.229
[INFO] [stderr]    Compiling monostyle_core v0.3.26
[INFO] [stderr]    Compiling monostyle_languages v0.3.26
[INFO] [stderr]    Compiling monostyle_markdown v0.3.26
[INFO] [stderr]    Compiling monostyle_lexer v0.3.26
[INFO] [stderr]    Compiling monostyle_metrics v0.3.26
[INFO] [stderr]    Compiling monostyle_rules v0.3.26 (/opt/rustwide/workdir)
[INFO] [stderr]     Finished `release` profile [optimized] target(s) in 13.54s
[INFO] running `Command { std: "docker" "inspect" "974276d89890c90731506aa612183e7333704318754cb5eb27c7bacc38dc6e4f", kill_on_drop: false }`
[INFO] running `Command { std: "docker" "exec" "-e" "SOURCE_DIR=/opt/rustwide/workdir" "-e" "CARGO_HOME=/opt/rustwide/cargo-home" "-e" "RUSTUP_HOME=/opt/rustwide/rustup-home" "-e" "CARGO_TARGET_DIR=/opt/rustwide/target" "-e" "CARGO_INCREMENTAL=0" "-e" "RUST_BACKTRACE=full" "-e" "RUSTFLAGS=--cap-lints=warn" "-e" "RUSTDOCFLAGS=--cap-lints=warn" "-w" "/opt/rustwide/workdir" "--user" "0:0" "974276d89890c90731506aa612183e7333704318754cb5eb27c7bacc38dc6e4f" "/opt/rustwide/cargo-home/bin/cargo" "+1.100.0-beta.1" "test" "--frozen" "--no-run" "--message-format=json" "--release", kill_on_drop: false }`
[INFO] [stderr]    Compiling libc v0.2.190
[INFO] [stderr]    Compiling rustix v1.1.5
[INFO] [stderr]    Compiling regex-syntax v0.8.11
[INFO] [stderr]    Compiling serde v1.0.229
[INFO] [stderr]    Compiling vte v0.14.1
[INFO] [stderr]    Compiling toml_datetime v1.1.1+spec-1.1.0
[INFO] [stderr]    Compiling serde_spanned v1.1.1
[INFO] [stderr]    Compiling toml_writer v1.1.2+spec-1.1.0
[INFO] [stderr]    Compiling similar v2.7.0
[INFO] [stderr]    Compiling toml_parser v1.1.3+spec-1.1.0
[INFO] [stderr]    Compiling strip-ansi-escapes v0.2.1
[INFO] [stderr]    Compiling toml v1.1.6+spec-1.1.0
[INFO] [stderr]    Compiling monostyle_core v0.3.26
[INFO] [stderr]    Compiling monostyle_languages v0.3.26
[INFO] [stderr]    Compiling monostyle_markdown v0.3.26
[INFO] [stderr]    Compiling monostyle_lexer v0.3.26
[INFO] [stderr]    Compiling monostyle_metrics v0.3.26
[INFO] [stderr]    Compiling getrandom v0.4.3
[INFO] [stderr]    Compiling monostyle_rules v0.3.26 (/opt/rustwide/workdir)
[INFO] [stderr]    Compiling regex-automata v0.4.18
[INFO] [stderr]    Compiling tempfile v3.27.0
[INFO] [stderr]    Compiling regex v1.13.1
[INFO] [stderr]    Compiling insta v1.49.0
[INFO] [stderr]     Finished `release` profile [optimized] target(s) in 38.40s
[INFO] running `Command { std: "docker" "inspect" "974276d89890c90731506aa612183e7333704318754cb5eb27c7bacc38dc6e4f", kill_on_drop: false }`
[INFO] running `Command { std: "docker" "exec" "-e" "SOURCE_DIR=/opt/rustwide/workdir" "-e" "CARGO_HOME=/opt/rustwide/cargo-home" "-e" "RUSTUP_HOME=/opt/rustwide/rustup-home" "-e" "CARGO_TARGET_DIR=/opt/rustwide/target" "-e" "CARGO_INCREMENTAL=0" "-e" "RUST_BACKTRACE=full" "-e" "RUSTFLAGS=--cap-lints=warn" "-e" "RUSTDOCFLAGS=--cap-lints=warn" "-w" "/opt/rustwide/workdir" "--user" "0:0" "974276d89890c90731506aa612183e7333704318754cb5eb27c7bacc38dc6e4f" "/opt/rustwide/cargo-home/bin/cargo" "+1.100.0-beta.1" "test" "--frozen" "--release", kill_on_drop: false }`
[INFO] [stderr]     Finished `release` profile [optimized] target(s) in 0.05s
[INFO] [stderr]      Running unittests src/lib.rs (/opt/rustwide/target/release/build/monostyle_rules/e7ecdeb4f4c7c87c/out/monostyle_rules-e7ecdeb4f4c7c87c)
[INFO] [stdout] 
[INFO] [stdout] running 0 tests
[INFO] [stdout] 
[INFO] [stdout] test result: ok. 0 passed; 0 failed; 0 ignored; 0 measured; 0 filtered out; finished in 0.00s
[INFO] [stdout] 
[INFO] [stderr]      Running tests/markdown_rules.rs (/opt/rustwide/target/release/build/monostyle_rules/6ef5b5eea37c32a9/out/markdown_rules-6ef5b5eea37c32a9)
[INFO] [stdout] 
[INFO] [stdout] running 28 tests
[INFO] [stdout] test a_document_without_a_title_is_reported ... ok
[INFO] [stdout] test a_document_titled_by_frontmatter_has_a_title ... ok
[INFO] [stdout] test a_fence_with_extra_info_still_resolves_its_language ... ok
[INFO] [stdout] test a_long_prose_run_is_reported ... ok
[INFO] [stdout] test a_misspelled_fence_language_is_still_reported ... ok
[INFO] [stdout] test a_skipped_heading_level_is_reported ... ok
[INFO] [stdout] test a_prose_run_can_be_tuned ... ok
[INFO] [stdout] test an_unknown_language_is_reported_separately_from_an_untagged_fence ... ok
[INFO] [stdout] test a_document_with_a_title_is_not_reported ... ok
[INFO] [stdout] test a_numbered_prose_list_is_not_read_as_code ... ok
[INFO] [stdout] test fence_scoring_can_be_turned_off ... ok
[INFO] [stdout] test markdown_rules_only_apply_to_markdown ... ok
[INFO] [stdout] test a_finding_inside_a_fence_names_the_language ... ok
[INFO] [stdout] test a_tagged_fence_is_not_reported_for_its_language ... ok
[INFO] [stdout] test a_finding_inside_a_fence_points_at_a_document_line ... ok
[INFO] [stdout] test complexity_is_not_scored_inside_a_fence ... ok
[INFO] [stdout] test a_well_known_fence_language_is_not_unknown ... ok
[INFO] [stdout] test each_fence_problem_can_be_disabled_on_its_own ... ok
[INFO] [stdout] test markdown_structure_rules_still_run_on_prose ... ok
[INFO] [stdout] test each_heading_problem_can_be_disabled_on_its_own ... ok
[INFO] [stdout] test sequential_headings_are_accepted ... ok
[INFO] [stdout] test code_inside_a_fence_is_still_scored ... ok
[INFO] [stdout] test an_empty_document_produces_no_findings ... ok
[INFO] [stdout] test the_retired_composite_name_still_disables_its_rules ... ok
[INFO] [stdout] test several_fences_are_each_scored ... ok
[INFO] [stdout] test an_untagged_fence_is_reported ... ok
[INFO] [stdout] test an_empty_fence_is_not_reported_for_its_contents ... ok
[INFO] [stdout] test cramped_code_inside_a_fence_is_scored ... ok
[INFO] [stdout] 
[INFO] [stdout] test result: ok. 28 passed; 0 failed; 0 ignored; 0 measured; 0 filtered out; finished in 0.01s
[INFO] [stdout] 
[INFO] [stderr]      Running tests/quality_rules.rs (/opt/rustwide/target/release/build/monostyle_rules/99fa2cc66be3fc2a/out/quality_rules-99fa2cc66be3fc2a)
[INFO] [stdout] 
[INFO] [stdout] running 42 tests
[INFO] [stdout] test a_data_table_row_is_named_by_its_table ... ok
[INFO] [stdout] test a_handler_with_an_empty_body_is_reported ... ok
[INFO] [stdout] test a_collection_of_only_literals_is_data ... ok
[INFO] [stdout] test a_constructor_wrapped_named_field_names_its_literal ... ok
[INFO] [stdout] test a_literal_in_a_constant_declaration_is_already_named ... ok
[INFO] [stdout] test a_line_at_the_limit_is_accepted ... ok
[INFO] [stdout] test a_literal_in_ordinary_code_is_still_reported ... ok
[INFO] [stdout] test a_meaningful_literal_is_reported ... ok
[INFO] [stdout] test a_multiline_handler_that_acts_on_the_error_is_kept ... ok
[INFO] [stdout] test a_handler_that_acts_on_the_error_is_kept ... ok
[INFO] [stdout] test a_named_field_initialiser_names_its_literal ... ok
[INFO] [stdout] test a_block_of_commented_out_code_is_reported ... ok
[INFO] [stdout] test a_limit_of_zero_disables_the_rule ... ok
[INFO] [stdout] test a_rustdoc_error_list_is_not_commented_out_code ... ok
[INFO] [stdout] test a_same_line_handler_that_acts_on_the_error_is_kept ... ok
[INFO] [stdout] test a_single_commented_line_is_below_the_threshold ... ok
[INFO] [stdout] test a_same_line_handler_that_discards_the_error_is_reported ... ok
[INFO] [stdout] test commented_out_code_adjacent_to_documentation_is_still_reported ... ok
[INFO] [stdout] test commented_out_code_can_be_turned_off ... ok
[INFO] [stdout] test an_enum_discriminant_is_named_by_its_variant ... ok
[INFO] [stdout] test conventional_literals_are_left_alone ... ok
[INFO] [stdout] test an_unbreakable_long_line_is_not_reported ... ok
[INFO] [stdout] test magic_numbers_can_be_turned_off ... ok
[INFO] [stdout] test conventional_short_names_are_kept ... ok
[INFO] [stdout] test coordinate_and_unit_abbreviations_are_kept_but_the_alphabet_is_not ... ok
[INFO] [stdout] test a_long_breakable_line_is_reported ... ok
[INFO] [stdout] test digits_inside_an_identifier_are_not_literals ... ok
[INFO] [stdout] test empty_handlers_can_be_turned_off ... ok
[INFO] [stdout] test a_type_parameter_is_named_by_its_type ... ok
[INFO] [stdout] test a_value_with_a_closer_before_its_opener_is_not_a_constructor ... ok
[INFO] [stdout] test an_assertions_literals_are_the_values_it_claims ... ok
[INFO] [stdout] test an_overlong_line_inside_a_markdown_fence_is_reported_against_the_document ... ok
[INFO] [stdout] test an_unnamed_tuple_value_is_still_reported ... ok
[INFO] [stdout] test names_that_meet_the_length_are_ignored ... ok
[INFO] [stdout] test prose_comments_are_not_reported_as_code ... ok
[INFO] [stdout] test severe_width_never_equals_the_limit ... ok
[INFO] [stdout] test the_limit_is_configurable ... ok
[INFO] [stdout] test severity_rises_past_the_severe_ratio ... ok
[INFO] [stdout] test an_unconventional_short_name_is_reported ... ok
[INFO] [stdout] test markdown_prose_is_never_reported ... ok
[INFO] [stdout] test markdown_prose_is_still_exempt_from_the_limit ... ok
[INFO] [stdout] test short_identifiers_can_be_turned_off ... ok
[INFO] [stdout] 
[INFO] [stdout] test result: ok. 42 passed; 0 failed; 0 ignored; 0 measured; 0 filtered out; finished in 0.01s
[INFO] [stdout] 
[INFO] [stderr]      Running tests/registry.rs (/opt/rustwide/target/release/build/monostyle_rules/ef79fd249ec83ac4/out/registry-ef79fd249ec83ac4)
[INFO] [stdout] 
[INFO] [stdout] running 18 tests
[INFO] [stdout] test every_rule_is_listed_under_a_known_category ... ok
[INFO] [stdout] test every_rule_name_is_namespaced ... ok
[INFO] [stdout] test every_rule_survives_an_empty_file ... ok
[INFO] [stdout] test a_kitchen_sink_source_exercises_many_rules ... ok
[INFO] [stdout] test every_rule_has_a_unique_name ... ok
[INFO] [stdout] test every_rule_has_a_description ... ok
[INFO] [stdout] test every_finding_from_the_whole_set_is_explained ... ok
[INFO] [stdout] test the_rule_set_covers_each_category ... ok
[INFO] [stdout] test disabling_a_rule_removes_its_findings ... ok
[INFO] [stdout] test every_documented_rule_is_registered ... FAILED
[INFO] [stdout] test every_registered_rule_is_documented ... FAILED
[INFO] [stdout] test only_the_formatter_safe_rules_produce_a_fix ... ok
[INFO] [stdout] test every_finding_of_a_fixable_rule_carries_a_fix ... ok
[INFO] [stdout] test every_rule_survives_one_line_of_garbage ... ok
[INFO] [stdout] test the_blank_line_before_control_flow_fix_never_lands_inside_a_statement ... ok
[INFO] [stdout] test running_the_rules_twice_gives_the_same_answer ... ok
[INFO] [stdout] test the_retired_composite_name_still_maps_to_registered_rules ... ok
[INFO] [stdout] test every_finding_carries_a_category_matching_its_namespace ... ok
[INFO] [stdout] 
[INFO] [stdout] failures:
[INFO] [stdout] 
[INFO] [stdout] ---- every_documented_rule_is_registered stdout ----
[INFO] [stdout] 
[INFO] [stdout] thread 'every_documented_rule_is_registered' (1220) panicked at tests/registry.rs:389:33:
[INFO] [stdout] could not read /opt/.templates/monostyle.t.md: No such file or directory (os error 2)
[INFO] [stdout] stack backtrace:
[INFO] [stdout]    0:     0x635c2f7ea361 - <<std[617be2ca0a6fd877]::sys::backtrace::BacktraceLock>::print::DisplayBacktrace as core[a373ad73a504971]::fmt::Display>::fmt
[INFO] [stdout]    1:     0x635c2f7ff6ea - core[a373ad73a504971]::fmt::write
[INFO] [stdout]    2:     0x635c2f7ee59c - <alloc[2e1b2a31b91974c5]::vec::Vec<u8> as core[a373ad73a504971]::io::write::Write>::write_fmt
[INFO] [stdout]    3:     0x635c2f7c6256 - std[617be2ca0a6fd877]::panicking::default_hook::{closure#0}
[INFO] [stdout]    4:     0x635c2f7e2699 - std[617be2ca0a6fd877]::panicking::default_hook
[INFO] [stdout]    5:     0x635c2f742200 - test[aada8e7e76ba119b]::test_main_inner::{closure#0}
[INFO] [stdout]    6:     0x635c2f7e2852 - std[617be2ca0a6fd877]::panicking::panic_with_hook
[INFO] [stdout]    7:     0x635c2f7c6302 - std[617be2ca0a6fd877]::panicking::panic_handler::{closure#0}
[INFO] [stdout]    8:     0x635c2f7bee89 - std[617be2ca0a6fd877]::sys::backtrace::__rust_end_short_backtrace::<std[617be2ca0a6fd877]::panicking::panic_handler::{closure#0}, !>
[INFO] [stdout]    9:     0x635c2f7c6f0d - __rustc[ea4f61d10b84890b]::rust_begin_unwind
[INFO] [stdout]   10:     0x635c2f7ffe1c - core[a373ad73a504971]::panicking::panic_fmt
[INFO] [stdout]   11:     0x635c2f72c499 - registry[53438e9c39d8f2fe]::rule_table_template::{closure#0}
[INFO] [stdout]   12:     0x635c2f72c8f7 - registry[53438e9c39d8f2fe]::rule_table_template
[INFO] [stdout]   13:     0x635c2f72ee37 - <registry[53438e9c39d8f2fe]::every_documented_rule_is_registered::{closure#0} as core[a373ad73a504971]::ops::function::FnOnce<()>>::call_once
[INFO] [stdout]   14:     0x635c2f73564b - test[aada8e7e76ba119b]::__rust_begin_short_backtrace::<core[a373ad73a504971]::result::Result<(), alloc[2e1b2a31b91974c5]::string::String>, fn() -> core[a373ad73a504971]::result::Result<(), alloc[2e1b2a31b91974c5]::string::String>>
[INFO] [stdout]   15:     0x635c2f742825 - test[aada8e7e76ba119b]::run_test::{closure#0}
[INFO] [stdout]   16:     0x635c2f73c114 - std[617be2ca0a6fd877]::sys::backtrace::__rust_begin_short_backtrace::<test[aada8e7e76ba119b]::run_test::{closure#1}, ()>
[INFO] [stdout]   17:     0x635c2f7458b2 - <std[617be2ca0a6fd877]::thread::lifecycle::spawn_unchecked<test[aada8e7e76ba119b]::run_test::{closure#1}, ()>::{closure#1} as core[a373ad73a504971]::ops::function::FnOnce<()>>::call_once::{shim:vtable#0}
[INFO] [stdout]   18:     0x635c2f7e985f - <std[617be2ca0a6fd877]::sys::thread::unix::Thread>::new::thread_start
[INFO] [stdout]   19:     0x71ef7dfa9dfa - <unknown>
[INFO] [stdout]   20:     0x71ef7e03d3d4 - clone
[INFO] [stdout]   21:                0x0 - <unknown>
[INFO] [stdout] 
[INFO] [stdout] ---- every_registered_rule_is_documented stdout ----
[INFO] [stdout] 
[INFO] [stdout] thread 'every_registered_rule_is_documented' (1224) panicked at tests/registry.rs:389:33:
[INFO] [stdout] could not read /opt/.templates/monostyle.t.md: No such file or directory (os error 2)
[INFO] [stdout] stack backtrace:
[INFO] [stdout]    0:     0x635c2f7ea361 - <<std[617be2ca0a6fd877]::sys::backtrace::BacktraceLock>::print::DisplayBacktrace as core[a373ad73a504971]::fmt::Display>::fmt
[INFO] [stdout]    1:     0x635c2f7ff6ea - core[a373ad73a504971]::fmt::write
[INFO] [stdout]    2:     0x635c2f7ee59c - <alloc[2e1b2a31b91974c5]::vec::Vec<u8> as core[a373ad73a504971]::io::write::Write>::write_fmt
[INFO] [stdout]    3:     0x635c2f7c6256 - std[617be2ca0a6fd877]::panicking::default_hook::{closure#0}
[INFO] [stdout]    4:     0x635c2f7e2699 - std[617be2ca0a6fd877]::panicking::default_hook
[INFO] [stdout]    5:     0x635c2f742200 - test[aada8e7e76ba119b]::test_main_inner::{closure#0}
[INFO] [stdout]    6:     0x635c2f7e2852 - std[617be2ca0a6fd877]::panicking::panic_with_hook
[INFO] [stdout]    7:     0x635c2f7c6302 - std[617be2ca0a6fd877]::panicking::panic_handler::{closure#0}
[INFO] [stdout]    8:     0x635c2f7bee89 - std[617be2ca0a6fd877]::sys::backtrace::__rust_end_short_backtrace::<std[617be2ca0a6fd877]::panicking::panic_handler::{closure#0}, !>
[INFO] [stdout]    9:     0x635c2f7c6f0d - __rustc[ea4f61d10b84890b]::rust_begin_unwind
[INFO] [stdout]   10:     0x635c2f7ffe1c - core[a373ad73a504971]::panicking::panic_fmt
[INFO] [stdout]   11:     0x635c2f72c499 - registry[53438e9c39d8f2fe]::rule_table_template::{closure#0}
[INFO] [stdout]   12:     0x635c2f72c8f7 - registry[53438e9c39d8f2fe]::rule_table_template
[INFO] [stdout]   13:     0x635c2f72f059 - <registry[53438e9c39d8f2fe]::every_registered_rule_is_documented::{closure#0} as core[a373ad73a504971]::ops::function::FnOnce<()>>::call_once
[INFO] [stdout]   14:     0x635c2f73564b - test[aada8e7e76ba119b]::__rust_begin_short_backtrace::<core[a373ad73a504971]::result::Result<(), alloc[2e1b2a31b91974c5]::string::String>, fn() -> core[a373ad73a504971]::result::Result<(), alloc[2e1b2a31b91974c5]::string::String>>
[INFO] [stdout]   15:     0x635c2f742825 - test[aada8e7e76ba119b]::run_test::{closure#0}
[INFO] [stdout]   16:     0x635c2f73c114 - std[617be2ca0a6fd877]::sys::backtrace::__rust_begin_short_backtrace::<test[aada8e7e76ba119b]::run_test::{closure#1}, ()>
[INFO] [stdout]   17:     0x635c2f7458b2 - <std[617be2ca0a6fd877]::thread::lifecycle::spawn_unchecked<test[aada8e7e76ba119b]::run_test::{closure#1}, ()>::{closure#1} as core[a373ad73a504971]::ops::function::FnOnce<()>>::call_once::{shim:vtable#0}
[INFO] [stdout]   18:     0x635c2f7e985f - <std[617be2ca0a6fd877]::sys::thread::unix::Thread>::new::thread_start
[INFO] [stdout]   19:     0x71ef7dfa9dfa - <unknown>
[INFO] [stdout]   20:     0x71ef7e03d3d4 - clone
[INFO] [stdout]   21:                0x0 - <unknown>
[INFO] [stdout] 
[INFO] [stdout] 
[INFO] [stdout] failures:
[INFO] [stdout]     every_documented_rule_is_registered
[INFO] [stdout]     every_registered_rule_is_documented
[INFO] [stdout] 
[INFO] [stdout] test result: FAILED. 16 passed; 2 failed; 0 ignored; 0 measured; 0 filtered out; finished in 0.04s
[INFO] [stdout] 
[INFO] [stderr] error: test failed, to rerun pass `--test registry`
[INFO] running `Command { std: "docker" "inspect" "974276d89890c90731506aa612183e7333704318754cb5eb27c7bacc38dc6e4f", kill_on_drop: false }`
[INFO] running `Command { std: "docker" "rm" "-f" "974276d89890c90731506aa612183e7333704318754cb5eb27c7bacc38dc6e4f", kill_on_drop: false }`
[INFO] [stdout] 974276d89890c90731506aa612183e7333704318754cb5eb27c7bacc38dc6e4f
