[INFO] fetching crate monoio-route 0.1.2...
[INFO] testing monoio-route-0.1.2 against 1.100.0-beta.1+cargoflags=--release for beta-release-1.100-2
[INFO] extracting crate monoio-route 0.1.2 into /workspace/builds/worker-3-tc2/source
[INFO] started tweaking crates.io crate monoio-route 0.1.2
[INFO] removed 0 missing examples
[INFO] removed 0 missing tests
[INFO] finished tweaking crates.io crate monoio-route 0.1.2
[INFO] tweaked toml for crates.io crate monoio-route 0.1.2 written to /workspace/builds/worker-3-tc2/source/Cargo.toml
[INFO] validating manifest of crates.io crate monoio-route 0.1.2 on toolchain 1.100.0-beta.1
[INFO] running `Command { std: CARGO_HOME="/workspace/cargo-home" RUSTUP_HOME="/workspace/rustup-home" "/workspace/cargo-home/bin/cargo" "+1.100.0-beta.1" "metadata" "--manifest-path" "Cargo.toml" "--no-deps", kill_on_drop: false }`
[INFO] crate crates.io crate monoio-route 0.1.2 already has a lockfile, it will not be regenerated
[INFO] running `Command { std: CARGO_HOME="/workspace/cargo-home" RUSTUP_HOME="/workspace/rustup-home" "/workspace/cargo-home/bin/cargo" "+1.100.0-beta.1" "fetch" "--manifest-path" "Cargo.toml", kill_on_drop: false }`
[INFO] running `Command { std: "docker" "create" "-v" "/var/lib/crater-agent-workspace/builds/worker-3-tc2/source:/opt/rustwide/workdir:ro,Z" "-v" "/var/lib/crater-agent-workspace/builds/worker-3-tc2/target:/opt/rustwide/target:rw,Z" "-v" "/var/lib/crater-agent-workspace/cargo-home:/opt/rustwide/cargo-home:ro,Z" "-v" "/var/lib/crater-agent-workspace/rustup-home:/opt/rustwide/rustup-home:ro,Z" "-m" "1610612736" "--network" "none" "ghcr.io/rust-lang/crates-build-env/linux@sha256:77db811e55d90add9212f6832c23229e3de5f1c1f9905e8cb07319ea15df73ac" "sleep" "infinity", kill_on_drop: false }`
[INFO] [stdout] de4ad7d2aa354b7b24f33f1fee7ea50447554c61a022cf4457bd37483650d0ea
[INFO] running `Command { std: "docker" "start" "de4ad7d2aa354b7b24f33f1fee7ea50447554c61a022cf4457bd37483650d0ea", kill_on_drop: false }`
[INFO] running `Command { std: "docker" "inspect" "de4ad7d2aa354b7b24f33f1fee7ea50447554c61a022cf4457bd37483650d0ea", kill_on_drop: false }`
[INFO] running `Command { std: "docker" "exec" "-e" "SOURCE_DIR=/opt/rustwide/workdir" "-e" "CARGO_HOME=/opt/rustwide/cargo-home" "-e" "RUSTUP_HOME=/opt/rustwide/rustup-home" "-e" "CARGO_TARGET_DIR=/opt/rustwide/target" "-w" "/opt/rustwide/workdir" "--user" "0:0" "de4ad7d2aa354b7b24f33f1fee7ea50447554c61a022cf4457bd37483650d0ea" "/opt/rustwide/cargo-home/bin/cargo" "+1.100.0-beta.1" "metadata" "--no-deps" "--format-version=1", kill_on_drop: false }`
[INFO] running `Command { std: "docker" "inspect" "de4ad7d2aa354b7b24f33f1fee7ea50447554c61a022cf4457bd37483650d0ea", kill_on_drop: false }`
[INFO] running `Command { std: "docker" "exec" "-e" "SOURCE_DIR=/opt/rustwide/workdir" "-e" "CARGO_HOME=/opt/rustwide/cargo-home" "-e" "RUSTUP_HOME=/opt/rustwide/rustup-home" "-e" "CARGO_TARGET_DIR=/opt/rustwide/target" "-e" "CARGO_INCREMENTAL=0" "-e" "RUST_BACKTRACE=full" "-e" "RUSTFLAGS=--cap-lints=warn" "-e" "RUSTDOCFLAGS=--cap-lints=warn" "-w" "/opt/rustwide/workdir" "--user" "0:0" "de4ad7d2aa354b7b24f33f1fee7ea50447554c61a022cf4457bd37483650d0ea" "/opt/rustwide/cargo-home/bin/cargo" "+1.100.0-beta.1" "build" "--frozen" "--message-format=json" "--release", kill_on_drop: false }`
[INFO] [stderr]    Compiling smallvec v1.15.0
[INFO] [stderr]    Compiling memchr v2.7.4
[INFO] [stderr]    Compiling monoio-route v0.1.2 (/opt/rustwide/workdir)
[INFO] [stderr]     Finished `release` profile [optimized] target(s) in 1.39s
[INFO] running `Command { std: "docker" "inspect" "de4ad7d2aa354b7b24f33f1fee7ea50447554c61a022cf4457bd37483650d0ea", kill_on_drop: false }`
[INFO] running `Command { std: "docker" "exec" "-e" "SOURCE_DIR=/opt/rustwide/workdir" "-e" "CARGO_HOME=/opt/rustwide/cargo-home" "-e" "RUSTUP_HOME=/opt/rustwide/rustup-home" "-e" "CARGO_TARGET_DIR=/opt/rustwide/target" "-e" "CARGO_INCREMENTAL=0" "-e" "RUST_BACKTRACE=full" "-e" "RUSTFLAGS=--cap-lints=warn" "-e" "RUSTDOCFLAGS=--cap-lints=warn" "-w" "/opt/rustwide/workdir" "--user" "0:0" "de4ad7d2aa354b7b24f33f1fee7ea50447554c61a022cf4457bd37483650d0ea" "/opt/rustwide/cargo-home/bin/cargo" "+1.100.0-beta.1" "test" "--frozen" "--no-run" "--message-format=json" "--release", kill_on_drop: false }`
[INFO] [stderr]    Compiling autocfg v1.4.0
[INFO] [stderr]    Compiling bytes v1.10.1
[INFO] [stderr]    Compiling pin-project-lite v0.2.16
[INFO] [stderr]    Compiling proc-macro2 v1.0.95
[INFO] [stderr]    Compiling libc v0.2.172
[INFO] [stderr]    Compiling futures-core v0.3.31
[INFO] [stderr]    Compiling unicode-ident v1.0.18
[INFO] [stderr]    Compiling fnv v1.0.7
[INFO] [stderr]    Compiling itoa v1.0.15
[INFO] [stderr]    Compiling pin-utils v0.1.0
[INFO] [stderr]    Compiling once_cell v1.21.3
[INFO] [stderr]    Compiling futures-sink v0.3.31
[INFO] [stderr]    Compiling httparse v1.10.1
[INFO] [stderr]    Compiling hashbrown v0.15.3
[INFO] [stderr]    Compiling equivalent v1.0.2
[INFO] [stderr]    Compiling tracing-core v0.1.33
[INFO] [stderr]    Compiling bitflags v1.3.2
[INFO] [stderr]    Compiling io-uring v0.6.4
[INFO] [stderr]    Compiling byteorder v1.5.0
[INFO] [stderr]    Compiling smallvec v1.15.0
[INFO] [stderr]    Compiling slab v0.4.9
[INFO] [stderr]    Compiling memoffset v0.7.1
[INFO] [stderr]    Compiling tracing v0.1.41
[INFO] [stderr]    Compiling cfg-if v1.0.0
[INFO] [stderr]    Compiling http v1.3.1
[INFO] [stderr]    Compiling tokio v1.45.0
[INFO] [stderr]    Compiling log v0.4.27
[INFO] [stderr]    Compiling quote v1.0.40
[INFO] [stderr]    Compiling futures-task v0.3.31
[INFO] [stderr]    Compiling try-lock v0.2.5
[INFO] [stderr]    Compiling atomic-waker v1.1.2
[INFO] [stderr]    Compiling syn v2.0.101
[INFO] [stderr]    Compiling want v0.3.1
[INFO] [stderr]    Compiling futures-util v0.3.31
[INFO] [stderr]    Compiling fxhash v0.2.1
[INFO] [stderr]    Compiling indexmap v2.9.0
[INFO] [stderr]    Compiling futures-channel v0.3.31
[INFO] [stderr]    Compiling httpdate v1.0.3
[INFO] [stderr]    Compiling reusable-box-future v0.2.0
[INFO] [stderr]    Compiling monoio-route v0.1.2 (/opt/rustwide/workdir)
[INFO] [stderr]    Compiling http-body v1.0.1
[INFO] [stderr]    Compiling http-body-util v0.1.3
[INFO] [stderr]    Compiling nix v0.26.4
[INFO] [stderr]    Compiling socket2 v0.5.9
[INFO] [stderr]    Compiling mio v0.8.11
[INFO] [stderr]    Compiling tokio-util v0.7.15
[INFO] [stderr]    Compiling h2 v0.4.10
[INFO] [stderr]    Compiling auto-const-array v0.2.2
[INFO] [stderr]    Compiling monoio-macros v0.1.0
[INFO] [stderr]    Compiling monoio v0.2.4
[INFO] [stderr]    Compiling hyper v1.6.0
[INFO] [stderr]    Compiling monoio-compat v0.2.2
[INFO] [stderr]     Finished `release` profile [optimized] target(s) in 1m 07s
[INFO] running `Command { std: "docker" "inspect" "de4ad7d2aa354b7b24f33f1fee7ea50447554c61a022cf4457bd37483650d0ea", kill_on_drop: false }`
[INFO] running `Command { std: "docker" "exec" "-e" "SOURCE_DIR=/opt/rustwide/workdir" "-e" "CARGO_HOME=/opt/rustwide/cargo-home" "-e" "RUSTUP_HOME=/opt/rustwide/rustup-home" "-e" "CARGO_TARGET_DIR=/opt/rustwide/target" "-e" "CARGO_INCREMENTAL=0" "-e" "RUST_BACKTRACE=full" "-e" "RUSTFLAGS=--cap-lints=warn" "-e" "RUSTDOCFLAGS=--cap-lints=warn" "-w" "/opt/rustwide/workdir" "--user" "0:0" "de4ad7d2aa354b7b24f33f1fee7ea50447554c61a022cf4457bd37483650d0ea" "/opt/rustwide/cargo-home/bin/cargo" "+1.100.0-beta.1" "test" "--frozen" "--release", kill_on_drop: false }`
[INFO] [stderr]     Finished `release` profile [optimized] target(s) in 0.09s
[INFO] [stderr]      Running unittests src/lib.rs (/opt/rustwide/target/release/build/monoio-route/fd1619504f12250b/out/monoio_route-fd1619504f12250b)
[INFO] [stdout] 
[INFO] [stdout] running 7 tests
[INFO] [stdout] test tree::tests::catch_all_with_single_slash ... ok
[INFO] [stdout] test tree::tests::simple_param ... ok
[INFO] [stdout] test tree::tests::simple_param2 ... ok
[INFO] [stdout] test tree::tests::simple_static ... ok
[INFO] [stdout] test tree::tests::simple_catch_all ... ok
[INFO] [stdout] test tree::tests::simple_catch_all2 ... ok
[INFO] [stdout] test tree::tests::simple_static2 ... ok
[INFO] [stdout] 
[INFO] [stdout] test result: ok. 7 passed; 0 failed; 0 ignored; 0 measured; 0 filtered out; finished in 0.01s
[INFO] [stdout] 
[INFO] [stderr]      Running tests/insert.rs (/opt/rustwide/target/release/build/monoio-route/1ef83fd153080b47/out/insert-1ef83fd153080b47)
[INFO] [stdout] 
[INFO] [stdout] running 12 tests
[INFO] [stdout] test catchall_static_overlap ... ok
[INFO] [stdout] test bare_catchall ... ok
[INFO] [stdout] test catchall_root_conflict ... ok
[INFO] [stdout] test child_conflict ... ok
[INFO] [stdout] test duplicates ... ok
[INFO] [stdout] test invalid_catchall ... ok
[INFO] [stdout] test unnamed_param ... ok
[INFO] [stdout] test double_params ... ok
[INFO] [stdout] test more_conflicts ... ok
[INFO] [stdout] test normalized_conflict ... ok
[INFO] [stdout] test wildcard_conflict ... ok
[INFO] [stdout] test duplicate_conflict ... ok
[INFO] [stdout] 
[INFO] [stdout] test result: ok. 12 passed; 0 failed; 0 ignored; 0 measured; 0 filtered out; finished in 0.01s
[INFO] [stdout] 
[INFO] [stderr]      Running tests/match.rs (/opt/rustwide/target/release/build/monoio-route/ff4124bac65b9d98/out/match-ff4124bac65b9d98)
[INFO] [stdout] 
[INFO] [stdout] running 20 tests
[INFO] [stdout] test backtracking_trailing_slash ... ok
[INFO] [stdout] test blog ... ok
[INFO] [stdout] test double_overlap ... ok
[INFO] [stdout] test missing_trailing_slash_param ... ok
[INFO] [stdout] test missing_trailing_slash_catch_all ... ok
[INFO] [stdout] test normalized ... ok
[INFO] [stdout] test basic ... ok
[INFO] [stdout] test extra_trailing_slash_catch_all ... ok
[INFO] [stdout] test overlapping_param_backtracking ... ok
[INFO] [stdout] test partial_overlap ... ok
[INFO] [stdout] test extra_trailing_slash_param ... ok
[INFO] [stdout] test double_overlap_trailing_slash ... ok
[INFO] [stdout] test root_trailing_slash ... ok
[INFO] [stdout] test catchall_off_by_one ... FAILED
[INFO] [stdout] test catchall_overlap ... FAILED
[INFO] [stdout] test trailing_slash ... FAILED
[INFO] [stdout] test overlap ... ok
[INFO] [stdout] test trailing_slash_overlap ... ok
[INFO] [stdout] test wildcard ... FAILED
[INFO] [stderr] error: test failed, to rerun pass `--test match`
[INFO] [stdout] test wildcard_overlap ... ok
[INFO] [stdout] 
[INFO] [stdout] failures:
[INFO] [stdout] 
[INFO] [stdout] ---- catchall_off_by_one stdout ----
[INFO] [stdout] 
[INFO] [stdout] thread 'catchall_off_by_one' (799) panicked at tests/match.rs:309:5:
[INFO] [stdout] called `Option::unwrap()` on a `None` value
[INFO] [stdout] stack backtrace:
[INFO] [stdout]    0:     0x56dfa6697a97 - <<std[617be2ca0a6fd877]::sys::backtrace::BacktraceLock>::print::DisplayBacktrace as core[a373ad73a504971]::fmt::Display>::fmt
[INFO] [stdout]    1:     0x56dfa667eeda - core[a373ad73a504971]::fmt::write
[INFO] [stdout]    2:     0x56dfa669704b - <alloc[2e1b2a31b91974c5]::vec::Vec<u8> as core[a373ad73a504971]::io::write::Write>::write_fmt
[INFO] [stdout]    3:     0x56dfa6696b2f - std[617be2ca0a6fd877]::panicking::default_hook::{closure#0}
[INFO] [stdout]    4:     0x56dfa669675a - std[617be2ca0a6fd877]::panicking::default_hook
[INFO] [stdout]    5:     0x56dfa6696295 - std[617be2ca0a6fd877]::panicking::panic_with_hook
[INFO] [stdout]    6:     0x56dfa66bd072 - std[617be2ca0a6fd877]::panicking::panic_handler::{closure#0}
[INFO] [stdout]    7:     0x56dfa66bcff9 - std[617be2ca0a6fd877]::sys::backtrace::__rust_end_short_backtrace::<std[617be2ca0a6fd877]::panicking::panic_handler::{closure#0}, !>
[INFO] [stdout]    8:     0x56dfa66bd4fc - __rustc[ea4f61d10b84890b]::rust_begin_unwind
[INFO] [stdout]    9:     0x56dfa667ed6b - core[a373ad73a504971]::panicking::panic_fmt
[INFO] [stdout]   10:     0x56dfa6680511 - core[a373ad73a504971]::panicking::panic
[INFO] [stdout]   11:     0x56dfa6681908 - core[a373ad73a504971]::option::unwrap_failed
[INFO] [stdout]   12:     0x56dfa6673e16 - <match[7a93627f12652166]::catchall_off_by_one::{closure#0} as core[a373ad73a504971]::ops::function::FnOnce<()>>::call_once
[INFO] [stdout]   13:     0x56dfa66d5c2b - test[aada8e7e76ba119b]::__rust_begin_short_backtrace::<core[a373ad73a504971]::result::Result<(), alloc[2e1b2a31b91974c5]::string::String>, fn() -> core[a373ad73a504971]::result::Result<(), alloc[2e1b2a31b91974c5]::string::String>>
[INFO] [stdout]   14:     0x56dfa66d108f - test[aada8e7e76ba119b]::run_test::{closure#0}
[INFO] [stdout]   15:     0x56dfa66d0b0c - std[617be2ca0a6fd877]::sys::backtrace::__rust_begin_short_backtrace::<test[aada8e7e76ba119b]::run_test::{closure#1}, ()>
[INFO] [stdout]   16:     0x56dfa66f107c - <std[617be2ca0a6fd877]::thread::lifecycle::spawn_unchecked<test[aada8e7e76ba119b]::run_test::{closure#1}, ()>::{closure#1} as core[a373ad73a504971]::ops::function::FnOnce<()>>::call_once::{shim:vtable#0}
[INFO] [stdout]   17:     0x56dfa66becd4 - <std[617be2ca0a6fd877]::sys::thread::unix::Thread>::new::thread_start
[INFO] [stdout]   18:     0x7f39dca25dfa - <unknown>
[INFO] [stdout]   19:     0x7f39dcab93d4 - clone
[INFO] [stdout]   20:                0x0 - <unknown>
[INFO] [stdout] 
[INFO] [stdout] ---- catchall_overlap stdout ----
[INFO] [stdout] 
[INFO] [stdout] thread 'catchall_overlap' (800) panicked at tests/match.rs:573:5:
[INFO] [stdout] assertion `left == right` failed
[INFO] [stdout]   left: [47, 121, 121, 121, 47, 42, 120]
[INFO] [stdout]  right: [47, 121, 121, 121, 42, 120]
[INFO] [stdout] stack backtrace:
[INFO] [stdout]    0:     0x56dfa6697a97 - <<std[617be2ca0a6fd877]::sys::backtrace::BacktraceLock>::print::DisplayBacktrace as core[a373ad73a504971]::fmt::Display>::fmt
[INFO] [stdout]    1:     0x56dfa667eeda - core[a373ad73a504971]::fmt::write
[INFO] [stdout]    2:     0x56dfa669704b - <alloc[2e1b2a31b91974c5]::vec::Vec<u8> as core[a373ad73a504971]::io::write::Write>::write_fmt
[INFO] [stdout]    3:     0x56dfa6696b2f - std[617be2ca0a6fd877]::panicking::default_hook::{closure#0}
[INFO] [stdout]    4:     0x56dfa669675a - std[617be2ca0a6fd877]::panicking::default_hook
[INFO] [stdout]    5:     0x56dfa6696295 - std[617be2ca0a6fd877]::panicking::panic_with_hook
[INFO] [stdout]    6:     0x56dfa66bd041 - std[617be2ca0a6fd877]::panicking::panic_handler::{closure#0}
[INFO] [stdout]    7:     0x56dfa66bcff9 - std[617be2ca0a6fd877]::sys::backtrace::__rust_end_short_backtrace::<std[617be2ca0a6fd877]::panicking::panic_handler::{closure#0}, !>
[INFO] [stdout]    8:     0x56dfa66bd4fc - __rustc[ea4f61d10b84890b]::rust_begin_unwind
[INFO] [stdout]    9:     0x56dfa667ed6b - core[a373ad73a504971]::panicking::panic_fmt
[INFO] [stdout]   10:     0x56dfa667ec8a - core[a373ad73a504971]::panicking::assert_failed_inner
[INFO] [stdout]   11:     0x56dfa666a951 - core[a373ad73a504971]::panicking::assert_failed::<&&&[u8], &&&[u8]>
[INFO] [stdout]   12:     0x56dfa6672a8c - <match[7a93627f12652166]::catchall_overlap::{closure#0} as core[a373ad73a504971]::ops::function::FnOnce<()>>::call_once
[INFO] [stdout]   13:     0x56dfa66d5c2b - test[aada8e7e76ba119b]::__rust_begin_short_backtrace::<core[a373ad73a504971]::result::Result<(), alloc[2e1b2a31b91974c5]::string::String>, fn() -> core[a373ad73a504971]::result::Result<(), alloc[2e1b2a31b91974c5]::string::String>>
[INFO] [stdout]   14:     0x56dfa66d108f - test[aada8e7e76ba119b]::run_test::{closure#0}
[INFO] [stdout]   15:     0x56dfa66d0b0c - std[617be2ca0a6fd877]::sys::backtrace::__rust_begin_short_backtrace::<test[aada8e7e76ba119b]::run_test::{closure#1}, ()>
[INFO] [stdout]   16:     0x56dfa66f107c - <std[617be2ca0a6fd877]::thread::lifecycle::spawn_unchecked<test[aada8e7e76ba119b]::run_test::{closure#1}, ()>::{closure#1} as core[a373ad73a504971]::ops::function::FnOnce<()>>::call_once::{shim:vtable#0}
[INFO] [stdout]   17:     0x56dfa66becd4 - <std[617be2ca0a6fd877]::sys::thread::unix::Thread>::new::thread_start
[INFO] [stdout]   18:     0x7f39dca25dfa - <unknown>
[INFO] [stdout]   19:     0x7f39dcab93d4 - clone
[INFO] [stdout]   20:                0x0 - <unknown>
[INFO] [stdout] 
[INFO] [stdout] ---- trailing_slash stdout ----
[INFO] [stdout] 
[INFO] [stdout] thread 'trailing_slash' (812) panicked at tests/match.rs:481:5:
[INFO] [stdout] called `Option::unwrap()` on a `None` value
[INFO] [stdout] stack backtrace:
[INFO] [stdout]    0:     0x56dfa6697a97 - <<std[617be2ca0a6fd877]::sys::backtrace::BacktraceLock>::print::DisplayBacktrace as core[a373ad73a504971]::fmt::Display>::fmt
[INFO] [stdout]    1:     0x56dfa667eeda - core[a373ad73a504971]::fmt::write
[INFO] [stdout]    2:     0x56dfa669704b - <alloc[2e1b2a31b91974c5]::vec::Vec<u8> as core[a373ad73a504971]::io::write::Write>::write_fmt
[INFO] [stdout]    3:     0x56dfa6696b2f - std[617be2ca0a6fd877]::panicking::default_hook::{closure#0}
[INFO] [stdout]    4:     0x56dfa669675a - std[617be2ca0a6fd877]::panicking::default_hook
[INFO] [stdout]    5:     0x56dfa6696295 - std[617be2ca0a6fd877]::panicking::panic_with_hook
[INFO] [stdout]    6:     0x56dfa66bd072 - std[617be2ca0a6fd877]::panicking::panic_handler::{closure#0}
[INFO] [stdout]    7:     0x56dfa66bcff9 - std[617be2ca0a6fd877]::sys::backtrace::__rust_end_short_backtrace::<std[617be2ca0a6fd877]::panicking::panic_handler::{closure#0}, !>
[INFO] [stdout]    8:     0x56dfa66bd4fc - __rustc[ea4f61d10b84890b]::rust_begin_unwind
[INFO] [stdout]    9:     0x56dfa667ed6b - core[a373ad73a504971]::panicking::panic_fmt
[INFO] [stdout]   10:     0x56dfa6680511 - core[a373ad73a504971]::panicking::panic
[INFO] [stdout]   11:     0x56dfa6681908 - core[a373ad73a504971]::option::unwrap_failed
[INFO] [stdout]   12:     0x56dfa6672373 - <match[7a93627f12652166]::trailing_slash::{closure#0} as core[a373ad73a504971]::ops::function::FnOnce<()>>::call_once
[INFO] [stdout]   13:     0x56dfa66d5c2b - test[aada8e7e76ba119b]::__rust_begin_short_backtrace::<core[a373ad73a504971]::result::Result<(), alloc[2e1b2a31b91974c5]::string::String>, fn() -> core[a373ad73a504971]::result::Result<(), alloc[2e1b2a31b91974c5]::string::String>>
[INFO] [stdout]   14:     0x56dfa66d108f - test[aada8e7e76ba119b]::run_test::{closure#0}
[INFO] [stdout]   15:     0x56dfa66d0b0c - std[617be2ca0a6fd877]::sys::backtrace::__rust_begin_short_backtrace::<test[aada8e7e76ba119b]::run_test::{closure#1}, ()>
[INFO] [stdout]   16:     0x56dfa66f107c - <std[617be2ca0a6fd877]::thread::lifecycle::spawn_unchecked<test[aada8e7e76ba119b]::run_test::{closure#1}, ()>::{closure#1} as core[a373ad73a504971]::ops::function::FnOnce<()>>::call_once::{shim:vtable#0}
[INFO] [stdout]   17:     0x56dfa66becd4 - <std[617be2ca0a6fd877]::sys::thread::unix::Thread>::new::thread_start
[INFO] [stdout]   18:     0x7f39dca25dfa - <unknown>
[INFO] [stdout]   19:     0x7f39dcab93d4 - clone
[INFO] [stdout]   20:                0x0 - <unknown>
[INFO] [stdout] 
[INFO] [stdout] ---- wildcard stdout ----
[INFO] [stdout] 
[INFO] [stdout] thread 'wildcard' (814) panicked at tests/match.rs:636:5:
[INFO] [stdout] called `Option::unwrap()` on a `None` value
[INFO] [stdout] stack backtrace:
[INFO] [stdout]    0:     0x56dfa6697a97 - <<std[617be2ca0a6fd877]::sys::backtrace::BacktraceLock>::print::DisplayBacktrace as core[a373ad73a504971]::fmt::Display>::fmt
[INFO] [stdout]    1:     0x56dfa667eeda - core[a373ad73a504971]::fmt::write
[INFO] [stdout]    2:     0x56dfa669704b - <alloc[2e1b2a31b91974c5]::vec::Vec<u8> as core[a373ad73a504971]::io::write::Write>::write_fmt
[INFO] [stdout]    3:     0x56dfa6696b2f - std[617be2ca0a6fd877]::panicking::default_hook::{closure#0}
[INFO] [stdout]    4:     0x56dfa669675a - std[617be2ca0a6fd877]::panicking::default_hook
[INFO] [stdout]    5:     0x56dfa6696295 - std[617be2ca0a6fd877]::panicking::panic_with_hook
[INFO] [stdout]    6:     0x56dfa66bd072 - std[617be2ca0a6fd877]::panicking::panic_handler::{closure#0}
[INFO] [stdout]    7:     0x56dfa66bcff9 - std[617be2ca0a6fd877]::sys::backtrace::__rust_end_short_backtrace::<std[617be2ca0a6fd877]::panicking::panic_handler::{closure#0}, !>
[INFO] [stdout]    8:     0x56dfa66bd4fc - __rustc[ea4f61d10b84890b]::rust_begin_unwind
[INFO] [stdout]    9:     0x56dfa667ed6b - core[a373ad73a504971]::panicking::panic_fmt
[INFO] [stdout]   10:     0x56dfa6680511 - core[a373ad73a504971]::panicking::panic
[INFO] [stdout]   11:     0x56dfa6681908 - core[a373ad73a504971]::option::unwrap_failed
[INFO] [stdout]   12:     0x56dfa667d75c - <match[7a93627f12652166]::wildcard::{closure#0} as core[a373ad73a504971]::ops::function::FnOnce<()>>::call_once
[INFO] [stdout]   13:     0x56dfa66d5c2b - test[aada8e7e76ba119b]::__rust_begin_short_backtrace::<core[a373ad73a504971]::result::Result<(), alloc[2e1b2a31b91974c5]::string::String>, fn() -> core[a373ad73a504971]::result::Result<(), alloc[2e1b2a31b91974c5]::string::String>>
[INFO] [stdout]   14:     0x56dfa66d108f - test[aada8e7e76ba119b]::run_test::{closure#0}
[INFO] [stdout]   15:     0x56dfa66d0b0c - std[617be2ca0a6fd877]::sys::backtrace::__rust_begin_short_backtrace::<test[aada8e7e76ba119b]::run_test::{closure#1}, ()>
[INFO] [stdout]   16:     0x56dfa66f107c - <std[617be2ca0a6fd877]::thread::lifecycle::spawn_unchecked<test[aada8e7e76ba119b]::run_test::{closure#1}, ()>::{closure#1} as core[a373ad73a504971]::ops::function::FnOnce<()>>::call_once::{shim:vtable#0}
[INFO] [stdout]   17:     0x56dfa66becd4 - <std[617be2ca0a6fd877]::sys::thread::unix::Thread>::new::thread_start
[INFO] [stdout]   18:     0x7f39dca25dfa - <unknown>
[INFO] [stdout]   19:     0x7f39dcab93d4 - clone
[INFO] [stdout]   20:                0x0 - <unknown>
[INFO] [stdout] 
[INFO] [stdout] 
[INFO] [stdout] failures:
[INFO] [stdout]     catchall_off_by_one
[INFO] [stdout]     catchall_overlap
[INFO] [stdout]     trailing_slash
[INFO] [stdout]     wildcard
[INFO] [stdout] 
[INFO] [stdout] test result: FAILED. 16 passed; 4 failed; 0 ignored; 0 measured; 0 filtered out; finished in 0.01s
[INFO] [stdout] 
[INFO] running `Command { std: "docker" "inspect" "de4ad7d2aa354b7b24f33f1fee7ea50447554c61a022cf4457bd37483650d0ea", kill_on_drop: false }`
[INFO] running `Command { std: "docker" "rm" "-f" "de4ad7d2aa354b7b24f33f1fee7ea50447554c61a022cf4457bd37483650d0ea", kill_on_drop: false }`
[INFO] [stdout] de4ad7d2aa354b7b24f33f1fee7ea50447554c61a022cf4457bd37483650d0ea
