[INFO] fetching crate monoio-pg 0.1.10...
[INFO] testing monoio-pg-0.1.10 against 1.99.0-beta.8+cargoflags=--release for beta-release-1.100-2
[INFO] extracting crate monoio-pg 0.1.10 into /workspace/builds/worker-0-tc1/source
[INFO] started tweaking crates.io crate monoio-pg 0.1.10
[INFO] removed 0 missing examples
[INFO] removed 0 missing tests
[INFO] finished tweaking crates.io crate monoio-pg 0.1.10
[INFO] tweaked toml for crates.io crate monoio-pg 0.1.10 written to /workspace/builds/worker-0-tc1/source/Cargo.toml
[INFO] validating manifest of crates.io crate monoio-pg 0.1.10 on toolchain 1.99.0-beta.8
[INFO] running `Command { std: CARGO_HOME="/workspace/cargo-home" RUSTUP_HOME="/workspace/rustup-home" "/workspace/cargo-home/bin/cargo" "+1.99.0-beta.8" "metadata" "--manifest-path" "Cargo.toml" "--no-deps", kill_on_drop: false }`
[INFO] crate crates.io crate monoio-pg 0.1.10 already has a lockfile, it will not be regenerated
[INFO] running `Command { std: CARGO_HOME="/workspace/cargo-home" RUSTUP_HOME="/workspace/rustup-home" "/workspace/cargo-home/bin/cargo" "+1.99.0-beta.8" "fetch" "--manifest-path" "Cargo.toml", kill_on_drop: false }`
[INFO] [stderr]     Updating crates.io index
[INFO] [stderr]  Downloading crates ...
[INFO] [stderr]   Downloaded wasm-bindgen-shared v0.2.113
[INFO] [stderr]   Downloaded wasm-bindgen-macro-support v0.2.113
[INFO] [stderr]   Downloaded wasm-bindgen-macro v0.2.113
[INFO] [stderr]   Downloaded monoio-macros v0.1.0
[INFO] [stderr]   Downloaded wasm-bindgen v0.2.113
[INFO] [stderr]   Downloaded postgres-derive v0.4.7
[INFO] [stderr]   Downloaded auto-const-array v0.2.2
[INFO] [stderr]   Downloaded monoio-codec v0.3.4
[INFO] [stderr]   Downloaded clap_lex v1.0.0
[INFO] [stderr]   Downloaded io-uring v0.6.4
[INFO] [stderr]   Downloaded clap v4.5.60
[INFO] [stderr]   Downloaded js-sys v0.3.90
[INFO] [stderr]   Downloaded monoio v0.2.4
[INFO] [stderr]   Downloaded clap_builder v4.5.60
[INFO] [stderr]   Downloaded web-sys v0.3.90
[INFO] running `Command { std: "docker" "create" "-v" "/var/lib/crater-agent-workspace/builds/worker-0-tc1/source:/opt/rustwide/workdir:ro,Z" "-v" "/var/lib/crater-agent-workspace/builds/worker-0-tc1/target:/opt/rustwide/target:rw,Z" "-v" "/var/lib/crater-agent-workspace/cargo-home:/opt/rustwide/cargo-home:ro,Z" "-v" "/var/lib/crater-agent-workspace/rustup-home:/opt/rustwide/rustup-home:ro,Z" "-m" "1610612736" "--network" "none" "ghcr.io/rust-lang/crates-build-env/linux@sha256:77db811e55d90add9212f6832c23229e3de5f1c1f9905e8cb07319ea15df73ac" "sleep" "infinity", kill_on_drop: false }`
[INFO] [stdout] 842608cb4d23b861a45808e50bb8f9805230e844266166d0ac540f32f5a993a4
[INFO] running `Command { std: "docker" "start" "842608cb4d23b861a45808e50bb8f9805230e844266166d0ac540f32f5a993a4", kill_on_drop: false }`
[INFO] running `Command { std: "docker" "inspect" "842608cb4d23b861a45808e50bb8f9805230e844266166d0ac540f32f5a993a4", kill_on_drop: false }`
[INFO] running `Command { std: "docker" "exec" "-e" "SOURCE_DIR=/opt/rustwide/workdir" "-e" "CARGO_HOME=/opt/rustwide/cargo-home" "-e" "RUSTUP_HOME=/opt/rustwide/rustup-home" "-e" "CARGO_TARGET_DIR=/opt/rustwide/target" "-w" "/opt/rustwide/workdir" "--user" "0:0" "842608cb4d23b861a45808e50bb8f9805230e844266166d0ac540f32f5a993a4" "/opt/rustwide/cargo-home/bin/cargo" "+1.99.0-beta.8" "metadata" "--no-deps" "--format-version=1", kill_on_drop: false }`
[INFO] running `Command { std: "docker" "inspect" "842608cb4d23b861a45808e50bb8f9805230e844266166d0ac540f32f5a993a4", kill_on_drop: false }`
[INFO] running `Command { std: "docker" "exec" "-e" "SOURCE_DIR=/opt/rustwide/workdir" "-e" "CARGO_HOME=/opt/rustwide/cargo-home" "-e" "RUSTUP_HOME=/opt/rustwide/rustup-home" "-e" "CARGO_TARGET_DIR=/opt/rustwide/target" "-e" "CARGO_INCREMENTAL=0" "-e" "RUST_BACKTRACE=full" "-e" "RUSTFLAGS=--cap-lints=warn" "-e" "RUSTDOCFLAGS=--cap-lints=warn" "-w" "/opt/rustwide/workdir" "--user" "0:0" "842608cb4d23b861a45808e50bb8f9805230e844266166d0ac540f32f5a993a4" "/opt/rustwide/cargo-home/bin/cargo" "+1.99.0-beta.8" "build" "--frozen" "--message-format=json" "--release", kill_on_drop: false }`
[INFO] [stderr]    Compiling libc v0.2.182
[INFO] [stderr]    Compiling quote v1.0.44
[INFO] [stderr]    Compiling typenum v1.19.0
[INFO] [stderr]    Compiling zerocopy v0.8.39
[INFO] [stderr]    Compiling memoffset v0.7.1
[INFO] [stderr]    Compiling tinyvec v1.10.0
[INFO] [stderr]    Compiling io-uring v0.6.4
[INFO] [stderr]    Compiling unicode-properties v0.1.4
[INFO] [stderr]    Compiling unicode-bidi v0.3.18
[INFO] [stderr]    Compiling tokio v1.49.0
[INFO] [stderr]    Compiling once_cell v1.21.3
[INFO] [stderr]    Compiling fallible-iterator v0.2.0
[INFO] [stderr]    Compiling tracing-core v0.1.36
[INFO] [stderr]    Compiling syn v2.0.117
[INFO] [stderr]    Compiling unicode-normalization v0.1.25
[INFO] [stderr]    Compiling stringprep v0.1.5
[INFO] [stderr]    Compiling generic-array v0.14.7
[INFO] [stderr]    Compiling tokio-util v0.7.18
[INFO] [stderr]    Compiling getrandom v0.3.4
[INFO] [stderr]    Compiling getrandom v0.2.17
[INFO] [stderr]    Compiling nix v0.26.4
[INFO] [stderr]    Compiling mio v0.8.11
[INFO] [stderr]    Compiling socket2 v0.5.10
[INFO] [stderr]    Compiling rand_core v0.9.5
[INFO] [stderr]    Compiling rand_core v0.6.4
[INFO] [stderr]    Compiling crypto-common v0.1.7
[INFO] [stderr]    Compiling block-buffer v0.10.4
[INFO] [stderr]    Compiling digest v0.10.7
[INFO] [stderr]    Compiling hmac v0.12.1
[INFO] [stderr]    Compiling md-5 v0.10.6
[INFO] [stderr]    Compiling sha2 v0.10.9
[INFO] [stderr]    Compiling pbkdf2 v0.12.2
[INFO] [stderr]    Compiling monoio-macros v0.1.0
[INFO] [stderr]    Compiling auto-const-array v0.2.2
[INFO] [stderr]    Compiling postgres-derive v0.4.7
[INFO] [stderr]    Compiling tracing-attributes v0.1.31
[INFO] [stderr]    Compiling thiserror-impl v1.0.69
[INFO] [stderr]    Compiling tracing v0.1.44
[INFO] [stderr]    Compiling thiserror v1.0.69
[INFO] [stderr]    Compiling ppv-lite86 v0.2.21
[INFO] [stderr]    Compiling monoio v0.2.4
[INFO] [stderr]    Compiling rand_chacha v0.9.0
[INFO] [stderr]    Compiling rand_chacha v0.3.1
[INFO] [stderr]    Compiling rand v0.9.2
[INFO] [stderr]    Compiling rand v0.8.5
[INFO] [stderr]    Compiling postgres-protocol v0.6.10
[INFO] [stderr]    Compiling monoio-codec v0.3.4
[INFO] [stderr]    Compiling postgres-types v0.2.12
[INFO] [stderr]    Compiling monoio-pg v0.1.10 (/opt/rustwide/workdir)
[INFO] [stderr]     Finished `release` profile [optimized] target(s) in 28.07s
[INFO] running `Command { std: "docker" "inspect" "842608cb4d23b861a45808e50bb8f9805230e844266166d0ac540f32f5a993a4", kill_on_drop: false }`
[INFO] running `Command { std: "docker" "exec" "-e" "SOURCE_DIR=/opt/rustwide/workdir" "-e" "CARGO_HOME=/opt/rustwide/cargo-home" "-e" "RUSTUP_HOME=/opt/rustwide/rustup-home" "-e" "CARGO_TARGET_DIR=/opt/rustwide/target" "-e" "CARGO_INCREMENTAL=0" "-e" "RUST_BACKTRACE=full" "-e" "RUSTFLAGS=--cap-lints=warn" "-e" "RUSTDOCFLAGS=--cap-lints=warn" "-w" "/opt/rustwide/workdir" "--user" "0:0" "842608cb4d23b861a45808e50bb8f9805230e844266166d0ac540f32f5a993a4" "/opt/rustwide/cargo-home/bin/cargo" "+1.99.0-beta.8" "test" "--frozen" "--no-run" "--message-format=json" "--release", kill_on_drop: false }`
[INFO] [stderr]    Compiling zerocopy v0.8.39
[INFO] [stderr]    Compiling zerocopy-derive v0.8.39
[INFO] [stderr]    Compiling smallvec v1.15.1
[INFO] [stderr]    Compiling errno v0.3.14
[INFO] [stderr]    Compiling socket2 v0.6.2
[INFO] [stderr]    Compiling mio v1.1.1
[INFO] [stderr]    Compiling tokio-macros v2.6.0
[INFO] [stderr]    Compiling tracing-core v0.1.36
[INFO] [stderr]    Compiling mio v0.8.11
[INFO] [stderr]    Compiling num-traits v0.2.19
[INFO] [stderr]    Compiling serde_derive v1.0.228
[INFO] [stderr]    Compiling futures-task v0.3.32
[INFO] [stderr]    Compiling clap_lex v1.0.0
[INFO] [stderr]    Compiling anstyle v1.0.13
[INFO] [stderr]    Compiling itoa v1.0.17
[INFO] [stderr]    Compiling siphasher v1.0.2
[INFO] [stderr]    Compiling futures-util v0.3.32
[INFO] [stderr]    Compiling signal-hook-registry v1.4.8
[INFO] [stderr]    Compiling parking_lot_core v0.9.12
[INFO] [stderr]    Compiling clap_builder v4.5.60
[INFO] [stderr]    Compiling serde_json v1.0.149
[INFO] [stderr]    Compiling phf_shared v0.13.1
[INFO] [stderr]    Compiling rayon-core v1.13.0
[INFO] [stderr]    Compiling futures-io v0.3.32
[INFO] [stderr]    Compiling parking_lot v0.12.5
[INFO] [stderr]    Compiling monoio v0.2.4
[INFO] [stderr]    Compiling tracing v0.1.44
[INFO] [stderr]    Compiling tracing-log v0.2.0
[INFO] [stderr]    Compiling tokio v1.49.0
[INFO] [stderr]    Compiling phf v0.13.1
[INFO] [stderr]    Compiling is-terminal v0.4.17
[INFO] [stderr]    Compiling whoami v2.1.1
[INFO] [stderr]    Compiling async-trait v0.1.89
[INFO] [stderr]    Compiling tracing-subscriber v0.3.22
[INFO] [stderr]    Compiling hex v0.4.3
[INFO] [stderr]    Compiling rayon v1.11.0
[INFO] [stderr]    Compiling plotters v0.3.7
[INFO] [stderr]    Compiling futures v0.3.32
[INFO] [stderr]    Compiling clap v4.5.60
[INFO] [stderr]    Compiling serde v1.0.228
[INFO] [stderr]    Compiling tinytemplate v1.2.1
[INFO] [stderr]    Compiling ppv-lite86 v0.2.21
[INFO] [stderr]    Compiling half v2.7.1
[INFO] [stderr]    Compiling ciborium-ll v0.2.2
[INFO] [stderr]    Compiling tokio-util v0.7.18
[INFO] [stderr]    Compiling rand_chacha v0.9.0
[INFO] [stderr]    Compiling rand_chacha v0.3.1
[INFO] [stderr]    Compiling ciborium v0.2.2
[INFO] [stderr]    Compiling rand v0.9.2
[INFO] [stderr]    Compiling rand v0.8.5
[INFO] [stderr]    Compiling monoio-codec v0.3.4
[INFO] [stderr]    Compiling postgres-protocol v0.6.10
[INFO] [stderr]    Compiling criterion v0.5.1
[INFO] [stderr]    Compiling postgres-types v0.2.12
[INFO] [stderr]    Compiling monoio-pg v0.1.10 (/opt/rustwide/workdir)
[INFO] [stderr]    Compiling tokio-postgres v0.7.16
[INFO] [stderr]     Finished `release` profile [optimized] target(s) in 1m 04s
[INFO] running `Command { std: "docker" "inspect" "842608cb4d23b861a45808e50bb8f9805230e844266166d0ac540f32f5a993a4", kill_on_drop: false }`
[INFO] running `Command { std: "docker" "exec" "-e" "SOURCE_DIR=/opt/rustwide/workdir" "-e" "CARGO_HOME=/opt/rustwide/cargo-home" "-e" "RUSTUP_HOME=/opt/rustwide/rustup-home" "-e" "CARGO_TARGET_DIR=/opt/rustwide/target" "-e" "CARGO_INCREMENTAL=0" "-e" "RUST_BACKTRACE=full" "-e" "RUSTFLAGS=--cap-lints=warn" "-e" "RUSTDOCFLAGS=--cap-lints=warn" "-w" "/opt/rustwide/workdir" "--user" "0:0" "842608cb4d23b861a45808e50bb8f9805230e844266166d0ac540f32f5a993a4" "/opt/rustwide/cargo-home/bin/cargo" "+1.99.0-beta.8" "test" "--frozen" "--release", kill_on_drop: false }`
[INFO] [stderr]     Finished `release` profile [optimized] target(s) in 0.22s
[INFO] [stderr]      Running unittests src/lib.rs (/opt/rustwide/target/release/deps/monoio_pg-09adcb7ac3bf81cf)
[INFO] [stdout] 
[INFO] [stdout] running 2 tests
[INFO] [stdout] test codec::tests::test_codec_decode_ready_for_query ... ok
[INFO] [stdout] test codec::tests::test_codec_decode_incomplete ... ok
[INFO] [stdout] 
[INFO] [stdout] test result: ok. 2 passed; 0 failed; 0 ignored; 0 measured; 0 filtered out; finished in 0.00s
[INFO] [stdout] 
[INFO] [stderr]      Running unittests src/main.rs (/opt/rustwide/target/release/deps/monoio_pg-58e3ff2732749911)
[INFO] [stderr]      Running tests/integration_test.rs (/opt/rustwide/target/release/deps/integration_test-542273f48f3caa7a)
[INFO] [stdout] 
[INFO] [stdout] running 0 tests
[INFO] [stdout] 
[INFO] [stdout] test result: ok. 0 passed; 0 failed; 0 ignored; 0 measured; 0 filtered out; finished in 0.00s
[INFO] [stdout] 
[INFO] [stdout] 
[INFO] [stdout] running 18 tests
[INFO] [stdout] test legacy_test_connect_wrong_password ... ok
[INFO] [stdout] test legacy_test_pool ... FAILED
[INFO] [stdout] test uring_test_query_null_values ... FAILED
[INFO] [stdout] test legacy_test_query_syntax_error ... FAILED
[INFO] [stdout] test uring_test_query_syntax_error ... FAILED
[INFO] [stdout] test legacy_test_query_multiple_rows ... FAILED
[INFO] [stdout] test legacy_test_query_simple ... FAILED
[INFO] [stdout] test legacy_test_query_null_values ... FAILED
[INFO] [stdout] test uring_test_execute_create_drop ... FAILED
[INFO] [stdout] test uring_test_connect_success ... FAILED
[INFO] [stdout] test legacy_test_execute_create_drop ... FAILED
[INFO] [stdout] test legacy_test_data_types ... FAILED
[INFO] [stdout] test uring_test_pool ... FAILED
[INFO] [stdout] test uring_test_query_multiple_rows ... FAILED
[INFO] [stdout] test uring_test_connect_wrong_password ... FAILED
[INFO] [stdout] test uring_test_data_types ... FAILED
[INFO] [stdout] test uring_test_query_simple ... FAILED
[INFO] [stdout] test legacy_test_connect_success ... FAILED
[INFO] [stdout] 
[INFO] [stdout] failures:
[INFO] [stdout] 
[INFO] [stdout] ---- legacy_test_pool stdout ----
[INFO] [stdout] 
[INFO] [stdout] thread 'legacy_test_pool' (2044) panicked at tests/integration_test.rs:138:40:
[INFO] [stdout] called `Result::unwrap()` on an `Err` value: Io(Os { code: 111, kind: ConnectionRefused, message: "Connection refused" })
[INFO] [stdout] stack backtrace:
[INFO] [stdout]    0:     0x63ba51fdba81 - <<std[70759c8f55707aa4]::sys::backtrace::BacktraceLock>::print::DisplayBacktrace as core[df12db4294e9bfd3]::fmt::Display>::fmt
[INFO] [stdout]    1:     0x63ba51ff103a - core[df12db4294e9bfd3]::fmt::write
[INFO] [stdout]    2:     0x63ba51fe023c - <alloc[2182bb758b4b3781]::vec::Vec<u8> as core[df12db4294e9bfd3]::io::write::Write>::write_fmt
[INFO] [stdout]    3:     0x63ba51fb7996 - std[70759c8f55707aa4]::panicking::default_hook::{closure#0}
[INFO] [stdout]    4:     0x63ba51fd3dc9 - std[70759c8f55707aa4]::panicking::default_hook
[INFO] [stdout]    5:     0x63ba51f57720 - test[9d35eded1c95d3be]::test_main_inner::<test[9d35eded1c95d3be]::test_main_static::{closure#0}>::{closure#0}
[INFO] [stdout]    6:     0x63ba51fd3f82 - std[70759c8f55707aa4]::panicking::panic_with_hook
[INFO] [stdout]    7:     0x63ba51fb7a42 - std[70759c8f55707aa4]::panicking::panic_handler::{closure#0}
[INFO] [stdout]    8:     0x63ba51fb0719 - std[70759c8f55707aa4]::sys::backtrace::__rust_end_short_backtrace::<std[70759c8f55707aa4]::panicking::panic_handler::{closure#0}, !>
[INFO] [stdout]    9:     0x63ba51fb882d - __rustc[8fa7c3cbc660c2b3]::rust_begin_unwind
[INFO] [stdout]   10:     0x63ba51ff176c - core[df12db4294e9bfd3]::panicking::panic_fmt
[INFO] [stdout]   11:     0x63ba51ff1542 - core[df12db4294e9bfd3]::result::unwrap_failed
[INFO] [stdout]   12:     0x63ba51f29530 - <monoio[e7c75084f0117762]::macros::scoped_tls::ScopedKey<monoio[e7c75084f0117762]::driver::Inner>>::set::<<monoio[e7c75084f0117762]::runtime::Runtime<monoio[e7c75084f0117762]::driver::legacy::LegacyDriver>>::block_on<integration_test[e7a45f26c1c0aa16]::legacy_test_pool::{closure#0}>::{closure#0}, ()>
[INFO] [stdout]   13:     0x63ba51f3ef45 - <monoio[e7c75084f0117762]::runtime::Runtime<monoio[e7c75084f0117762]::driver::legacy::LegacyDriver>>::block_on::<integration_test[e7a45f26c1c0aa16]::legacy_test_pool::{closure#0}>
[INFO] [stdout]   14:     0x63ba51f432b4 - <integration_test[e7a45f26c1c0aa16]::legacy_test_pool::{closure#0} as core[df12db4294e9bfd3]::ops::function::FnOnce<()>>::call_once
[INFO] [stdout]   15:     0x63ba51f4aa0b - test[9d35eded1c95d3be]::__rust_begin_short_backtrace::<core[df12db4294e9bfd3]::result::Result<(), alloc[2182bb758b4b3781]::string::String>, fn() -> core[df12db4294e9bfd3]::result::Result<(), alloc[2182bb758b4b3781]::string::String>>
[INFO] [stdout]   16:     0x63ba51f58075 - test[9d35eded1c95d3be]::run_test::{closure#0}
[INFO] [stdout]   17:     0x63ba51f51934 - std[70759c8f55707aa4]::sys::backtrace::__rust_begin_short_backtrace::<test[9d35eded1c95d3be]::run_test::{closure#1}, ()>
[INFO] [stdout]   18:     0x63ba51f5b1d2 - <std[70759c8f55707aa4]::thread::lifecycle::spawn_unchecked<test[9d35eded1c95d3be]::run_test::{closure#1}, ()>::{closure#1} as core[df12db4294e9bfd3]::ops::function::FnOnce<()>>::call_once::{shim:vtable#0}
[INFO] [stdout]   19:     0x63ba51fdafe9 - <std[70759c8f55707aa4]::sys::thread::unix::Thread>::new::thread_start
[INFO] [stdout]   20:     0x728c85b05dfa - <unknown>
[INFO] [stdout]   21:     0x728c85b993d4 - clone
[INFO] [stdout]   22:                0x0 - <unknown>
[INFO] [stdout] 
[INFO] [stdout] ---- uring_test_query_null_values stdout ----
[INFO] [stdout] 
[INFO] [stdout] thread 'uring_test_query_null_values' (2055) panicked at tests/integration_test.rs:119:58:
[INFO] [stdout] Failed building the Runtime: Os { code: 1, kind: PermissionDenied, message: "Operation not permitted" }
[INFO] [stdout] stack backtrace:
[INFO] [stdout]    0:     0x63ba51fdba81 - <<std[70759c8f55707aa4]::sys::backtrace::BacktraceLock>::print::DisplayBacktrace as core[df12db4294e9bfd3]::fmt::Display>::fmt
[INFO] [stdout]    1:     0x63ba51ff103a - core[df12db4294e9bfd3]::fmt::write
[INFO] [stdout]    2:     0x63ba51fe023c - <alloc[2182bb758b4b3781]::vec::Vec<u8> as core[df12db4294e9bfd3]::io::write::Write>::write_fmt
[INFO] [stdout]    3:     0x63ba51fb7996 - std[70759c8f55707aa4]::panicking::default_hook::{closure#0}
[INFO] [stdout]    4:     0x63ba51fd3dc9 - std[70759c8f55707aa4]::panicking::default_hook
[INFO] [stdout]    5:     0x63ba51f57720 - test[9d35eded1c95d3be]::test_main_inner::<test[9d35eded1c95d3be]::test_main_static::{closure#0}>::{closure#0}
[INFO] [stdout]    6:     0x63ba51fd3f82 - std[70759c8f55707aa4]::panicking::panic_with_hook
[INFO] [stdout]    7:     0x63ba51fb7a42 - std[70759c8f55707aa4]::panicking::panic_handler::{closure#0}
[INFO] [stdout]    8:     0x63ba51fb0719 - std[70759c8f55707aa4]::sys::backtrace::__rust_end_short_backtrace::<std[70759c8f55707aa4]::panicking::panic_handler::{closure#0}, !>
[INFO] [stdout]    9:     0x63ba51fb882d - __rustc[8fa7c3cbc660c2b3]::rust_begin_unwind
[INFO] [stdout]   10:     0x63ba51ff176c - core[df12db4294e9bfd3]::panicking::panic_fmt
[INFO] [stdout]   11:     0x63ba51ff1542 - core[df12db4294e9bfd3]::result::unwrap_failed
[INFO] [stdout]   12:     0x63ba51f43e8a - <integration_test[e7a45f26c1c0aa16]::uring_test_query_null_values::{closure#0} as core[df12db4294e9bfd3]::ops::function::FnOnce<()>>::call_once
[INFO] [stdout]   13:     0x63ba51f4aa0b - test[9d35eded1c95d3be]::__rust_begin_short_backtrace::<core[df12db4294e9bfd3]::result::Result<(), alloc[2182bb758b4b3781]::string::String>, fn() -> core[df12db4294e9bfd3]::result::Result<(), alloc[2182bb758b4b3781]::string::String>>
[INFO] [stdout]   14:     0x63ba51f58075 - test[9d35eded1c95d3be]::run_test::{closure#0}
[INFO] [stdout]   15:     0x63ba51f51934 - std[70759c8f55707aa4]::sys::backtrace::__rust_begin_short_backtrace::<test[9d35eded1c95d3be]::run_test::{closure#1}, ()>
[INFO] [stdout]   16:     0x63ba51f5b1d2 - <std[70759c8f55707aa4]::thread::lifecycle::spawn_unchecked<test[9d35eded1c95d3be]::run_test::{closure#1}, ()>::{closure#1} as core[df12db4294e9bfd3]::ops::function::FnOnce<()>>::call_once::{shim:vtable#0}
[INFO] [stdout]   17:     0x63ba51fdafe9 - <std[70759c8f55707aa4]::sys::thread::unix::Thread>::new::thread_start
[INFO] [stdout]   18:     0x728c85b05dfa - <unknown>
[INFO] [stdout]   19:     0x728c85b993d4 - clone
[INFO] [stdout]   20:                0x0 - <unknown>
[INFO] [stdout] 
[INFO] [stdout] ---- legacy_test_query_syntax_error stdout ----
[INFO] [stdout] 
[INFO] [stdout] thread 'legacy_test_query_syntax_error' (2048) panicked at tests/integration_test.rs:10:10:
[INFO] [stdout] Failed to connect to Postgres: Io(Os { code: 111, kind: ConnectionRefused, message: "Connection refused" })
[INFO] [stdout] stack backtrace:
[INFO] [stdout]    0:     0x63ba51fdba81 - <<std[70759c8f55707aa4]::sys::backtrace::BacktraceLock>::print::DisplayBacktrace as core[df12db4294e9bfd3]::fmt::Display>::fmt
[INFO] [stdout]    1:     0x63ba51ff103a - core[df12db4294e9bfd3]::fmt::write
[INFO] [stdout]    2:     0x63ba51fe023c - <alloc[2182bb758b4b3781]::vec::Vec<u8> as core[df12db4294e9bfd3]::io::write::Write>::write_fmt
[INFO] [stdout]    3:     0x63ba51fb7996 - std[70759c8f55707aa4]::panicking::default_hook::{closure#0}
[INFO] [stdout]    4:     0x63ba51fd3dc9 - std[70759c8f55707aa4]::panicking::default_hook
[INFO] [stdout]    5:     0x63ba51f57720 - test[9d35eded1c95d3be]::test_main_inner::<test[9d35eded1c95d3be]::test_main_static::{closure#0}>::{closure#0}
[INFO] [stdout]    6:     0x63ba51fd3f82 - std[70759c8f55707aa4]::panicking::panic_with_hook
[INFO] [stdout]    7:     0x63ba51fb7a42 - std[70759c8f55707aa4]::panicking::panic_handler::{closure#0}
[INFO] [stdout]    8:     0x63ba51fb0719 - std[70759c8f55707aa4]::sys::backtrace::__rust_end_short_backtrace::<std[70759c8f55707aa4]::panicking::panic_handler::{closure#0}, !>
[INFO] [stdout]    9:     0x63ba51fb882d - __rustc[8fa7c3cbc660c2b3]::rust_begin_unwind
[INFO] [stdout]   10:     0x63ba51ff176c - core[df12db4294e9bfd3]::panicking::panic_fmt
[INFO] [stdout]   11:     0x63ba51ff1542 - core[df12db4294e9bfd3]::result::unwrap_failed
[INFO] [stdout]   12:     0x63ba51f30de4 - integration_test[e7a45f26c1c0aa16]::get_client::{closure#0}
[INFO] [stdout]   13:     0x63ba51f2b9f0 - <monoio[e7c75084f0117762]::macros::scoped_tls::ScopedKey<monoio[e7c75084f0117762]::driver::Inner>>::set::<<monoio[e7c75084f0117762]::runtime::Runtime<monoio[e7c75084f0117762]::driver::legacy::LegacyDriver>>::block_on<integration_test[e7a45f26c1c0aa16]::legacy_test_query_syntax_error::{closure#0}>::{closure#0}, ()>
[INFO] [stdout]   14:     0x63ba51f3f5e2 - <monoio[e7c75084f0117762]::runtime::Runtime<monoio[e7c75084f0117762]::driver::legacy::LegacyDriver>>::block_on::<integration_test[e7a45f26c1c0aa16]::legacy_test_query_syntax_error::{closure#0}>
[INFO] [stdout]   15:     0x63ba51f44334 - <integration_test[e7a45f26c1c0aa16]::legacy_test_query_syntax_error::{closure#0} as core[df12db4294e9bfd3]::ops::function::FnOnce<()>>::call_once
[INFO] [stdout]   16:     0x63ba51f4aa0b - test[9d35eded1c95d3be]::__rust_begin_short_backtrace::<core[df12db4294e9bfd3]::result::Result<(), alloc[2182bb758b4b3781]::string::String>, fn() -> core[df12db4294e9bfd3]::result::Result<(), alloc[2182bb758b4b3781]::string::String>>
[INFO] [stdout]   17:     0x63ba51f58075 - test[9d35eded1c95d3be]::run_test::{closure#0}
[INFO] [stdout]   18:     0x63ba51f51934 - std[70759c8f55707aa4]::sys::backtrace::__rust_begin_short_backtrace::<test[9d35eded1c95d3be]::run_test::{closure#1}, ()>
[INFO] [stdout]   19:     0x63ba51f5b1d2 - <std[70759c8f55707aa4]::thread::lifecycle::spawn_unchecked<test[9d35eded1c95d3be]::run_test::{closure#1}, ()>::{closure#1} as core[df12db4294e9bfd3]::ops::function::FnOnce<()>>::call_once::{shim:vtable#0}
[INFO] [stdout]   20:     0x63ba51fdafe9 - <std[70759c8f55707aa4]::sys::thread::unix::Thread>::new::thread_start
[INFO] [stdout]   21:     0x728c85b05dfa - <unknown>
[INFO] [stdout]   22:     0x728c85b993d4 - clone
[INFO] [stdout]   23:                0x0 - <unknown>
[INFO] [stdout] 
[INFO] [stdout] ---- uring_test_query_syntax_error stdout ----
[INFO] [stdout] 
[INFO] [stdout] thread 'uring_test_query_syntax_error' (2057) panicked at tests/integration_test.rs:131:30:
[INFO] [stdout] Failed building the Runtime: Os { code: 1, kind: PermissionDenied, message: "Operation not permitted" }
[INFO] [stdout] stack backtrace:
[INFO] [stdout]    0:     0x63ba51fdba81 - <<std[70759c8f55707aa4]::sys::backtrace::BacktraceLock>::print::DisplayBacktrace as core[df12db4294e9bfd3]::fmt::Display>::fmt
[INFO] [stdout]    1:     0x63ba51ff103a - core[df12db4294e9bfd3]::fmt::write
[INFO] [stdout]    2:     0x63ba51fe023c - <alloc[2182bb758b4b3781]::vec::Vec<u8> as core[df12db4294e9bfd3]::io::write::Write>::write_fmt
[INFO] [stdout]    3:     0x63ba51fb7996 - std[70759c8f55707aa4]::panicking::default_hook::{closure#0}
[INFO] [stdout]    4:     0x63ba51fd3dc9 - std[70759c8f55707aa4]::panicking::default_hook
[INFO] [stdout]    5:     0x63ba51f57720 - test[9d35eded1c95d3be]::test_main_inner::<test[9d35eded1c95d3be]::test_main_static::{closure#0}>::{closure#0}
[INFO] [stdout]    6:     0x63ba51fd3f82 - std[70759c8f55707aa4]::panicking::panic_with_hook
[INFO] [stdout]    7:     0x63ba51fb7a42 - std[70759c8f55707aa4]::panicking::panic_handler::{closure#0}
[INFO] [stdout]    8:     0x63ba51fb0719 - std[70759c8f55707aa4]::sys::backtrace::__rust_end_short_backtrace::<std[70759c8f55707aa4]::panicking::panic_handler::{closure#0}, !>
[INFO] [stdout]    9:     0x63ba51fb882d - __rustc[8fa7c3cbc660c2b3]::rust_begin_unwind
[INFO] [stdout]   10:     0x63ba51ff176c - core[df12db4294e9bfd3]::panicking::panic_fmt
[INFO] [stdout]   11:     0x63ba51ff1542 - core[df12db4294e9bfd3]::result::unwrap_failed
[INFO] [stdout]   12:     0x63ba51f441ea - <integration_test[e7a45f26c1c0aa16]::uring_test_query_syntax_error::{closure#0} as core[df12db4294e9bfd3]::ops::function::FnOnce<()>>::call_once
[INFO] [stdout]   13:     0x63ba51f4aa0b - test[9d35eded1c95d3be]::__rust_begin_short_backtrace::<core[df12db4294e9bfd3]::result::Result<(), alloc[2182bb758b4b3781]::string::String>, fn() -> core[df12db4294e9bfd3]::result::Result<(), alloc[2182bb758b4b3781]::string::String>>
[INFO] [stdout]   14:     0x63ba51f58075 - test[9d35eded1c95d3be]::run_test::{closure#0}
[INFO] [stdout]   15:     0x63ba51f51934 - std[70759c8f55707aa4]::sys::backtrace::__rust_begin_short_backtrace::<test[9d35eded1c95d3be]::run_test::{closure#1}, ()>
[INFO] [stdout]   16:     0x63ba51f5b1d2 - <std[70759c8f55707aa4]::thread::lifecycle::spawn_unchecked<test[9d35eded1c95d3be]::run_test::{closure#1}, ()>::{closure#1} as core[df12db4294e9bfd3]::ops::function::FnOnce<()>>::call_once::{shim:vtable#0}
[INFO] [stdout]   17:     0x63ba51fdafe9 - <std[70759c8f55707aa4]::sys::thread::unix::Thread>::new::thread_start
[INFO] [stdout]   18:     0x728c85b05dfa - <unknown>
[INFO] [stdout]   19:     0x728c85b993d4 - clone
[INFO] [stdout]   20:                0x0 - <unknown>
[INFO] [stdout] 
[INFO] [stdout] ---- legacy_test_query_multiple_rows stdout ----
[INFO] [stdout] 
[INFO] [stdout] thread 'legacy_test_query_multiple_rows' (2045) panicked at tests/integration_test.rs:10:10:
[INFO] [stdout] Failed to connect to Postgres: Io(Os { code: 111, kind: ConnectionRefused, message: "Connection refused" })
[INFO] [stdout] stack backtrace:
[INFO] [stdout]    0:     0x63ba51fdba81 - <<std[70759c8f55707aa4]::sys::backtrace::BacktraceLock>::print::DisplayBacktrace as core[df12db4294e9bfd3]::fmt::Display>::fmt
[INFO] [stdout]    1:     0x63ba51ff103a - core[df12db4294e9bfd3]::fmt::write
[INFO] [stdout]    2:     0x63ba51fe023c - <alloc[2182bb758b4b3781]::vec::Vec<u8> as core[df12db4294e9bfd3]::io::write::Write>::write_fmt
[INFO] [stdout]    3:     0x63ba51fb7996 - std[70759c8f55707aa4]::panicking::default_hook::{closure#0}
[INFO] [stdout]    4:     0x63ba51fd3dc9 - std[70759c8f55707aa4]::panicking::default_hook
[INFO] [stdout]    5:     0x63ba51f57720 - test[9d35eded1c95d3be]::test_main_inner::<test[9d35eded1c95d3be]::test_main_static::{closure#0}>::{closure#0}
[INFO] [stdout]    6:     0x63ba51fd3f82 - std[70759c8f55707aa4]::panicking::panic_with_hook
[INFO] [stdout]    7:     0x63ba51fb7a42 - std[70759c8f55707aa4]::panicking::panic_handler::{closure#0}
[INFO] [stdout]    8:     0x63ba51fb0719 - std[70759c8f55707aa4]::sys::backtrace::__rust_end_short_backtrace::<std[70759c8f55707aa4]::panicking::panic_handler::{closure#0}, !>
[INFO] [stdout]    9:     0x63ba51fb882d - __rustc[8fa7c3cbc660c2b3]::rust_begin_unwind
[INFO] [stdout]   10:     0x63ba51ff176c - core[df12db4294e9bfd3]::panicking::panic_fmt
[INFO] [stdout]   11:     0x63ba51ff1542 - core[df12db4294e9bfd3]::result::unwrap_failed
[INFO] [stdout]   12:     0x63ba51f30de4 - integration_test[e7a45f26c1c0aa16]::get_client::{closure#0}
[INFO] [stdout]   13:     0x63ba51f2cc53 - <monoio[e7c75084f0117762]::macros::scoped_tls::ScopedKey<monoio[e7c75084f0117762]::driver::Inner>>::set::<<monoio[e7c75084f0117762]::runtime::Runtime<monoio[e7c75084f0117762]::driver::legacy::LegacyDriver>>::block_on<integration_test[e7a45f26c1c0aa16]::legacy_test_query_multiple_rows::{closure#0}>::{closure#0}, ()>
[INFO] [stdout]   14:     0x63ba51f3f882 - <monoio[e7c75084f0117762]::runtime::Runtime<monoio[e7c75084f0117762]::driver::legacy::LegacyDriver>>::block_on::<integration_test[e7a45f26c1c0aa16]::legacy_test_query_multiple_rows::{closure#0}>
[INFO] [stdout]   15:     0x63ba51f449f4 - <integration_test[e7a45f26c1c0aa16]::legacy_test_query_multiple_rows::{closure#0} as core[df12db4294e9bfd3]::ops::function::FnOnce<()>>::call_once
[INFO] [stdout]   16:     0x63ba51f4aa0b - test[9d35eded1c95d3be]::__rust_begin_short_backtrace::<core[df12db4294e9bfd3]::result::Result<(), alloc[2182bb758b4b3781]::string::String>, fn() -> core[df12db4294e9bfd3]::result::Result<(), alloc[2182bb758b4b3781]::string::String>>
[INFO] [stdout]   17:     0x63ba51f58075 - test[9d35eded1c95d3be]::run_test::{closure#0}
[INFO] [stdout]   18:     0x63ba51f51934 - std[70759c8f55707aa4]::sys::backtrace::__rust_begin_short_backtrace::<test[9d35eded1c95d3be]::run_test::{closure#1}, ()>
[INFO] [stdout]   19:     0x63ba51f5b1d2 - <std[70759c8f55707aa4]::thread::lifecycle::spawn_unchecked<test[9d35eded1c95d3be]::run_test::{closure#1}, ()>::{closure#1} as core[df12db4294e9bfd3]::ops::function::FnOnce<()>>::call_once::{shim:vtable#0}
[INFO] [stdout]   20:     0x63ba51fdafe9 - <std[70759c8f55707aa4]::sys::thread::unix::Thread>::new::thread_start
[INFO] [stdout]   21:     0x728c85b05dfa - <unknown>
[INFO] [stdout]   22:     0x728c85b993d4 - clone
[INFO] [stdout]   23:                0x0 - <unknown>
[INFO] [stdout] 
[INFO] [stdout] ---- legacy_test_query_simple stdout ----
[INFO] [stdout] 
[INFO] [stdout] thread 'legacy_test_query_simple' (2047) panicked at tests/integration_test.rs:10:10:
[INFO] [stdout] Failed to connect to Postgres: Io(Os { code: 111, kind: ConnectionRefused, message: "Connection refused" })
[INFO] [stdout] stack backtrace:
[INFO] [stdout]    0:     0x63ba51fdba81 - <<std[70759c8f55707aa4]::sys::backtrace::BacktraceLock>::print::DisplayBacktrace as core[df12db4294e9bfd3]::fmt::Display>::fmt
[INFO] [stdout]    1:     0x63ba51ff103a - core[df12db4294e9bfd3]::fmt::write
[INFO] [stdout]    2:     0x63ba51fe023c - <alloc[2182bb758b4b3781]::vec::Vec<u8> as core[df12db4294e9bfd3]::io::write::Write>::write_fmt
[INFO] [stdout]    3:     0x63ba51fb7996 - std[70759c8f55707aa4]::panicking::default_hook::{closure#0}
[INFO] [stdout]    4:     0x63ba51fd3dc9 - std[70759c8f55707aa4]::panicking::default_hook
[INFO] [stdout]    5:     0x63ba51f57720 - test[9d35eded1c95d3be]::test_main_inner::<test[9d35eded1c95d3be]::test_main_static::{closure#0}>::{closure#0}
[INFO] [stdout]    6:     0x63ba51fd3f82 - std[70759c8f55707aa4]::panicking::panic_with_hook
[INFO] [stdout]    7:     0x63ba51fb7a42 - std[70759c8f55707aa4]::panicking::panic_handler::{closure#0}
[INFO] [stdout]    8:     0x63ba51fb0719 - std[70759c8f55707aa4]::sys::backtrace::__rust_end_short_backtrace::<std[70759c8f55707aa4]::panicking::panic_handler::{closure#0}, !>
[INFO] [stdout]    9:     0x63ba51fb882d - __rustc[8fa7c3cbc660c2b3]::rust_begin_unwind
[INFO] [stdout]   10:     0x63ba51ff176c - core[df12db4294e9bfd3]::panicking::panic_fmt
[INFO] [stdout]   11:     0x63ba51ff1542 - core[df12db4294e9bfd3]::result::unwrap_failed
[INFO] [stdout]   12:     0x63ba51f30de4 - integration_test[e7a45f26c1c0aa16]::get_client::{closure#0}
[INFO] [stdout]   13:     0x63ba51f2a1e5 - <monoio[e7c75084f0117762]::macros::scoped_tls::ScopedKey<monoio[e7c75084f0117762]::driver::Inner>>::set::<<monoio[e7c75084f0117762]::runtime::Runtime<monoio[e7c75084f0117762]::driver::legacy::LegacyDriver>>::block_on<integration_test[e7a45f26c1c0aa16]::legacy_test_query_simple::{closure#0}>::{closure#0}, ()>
[INFO] [stdout]   14:     0x63ba51f3f1e2 - <monoio[e7c75084f0117762]::runtime::Runtime<monoio[e7c75084f0117762]::driver::legacy::LegacyDriver>>::block_on::<integration_test[e7a45f26c1c0aa16]::legacy_test_query_simple::{closure#0}>
[INFO] [stdout]   15:     0x63ba51f43974 - <integration_test[e7a45f26c1c0aa16]::legacy_test_query_simple::{closure#0} as core[df12db4294e9bfd3]::ops::function::FnOnce<()>>::call_once
[INFO] [stdout]   16:     0x63ba51f4aa0b - test[9d35eded1c95d3be]::__rust_begin_short_backtrace::<core[df12db4294e9bfd3]::result::Result<(), alloc[2182bb758b4b3781]::string::String>, fn() -> core[df12db4294e9bfd3]::result::Result<(), alloc[2182bb758b4b3781]::string::String>>
[INFO] [stdout]   17:     0x63ba51f58075 - test[9d35eded1c95d3be]::run_test::{closure#0}
[INFO] [stdout]   18:     0x63ba51f51934 - std[70759c8f55707aa4]::sys::backtrace::__rust_begin_short_backtrace::<test[9d35eded1c95d3be]::run_test::{closure#1}, ()>
[INFO] [stdout]   19:     0x63ba51f5b1d2 - <std[70759c8f55707aa4]::thread::lifecycle::spawn_unchecked<test[9d35eded1c95d3be]::run_test::{closure#1}, ()>::{closure#1} as core[df12db4294e9bfd3]::ops::function::FnOnce<()>>::call_once::{shim:vtable#0}
[INFO] [stdout]   20:     0x63ba51fdafe9 - <std[70759c8f55707aa4]::sys::thread::unix::Thread>::new::thread_start
[INFO] [stdout]   21:     0x728c85b05dfa - <unknown>
[INFO] [stdout]   22:     0x728c85b993d4 - clone
[INFO] [stdout]   23:                0x0 - <unknown>
[INFO] [stdout] 
[INFO] [stdout] ---- legacy_test_query_null_values stdout ----
[INFO] [stdout] 
[INFO] [stdout] thread 'legacy_test_query_null_values' (2046) panicked at tests/integration_test.rs:10:10:
[INFO] [stdout] Failed to connect to Postgres: Io(Os { code: 111, kind: ConnectionRefused, message: "Connection refused" })
[INFO] [stdout] stack backtrace:
[INFO] [stdout]    0:     0x63ba51fdba81 - <<std[70759c8f55707aa4]::sys::backtrace::BacktraceLock>::print::DisplayBacktrace as core[df12db4294e9bfd3]::fmt::Display>::fmt
[INFO] [stdout]    1:     0x63ba51ff103a - core[df12db4294e9bfd3]::fmt::write
[INFO] [stdout]    2:     0x63ba51fe023c - <alloc[2182bb758b4b3781]::vec::Vec<u8> as core[df12db4294e9bfd3]::io::write::Write>::write_fmt
[INFO] [stdout]    3:     0x63ba51fb7996 - std[70759c8f55707aa4]::panicking::default_hook::{closure#0}
[INFO] [stdout]    4:     0x63ba51fd3dc9 - std[70759c8f55707aa4]::panicking::default_hook
[INFO] [stdout]    5:     0x63ba51f57720 - test[9d35eded1c95d3be]::test_main_inner::<test[9d35eded1c95d3be]::test_main_static::{closure#0}>::{closure#0}
[INFO] [stdout]    6:     0x63ba51fd3f82 - std[70759c8f55707aa4]::panicking::panic_with_hook
[INFO] [stdout]    7:     0x63ba51fb7a42 - std[70759c8f55707aa4]::panicking::panic_handler::{closure#0}
[INFO] [stdout]    8:     0x63ba51fb0719 - std[70759c8f55707aa4]::sys::backtrace::__rust_end_short_backtrace::<std[70759c8f55707aa4]::panicking::panic_handler::{closure#0}, !>
[INFO] [stdout]    9:     0x63ba51fb882d - __rustc[8fa7c3cbc660c2b3]::rust_begin_unwind
[INFO] [stdout]   10:     0x63ba51ff176c - core[df12db4294e9bfd3]::panicking::panic_fmt
[INFO] [stdout]   11:     0x63ba51ff1542 - core[df12db4294e9bfd3]::result::unwrap_failed
[INFO] [stdout]   12:     0x63ba51f30de4 - integration_test[e7a45f26c1c0aa16]::get_client::{closure#0}
[INFO] [stdout]   13:     0x63ba51f2ae38 - <monoio[e7c75084f0117762]::macros::scoped_tls::ScopedKey<monoio[e7c75084f0117762]::driver::Inner>>::set::<<monoio[e7c75084f0117762]::runtime::Runtime<monoio[e7c75084f0117762]::driver::legacy::LegacyDriver>>::block_on<integration_test[e7a45f26c1c0aa16]::legacy_test_query_null_values::{closure#0}>::{closure#0}, ()>
[INFO] [stdout]   14:     0x63ba51f3f492 - <monoio[e7c75084f0117762]::runtime::Runtime<monoio[e7c75084f0117762]::driver::legacy::LegacyDriver>>::block_on::<integration_test[e7a45f26c1c0aa16]::legacy_test_query_null_values::{closure#0}>
[INFO] [stdout]   15:     0x63ba51f43fd4 - <integration_test[e7a45f26c1c0aa16]::legacy_test_query_null_values::{closure#0} as core[df12db4294e9bfd3]::ops::function::FnOnce<()>>::call_once
[INFO] [stdout]   16:     0x63ba51f4aa0b - test[9d35eded1c95d3be]::__rust_begin_short_backtrace::<core[df12db4294e9bfd3]::result::Result<(), alloc[2182bb758b4b3781]::string::String>, fn() -> core[df12db4294e9bfd3]::result::Result<(), alloc[2182bb758b4b3781]::string::String>>
[INFO] [stdout]   17:     0x63ba51f58075 - test[9d35eded1c95d3be]::run_test::{closure#0}
[INFO] [stdout]   18:     0x63ba51f51934 - std[70759c8f55707aa4]::sys::backtrace::__rust_begin_short_backtrace::<test[9d35eded1c95d3be]::run_test::{closure#1}, ()>
[INFO] [stdout]   19:     0x63ba51f5b1d2 - <std[70759c8f55707aa4]::thread::lifecycle::spawn_unchecked<test[9d35eded1c95d3be]::run_test::{closure#1}, ()>::{closure#1} as core[df12db4294e9bfd3]::ops::function::FnOnce<()>>::call_once::{shim:vtable#0}
[INFO] [stdout]   20:     0x63ba51fdafe9 - <std[70759c8f55707aa4]::sys::thread::unix::Thread>::new::thread_start
[INFO] [stdout]   21:     0x728c85b05dfa - <unknown>
[INFO] [stdout]   22:     0x728c85b993d4 - clone
[INFO] [stdout]   23:                0x0 - <unknown>
[INFO] [stdout] 
[INFO] [stdout] ---- uring_test_execute_create_drop stdout ----
[INFO] [stdout] 
[INFO] [stdout] thread 'uring_test_execute_create_drop' (2052) panicked at tests/integration_test.rs:48:61:
[INFO] [stdout] Failed building the Runtime: Os { code: 1, kind: PermissionDenied, message: "Operation not permitted" }
[INFO] [stdout] stack backtrace:
[INFO] [stdout]    0:     0x63ba51fdba81 - <<std[70759c8f55707aa4]::sys::backtrace::BacktraceLock>::print::DisplayBacktrace as core[df12db4294e9bfd3]::fmt::Display>::fmt
[INFO] [stdout]    1:     0x63ba51ff103a - core[df12db4294e9bfd3]::fmt::write
[INFO] [stdout]    2:     0x63ba51fe023c - <alloc[2182bb758b4b3781]::vec::Vec<u8> as core[df12db4294e9bfd3]::io::write::Write>::write_fmt
[INFO] [stdout]    3:     0x63ba51fb7996 - std[70759c8f55707aa4]::panicking::default_hook::{closure#0}
[INFO] [stdout]    4:     0x63ba51fd3dc9 - std[70759c8f55707aa4]::panicking::default_hook
[INFO] [stdout]    5:     0x63ba51f57720 - test[9d35eded1c95d3be]::test_main_inner::<test[9d35eded1c95d3be]::test_main_static::{closure#0}>::{closure#0}
[INFO] [stdout]    6:     0x63ba51fd3f82 - std[70759c8f55707aa4]::panicking::panic_with_hook
[INFO] [stdout]    7:     0x63ba51fb7a42 - std[70759c8f55707aa4]::panicking::panic_handler::{closure#0}
[INFO] [stdout]    8:     0x63ba51fb0719 - std[70759c8f55707aa4]::sys::backtrace::__rust_end_short_backtrace::<std[70759c8f55707aa4]::panicking::panic_handler::{closure#0}, !>
[INFO] [stdout]    9:     0x63ba51fb882d - __rustc[8fa7c3cbc660c2b3]::rust_begin_unwind
[INFO] [stdout]   10:     0x63ba51ff176c - core[df12db4294e9bfd3]::panicking::panic_fmt
[INFO] [stdout]   11:     0x63ba51ff1542 - core[df12db4294e9bfd3]::result::unwrap_failed
[INFO] [stdout]   12:     0x63ba51f4454a - <integration_test[e7a45f26c1c0aa16]::uring_test_execute_create_drop::{closure#0} as core[df12db4294e9bfd3]::ops::function::FnOnce<()>>::call_once
[INFO] [stdout]   13:     0x63ba51f4aa0b - test[9d35eded1c95d3be]::__rust_begin_short_backtrace::<core[df12db4294e9bfd3]::result::Result<(), alloc[2182bb758b4b3781]::string::String>, fn() -> core[df12db4294e9bfd3]::result::Result<(), alloc[2182bb758b4b3781]::string::String>>
[INFO] [stdout]   14:     0x63ba51f58075 - test[9d35eded1c95d3be]::run_test::{closure#0}
[INFO] [stdout]   15:     0x63ba51f51934 - std[70759c8f55707aa4]::sys::backtrace::__rust_begin_short_backtrace::<test[9d35eded1c95d3be]::run_test::{closure#1}, ()>
[INFO] [stdout]   16:     0x63ba51f5b1d2 - <std[70759c8f55707aa4]::thread::lifecycle::spawn_unchecked<test[9d35eded1c95d3be]::run_test::{closure#1}, ()>::{closure#1} as core[df12db4294e9bfd3]::ops::function::FnOnce<()>>::call_once::{shim:vtable#0}
[INFO] [stdout]   17:     0x63ba51fdafe9 - <std[70759c8f55707aa4]::sys::thread::unix::Thread>::new::thread_start
[INFO] [stdout]   18:     0x728c85b05dfa - <unknown>
[INFO] [stdout]   19:     0x728c85b993d4 - clone
[INFO] [stdout]   20:                0x0 - <unknown>
[INFO] [stdout] 
[INFO] [stdout] ---- uring_test_connect_success stdout ----
[INFO] [stdout] 
[INFO] [stdout] thread 'uring_test_connect_success' (2049) panicked at tests/integration_test.rs:15:37:
[INFO] [stdout] Failed building the Runtime: Os { code: 1, kind: PermissionDenied, message: "Operation not permitted" }
[INFO] [stdout] stack backtrace:
[INFO] [stdout]    0:     0x63ba51fdba81 - <<std[70759c8f55707aa4]::sys::backtrace::BacktraceLock>::print::DisplayBacktrace as core[df12db4294e9bfd3]::fmt::Display>::fmt
[INFO] [stdout]    1:     0x63ba51ff103a - core[df12db4294e9bfd3]::fmt::write
[INFO] [stdout]    2:     0x63ba51fe023c - <alloc[2182bb758b4b3781]::vec::Vec<u8> as core[df12db4294e9bfd3]::io::write::Write>::write_fmt
[INFO] [stdout]    3:     0x63ba51fb7996 - std[70759c8f55707aa4]::panicking::default_hook::{closure#0}
[INFO] [stdout]    4:     0x63ba51fd3dc9 - std[70759c8f55707aa4]::panicking::default_hook
[INFO] [stdout]    5:     0x63ba51f57720 - test[9d35eded1c95d3be]::test_main_inner::<test[9d35eded1c95d3be]::test_main_static::{closure#0}>::{closure#0}
[INFO] [stdout]    6:     0x63ba51fd3f82 - std[70759c8f55707aa4]::panicking::panic_with_hook
[INFO] [stdout]    7:     0x63ba51fb7a42 - std[70759c8f55707aa4]::panicking::panic_handler::{closure#0}
[INFO] [stdout]    8:     0x63ba51fb0719 - std[70759c8f55707aa4]::sys::backtrace::__rust_end_short_backtrace::<std[70759c8f55707aa4]::panicking::panic_handler::{closure#0}, !>
[INFO] [stdout]    9:     0x63ba51fb882d - __rustc[8fa7c3cbc660c2b3]::rust_begin_unwind
[INFO] [stdout]   10:     0x63ba51ff176c - core[df12db4294e9bfd3]::panicking::panic_fmt
[INFO] [stdout]   11:     0x63ba51ff1542 - core[df12db4294e9bfd3]::result::unwrap_failed
[INFO] [stdout]   12:     0x63ba51f43b69 - <integration_test[e7a45f26c1c0aa16]::uring_test_connect_success::{closure#0} as core[df12db4294e9bfd3]::ops::function::FnOnce<()>>::call_once
[INFO] [stdout]   13:     0x63ba51f4aa0b - test[9d35eded1c95d3be]::__rust_begin_short_backtrace::<core[df12db4294e9bfd3]::result::Result<(), alloc[2182bb758b4b3781]::string::String>, fn() -> core[df12db4294e9bfd3]::result::Result<(), alloc[2182bb758b4b3781]::string::String>>
[INFO] [stdout]   14:     0x63ba51f58075 - test[9d35eded1c95d3be]::run_test::{closure#0}
[INFO] [stdout]   15:     0x63ba51f51934 - std[70759c8f55707aa4]::sys::backtrace::__rust_begin_short_backtrace::<test[9d35eded1c95d3be]::run_test::{closure#1}, ()>
[INFO] [stdout]   16:     0x63ba51f5b1d2 - <std[70759c8f55707aa4]::thread::lifecycle::spawn_unchecked<test[9d35eded1c95d3be]::run_test::{closure#1}, ()>::{closure#1} as core[df12db4294e9bfd3]::ops::function::FnOnce<()>>::call_once::{shim:vtable#0}
[INFO] [stdout]   17:     0x63ba51fdafe9 - <std[70759c8f55707aa4]::sys::thread::unix::Thread>::new::thread_start
[INFO] [stdout]   18:     0x728c85b05dfa - <unknown>
[INFO] [stdout]   19:     0x728c85b993d4 - clone
[INFO] [stdout]   20:                0x0 - <unknown>
[INFO] [stdout] 
[INFO] [stdout] ---- legacy_test_execute_create_drop stdout ----
[INFO] [stdout] 
[INFO] [stdout] thread 'legacy_test_execute_create_drop' (2043) panicked at tests/integration_test.rs:10:10:
[INFO] [stdout] Failed to connect to Postgres: Io(Os { code: 111, kind: ConnectionRefused, message: "Connection refused" })
[INFO] [stdout] stack backtrace:
[INFO] [stdout]    0:     0x63ba51fdba81 - <<std[70759c8f55707aa4]::sys::backtrace::BacktraceLock>::print::DisplayBacktrace as core[df12db4294e9bfd3]::fmt::Display>::fmt
[INFO] [stdout]    1:     0x63ba51ff103a - core[df12db4294e9bfd3]::fmt::write
[INFO] [stdout]    2:     0x63ba51fe023c - <alloc[2182bb758b4b3781]::vec::Vec<u8> as core[df12db4294e9bfd3]::io::write::Write>::write_fmt
[INFO] [stdout]    3:     0x63ba51fb7996 - std[70759c8f55707aa4]::panicking::default_hook::{closure#0}
[INFO] [stdout]    4:     0x63ba51fd3dc9 - std[70759c8f55707aa4]::panicking::default_hook
[INFO] [stdout]    5:     0x63ba51f57720 - test[9d35eded1c95d3be]::test_main_inner::<test[9d35eded1c95d3be]::test_main_static::{closure#0}>::{closure#0}
[INFO] [stdout]    6:     0x63ba51fd3f82 - std[70759c8f55707aa4]::panicking::panic_with_hook
[INFO] [stdout]    7:     0x63ba51fb7a42 - std[70759c8f55707aa4]::panicking::panic_handler::{closure#0}
[INFO] [stdout]    8:     0x63ba51fb0719 - std[70759c8f55707aa4]::sys::backtrace::__rust_end_short_backtrace::<std[70759c8f55707aa4]::panicking::panic_handler::{closure#0}, !>
[INFO] [stdout]    9:     0x63ba51fb882d - __rustc[8fa7c3cbc660c2b3]::rust_begin_unwind
[INFO] [stdout]   10:     0x63ba51ff176c - core[df12db4294e9bfd3]::panicking::panic_fmt
[INFO] [stdout]   11:     0x63ba51ff1542 - core[df12db4294e9bfd3]::result::unwrap_failed
[INFO] [stdout]   12:     0x63ba51f30de4 - integration_test[e7a45f26c1c0aa16]::get_client::{closure#0}
[INFO] [stdout]   13:     0x63ba51f2c2be - <monoio[e7c75084f0117762]::macros::scoped_tls::ScopedKey<monoio[e7c75084f0117762]::driver::Inner>>::set::<<monoio[e7c75084f0117762]::runtime::Runtime<monoio[e7c75084f0117762]::driver::legacy::LegacyDriver>>::block_on<integration_test[e7a45f26c1c0aa16]::legacy_test_execute_create_drop::{closure#0}>::{closure#0}, ()>
[INFO] [stdout]   14:     0x63ba51f3f732 - <monoio[e7c75084f0117762]::runtime::Runtime<monoio[e7c75084f0117762]::driver::legacy::LegacyDriver>>::block_on::<integration_test[e7a45f26c1c0aa16]::legacy_test_execute_create_drop::{closure#0}>
[INFO] [stdout]   15:     0x63ba51f44844 - <integration_test[e7a45f26c1c0aa16]::legacy_test_execute_create_drop::{closure#0} as core[df12db4294e9bfd3]::ops::function::FnOnce<()>>::call_once
[INFO] [stdout]   16:     0x63ba51f4aa0b - test[9d35eded1c95d3be]::__rust_begin_short_backtrace::<core[df12db4294e9bfd3]::result::Result<(), alloc[2182bb758b4b3781]::string::String>, fn() -> core[df12db4294e9bfd3]::result::Result<(), alloc[2182bb758b4b3781]::string::String>>
[INFO] [stdout]   17:     0x63ba51f58075 - test[9d35eded1c95d3be]::run_test::{closure#0}
[INFO] [stdout]   18:     0x63ba51f51934 - std[70759c8f55707aa4]::sys::backtrace::__rust_begin_short_backtrace::<test[9d35eded1c95d3be]::run_test::{closure#1}, ()>
[INFO] [stdout]   19:     0x63ba51f5b1d2 - <std[70759c8f55707aa4]::thread::lifecycle::spawn_unchecked<test[9d35eded1c95d3be]::run_test::{closure#1}, ()>::{closure#1} as core[df12db4294e9bfd3]::ops::function::FnOnce<()>>::call_once::{shim:vtable#0}
[INFO] [stdout]   20:     0x63ba51fdafe9 - <std[70759c8f55707aa4]::sys::thread::unix::Thread>::new::thread_start
[INFO] [stdout]   21:     0x728c85b05dfa - <unknown>
[INFO] [stdout]   22:     0x728c85b993d4 - clone
[INFO] [stdout]   23:                0x0 - <unknown>
[INFO] [stdout] 
[INFO] [stdout] ---- legacy_test_data_types stdout ----
[INFO] [stdout] 
[INFO] [stdout] thread 'legacy_test_data_types' (2042) panicked at tests/integration_test.rs:10:10:
[INFO] [stdout] Failed to connect to Postgres: Io(Os { code: 111, kind: ConnectionRefused, message: "Connection refused" })
[INFO] [stdout] stack backtrace:
[INFO] [stdout]    0:     0x63ba51fdba81 - <<std[70759c8f55707aa4]::sys::backtrace::BacktraceLock>::print::DisplayBacktrace as core[df12db4294e9bfd3]::fmt::Display>::fmt
[INFO] [stdout]    1:     0x63ba51ff103a - core[df12db4294e9bfd3]::fmt::write
[INFO] [stdout]    2:     0x63ba51fe023c - <alloc[2182bb758b4b3781]::vec::Vec<u8> as core[df12db4294e9bfd3]::io::write::Write>::write_fmt
[INFO] [stdout]    3:     0x63ba51fb7996 - std[70759c8f55707aa4]::panicking::default_hook::{closure#0}
[INFO] [stdout]    4:     0x63ba51fd3dc9 - std[70759c8f55707aa4]::panicking::default_hook
[INFO] [stdout]    5:     0x63ba51f57720 - test[9d35eded1c95d3be]::test_main_inner::<test[9d35eded1c95d3be]::test_main_static::{closure#0}>::{closure#0}
[INFO] [stdout]    6:     0x63ba51fd3f82 - std[70759c8f55707aa4]::panicking::panic_with_hook
[INFO] [stdout]    7:     0x63ba51fb7a42 - std[70759c8f55707aa4]::panicking::panic_handler::{closure#0}
[INFO] [stdout]    8:     0x63ba51fb0719 - std[70759c8f55707aa4]::sys::backtrace::__rust_end_short_backtrace::<std[70759c8f55707aa4]::panicking::panic_handler::{closure#0}, !>
[INFO] [stdout]    9:     0x63ba51fb882d - __rustc[8fa7c3cbc660c2b3]::rust_begin_unwind
[INFO] [stdout]   10:     0x63ba51ff176c - core[df12db4294e9bfd3]::panicking::panic_fmt
[INFO] [stdout]   11:     0x63ba51ff1542 - core[df12db4294e9bfd3]::result::unwrap_failed
[INFO] [stdout]   12:     0x63ba51f30de4 - integration_test[e7a45f26c1c0aa16]::get_client::{closure#0}
[INFO] [stdout]   13:     0x63ba51f299e5 - <monoio[e7c75084f0117762]::macros::scoped_tls::ScopedKey<monoio[e7c75084f0117762]::driver::Inner>>::set::<<monoio[e7c75084f0117762]::runtime::Runtime<monoio[e7c75084f0117762]::driver::legacy::LegacyDriver>>::block_on<integration_test[e7a45f26c1c0aa16]::legacy_test_data_types::{closure#0}>::{closure#0}, ()>
[INFO] [stdout]   14:     0x63ba51f3f092 - <monoio[e7c75084f0117762]::runtime::Runtime<monoio[e7c75084f0117762]::driver::legacy::LegacyDriver>>::block_on::<integration_test[e7a45f26c1c0aa16]::legacy_test_data_types::{closure#0}>
[INFO] [stdout]   15:     0x63ba51f43614 - <integration_test[e7a45f26c1c0aa16]::legacy_test_data_types::{closure#0} as core[df12db4294e9bfd3]::ops::function::FnOnce<()>>::call_once
[INFO] [stdout]   16:     0x63ba51f4aa0b - test[9d35eded1c95d3be]::__rust_begin_short_backtrace::<core[df12db4294e9bfd3]::result::Result<(), alloc[2182bb758b4b3781]::string::String>, fn() -> core[df12db4294e9bfd3]::result::Result<(), alloc[2182bb758b4b3781]::string::String>>
[INFO] [stdout]   17:     0x63ba51f58075 - test[9d35eded1c95d3be]::run_test::{closure#0}
[INFO] [stdout]   18:     0x63ba51f51934 - std[70759c8f55707aa4]::sys::backtrace::__rust_begin_short_backtrace::<test[9d35eded1c95d3be]::run_test::{closure#1}, ()>
[INFO] [stdout]   19:     0x63ba51f5b1d2 - <std[70759c8f55707aa4]::thread::lifecycle::spawn_unchecked<test[9d35eded1c95d3be]::run_test::{closure#1}, ()>::{closure#1} as core[df12db4294e9bfd3]::ops::function::FnOnce<()>>::call_once::{shim:vtable#0}
[INFO] [stdout]   20:     0x63ba51fdafe9 - <std[70759c8f55707aa4]::sys::thread::unix::Thread>::new::thread_start
[INFO] [stdout]   21:     0x728c85b05dfa - <unknown>
[INFO] [stdout]   22:     0x728c85b993d4 - clone
[INFO] [stdout]   23:                0x0 - <unknown>
[INFO] [stdout] 
[INFO] [stdout] ---- uring_test_pool stdout ----
[INFO] [stdout] 
[INFO] [stdout] thread 'uring_test_pool' (2053) panicked at tests/integration_test.rs:145:47:
[INFO] [stdout] Failed building the Runtime: Os { code: 1, kind: PermissionDenied, message: "Operation not permitted" }
[INFO] [stdout] stack backtrace:
[INFO] [stdout]    0:     0x63ba51fdba81 - <<std[70759c8f55707aa4]::sys::backtrace::BacktraceLock>::print::DisplayBacktrace as core[df12db4294e9bfd3]::fmt::Display>::fmt
[INFO] [stdout]    1:     0x63ba51ff103a - core[df12db4294e9bfd3]::fmt::write
[INFO] [stdout]    2:     0x63ba51fe023c - <alloc[2182bb758b4b3781]::vec::Vec<u8> as core[df12db4294e9bfd3]::io::write::Write>::write_fmt
[INFO] [stdout]    3:     0x63ba51fb7996 - std[70759c8f55707aa4]::panicking::default_hook::{closure#0}
[INFO] [stdout]    4:     0x63ba51fd3dc9 - std[70759c8f55707aa4]::panicking::default_hook
[INFO] [stdout]    5:     0x63ba51f57720 - test[9d35eded1c95d3be]::test_main_inner::<test[9d35eded1c95d3be]::test_main_static::{closure#0}>::{closure#0}
[INFO] [stdout]    6:     0x63ba51fd3f82 - std[70759c8f55707aa4]::panicking::panic_with_hook
[INFO] [stdout]    7:     0x63ba51fb7a42 - std[70759c8f55707aa4]::panicking::panic_handler::{closure#0}
[INFO] [stdout]    8:     0x63ba51fb0719 - std[70759c8f55707aa4]::sys::backtrace::__rust_end_short_backtrace::<std[70759c8f55707aa4]::panicking::panic_handler::{closure#0}, !>
[INFO] [stdout]    9:     0x63ba51fb882d - __rustc[8fa7c3cbc660c2b3]::rust_begin_unwind
[INFO] [stdout]   10:     0x63ba51ff176c - core[df12db4294e9bfd3]::panicking::panic_fmt
[INFO] [stdout]   11:     0x63ba51ff1542 - core[df12db4294e9bfd3]::result::unwrap_failed
[INFO] [stdout]   12:     0x63ba51f4316a - <integration_test[e7a45f26c1c0aa16]::uring_test_pool::{closure#0} as core[df12db4294e9bfd3]::ops::function::FnOnce<()>>::call_once
[INFO] [stdout]   13:     0x63ba51f4aa0b - test[9d35eded1c95d3be]::__rust_begin_short_backtrace::<core[df12db4294e9bfd3]::result::Result<(), alloc[2182bb758b4b3781]::string::String>, fn() -> core[df12db4294e9bfd3]::result::Result<(), alloc[2182bb758b4b3781]::string::String>>
[INFO] [stdout]   14:     0x63ba51f58075 - test[9d35eded1c95d3be]::run_test::{closure#0}
[INFO] [stdout]   15:     0x63ba51f51934 - std[70759c8f55707aa4]::sys::backtrace::__rust_begin_short_backtrace::<test[9d35eded1c95d3be]::run_test::{closure#1}, ()>
[INFO] [stdout]   16:     0x63ba51f5b1d2 - <std[70759c8f55707aa4]::thread::lifecycle::spawn_unchecked<test[9d35eded1c95d3be]::run_test::{closure#1}, ()>::{closure#1} as core[df12db4294e9bfd3]::ops::function::FnOnce<()>>::call_once::{shim:vtable#0}
[INFO] [stdout]   17:     0x63ba51fdafe9 - <std[70759c8f55707aa4]::sys::thread::unix::Thread>::new::thread_start
[INFO] [stdout]   18:     0x728c85b05dfa - <unknown>
[INFO] [stdout]   19:     0x728c85b993d4 - clone
[INFO] [stdout]   20:                0x0 - <unknown>
[INFO] [stdout] 
[INFO] [stdout] ---- uring_test_query_multiple_rows stdout ----
[INFO] [stdout] 
[INFO] [stdout] thread 'uring_test_query_multiple_rows' (2054) panicked at tests/integration_test.rs:94:59:
[INFO] [stdout] Failed building the Runtime: Os { code: 1, kind: PermissionDenied, message: "Operation not permitted" }
[INFO] [stdout] stack backtrace:
[INFO] [stdout]    0:     0x63ba51fdba81 - <<std[70759c8f55707aa4]::sys::backtrace::BacktraceLock>::print::DisplayBacktrace as core[df12db4294e9bfd3]::fmt::Display>::fmt
[INFO] [stdout]    1:     0x63ba51ff103a - core[df12db4294e9bfd3]::fmt::write
[INFO] [stdout]    2:     0x63ba51fe023c - <alloc[2182bb758b4b3781]::vec::Vec<u8> as core[df12db4294e9bfd3]::io::write::Write>::write_fmt
[INFO] [stdout]    3:     0x63ba51fb7996 - std[70759c8f55707aa4]::panicking::default_hook::{closure#0}
[INFO] [stdout]    4:     0x63ba51fd3dc9 - std[70759c8f55707aa4]::panicking::default_hook
[INFO] [stdout]    5:     0x63ba51f57720 - test[9d35eded1c95d3be]::test_main_inner::<test[9d35eded1c95d3be]::test_main_static::{closure#0}>::{closure#0}
[INFO] [stdout]    6:     0x63ba51fd3f82 - std[70759c8f55707aa4]::panicking::panic_with_hook
[INFO] [stdout]    7:     0x63ba51fb7a42 - std[70759c8f55707aa4]::panicking::panic_handler::{closure#0}
[INFO] [stdout]    8:     0x63ba51fb0719 - std[70759c8f55707aa4]::sys::backtrace::__rust_end_short_backtrace::<std[70759c8f55707aa4]::panicking::panic_handler::{closure#0}, !>
[INFO] [stdout]    9:     0x63ba51fb882d - __rustc[8fa7c3cbc660c2b3]::rust_begin_unwind
[INFO] [stdout]   10:     0x63ba51ff176c - core[df12db4294e9bfd3]::panicking::panic_fmt
[INFO] [stdout]   11:     0x63ba51ff1542 - core[df12db4294e9bfd3]::result::unwrap_failed
[INFO] [stdout]   12:     0x63ba51f446fa - <integration_test[e7a45f26c1c0aa16]::uring_test_query_multiple_rows::{closure#0} as core[df12db4294e9bfd3]::ops::function::FnOnce<()>>::call_once
[INFO] [stdout]   13:     0x63ba51f4aa0b - test[9d35eded1c95d3be]::__rust_begin_short_backtrace::<core[df12db4294e9bfd3]::result::Result<(), alloc[2182bb758b4b3781]::string::String>, fn() -> core[df12db4294e9bfd3]::result::Result<(), alloc[2182bb758b4b3781]::string::String>>
[INFO] [stdout]   14:     0x63ba51f58075 - test[9d35eded1c95d3be]::run_test::{closure#0}
[INFO] [stdout]   15:     0x63ba51f51934 - std[70759c8f55707aa4]::sys::backtrace::__rust_begin_short_backtrace::<test[9d35eded1c95d3be]::run_test::{closure#1}, ()>
[INFO] [stdout]   16:     0x63ba51f5b1d2 - <std[70759c8f55707aa4]::thread::lifecycle::spawn_unchecked<test[9d35eded1c95d3be]::run_test::{closure#1}, ()>::{closure#1} as core[df12db4294e9bfd3]::ops::function::FnOnce<()>>::call_once::{shim:vtable#0}
[INFO] [stdout]   17:     0x63ba51fdafe9 - <std[70759c8f55707aa4]::sys::thread::unix::Thread>::new::thread_start
[INFO] [stdout]   18:     0x728c85b05dfa - <unknown>
[INFO] [stdout]   19:     0x728c85b993d4 - clone
[INFO] [stdout]   20:                0x0 - <unknown>
[INFO] [stdout] 
[INFO] [stdout] ---- uring_test_connect_wrong_password stdout ----
[INFO] [stdout] 
[INFO] [stdout] thread 'uring_test_connect_wrong_password' (2050) panicked at tests/integration_test.rs:21:29:
[INFO] [stdout] Failed building the Runtime: Os { code: 1, kind: PermissionDenied, message: "Operation not permitted" }
[INFO] [stdout] stack backtrace:
[INFO] [stdout]    0:     0x63ba51fdba81 - <<std[70759c8f55707aa4]::sys::backtrace::BacktraceLock>::print::DisplayBacktrace as core[df12db4294e9bfd3]::fmt::Display>::fmt
[INFO] [stdout]    1:     0x63ba51ff103a - core[df12db4294e9bfd3]::fmt::write
[INFO] [stdout]    2:     0x63ba51fe023c - <alloc[2182bb758b4b3781]::vec::Vec<u8> as core[df12db4294e9bfd3]::io::write::Write>::write_fmt
[INFO] [stdout]    3:     0x63ba51fb7996 - std[70759c8f55707aa4]::panicking::default_hook::{closure#0}
[INFO] [stdout]    4:     0x63ba51fd3dc9 - std[70759c8f55707aa4]::panicking::default_hook
[INFO] [stdout]    5:     0x63ba51f57720 - test[9d35eded1c95d3be]::test_main_inner::<test[9d35eded1c95d3be]::test_main_static::{closure#0}>::{closure#0}
[INFO] [stdout]    6:     0x63ba51fd3f82 - std[70759c8f55707aa4]::panicking::panic_with_hook
[INFO] [stdout]    7:     0x63ba51fb7a42 - std[70759c8f55707aa4]::panicking::panic_handler::{closure#0}
[INFO] [stdout]    8:     0x63ba51fb0719 - std[70759c8f55707aa4]::sys::backtrace::__rust_end_short_backtrace::<std[70759c8f55707aa4]::panicking::panic_handler::{closure#0}, !>
[INFO] [stdout]    9:     0x63ba51fb882d - __rustc[8fa7c3cbc660c2b3]::rust_begin_unwind
[INFO] [stdout]   10:     0x63ba51ff176c - core[df12db4294e9bfd3]::panicking::panic_fmt
[INFO] [stdout]   11:     0x63ba51ff1542 - core[df12db4294e9bfd3]::result::unwrap_failed
[INFO] [stdout]   12:     0x63ba51f44be9 - <integration_test[e7a45f26c1c0aa16]::uring_test_connect_wrong_password::{closure#0} as core[df12db4294e9bfd3]::ops::function::FnOnce<()>>::call_once
[INFO] [stdout]   13:     0x63ba51f4aa0b - test[9d35eded1c95d3be]::__rust_begin_short_backtrace::<core[df12db4294e9bfd3]::result::Result<(), alloc[2182bb758b4b3781]::string::String>, fn() -> core[df12db4294e9bfd3]::result::Result<(), alloc[2182bb758b4b3781]::string::String>>
[INFO] [stdout]   14:     0x63ba51f58075 - test[9d35eded1c95d3be]::run_test::{closure#0}
[INFO] [stdout]   15:     0x63ba51f51934 - std[70759c8f55707aa4]::sys::backtrace::__rust_begin_short_backtrace::<test[9d35eded1c95d3be]::run_test::{closure#1}, ()>
[INFO] [stdout]   16:     0x63ba51f5b1d2 - <std[70759c8f55707aa4]::thread::lifecycle::spawn_unchecked<test[9d35eded1c95d3be]::run_test::{closure#1}, ()>::{closure#1} as core[df12db4294e9bfd3]::ops::function::FnOnce<()>>::call_once::{shim:vtable#0}
[INFO] [stdout]   17:     0x63ba51fdafe9 - <std[70759c8f55707aa4]::sys::thread::unix::Thread>::new::thread_start
[INFO] [stdout]   18:     0x728c85b05dfa - <unknown>
[INFO] [stdout]   19:     0x728c85b993d4 - clone
[INFO] [stdout]   20:                0x0 - <unknown>
[INFO] [stdout] 
[INFO] [stdout] ---- uring_test_data_types stdout ----
[INFO] [stdout] 
[INFO] [stdout] thread 'uring_test_data_types' (2051) panicked at tests/integration_test.rs:163:29:
[INFO] [stdout] Failed building the Runtime: Os { code: 1, kind: PermissionDenied, message: "Operation not permitted" }
[INFO] [stdout] stack backtrace:
[INFO] [stdout]    0:     0x63ba51fdba81 - <<std[70759c8f55707aa4]::sys::backtrace::BacktraceLock>::print::DisplayBacktrace as core[df12db4294e9bfd3]::fmt::Display>::fmt
[INFO] [stdout]    1:     0x63ba51ff103a - core[df12db4294e9bfd3]::fmt::write
[INFO] [stdout]    2:     0x63ba51fe023c - <alloc[2182bb758b4b3781]::vec::Vec<u8> as core[df12db4294e9bfd3]::io::write::Write>::write_fmt
[INFO] [stdout]    3:     0x63ba51fb7996 - std[70759c8f55707aa4]::panicking::default_hook::{closure#0}
[INFO] [stdout]    4:     0x63ba51fd3dc9 - std[70759c8f55707aa4]::panicking::default_hook
[INFO] [stdout]    5:     0x63ba51f57720 - test[9d35eded1c95d3be]::test_main_inner::<test[9d35eded1c95d3be]::test_main_static::{closure#0}>::{closure#0}
[INFO] [stdout]    6:     0x63ba51fd3f82 - std[70759c8f55707aa4]::panicking::panic_with_hook
[INFO] [stdout]    7:     0x63ba51fb7a42 - std[70759c8f55707aa4]::panicking::panic_handler::{closure#0}
[INFO] [stdout]    8:     0x63ba51fb0719 - std[70759c8f55707aa4]::sys::backtrace::__rust_end_short_backtrace::<std[70759c8f55707aa4]::panicking::panic_handler::{closure#0}, !>
[INFO] [stdout]    9:     0x63ba51fb882d - __rustc[8fa7c3cbc660c2b3]::rust_begin_unwind
[INFO] [stdout]   10:     0x63ba51ff176c - core[df12db4294e9bfd3]::panicking::panic_fmt
[INFO] [stdout]   11:     0x63ba51ff1542 - core[df12db4294e9bfd3]::result::unwrap_failed
[INFO] [stdout]   12:     0x63ba51f434ca - <integration_test[e7a45f26c1c0aa16]::uring_test_data_types::{closure#0} as core[df12db4294e9bfd3]::ops::function::FnOnce<()>>::call_once
[INFO] [stdout]   13:     0x63ba51f4aa0b - test[9d35eded1c95d3be]::__rust_begin_short_backtrace::<core[df12db4294e9bfd3]::result::Result<(), alloc[2182bb758b4b3781]::string::String>, fn() -> core[df12db4294e9bfd3]::result::Result<(), alloc[2182bb758b4b3781]::string::String>>
[INFO] [stdout]   14:     0x63ba51f58075 - test[9d35eded1c95d3be]::run_test::{closure#0}
[INFO] [stdout]   15:     0x63ba51f51934 - std[70759c8f55707aa4]::sys::backtrace::__rust_begin_short_backtrace::<test[9d35eded1c95d3be]::run_test::{closure#1}, ()>
[INFO] [stdout]   16:     0x63ba51f5b1d2 - <std[70759c8f55707aa4]::thread::lifecycle::spawn_unchecked<test[9d35eded1c95d3be]::run_test::{closure#1}, ()>::{closure#1} as core[df12db4294e9bfd3]::ops::function::FnOnce<()>>::call_once::{shim:vtable#0}
[INFO] [stdout]   17:     0x63ba51fdafe9 - <std[70759c8f55707aa4]::sys::thread::unix::Thread>::new::thread_start
[INFO] [stdout]   18:     0x728c85b05dfa - <unknown>
[INFO] [stdout]   19:     0x728c85b993d4 - clone
[INFO] [stdout]   20:                0x0 - <unknown>
[INFO] [stdout] 
[INFO] [stdout] ---- uring_test_query_simple stdout ----
[INFO] [stdout] 
[INFO] [stdout] thread 'uring_test_query_simple' (2056) panicked at tests/integration_test.rs:64:33:
[INFO] [stdout] Failed building the Runtime: Os { code: 1, kind: PermissionDenied, message: "Operation not permitted" }
[INFO] [stdout] stack backtrace:
[INFO] [stdout]    0:     0x63ba51fdba81 - <<std[70759c8f55707aa4]::sys::backtrace::BacktraceLock>::print::DisplayBacktrace as core[df12db4294e9bfd3]::fmt::Display>::fmt
[INFO] [stdout]    1:     0x63ba51ff103a - core[df12db4294e9bfd3]::fmt::write
[INFO] [stdout]    2:     0x63ba51fe023c - <alloc[2182bb758b4b3781]::vec::Vec<u8> as core[df12db4294e9bfd3]::io::write::Write>::write_fmt
[INFO] [stdout]    3:     0x63ba51fb7996 - std[70759c8f55707aa4]::panicking::default_hook::{closure#0}
[INFO] [stdout]    4:     0x63ba51fd3dc9 - std[70759c8f55707aa4]::panicking::default_hook
[INFO] [stdout]    5:     0x63ba51f57720 - test[9d35eded1c95d3be]::test_main_inner::<test[9d35eded1c95d3be]::test_main_static::{closure#0}>::{closure#0}
[INFO] [stdout]    6:     0x63ba51fd3f82 - std[70759c8f55707aa4]::panicking::panic_with_hook
[INFO] [stdout]    7:     0x63ba51fb7a42 - std[70759c8f55707aa4]::panicking::panic_handler::{closure#0}
[INFO] [stdout]    8:     0x63ba51fb0719 - std[70759c8f55707aa4]::sys::backtrace::__rust_end_short_backtrace::<std[70759c8f55707aa4]::panicking::panic_handler::{closure#0}, !>
[INFO] [stdout]    9:     0x63ba51fb882d - __rustc[8fa7c3cbc660c2b3]::rust_begin_unwind
[INFO] [stdout]   10:     0x63ba51ff176c - core[df12db4294e9bfd3]::panicking::panic_fmt
[INFO] [stdout]   11:     0x63ba51ff1542 - core[df12db4294e9bfd3]::result::unwrap_failed
[INFO] [stdout]   12:     0x63ba51f4382a - <integration_test[e7a45f26c1c0aa16]::uring_test_query_simple::{closure#0} as core[df12db4294e9bfd3]::ops::function::FnOnce<()>>::call_once
[INFO] [stdout]   13:     0x63ba51f4aa0b - test[9d35eded1c95d3be]::__rust_begin_short_backtrace::<core[df12db4294e9bfd3]::result::Result<(), alloc[2182bb758b4b3781]::string::String>, fn() -> core[df12db4294e9bfd3]::result::Result<(), alloc[2182bb758b4b3781]::string::String>>
[INFO] [stdout]   14:     0x63ba51f58075 - test[9d35eded1c95d3be]::run_test::{closure#0}
[INFO] [stdout]   15:     0x63ba51f51934 - std[70759c8f55707aa4]::sys::backtrace::__rust_begin_short_backtrace::<test[9d35eded1c95d3be]::run_test::{closure#1}, ()>
[INFO] [stdout]   16:     0x63ba51f5b1d2 - <std[70759c8f55707aa4]::thread::lifecycle::spawn_unchecked<test[9d35eded1c95d3be]::run_test::{closure#1}, ()>::{closure#1} as core[df12db4294e9bfd3]::ops::function::FnOnce<()>>::call_once::{shim:vtable#0}
[INFO] [stdout]   17:     0x63ba51fdafe9 - <std[70759c8f55707aa4]::sys::thread::unix::Thread>::new::thread_start
[INFO] [stdout]   18:     0x728c85b05dfa - <unknown>
[INFO] [stdout]   19:     0x728c85b993d4 - clone
[INFO] [stdout]   20:                0x0 - <unknown>
[INFO] [stdout] 
[INFO] [stdout] ---- legacy_test_connect_success stdout ----
[INFO] [stdout] 
[INFO] [stdout] thread 'legacy_test_connect_success' (2040) panicked at tests/integration_test.rs:10:10:
[INFO] [stdout] Failed to connect to Postgres: Io(Os { code: 111, kind: ConnectionRefused, message: "Connection refused" })
[INFO] [stdout] stack backtrace:
[INFO] [stdout]    0:     0x63ba51fdba81 - <<std[70759c8f55707aa4]::sys::backtrace::BacktraceLock>::print::DisplayBacktrace as core[df12db4294e9bfd3]::fmt::Display>::fmt
[INFO] [stdout]    1:     0x63ba51ff103a - core[df12db4294e9bfd3]::fmt::write
[INFO] [stdout]    2:     0x63ba51fe023c - <alloc[2182bb758b4b3781]::vec::Vec<u8> as core[df12db4294e9bfd3]::io::write::Write>::write_fmt
[INFO] [stdout]    3:     0x63ba51fb7996 - std[70759c8f55707aa4]::panicking::default_hook::{closure#0}
[INFO] [stdout]    4:     0x63ba51fd3dc9 - std[70759c8f55707aa4]::panicking::default_hook
[INFO] [stdout]    5:     0x63ba51f57720 - test[9d35eded1c95d3be]::test_main_inner::<test[9d35eded1c95d3be]::test_main_static::{closure#0}>::{closure#0}
[INFO] [stdout]    6:     0x63ba51fd3f82 - std[70759c8f55707aa4]::panicking::panic_with_hook
[INFO] [stdout]    7:     0x63ba51fb7a42 - std[70759c8f55707aa4]::panicking::panic_handler::{closure#0}
[INFO] [stdout]    8:     0x63ba51fb0719 - std[70759c8f55707aa4]::sys::backtrace::__rust_end_short_backtrace::<std[70759c8f55707aa4]::panicking::panic_handler::{closure#0}, !>
[INFO] [stdout]    9:     0x63ba51fb882d - __rustc[8fa7c3cbc660c2b3]::rust_begin_unwind
[INFO] [stdout]   10:     0x63ba51ff176c - core[df12db4294e9bfd3]::panicking::panic_fmt
[INFO] [stdout]   11:     0x63ba51ff1542 - core[df12db4294e9bfd3]::result::unwrap_failed
[INFO] [stdout]   12:     0x63ba51f30de4 - integration_test[e7a45f26c1c0aa16]::get_client::{closure#0}
[INFO] [stdout]   13:     0x63ba51f2aa48 - <monoio[e7c75084f0117762]::macros::scoped_tls::ScopedKey<monoio[e7c75084f0117762]::driver::Inner>>::set::<<monoio[e7c75084f0117762]::runtime::Runtime<monoio[e7c75084f0117762]::driver::legacy::LegacyDriver>>::block_on<integration_test[e7a45f26c1c0aa16]::legacy_test_connect_success::{closure#0}>::{closure#0}, ()>
[INFO] [stdout]   14:     0x63ba51f3f335 - <monoio[e7c75084f0117762]::runtime::Runtime<monoio[e7c75084f0117762]::driver::legacy::LegacyDriver>>::block_on::<integration_test[e7a45f26c1c0aa16]::legacy_test_connect_success::{closure#0}>
[INFO] [stdout]   15:     0x63ba51f43c85 - <integration_test[e7a45f26c1c0aa16]::legacy_test_connect_success::{closure#0} as core[df12db4294e9bfd3]::ops::function::FnOnce<()>>::call_once
[INFO] [stdout]   16:     0x63ba51f4aa0b - test[9d35eded1c95d3be]::__rust_begin_short_backtrace::<core[df12db4294e9bfd3]::result::Result<(), alloc[2182bb758b4b3781]::string::String>, fn() -> core[df12db4294e9bfd3]::result::Result<(), alloc[2182bb758b4b3781]::string::String>>
[INFO] [stdout]   17:     0x63ba51f58075 - test[9d35eded1c95d3be]::run_test::{closure#0}
[INFO] [stdout]   18:     0x63ba51f51934 - std[70759c8f55707aa4]::sys::backtrace::__rust_begin_short_backtrace::<test[9d35eded1c95d3be]::run_test::{closure#1}, ()>
[INFO] [stdout]   19:     0x63ba51f5b1d2 - <std[70759c8f55707aa4]::thread::lifecycle::spawn_unchecked<test[9d35eded1c95d3be]::run_test::{closure#1}, ()>::{closure#1} as core[df12db4294e9bfd3]::ops::function::FnOnce<()>>::call_once::{shim:vtable#0}
[INFO] [stdout]   20:     0x63ba51fdafe9 - <std[70759c8f55707aa4]::sys::thread::unix::Thread>::new::thread_start
[INFO] [stdout]   21:     0x728c85b05dfa - <unknown>
[INFO] [stdout]   22:     0x728c85b993d4 - clone
[INFO] [stdout]   23:                0x0 - <unknown>
[INFO] [stdout] 
[INFO] [stdout] 
[INFO] [stdout] failures:
[INFO] [stdout]     legacy_test_connect_success
[INFO] [stdout]     legacy_test_data_types
[INFO] [stdout]     legacy_test_execute_create_drop
[INFO] [stdout]     legacy_test_pool
[INFO] [stdout]     legacy_test_query_multiple_rows
[INFO] [stdout]     legacy_test_query_null_values
[INFO] [stdout]     legacy_test_query_simple
[INFO] [stdout]     legacy_test_query_syntax_error
[INFO] [stdout]     uring_test_connect_success
[INFO] [stdout]     uring_test_connect_wrong_password
[INFO] [stdout]     uring_test_data_types
[INFO] [stdout]     uring_test_execute_create_drop
[INFO] [stdout]     uring_test_pool
[INFO] [stdout]     uring_test_query_multiple_rows
[INFO] [stdout]     uring_test_query_null_values
[INFO] [stdout]     uring_test_query_simple
[INFO] [stdout]     uring_test_query_syntax_error
[INFO] [stdout] 
[INFO] [stdout] test result: FAILED. 1 passed; 17 failed; 0 ignored; 0 measured; 0 filtered out; finished in 0.07s
[INFO] [stdout] 
[INFO] [stderr] error: test failed, to rerun pass `--test integration_test`
[INFO] running `Command { std: "docker" "inspect" "842608cb4d23b861a45808e50bb8f9805230e844266166d0ac540f32f5a993a4", kill_on_drop: false }`
[INFO] running `Command { std: "docker" "rm" "-f" "842608cb4d23b861a45808e50bb8f9805230e844266166d0ac540f32f5a993a4", kill_on_drop: false }`
[INFO] [stdout] 842608cb4d23b861a45808e50bb8f9805230e844266166d0ac540f32f5a993a4
