[INFO] fetching crate monocoque-rs-core 0.4.2...
[INFO] testing monocoque-rs-core-0.4.2 against 1.100.0-beta.1+cargoflags=--release for beta-release-1.100-2
[INFO] extracting crate monocoque-rs-core 0.4.2 into /workspace/builds/worker-7-tc2/source
[INFO] started tweaking crates.io crate monocoque-rs-core 0.4.2
[INFO] removed 0 missing tests
[INFO] finished tweaking crates.io crate monocoque-rs-core 0.4.2
[INFO] tweaked toml for crates.io crate monocoque-rs-core 0.4.2 written to /workspace/builds/worker-7-tc2/source/Cargo.toml
[INFO] validating manifest of crates.io crate monocoque-rs-core 0.4.2 on toolchain 1.100.0-beta.1
[INFO] running `Command { std: CARGO_HOME="/workspace/cargo-home" RUSTUP_HOME="/workspace/rustup-home" "/workspace/cargo-home/bin/cargo" "+1.100.0-beta.1" "metadata" "--manifest-path" "Cargo.toml" "--no-deps", kill_on_drop: false }`
[INFO] crate crates.io crate monocoque-rs-core 0.4.2 already has a lockfile, it will not be regenerated
[INFO] running `Command { std: CARGO_HOME="/workspace/cargo-home" RUSTUP_HOME="/workspace/rustup-home" "/workspace/cargo-home/bin/cargo" "+1.100.0-beta.1" "fetch" "--manifest-path" "Cargo.toml", kill_on_drop: false }`
[INFO] [stderr] warning: `package.homepage` is redundant with `package.repository`
[INFO] [stderr]    --> Cargo.toml:128:12
[INFO] [stderr]     |
[INFO] [stderr] 128 | homepage = "https://github.com/vorjdux/monocoque"
[INFO] [stderr]     |            ^^^^^^^^^^^^^^^^^^^^^^^^^^^^^^^^^^^^^^
[INFO] [stderr] ...
[INFO] [stderr] 133 | repository = "https://github.com/vorjdux/monocoque"
[INFO] [stderr]     |              --------------------------------------
[INFO] [stderr]     |
[INFO] [stderr]     = note: `cargo::redundant_homepage` is set to `warn` by default
[INFO] [stderr] help: consider removing `package.homepage`
[INFO] [stderr] warning: `monocoque-rs-core` (manifest) generated 1 warning
[INFO] running `Command { std: "docker" "create" "-v" "/var/lib/crater-agent-workspace/builds/worker-7-tc2/source:/opt/rustwide/workdir:ro,Z" "-v" "/var/lib/crater-agent-workspace/builds/worker-7-tc2/target:/opt/rustwide/target:rw,Z" "-v" "/var/lib/crater-agent-workspace/cargo-home:/opt/rustwide/cargo-home:ro,Z" "-v" "/var/lib/crater-agent-workspace/rustup-home:/opt/rustwide/rustup-home:ro,Z" "-m" "1610612736" "--network" "none" "ghcr.io/rust-lang/crates-build-env/linux@sha256:77db811e55d90add9212f6832c23229e3de5f1c1f9905e8cb07319ea15df73ac" "sleep" "infinity", kill_on_drop: false }`
[INFO] [stdout] 646a8195c2029a6c3d6d9dc37b9674052aa26aad0bd5ab69c92eca5d231c8282
[INFO] running `Command { std: "docker" "start" "646a8195c2029a6c3d6d9dc37b9674052aa26aad0bd5ab69c92eca5d231c8282", kill_on_drop: false }`
[INFO] running `Command { std: "docker" "inspect" "646a8195c2029a6c3d6d9dc37b9674052aa26aad0bd5ab69c92eca5d231c8282", kill_on_drop: false }`
[INFO] running `Command { std: "docker" "exec" "-e" "SOURCE_DIR=/opt/rustwide/workdir" "-e" "CARGO_HOME=/opt/rustwide/cargo-home" "-e" "RUSTUP_HOME=/opt/rustwide/rustup-home" "-e" "CARGO_TARGET_DIR=/opt/rustwide/target" "-w" "/opt/rustwide/workdir" "--user" "0:0" "646a8195c2029a6c3d6d9dc37b9674052aa26aad0bd5ab69c92eca5d231c8282" "/opt/rustwide/cargo-home/bin/cargo" "+1.100.0-beta.1" "metadata" "--no-deps" "--format-version=1", kill_on_drop: false }`
[INFO] running `Command { std: "docker" "inspect" "646a8195c2029a6c3d6d9dc37b9674052aa26aad0bd5ab69c92eca5d231c8282", kill_on_drop: false }`
[INFO] running `Command { std: "docker" "exec" "-e" "SOURCE_DIR=/opt/rustwide/workdir" "-e" "CARGO_HOME=/opt/rustwide/cargo-home" "-e" "RUSTUP_HOME=/opt/rustwide/rustup-home" "-e" "CARGO_TARGET_DIR=/opt/rustwide/target" "-e" "CARGO_INCREMENTAL=0" "-e" "RUST_BACKTRACE=full" "-e" "RUSTFLAGS=--cap-lints=warn" "-e" "RUSTDOCFLAGS=--cap-lints=warn" "-w" "/opt/rustwide/workdir" "--user" "0:0" "646a8195c2029a6c3d6d9dc37b9674052aa26aad0bd5ab69c92eca5d231c8282" "/opt/rustwide/cargo-home/bin/cargo" "+1.100.0-beta.1" "build" "--frozen" "--message-format=json" "--release", kill_on_drop: false }`
[INFO] [stderr] warning: `package.homepage` is redundant with `package.repository`
[INFO] [stderr]    --> Cargo.toml:128:12
[INFO] [stderr]     |
[INFO] [stderr] 128 | homepage = "https://github.com/vorjdux/monocoque"
[INFO] [stderr]     |            ^^^^^^^^^^^^^^^^^^^^^^^^^^^^^^^^^^^^^^
[INFO] [stderr] ...
[INFO] [stderr] 133 | repository = "https://github.com/vorjdux/monocoque"
[INFO] [stderr]     |              --------------------------------------
[INFO] [stderr]     |
[INFO] [stderr]     = note: `cargo::redundant_homepage` is set to `warn` by default
[INFO] [stderr] help: consider removing `package.homepage`
[INFO] [stderr] warning: `monocoque-rs-core` (manifest) generated 1 warning
[INFO] [stderr]    Compiling quote v1.0.46
[INFO] [stderr]    Compiling futures-sink v0.3.32
[INFO] [stderr]    Compiling futures-core v0.3.32
[INFO] [stderr]    Compiling futures-io v0.3.32
[INFO] [stderr]    Compiling parking v2.2.1
[INFO] [stderr]    Compiling crossbeam-utils v0.8.22
[INFO] [stderr]    Compiling local-event v0.1.2
[INFO] [stderr]    Compiling smallvec v1.15.2
[INFO] [stderr]    Compiling bitflags v2.13.0
[INFO] [stderr]    Compiling rustix v1.1.4
[INFO] [stderr]    Compiling slotmap v1.1.1
[INFO] [stderr]    Compiling linux-raw-sys v0.12.1
[INFO] [stderr]    Compiling cfg_aliases v0.2.2
[INFO] [stderr]    Compiling io-uring v0.7.13
[INFO] [stderr]    Compiling spin v0.9.9
[INFO] [stderr]    Compiling compio-buf v0.8.3
[INFO] [stderr]    Compiling compio-driver v0.12.5
[INFO] [stderr]    Compiling compio-send-wrapper v0.7.2
[INFO] [stderr]    Compiling event-listener v5.4.2
[INFO] [stderr]    Compiling futures-channel v0.3.32
[INFO] [stderr]    Compiling zerocopy v0.8.53
[INFO] [stderr]    Compiling winnow v1.0.3
[INFO] [stderr]    Compiling pastey v0.2.3
[INFO] [stderr]    Compiling hashbrown v0.17.1
[INFO] [stderr]    Compiling fastrand v2.4.1
[INFO] [stderr]    Compiling syn v2.0.118
[INFO] [stderr]    Compiling syn v3.0.3
[INFO] [stderr]    Compiling socket2 v0.6.5
[INFO] [stderr]    Compiling mod_use v0.2.3
[INFO] [stderr]    Compiling scoped-tls v1.0.1
[INFO] [stderr]    Compiling parking_lot_core v0.9.12
[INFO] [stderr]    Compiling either v1.16.0
[INFO] [stderr]    Compiling event-listener-strategy v0.5.4
[INFO] [stderr]    Compiling zeroize v1.9.0
[INFO] [stderr]    Compiling flume v0.12.0
[INFO] [stderr]    Compiling async-lock v3.4.2
[INFO] [stderr]    Compiling parking_lot v0.12.5
[INFO] [stderr]    Compiling crossbeam-queue v0.3.13
[INFO] [stderr]    Compiling indexmap v2.14.0
[INFO] [stderr]    Compiling toml_parser v1.1.2+spec-1.1.0
[INFO] [stderr]    Compiling toml_edit v0.25.12+spec-1.1.0
[INFO] [stderr]    Compiling proc-macro-crate v3.5.0
[INFO] [stderr]    Compiling darling_core v0.24.1
[INFO] [stderr]    Compiling futures-macro v0.3.32
[INFO] [stderr]    Compiling tracing-attributes v0.1.31
[INFO] [stderr]    Compiling thiserror-impl v2.0.20
[INFO] [stderr]    Compiling futures-util v0.3.32
[INFO] [stderr]    Compiling tracing v0.1.44
[INFO] [stderr]    Compiling compio-log v0.2.1
[INFO] [stderr]    Compiling compio-executor v0.1.4
[INFO] [stderr]    Compiling thiserror v2.0.20
[INFO] [stderr]    Compiling darling_macro v0.24.1
[INFO] [stderr]    Compiling darling v0.24.1
[INFO] [stderr]    Compiling compio-macros v0.2.1
[INFO] [stderr]    Compiling ahash v0.8.12
[INFO] [stderr]    Compiling hashbrown v0.14.5
[INFO] [stderr]    Compiling dashmap v6.2.1
[INFO] [stderr]    Compiling synchrony v0.1.8
[INFO] [stderr]    Compiling futures-executor v0.3.32
[INFO] [stderr]    Compiling futures v0.3.32
[INFO] [stderr]    Compiling thin-cell v0.2.1
[INFO] [stderr]    Compiling compio-io v0.10.1
[INFO] [stderr]    Compiling compio-runtime v0.12.6
[INFO] [stderr]    Compiling compio-net v0.12.5
[INFO] [stderr]    Compiling compio v0.19.2
[INFO] [stderr]    Compiling monocoque-rs-core v0.4.2 (/opt/rustwide/workdir)
[INFO] [stderr] warning: unused dependency `async-lock`
[INFO] [stderr]  --> Cargo.toml:1:15
[INFO] [stderr]   |
[INFO] [stderr] 1 | [dependencies.async-lock]
[INFO] [stderr]   |               ^^^^^^^^^^^
[INFO] [stderr]   |
[INFO] [stderr]   = note: `cargo::unused_dependencies` is set to `warn` by default
[INFO] [stderr] help: consider removing the dependency on `async-lock`
[INFO] [stderr] warning: `monocoque-rs-core` (manifest) generated 1 warning
[INFO] [stderr]     Finished `release` profile [optimized] target(s) in 36.26s
[INFO] running `Command { std: "docker" "inspect" "646a8195c2029a6c3d6d9dc37b9674052aa26aad0bd5ab69c92eca5d231c8282", kill_on_drop: false }`
[INFO] running `Command { std: "docker" "exec" "-e" "SOURCE_DIR=/opt/rustwide/workdir" "-e" "CARGO_HOME=/opt/rustwide/cargo-home" "-e" "RUSTUP_HOME=/opt/rustwide/rustup-home" "-e" "CARGO_TARGET_DIR=/opt/rustwide/target" "-e" "CARGO_INCREMENTAL=0" "-e" "RUST_BACKTRACE=full" "-e" "RUSTFLAGS=--cap-lints=warn" "-e" "RUSTDOCFLAGS=--cap-lints=warn" "-w" "/opt/rustwide/workdir" "--user" "0:0" "646a8195c2029a6c3d6d9dc37b9674052aa26aad0bd5ab69c92eca5d231c8282" "/opt/rustwide/cargo-home/bin/cargo" "+1.100.0-beta.1" "test" "--frozen" "--no-run" "--message-format=json" "--release", kill_on_drop: false }`
[INFO] [stderr] warning: `package.homepage` is redundant with `package.repository`
[INFO] [stderr]    --> Cargo.toml:128:12
[INFO] [stderr]     |
[INFO] [stderr] 128 | homepage = "https://github.com/vorjdux/monocoque"
[INFO] [stderr]     |            ^^^^^^^^^^^^^^^^^^^^^^^^^^^^^^^^^^^^^^
[INFO] [stderr] ...
[INFO] [stderr] 133 | repository = "https://github.com/vorjdux/monocoque"
[INFO] [stderr]     |              --------------------------------------
[INFO] [stderr]     |
[INFO] [stderr]     = note: `cargo::redundant_homepage` is set to `warn` by default
[INFO] [stderr] help: consider removing `package.homepage`
[INFO] [stderr] warning: `monocoque-rs-core` (manifest) generated 1 warning
[INFO] [stderr]    Compiling monocoque-rs-core v0.4.2 (/opt/rustwide/workdir)
[INFO] [stderr] warning: unused dependency `async-lock`
[INFO] [stderr]  --> Cargo.toml:1:15
[INFO] [stderr]   |
[INFO] [stderr] 1 | [dependencies.async-lock]
[INFO] [stderr]   |               ^^^^^^^^^^^
[INFO] [stderr]   |
[INFO] [stderr]   = note: `cargo::unused_dependencies` is set to `warn` by default
[INFO] [stderr] help: consider removing the dependency on `async-lock`
[INFO] [stderr] warning: `monocoque-rs-core` (manifest) generated 1 warning
[INFO] [stderr]     Finished `release` profile [optimized] target(s) in 7.82s
[INFO] running `Command { std: "docker" "inspect" "646a8195c2029a6c3d6d9dc37b9674052aa26aad0bd5ab69c92eca5d231c8282", kill_on_drop: false }`
[INFO] running `Command { std: "docker" "exec" "-e" "SOURCE_DIR=/opt/rustwide/workdir" "-e" "CARGO_HOME=/opt/rustwide/cargo-home" "-e" "RUSTUP_HOME=/opt/rustwide/rustup-home" "-e" "CARGO_TARGET_DIR=/opt/rustwide/target" "-e" "CARGO_INCREMENTAL=0" "-e" "RUST_BACKTRACE=full" "-e" "RUSTFLAGS=--cap-lints=warn" "-e" "RUSTDOCFLAGS=--cap-lints=warn" "-w" "/opt/rustwide/workdir" "--user" "0:0" "646a8195c2029a6c3d6d9dc37b9674052aa26aad0bd5ab69c92eca5d231c8282" "/opt/rustwide/cargo-home/bin/cargo" "+1.100.0-beta.1" "test" "--frozen" "--release", kill_on_drop: false }`
[INFO] [stderr] warning: `package.homepage` is redundant with `package.repository`
[INFO] [stderr]    --> Cargo.toml:128:12
[INFO] [stderr]     |
[INFO] [stderr] 128 | homepage = "https://github.com/vorjdux/monocoque"
[INFO] [stderr]     |            ^^^^^^^^^^^^^^^^^^^^^^^^^^^^^^^^^^^^^^
[INFO] [stderr] ...
[INFO] [stderr] 133 | repository = "https://github.com/vorjdux/monocoque"
[INFO] [stderr]     |              --------------------------------------
[INFO] [stderr]     |
[INFO] [stderr]     = note: `cargo::redundant_homepage` is set to `warn` by default
[INFO] [stderr] help: consider removing `package.homepage`
[INFO] [stderr] warning: `monocoque-rs-core` (manifest) generated 1 warning
[INFO] [stderr] warning: unused dependency `async-lock`
[INFO] [stderr]  --> Cargo.toml:1:15
[INFO] [stderr]   |
[INFO] [stderr] 1 | [dependencies.async-lock]
[INFO] [stderr]   |               ^^^^^^^^^^^
[INFO] [stderr]   |
[INFO] [stderr]   = note: `cargo::unused_dependencies` is set to `warn` by default
[INFO] [stderr] help: consider removing the dependency on `async-lock`
[INFO] [stderr] warning: `monocoque-rs-core` (manifest) generated 1 warning
[INFO] [stderr]     Finished `release` profile [optimized] target(s) in 0.15s
[INFO] [stderr]      Running unittests src/lib.rs (/opt/rustwide/target/release/build/monocoque-rs-core/0fb8f8e8ae47ad80/out/monocoque_core-0fb8f8e8ae47ad80)
[INFO] [stdout] 
[INFO] [stdout] running 97 tests
[INFO] [stdout] test buffer::tests::take_bytes_after_falls_back_across_segments ... ok
[INFO] [stdout] test buffer::tests::take_bytes_after_slices_within_front_segment ... ok
[INFO] [stdout] test buffer::tests::take_bytes_copies_across_segments_and_preserves_tail ... ok
[INFO] [stdout] test endpoint::tests::test_invalid_inproc_empty ... ok
[INFO] [stdout] test endpoint::tests::test_invalid_ipc_relative_path ... ok
[INFO] [stdout] test endpoint::tests::test_invalid_scheme ... ok
[INFO] [stdout] test buffer::tests::take_bytes_slices_single_segment_without_losing_remainder ... ok
[INFO] [stdout] test endpoint::tests::test_invalid_tcp_address ... ok
[INFO] [stdout] test endpoint::tests::test_parse_tcp_ipv4 ... ok
[INFO] [stdout] test endpoint::tests::test_parse_inproc ... ok
[INFO] [stdout] test endpoint::tests::test_parse_tcp_ipv6 ... ok
[INFO] [stdout] test endpoint::tests::test_invalid_inproc_control_characters ... ok
[INFO] [stdout] test inproc::tests::test_validate_endpoint_rejects_control_characters ... ok
[INFO] [stdout] test inproc::tests::test_bind_and_connect ... ok
[INFO] [stdout] test inproc::tests::test_bind_duplicate ... ok
[INFO] [stdout] test inproc::tests::test_list_endpoints ... ok
[INFO] [stdout] test inproc::tests::test_validate_endpoint ... ok
[INFO] [stdout] test io::tests::take_read_buffer_over_slab_size_does_not_panic_or_corrupt ... ok
[INFO] [stdout] test io::tests::take_read_buffer_reuses_one_slab_across_reads ... ok
[INFO] [stdout] test io::tests::take_read_buffer_splits_front_and_keeps_tail ... ok
[INFO] [stdout] test endpoint::tests::test_parse_ipc ... ok
[INFO] [stdout] test io::tests::reclaim_makes_slab_use_track_bytes_read_and_freezes_only_read_bytes ... ok
[INFO] [stdout] test message_builder::tests::test_empty_message ... ok
[INFO] [stdout] test backpressure::tests::semaphore_permits_single_atomic_acquire ... FAILED
[INFO] [stdout] test message_builder::tests::test_build_message ... ok
[INFO] [stdout] test message_builder::tests::test_push_empty ... ok
[INFO] [stdout] test message_builder::tests::test_push_integers ... ok
[INFO] [stdout] test message_builder::tests::test_with_capacity ... ok
[INFO] [stdout] test message_builder::tests::test_with_capacity_rejects_unbounded_capacity_without_panicking ... ok
[INFO] [stdout] test monitor::tests::emit_is_bounded_and_never_blocks_when_undrained ... ok
[INFO] [stdout] test monitor::tests::test_monitor_channel ... ok
[INFO] [stdout] test options::tests::both_read_buffer_setters_clamp_identically ... ok
[INFO] [stdout] test message_builder::tests::test_from_frames ... ok
[INFO] [stdout] test options::tests::read_buffer_size_cannot_exceed_read_slab_size ... ok
[INFO] [stdout] test backpressure::tests::semaphore_permits_release_on_drop ... FAILED
[INFO] [stdout] test monitor::tests::test_socket_event_display ... ok
[INFO] [stdout] test options::tests::debug_output_redacts_security_options ... ok
[INFO] [stdout] test options::tests::test_builder_pattern ... ok
[INFO] [stdout] test backpressure::tests::contended_acquire_parks_then_completes_on_release ... FAILED
[INFO] [stdout] test backpressure::tests::cancelled_waiter_does_not_leak_capacity ... FAILED
[INFO] [stdout] test backpressure::tests::noop_permits_always_succeed ... FAILED
[INFO] [stdout] test options::tests::test_connect_routing_id ... ok
[INFO] [stdout] test backpressure::tests::uncontended_acquire_takes_fast_path ... FAILED
[INFO] [stdout] test backpressure::tests::semaphore_permits_enforce_limit ... FAILED
[INFO] [stdout] test options::tests::test_default_options ... ok
[INFO] [stdout] test backpressure::tests::waiters_are_granted_in_fifo_order ... FAILED
[INFO] [stdout] test ipc::tests::bind_does_not_unlink_existing_regular_file ... FAILED
[INFO] [stdout] test options::tests::test_exponential_backoff ... ok
[INFO] [stdout] test ipc::tests::drop_leaves_non_socket_at_path_untouched ... FAILED
[INFO] [stdout] test ipc::tests::drop_unlinks_socket_file ... FAILED
[INFO] [stdout] test ipc::tests::test_ipc_connect_bind ... FAILED
[INFO] [stdout] test backpressure::tests::semaphore_permits_oversized_acquire_does_not_deadlock ... FAILED
[INFO] [stdout] test options::tests::test_subscription_options ... ok
[INFO] [stdout] test options::tests::test_nonblocking_checks ... ok
[INFO] [stdout] test options::tests::test_routing_id_validation ... ok
[INFO] [stdout] test pubsub::index::tests::subscribe_and_match ... ok
[INFO] [stdout] test options::tests::test_reconnect_ivl_max_below_base_holds_at_base ... ok
[INFO] [stdout] test pubsub::index::tests::dedup_nested_prefixes ... ok
[INFO] [stdout] test options::tests::test_router_options ... ok
[INFO] [stdout] test pubsub::hub::tests::fanout_shares_one_allocation_across_peers ... FAILED
[INFO] [stdout] test poison::tests::test_poison_on_drop ... ok
[INFO] [stdout] test pubsub::index::tests::remove_peer_everywhere_cleans_empty_entries ... ok
[INFO] [stdout] test pubsub::hub::tests::publishes_only_to_matching_subscribers ... FAILED
[INFO] [stdout] test poison::tests::test_early_drop ... ok
[INFO] [stdout] test poison::tests::test_disarm_at_end ... ok
[INFO] [stdout] test reconnect::tests::test_max_below_base_holds_at_base ... ok
[INFO] [stdout] test options::tests::test_general_routing_id_validation ... ok
[INFO] [stdout] test options::tests::test_no_exponential_backoff ... ok
[INFO] [stdout] test poison::tests::test_disarm_clears_poison ... ok
[INFO] [stdout] test pubsub::hub::tests::peer_down_with_stale_epoch_is_ignored ... FAILED
[INFO] [stdout] test reconnect::tests::test_exponential_backoff ... ok
[INFO] [stdout] test reconnect::tests::test_max_zero_holds_at_base_no_zero_delay_loop ... ok
[INFO] [stdout] test reconnect::tests::test_next_delay_caps_before_duration_overflow ... ok
[INFO] [stdout] test reconnect::tests::test_max_interval_cap ... ok
[INFO] [stdout] test router::tests::standard_routes_by_id_strips_envelope_and_drops_unknown ... FAILED
[INFO] [stdout] test reconnect::tests::test_reset ... ok
[INFO] [stdout] test reconnect::tests::test_state_accessors ... ok
[INFO] [stdout] test router::tests::load_balancer_round_robins_across_peers ... FAILED
[INFO] [stdout] test router::tests::peer_down_stops_delivery ... FAILED
[INFO] [stdout] test subscription::tests::test_empty_subscription_matches_all ... ok
[INFO] [stdout] test subscription::tests::test_trie_no_false_prefix_match ... ok
[INFO] [stdout] test subscription::tests::test_trie_checks_broader_prefix_after_non_matching_candidate ... ok
[INFO] [stdout] test subscription::tests::test_trie_empty_prefix_matches_all ... ok
[INFO] [stdout] test tcp::tests::configure_tcp_keepalive_preserves_fd_on_error ... ok
[INFO] [stdout] test tcp::tests::configure_socket_buffers_applies_requested_sizes ... ok
[INFO] [stdout] test timeout::tests::test_timeout_types ... ok
[INFO] [stdout] test tcp::tests::enable_tcp_nodelay_preserves_fd_on_error ... ok
[INFO] [stdout] test subscription::tests::test_trie_multiple_subscriptions ... ok
[INFO] [stdout] test subscription::tests::test_unsubscription_event ... ok
[INFO] [stdout] test socket_type::tests::test_socket_type_display ... ok
[INFO] [stdout] test subscription::tests::test_subscription_matches ... ok
[INFO] [stdout] test tcp::tests::configure_socket_buffers_zero_is_noop ... ok
[INFO] [stdout] test socket_type::tests::test_socket_compatibility ... ok
[INFO] [stdout] test subscription::tests::test_subscription_event ... ok
[INFO] [stdout] test subscription::tests::test_trie_basic ... ok
[INFO] [stdout] test tcp::tests::reuseport_allows_two_listeners_on_same_port ... ok
[INFO] [stdout] test buffer::tests::take_bytes_removes_exact_single_segment ... ok
[INFO] [stdout] 
[INFO] [stdout] failures:
[INFO] [stdout] 
[INFO] [stdout] ---- backpressure::tests::semaphore_permits_single_atomic_acquire stdout ----
[INFO] [stdout] 
[INFO] [stdout] thread 'backpressure::tests::semaphore_permits_single_atomic_acquire' (1322) panicked at src/backpressure.rs:516:49:
[INFO] [stdout] called `Result::unwrap()` on an `Err` value: Os { code: 1, kind: PermissionDenied, message: "Operation not permitted" }
[INFO] [stdout] stack backtrace:
[INFO] [stdout]    0:     0x602bb380e5a1 - <<std[617be2ca0a6fd877]::sys::backtrace::BacktraceLock>::print::DisplayBacktrace as core[a373ad73a504971]::fmt::Display>::fmt
[INFO] [stdout]    1:     0x602bb382350a - core[a373ad73a504971]::fmt::write
[INFO] [stdout]    2:     0x602bb3812bfc - <alloc[2e1b2a31b91974c5]::vec::Vec<u8> as core[a373ad73a504971]::io::write::Write>::write_fmt
[INFO] [stdout]    3:     0x602bb37e9106 - std[617be2ca0a6fd877]::panicking::default_hook::{closure#0}
[INFO] [stdout]    4:     0x602bb3805a79 - std[617be2ca0a6fd877]::panicking::default_hook
[INFO] [stdout]    5:     0x602bb3782880 - test[aada8e7e76ba119b]::test_main_inner::{closure#0}
[INFO] [stdout]    6:     0x602bb3805da2 - std[617be2ca0a6fd877]::panicking::panic_with_hook
[INFO] [stdout]    7:     0x602bb37e91b2 - std[617be2ca0a6fd877]::panicking::panic_handler::{closure#0}
[INFO] [stdout]    8:     0x602bb37e1d39 - std[617be2ca0a6fd877]::sys::backtrace::__rust_end_short_backtrace::<std[617be2ca0a6fd877]::panicking::panic_handler::{closure#0}, !>
[INFO] [stdout]    9:     0x602bb37e9fad - __rustc[ea4f61d10b84890b]::rust_begin_unwind
[INFO] [stdout]   10:     0x602bb3823c6c - core[a373ad73a504971]::panicking::panic_fmt
[INFO] [stdout]   11:     0x602bb3823a42 - core[a373ad73a504971]::result::unwrap_failed
[INFO] [stdout]   12:     0x602bb375604a - <monocoque_core[568fad92eaf5f51c]::backpressure::tests::semaphore_permits_single_atomic_acquire::{closure#0} as core[a373ad73a504971]::ops::function::FnOnce<()>>::call_once
[INFO] [stdout]   13:     0x602bb3775ccb - test[aada8e7e76ba119b]::__rust_begin_short_backtrace::<core[a373ad73a504971]::result::Result<(), alloc[2e1b2a31b91974c5]::string::String>, fn() -> core[a373ad73a504971]::result::Result<(), alloc[2e1b2a31b91974c5]::string::String>>
[INFO] [stdout]   14:     0x602bb3782ea5 - test[aada8e7e76ba119b]::run_test::{closure#0}
[INFO] [stdout]   15:     0x602bb377c794 - std[617be2ca0a6fd877]::sys::backtrace::__rust_begin_short_backtrace::<test[aada8e7e76ba119b]::run_test::{closure#1}, ()>
[INFO] [stdout]   16:     0x602bb3785f32 - <std[617be2ca0a6fd877]::thread::lifecycle::spawn_unchecked<test[aada8e7e76ba119b]::run_test::{closure#1}, ()>::{closure#1} as core[a373ad73a504971]::ops::function::FnOnce<()>>::call_once::{shim:vtable#0}
[INFO] [stdout]   17:     0x602bb380d2ff - <std[617be2ca0a6fd877]::sys::thread::unix::Thread>::new::thread_start
[INFO] [stdout]   18:     0x783a69329dfa - <unknown>
[INFO] [stdout]   19:     0x783a693bd3d4 - clone
[INFO] [stdout]   20:                0x0 - <unknown>
[INFO] [stdout] 
[INFO] [stdout] ---- backpressure::tests::semaphore_permits_release_on_drop stdout ----
[INFO] [stdout] 
[INFO] [stdout] thread 'backpressure::tests::semaphore_permits_release_on_drop' (1321) panicked at src/backpressure.rs:483:49:
[INFO] [stdout] called `Result::unwrap()` on an `Err` value: Os { code: 1, kind: PermissionDenied, message: "Operation not permitted" }
[INFO] [stdout] stack backtrace:
[INFO] [stdout]    0:     0x602bb380e5a1 - <<std[617be2ca0a6fd877]::sys::backtrace::BacktraceLock>::print::DisplayBacktrace as core[a373ad73a504971]::fmt::Display>::fmt
[INFO] [stdout]    1:     0x602bb382350a - core[a373ad73a504971]::fmt::write
[INFO] [stdout]    2:     0x602bb3812bfc - <alloc[2e1b2a31b91974c5]::vec::Vec<u8> as core[a373ad73a504971]::io::write::Write>::write_fmt
[INFO] [stdout]    3:     0x602bb37e9106 - std[617be2ca0a6fd877]::panicking::default_hook::{closure#0}
[INFO] [stdout]    4:     0x602bb3805a79 - std[617be2ca0a6fd877]::panicking::default_hook
[INFO] [stdout]    5:     0x602bb3782880 - test[aada8e7e76ba119b]::test_main_inner::{closure#0}
[INFO] [stdout]    6:     0x602bb3805da2 - std[617be2ca0a6fd877]::panicking::panic_with_hook
[INFO] [stdout]    7:     0x602bb37e91b2 - std[617be2ca0a6fd877]::panicking::panic_handler::{closure#0}
[INFO] [stdout]    8:     0x602bb37e1d39 - std[617be2ca0a6fd877]::sys::backtrace::__rust_end_short_backtrace::<std[617be2ca0a6fd877]::panicking::panic_handler::{closure#0}, !>
[INFO] [stdout]    9:     0x602bb37e9fad - __rustc[ea4f61d10b84890b]::rust_begin_unwind
[INFO] [stdout]   10:     0x602bb3823c6c - core[a373ad73a504971]::panicking::panic_fmt
[INFO] [stdout]   11:     0x602bb3823a42 - core[a373ad73a504971]::result::unwrap_failed
[INFO] [stdout]   12:     0x602bb3755556 - <monocoque_core[568fad92eaf5f51c]::backpressure::tests::semaphore_permits_release_on_drop::{closure#0} as core[a373ad73a504971]::ops::function::FnOnce<()>>::call_once
[INFO] [stdout]   13:     0x602bb3775ccb - test[aada8e7e76ba119b]::__rust_begin_short_backtrace::<core[a373ad73a504971]::result::Result<(), alloc[2e1b2a31b91974c5]::string::String>, fn() -> core[a373ad73a504971]::result::Result<(), alloc[2e1b2a31b91974c5]::string::String>>
[INFO] [stdout]   14:     0x602bb3782ea5 - test[aada8e7e76ba119b]::run_test::{closure#0}
[INFO] [stdout]   15:     0x602bb377c794 - std[617be2ca0a6fd877]::sys::backtrace::__rust_begin_short_backtrace::<test[aada8e7e76ba119b]::run_test::{closure#1}, ()>
[INFO] [stdout]   16:     0x602bb3785f32 - <std[617be2ca0a6fd877]::thread::lifecycle::spawn_unchecked<test[aada8e7e76ba119b]::run_test::{closure#1}, ()>::{closure#1} as core[a373ad73a504971]::ops::function::FnOnce<()>>::call_once::{shim:vtable#0}
[INFO] [stdout]   17:     0x602bb380d2ff - <std[617be2ca0a6fd877]::sys::thread::unix::Thread>::new::thread_start
[INFO] [stdout]   18:     0x783a69329dfa - <unknown>
[INFO] [stdout]   19:     0x783a693bd3d4 - clone
[INFO] [stdout]   20:                0x0 - <unknown>
[INFO] [stdout] 
[INFO] [stdout] ---- backpressure::tests::contended_acquire_parks_then_completes_on_release stdout ----
[INFO] [stdout] 
[INFO] [stdout] thread 'backpressure::tests::contended_acquire_parks_then_completes_on_release' (1317) panicked at src/backpressure.rs:359:49:
[INFO] [stdout] called `Result::unwrap()` on an `Err` value: Os { code: 1, kind: PermissionDenied, message: "Operation not permitted" }
[INFO] [stdout] stack backtrace:
[INFO] [stdout]    0:     0x602bb380e5a1 - <<std[617be2ca0a6fd877]::sys::backtrace::BacktraceLock>::print::DisplayBacktrace as core[a373ad73a504971]::fmt::Display>::fmt
[INFO] [stdout]    1:     0x602bb382350a - core[a373ad73a504971]::fmt::write
[INFO] [stdout]    2:     0x602bb3812bfc - <alloc[2e1b2a31b91974c5]::vec::Vec<u8> as core[a373ad73a504971]::io::write::Write>::write_fmt
[INFO] [stdout]    3:     0x602bb37e9106 - std[617be2ca0a6fd877]::panicking::default_hook::{closure#0}
[INFO] [stdout]    4:     0x602bb3805a79 - std[617be2ca0a6fd877]::panicking::default_hook
[INFO] [stdout]    5:     0x602bb3782880 - test[aada8e7e76ba119b]::test_main_inner::{closure#0}
[INFO] [stdout]    6:     0x602bb3805da2 - std[617be2ca0a6fd877]::panicking::panic_with_hook
[INFO] [stdout]    7:     0x602bb37e91b2 - std[617be2ca0a6fd877]::panicking::panic_handler::{closure#0}
[INFO] [stdout]    8:     0x602bb37e1d39 - std[617be2ca0a6fd877]::sys::backtrace::__rust_end_short_backtrace::<std[617be2ca0a6fd877]::panicking::panic_handler::{closure#0}, !>
[INFO] [stdout]    9:     0x602bb37e9fad - __rustc[ea4f61d10b84890b]::rust_begin_unwind
[INFO] [stdout]   10:     0x602bb3823c6c - core[a373ad73a504971]::panicking::panic_fmt
[INFO] [stdout]   11:     0x602bb3823a42 - core[a373ad73a504971]::result::unwrap_failed
[INFO] [stdout]   12:     0x602bb37562a8 - <monocoque_core[568fad92eaf5f51c]::backpressure::tests::contended_acquire_parks_then_completes_on_release::{closure#0} as core[a373ad73a504971]::ops::function::FnOnce<()>>::call_once
[INFO] [stdout]   13:     0x602bb3775ccb - test[aada8e7e76ba119b]::__rust_begin_short_backtrace::<core[a373ad73a504971]::result::Result<(), alloc[2e1b2a31b91974c5]::string::String>, fn() -> core[a373ad73a504971]::result::Result<(), alloc[2e1b2a31b91974c5]::string::String>>
[INFO] [stdout]   14:     0x602bb3782ea5 - test[aada8e7e76ba119b]::run_test::{closure#0}
[INFO] [stdout]   15:     0x602bb377c794 - std[617be2ca0a6fd877]::sys::backtrace::__rust_begin_short_backtrace::<test[aada8e7e76ba119b]::run_test::{closure#1}, ()>
[INFO] [stdout]   16:     0x602bb3785f32 - <std[617be2ca0a6fd877]::thread::lifecycle::spawn_unchecked<test[aada8e7e76ba119b]::run_test::{closure#1}, ()>::{closure#1} as core[a373ad73a504971]::ops::function::FnOnce<()>>::call_once::{shim:vtable#0}
[INFO] [stdout]   17:     0x602bb380d2ff - <std[617be2ca0a6fd877]::sys::thread::unix::Thread>::new::thread_start
[INFO] [stdout]   18:     0x783a69329dfa - <unknown>
[INFO] [stdout]   19:     0x783a693bd3d4 - clone
[INFO] [stdout]   20:                0x0 - <unknown>
[INFO] [stdout] 
[INFO] [stdout] ---- backpressure::tests::cancelled_waiter_does_not_leak_capacity stdout ----
[INFO] [stdout] 
[INFO] [stdout] thread 'backpressure::tests::cancelled_waiter_does_not_leak_capacity' (1316) panicked at src/backpressure.rs:430:49:
[INFO] [stdout] called `Result::unwrap()` on an `Err` value: Os { code: 1, kind: PermissionDenied, message: "Operation not permitted" }
[INFO] [stdout] stack backtrace:
[INFO] [stdout]    0:     0x602bb380e5a1 - <<std[617be2ca0a6fd877]::sys::backtrace::BacktraceLock>::print::DisplayBacktrace as core[a373ad73a504971]::fmt::Display>::fmt
[INFO] [stdout]    1:     0x602bb382350a - core[a373ad73a504971]::fmt::write
[INFO] [stdout]    2:     0x602bb3812bfc - <alloc[2e1b2a31b91974c5]::vec::Vec<u8> as core[a373ad73a504971]::io::write::Write>::write_fmt
[INFO] [stdout]    3:     0x602bb37e9106 - std[617be2ca0a6fd877]::panicking::default_hook::{closure#0}
[INFO] [stdout]    4:     0x602bb3805a79 - std[617be2ca0a6fd877]::panicking::default_hook
[INFO] [stdout]    5:     0x602bb3782880 - test[aada8e7e76ba119b]::test_main_inner::{closure#0}
[INFO] [stdout]    6:     0x602bb3805da2 - std[617be2ca0a6fd877]::panicking::panic_with_hook
[INFO] [stdout]    7:     0x602bb37e91b2 - std[617be2ca0a6fd877]::panicking::panic_handler::{closure#0}
[INFO] [stdout]    8:     0x602bb37e1d39 - std[617be2ca0a6fd877]::sys::backtrace::__rust_end_short_backtrace::<std[617be2ca0a6fd877]::panicking::panic_handler::{closure#0}, !>
[INFO] [stdout]    9:     0x602bb37e9fad - __rustc[ea4f61d10b84890b]::rust_begin_unwind
[INFO] [stdout]   10:     0x602bb3823c6c - core[a373ad73a504971]::panicking::panic_fmt
[INFO] [stdout]   11:     0x602bb3823a42 - core[a373ad73a504971]::result::unwrap_failed
[INFO] [stdout]   12:     0x602bb3755e8d - <monocoque_core[568fad92eaf5f51c]::backpressure::tests::cancelled_waiter_does_not_leak_capacity::{closure#0} as core[a373ad73a504971]::ops::function::FnOnce<()>>::call_once
[INFO] [stdout]   13:     0x602bb3775ccb - test[aada8e7e76ba119b]::__rust_begin_short_backtrace::<core[a373ad73a504971]::result::Result<(), alloc[2e1b2a31b91974c5]::string::String>, fn() -> core[a373ad73a504971]::result::Result<(), alloc[2e1b2a31b91974c5]::string::String>>
[INFO] [stdout]   14:     0x602bb3782ea5 - test[aada8e7e76ba119b]::run_test::{closure#0}
[INFO] [stdout]   15:     0x602bb377c794 - std[617be2ca0a6fd877]::sys::backtrace::__rust_begin_short_backtrace::<test[aada8e7e76ba119b]::run_test::{closure#1}, ()>
[INFO] [stdout]   16:     0x602bb3785f32 - <std[617be2ca0a6fd877]::thread::lifecycle::spawn_unchecked<test[aada8e7e76ba119b]::run_test::{closure#1}, ()>::{closure#1} as core[a373ad73a504971]::ops::function::FnOnce<()>>::call_once::{shim:vtable#0}
[INFO] [stdout]   17:     0x602bb380d2ff - <std[617be2ca0a6fd877]::sys::thread::unix::Thread>::new::thread_start
[INFO] [stdout]   18:     0x783a69329dfa - <unknown>
[INFO] [stdout]   19:     0x783a693bd3d4 - clone
[INFO] [stdout]   20:                0x0 - <unknown>
[INFO] [stdout] 
[INFO] [stdout] ---- backpressure::tests::noop_permits_always_succeed stdout ----
[INFO] [stdout] 
[INFO] [stdout] thread 'backpressure::tests::noop_permits_always_succeed' (1318) panicked at src/backpressure.rs:453:49:
[INFO] [stdout] called `Result::unwrap()` on an `Err` value: Os { code: 1, kind: PermissionDenied, message: "Operation not permitted" }
[INFO] [stdout] stack backtrace:
[INFO] [stdout]    0:     0x602bb380e5a1 - <<std[617be2ca0a6fd877]::sys::backtrace::BacktraceLock>::print::DisplayBacktrace as core[a373ad73a504971]::fmt::Display>::fmt
[INFO] [stdout]    1:     0x602bb382350a - core[a373ad73a504971]::fmt::write
[INFO] [stdout]    2:     0x602bb3812bfc - <alloc[2e1b2a31b91974c5]::vec::Vec<u8> as core[a373ad73a504971]::io::write::Write>::write_fmt
[INFO] [stdout]    3:     0x602bb37e9106 - std[617be2ca0a6fd877]::panicking::default_hook::{closure#0}
[INFO] [stdout]    4:     0x602bb3805a79 - std[617be2ca0a6fd877]::panicking::default_hook
[INFO] [stdout]    5:     0x602bb3782880 - test[aada8e7e76ba119b]::test_main_inner::{closure#0}
[INFO] [stdout]    6:     0x602bb3805da2 - std[617be2ca0a6fd877]::panicking::panic_with_hook
[INFO] [stdout]    7:     0x602bb37e91b2 - std[617be2ca0a6fd877]::panicking::panic_handler::{closure#0}
[INFO] [stdout]    8:     0x602bb37e1d39 - std[617be2ca0a6fd877]::sys::backtrace::__rust_end_short_backtrace::<std[617be2ca0a6fd877]::panicking::panic_handler::{closure#0}, !>
[INFO] [stdout]    9:     0x602bb37e9fad - __rustc[ea4f61d10b84890b]::rust_begin_unwind
[INFO] [stdout]   10:     0x602bb3823c6c - core[a373ad73a504971]::panicking::panic_fmt
[INFO] [stdout]   11:     0x602bb3823a42 - core[a373ad73a504971]::result::unwrap_failed
[INFO] [stdout]   12:     0x602bb3755228 - <monocoque_core[568fad92eaf5f51c]::backpressure::tests::noop_permits_always_succeed::{closure#0} as core[a373ad73a504971]::ops::function::FnOnce<()>>::call_once
[INFO] [stdout]   13:     0x602bb3775ccb - test[aada8e7e76ba119b]::__rust_begin_short_backtrace::<core[a373ad73a504971]::result::Result<(), alloc[2e1b2a31b91974c5]::string::String>, fn() -> core[a373ad73a504971]::result::Result<(), alloc[2e1b2a31b91974c5]::string::String>>
[INFO] [stdout]   14:     0x602bb3782ea5 - test[aada8e7e76ba119b]::run_test::{closure#0}
[INFO] [stdout]   15:     0x602bb377c794 - std[617be2ca0a6fd877]::sys::backtrace::__rust_begin_short_backtrace::<test[aada8e7e76ba119b]::run_test::{closure#1}, ()>
[INFO] [stdout]   16:     0x602bb3785f32 - <std[617be2ca0a6fd877]::thread::lifecycle::spawn_unchecked<test[aada8e7e76ba119b]::run_test::{closure#1}, ()>::{closure#1} as core[a373ad73a504971]::ops::function::FnOnce<()>>::call_once::{shim:vtable#0}
[INFO] [stdout]   17:     0x602bb380d2ff - <std[617be2ca0a6fd877]::sys::thread::unix::Thread>::new::thread_start
[INFO] [stdout]   18:     0x783a69329dfa - <unknown>
[INFO] [stdout]   19:     0x783a693bd3d4 - clone
[INFO] [stdout]   20:                0x0 - <unknown>
[INFO] [stdout] 
[INFO] [stdout] ---- backpressure::tests::uncontended_acquire_takes_fast_path stdout ----
[INFO] [stdout] 
[INFO] [stdout] thread 'backpressure::tests::uncontended_acquire_takes_fast_path' (1323) panicked at src/backpressure.rs:337:49:
[INFO] [stdout] called `Result::unwrap()` on an `Err` value: Os { code: 1, kind: PermissionDenied, message: "Operation not permitted" }
[INFO] [stdout] stack backtrace:
[INFO] [stdout]    0:     0x602bb380e5a1 - <<std[617be2ca0a6fd877]::sys::backtrace::BacktraceLock>::print::DisplayBacktrace as core[a373ad73a504971]::fmt::Display>::fmt
[INFO] [stdout]    1:     0x602bb382350a - core[a373ad73a504971]::fmt::write
[INFO] [stdout]    2:     0x602bb3812bfc - <alloc[2e1b2a31b91974c5]::vec::Vec<u8> as core[a373ad73a504971]::io::write::Write>::write_fmt
[INFO] [stdout]    3:     0x602bb37e9106 - std[617be2ca0a6fd877]::panicking::default_hook::{closure#0}
[INFO] [stdout]    4:     0x602bb3805a79 - std[617be2ca0a6fd877]::panicking::default_hook
[INFO] [stdout]    5:     0x602bb3782880 - test[aada8e7e76ba119b]::test_main_inner::{closure#0}
[INFO] [stdout]    6:     0x602bb3805da2 - std[617be2ca0a6fd877]::panicking::panic_with_hook
[INFO] [stdout]    7:     0x602bb37e91b2 - std[617be2ca0a6fd877]::panicking::panic_handler::{closure#0}
[INFO] [stdout]    8:     0x602bb37e1d39 - std[617be2ca0a6fd877]::sys::backtrace::__rust_end_short_backtrace::<std[617be2ca0a6fd877]::panicking::panic_handler::{closure#0}, !>
[INFO] [stdout]    9:     0x602bb37e9fad - __rustc[ea4f61d10b84890b]::rust_begin_unwind
[INFO] [stdout]   10:     0x602bb3823c6c - core[a373ad73a504971]::panicking::panic_fmt
[INFO] [stdout]   11:     0x602bb3823a42 - core[a373ad73a504971]::result::unwrap_failed
[INFO] [stdout]   12:     0x602bb3755c28 - <monocoque_core[568fad92eaf5f51c]::backpressure::tests::uncontended_acquire_takes_fast_path::{closure#0} as core[a373ad73a504971]::ops::function::FnOnce<()>>::call_once
[INFO] [stdout]   13:     0x602bb3775ccb - test[aada8e7e76ba119b]::__rust_begin_short_backtrace::<core[a373ad73a504971]::result::Result<(), alloc[2e1b2a31b91974c5]::string::String>, fn() -> core[a373ad73a504971]::result::Result<(), alloc[2e1b2a31b91974c5]::string::String>>
[INFO] [stdout]   14:     0x602bb3782ea5 - test[aada8e7e76ba119b]::run_test::{closure#0}
[INFO] [stdout]   15:     0x602bb377c794 - std[617be2ca0a6fd877]::sys::backtrace::__rust_begin_short_backtrace::<test[aada8e7e76ba119b]::run_test::{closure#1}, ()>
[INFO] [stdout]   16:     0x602bb3785f32 - <std[617be2ca0a6fd877]::thread::lifecycle::spawn_unchecked<test[aada8e7e76ba119b]::run_test::{closure#1}, ()>::{closure#1} as core[a373ad73a504971]::ops::function::FnOnce<()>>::call_once::{shim:vtable#0}
[INFO] [stdout]   17:     0x602bb380d2ff - <std[617be2ca0a6fd877]::sys::thread::unix::Thread>::new::thread_start
[INFO] [stdout]   18:     0x783a69329dfa - <unknown>
[INFO] [stdout]   19:     0x783a693bd3d4 - clone
[INFO] [stdout]   20:                0x0 - <unknown>
[INFO] [stdout] 
[INFO] [stdout] ---- backpressure::tests::semaphore_permits_enforce_limit stdout ----
[INFO] [stdout] 
[INFO] [stdout] thread 'backpressure::tests::semaphore_permits_enforce_limit' (1319) panicked at src/backpressure.rs:464:49:
[INFO] [stdout] called `Result::unwrap()` on an `Err` value: Os { code: 1, kind: PermissionDenied, message: "Operation not permitted" }
[INFO] [stdout] stack backtrace:
[INFO] [stdout]    0:     0x602bb380e5a1 - <<std[617be2ca0a6fd877]::sys::backtrace::BacktraceLock>::print::DisplayBacktrace as core[a373ad73a504971]::fmt::Display>::fmt
[INFO] [stdout]    1:     0x602bb382350a - core[a373ad73a504971]::fmt::write
[INFO] [stdout]    2:     0x602bb3812bfc - <alloc[2e1b2a31b91974c5]::vec::Vec<u8> as core[a373ad73a504971]::io::write::Write>::write_fmt
[INFO] [stdout]    3:     0x602bb37e9106 - std[617be2ca0a6fd877]::panicking::default_hook::{closure#0}
[INFO] [stdout]    4:     0x602bb3805a79 - std[617be2ca0a6fd877]::panicking::default_hook
[INFO] [stdout]    5:     0x602bb3782880 - test[aada8e7e76ba119b]::test_main_inner::{closure#0}
[INFO] [stdout]    6:     0x602bb3805da2 - std[617be2ca0a6fd877]::panicking::panic_with_hook
[INFO] [stdout]    7:     0x602bb37e91b2 - std[617be2ca0a6fd877]::panicking::panic_handler::{closure#0}
[INFO] [stdout]    8:     0x602bb37e1d39 - std[617be2ca0a6fd877]::sys::backtrace::__rust_end_short_backtrace::<std[617be2ca0a6fd877]::panicking::panic_handler::{closure#0}, !>
[INFO] [stdout]    9:     0x602bb37e9fad - __rustc[ea4f61d10b84890b]::rust_begin_unwind
[INFO] [stdout]   10:     0x602bb3823c6c - core[a373ad73a504971]::panicking::panic_fmt
[INFO] [stdout]   11:     0x602bb3823a42 - core[a373ad73a504971]::result::unwrap_failed
[INFO] [stdout]   12:     0x602bb37553a6 - <monocoque_core[568fad92eaf5f51c]::backpressure::tests::semaphore_permits_enforce_limit::{closure#0} as core[a373ad73a504971]::ops::function::FnOnce<()>>::call_once
[INFO] [stdout]   13:     0x602bb3775ccb - test[aada8e7e76ba119b]::__rust_begin_short_backtrace::<core[a373ad73a504971]::result::Result<(), alloc[2e1b2a31b91974c5]::string::String>, fn() -> core[a373ad73a504971]::result::Result<(), alloc[2e1b2a31b91974c5]::string::String>>
[INFO] [stdout]   14:     0x602bb3782ea5 - test[aada8e7e76ba119b]::run_test::{closure#0}
[INFO] [stdout]   15:     0x602bb377c794 - std[617be2ca0a6fd877]::sys::backtrace::__rust_begin_short_backtrace::<test[aada8e7e76ba119b]::run_test::{closure#1}, ()>
[INFO] [stdout]   16:     0x602bb3785f32 - <std[617be2ca0a6fd877]::thread::lifecycle::spawn_unchecked<test[aada8e7e76ba119b]::run_test::{closure#1}, ()>::{closure#1} as core[a373ad73a504971]::ops::function::FnOnce<()>>::call_once::{shim:vtable#0}
[INFO] [stdout]   17:     0x602bb380d2ff - <std[617be2ca0a6fd877]::sys::thread::unix::Thread>::new::thread_start
[INFO] [stdout]   18:     0x783a69329dfa - <unknown>
[INFO] [stdout]   19:     0x783a693bd3d4 - clone
[INFO] [stdout]   20:                0x0 - <unknown>
[INFO] [stdout] 
[INFO] [stdout] ---- backpressure::tests::waiters_are_granted_in_fifo_order stdout ----
[INFO] [stdout] 
[INFO] [stdout] thread 'backpressure::tests::waiters_are_granted_in_fifo_order' (1324) panicked at src/backpressure.rs:389:49:
[INFO] [stdout] called `Result::unwrap()` on an `Err` value: Os { code: 1, kind: PermissionDenied, message: "Operation not permitted" }
[INFO] [stdout] stack backtrace:
[INFO] [stdout]    0:     0x602bb380e5a1 - <<std[617be2ca0a6fd877]::sys::backtrace::BacktraceLock>::print::DisplayBacktrace as core[a373ad73a504971]::fmt::Display>::fmt
[INFO] [stdout]    1:     0x602bb382350a - core[a373ad73a504971]::fmt::write
[INFO] [stdout]    2:     0x602bb3812bfc - <alloc[2e1b2a31b91974c5]::vec::Vec<u8> as core[a373ad73a504971]::io::write::Write>::write_fmt
[INFO] [stdout]    3:     0x602bb37e9106 - std[617be2ca0a6fd877]::panicking::default_hook::{closure#0}
[INFO] [stdout]    4:     0x602bb3805a79 - std[617be2ca0a6fd877]::panicking::default_hook
[INFO] [stdout]    5:     0x602bb3782880 - test[aada8e7e76ba119b]::test_main_inner::{closure#0}
[INFO] [stdout]    6:     0x602bb3805da2 - std[617be2ca0a6fd877]::panicking::panic_with_hook
[INFO] [stdout]    7:     0x602bb37e91b2 - std[617be2ca0a6fd877]::panicking::panic_handler::{closure#0}
[INFO] [stdout]    8:     0x602bb37e1d39 - std[617be2ca0a6fd877]::sys::backtrace::__rust_end_short_backtrace::<std[617be2ca0a6fd877]::panicking::panic_handler::{closure#0}, !>
[INFO] [stdout]    9:     0x602bb37e9fad - __rustc[ea4f61d10b84890b]::rust_begin_unwind
[INFO] [stdout]   10:     0x602bb3823c6c - core[a373ad73a504971]::panicking::panic_fmt
[INFO] [stdout]   11:     0x602bb3823a42 - core[a373ad73a504971]::result::unwrap_failed
[INFO] [stdout]   12:     0x602bb375592e - <monocoque_core[568fad92eaf5f51c]::backpressure::tests::waiters_are_granted_in_fifo_order::{closure#0} as core[a373ad73a504971]::ops::function::FnOnce<()>>::call_once
[INFO] [stdout]   13:     0x602bb3775ccb - test[aada8e7e76ba119b]::__rust_begin_short_backtrace::<core[a373ad73a504971]::result::Result<(), alloc[2e1b2a31b91974c5]::string::String>, fn() -> core[a373ad73a504971]::result::Result<(), alloc[2e1b2a31b91974c5]::string::String>>
[INFO] [stdout]   14:     0x602bb3782ea5 - test[aada8e7e76ba119b]::run_test::{closure#0}
[INFO] [stdout]   15:     0x602bb377c794 - std[617be2ca0a6fd877]::sys::backtrace::__rust_begin_short_backtrace::<test[aada8e7e76ba119b]::run_test::{closure#1}, ()>
[INFO] [stdout]   16:     0x602bb3785f32 - <std[617be2ca0a6fd877]::thread::lifecycle::spawn_unchecked<test[aada8e7e76ba119b]::run_test::{closure#1}, ()>::{closure#1} as core[a373ad73a504971]::ops::function::FnOnce<()>>::call_once::{shim:vtable#0}
[INFO] [stdout]   17:     0x602bb380d2ff - <std[617be2ca0a6fd877]::sys::thread::unix::Thread>::new::thread_start
[INFO] [stdout]   18:     0x783a69329dfa - <unknown>
[INFO] [stdout]   19:     0x783a693bd3d4 - clone
[INFO] [stdout]   20:                0x0 - <unknown>
[INFO] [stdout] 
[INFO] [stdout] ---- ipc::tests::bind_does_not_unlink_existing_regular_file stdout ----
[INFO] [stdout] 
[INFO] [stdout] thread 'ipc::tests::bind_does_not_unlink_existing_regular_file' (1348) panicked at src/ipc.rs:219:14:
[INFO] [stdout] called `Result::unwrap()` on an `Err` value: Os { code: 1, kind: PermissionDenied, message: "Operation not permitted" }
[INFO] [stdout] stack backtrace:
[INFO] [stdout]    0:     0x602bb380e5a1 - <<std[617be2ca0a6fd877]::sys::backtrace::BacktraceLock>::print::DisplayBacktrace as core[a373ad73a504971]::fmt::Display>::fmt
[INFO] [stdout]    1:     0x602bb382350a - core[a373ad73a504971]::fmt::write
[INFO] [stdout]    2:     0x602bb3812bfc - <alloc[2e1b2a31b91974c5]::vec::Vec<u8> as core[a373ad73a504971]::io::write::Write>::write_fmt
[INFO] [stdout]    3:     0x602bb37e9106 - std[617be2ca0a6fd877]::panicking::default_hook::{closure#0}
[INFO] [stdout]    4:     0x602bb3805a79 - std[617be2ca0a6fd877]::panicking::default_hook
[INFO] [stdout]    5:     0x602bb3782880 - test[aada8e7e76ba119b]::test_main_inner::{closure#0}
[INFO] [stdout]    6:     0x602bb3805da2 - std[617be2ca0a6fd877]::panicking::panic_with_hook
[INFO] [stdout]    7:     0x602bb37e91b2 - std[617be2ca0a6fd877]::panicking::panic_handler::{closure#0}
[INFO] [stdout]    8:     0x602bb37e1d39 - std[617be2ca0a6fd877]::sys::backtrace::__rust_end_short_backtrace::<std[617be2ca0a6fd877]::panicking::panic_handler::{closure#0}, !>
[INFO] [stdout]    9:     0x602bb37e9fad - __rustc[ea4f61d10b84890b]::rust_begin_unwind
[INFO] [stdout]   10:     0x602bb3823c6c - core[a373ad73a504971]::panicking::panic_fmt
[INFO] [stdout]   11:     0x602bb3823a42 - core[a373ad73a504971]::result::unwrap_failed
[INFO] [stdout]   12:     0x602bb37567b2 - <monocoque_core[568fad92eaf5f51c]::ipc::tests::bind_does_not_unlink_existing_regular_file::{closure#0} as core[a373ad73a504971]::ops::function::FnOnce<()>>::call_once
[INFO] [stdout]   13:     0x602bb3775ccb - test[aada8e7e76ba119b]::__rust_begin_short_backtrace::<core[a373ad73a504971]::result::Result<(), alloc[2e1b2a31b91974c5]::string::String>, fn() -> core[a373ad73a504971]::result::Result<(), alloc[2e1b2a31b91974c5]::string::String>>
[INFO] [stdout]   14:     0x602bb3782ea5 - test[aada8e7e76ba119b]::run_test::{closure#0}
[INFO] [stdout]   15:     0x602bb377c794 - std[617be2ca0a6fd877]::sys::backtrace::__rust_begin_short_backtrace::<test[aada8e7e76ba119b]::run_test::{closure#1}, ()>
[INFO] [stdout]   16:     0x602bb3785f32 - <std[617be2ca0a6fd877]::thread::lifecycle::spawn_unchecked<test[aada8e7e76ba119b]::run_test::{closure#1}, ()>::{closure#1} as core[a373ad73a504971]::ops::function::FnOnce<()>>::call_once::{shim:vtable#0}
[INFO] [stdout]   17:     0x602bb380d2ff - <std[617be2ca0a6fd877]::sys::thread::unix::Thread>::new::thread_start
[INFO] [stdout]   18:     0x783a69329dfa - <unknown>
[INFO] [stdout]   19:     0x783a693bd3d4 - clone
[INFO] [stdout]   20:                0x0 - <unknown>
[INFO] [stdout] 
[INFO] [stdout] ---- ipc::tests::drop_leaves_non_socket_at_path_untouched stdout ----
[INFO] [stdout] 
[INFO] [stdout] thread 'ipc::tests::drop_leaves_non_socket_at_path_untouched' (1349) panicked at src/ipc.rs:193:14:
[INFO] [stdout] called `Result::unwrap()` on an `Err` value: Os { code: 1, kind: PermissionDenied, message: "Operation not permitted" }
[INFO] [stdout] stack backtrace:
[INFO] [stdout]    0:     0x602bb380e5a1 - <<std[617be2ca0a6fd877]::sys::backtrace::BacktraceLock>::print::DisplayBacktrace as core[a373ad73a504971]::fmt::Display>::fmt
[INFO] [stdout]    1:     0x602bb382350a - core[a373ad73a504971]::fmt::write
[INFO] [stdout]    2:     0x602bb3812bfc - <alloc[2e1b2a31b91974c5]::vec::Vec<u8> as core[a373ad73a504971]::io::write::Write>::write_fmt
[INFO] [stdout]    3:     0x602bb37e9106 - std[617be2ca0a6fd877]::panicking::default_hook::{closure#0}
[INFO] [stdout]    4:     0x602bb3805a79 - std[617be2ca0a6fd877]::panicking::default_hook
[INFO] [stdout]    5:     0x602bb3782880 - test[aada8e7e76ba119b]::test_main_inner::{closure#0}
[INFO] [stdout]    6:     0x602bb3805da2 - std[617be2ca0a6fd877]::panicking::panic_with_hook
[INFO] [stdout]    7:     0x602bb37e91b2 - std[617be2ca0a6fd877]::panicking::panic_handler::{closure#0}
[INFO] [stdout]    8:     0x602bb37e1d39 - std[617be2ca0a6fd877]::sys::backtrace::__rust_end_short_backtrace::<std[617be2ca0a6fd877]::panicking::panic_handler::{closure#0}, !>
[INFO] [stdout]    9:     0x602bb37e9fad - __rustc[ea4f61d10b84890b]::rust_begin_unwind
[INFO] [stdout]   10:     0x602bb3823c6c - core[a373ad73a504971]::panicking::panic_fmt
[INFO] [stdout]   11:     0x602bb3823a42 - core[a373ad73a504971]::result::unwrap_failed
[INFO] [stdout]   12:     0x602bb37566e2 - <monocoque_core[568fad92eaf5f51c]::ipc::tests::drop_leaves_non_socket_at_path_untouched::{closure#0} as core[a373ad73a504971]::ops::function::FnOnce<()>>::call_once
[INFO] [stdout]   13:     0x602bb3775ccb - test[aada8e7e76ba119b]::__rust_begin_short_backtrace::<core[a373ad73a504971]::result::Result<(), alloc[2e1b2a31b91974c5]::string::String>, fn() -> core[a373ad73a504971]::result::Result<(), alloc[2e1b2a31b91974c5]::string::String>>
[INFO] [stdout]   14:     0x602bb3782ea5 - test[aada8e7e76ba119b]::run_test::{closure#0}
[INFO] [stdout]   15:     0x602bb377c794 - std[617be2ca0a6fd877]::sys::backtrace::__rust_begin_short_backtrace::<test[aada8e7e76ba119b]::run_test::{closure#1}, ()>
[INFO] [stdout]   16:     0x602bb3785f32 - <std[617be2ca0a6fd877]::thread::lifecycle::spawn_unchecked<test[aada8e7e76ba119b]::run_test::{closure#1}, ()>::{closure#1} as core[a373ad73a504971]::ops::function::FnOnce<()>>::call_once::{shim:vtable#0}
[INFO] [stdout]   17:     0x602bb380d2ff - <std[617be2ca0a6fd877]::sys::thread::unix::Thread>::new::thread_start
[INFO] [stdout]   18:     0x783a69329dfa - <unknown>
[INFO] [stdout]   19:     0x783a693bd3d4 - clone
[INFO] [stdout]   20:                0x0 - <unknown>
[INFO] [stdout] 
[INFO] [stdout] ---- ipc::tests::drop_unlinks_socket_file stdout ----
[INFO] [stdout] 
[INFO] [stdout] thread 'ipc::tests::drop_unlinks_socket_file' (1350) panicked at src/ipc.rs:171:14:
[INFO] [stdout] called `Result::unwrap()` on an `Err` value: Os { code: 1, kind: PermissionDenied, message: "Operation not permitted" }
[INFO] [stdout] stack backtrace:
[INFO] [stdout]    0:     0x602bb380e5a1 - <<std[617be2ca0a6fd877]::sys::backtrace::BacktraceLock>::print::DisplayBacktrace as core[a373ad73a504971]::fmt::Display>::fmt
[INFO] [stdout]    1:     0x602bb382350a - core[a373ad73a504971]::fmt::write
[INFO] [stdout]    2:     0x602bb3812bfc - <alloc[2e1b2a31b91974c5]::vec::Vec<u8> as core[a373ad73a504971]::io::write::Write>::write_fmt
[INFO] [stdout]    3:     0x602bb37e9106 - std[617be2ca0a6fd877]::panicking::default_hook::{closure#0}
[INFO] [stdout]    4:     0x602bb3805a79 - std[617be2ca0a6fd877]::panicking::default_hook
[INFO] [stdout]    5:     0x602bb3782880 - test[aada8e7e76ba119b]::test_main_inner::{closure#0}
[INFO] [stdout]    6:     0x602bb3805da2 - std[617be2ca0a6fd877]::panicking::panic_with_hook
[INFO] [stdout]    7:     0x602bb37e91b2 - std[617be2ca0a6fd877]::panicking::panic_handler::{closure#0}
[INFO] [stdout]    8:     0x602bb37e1d39 - std[617be2ca0a6fd877]::sys::backtrace::__rust_end_short_backtrace::<std[617be2ca0a6fd877]::panicking::panic_handler::{closure#0}, !>
[INFO] [stdout]    9:     0x602bb37e9fad - __rustc[ea4f61d10b84890b]::rust_begin_unwind
[INFO] [stdout]   10:     0x602bb3823c6c - core[a373ad73a504971]::panicking::panic_fmt
[INFO] [stdout]   11:     0x602bb3823a42 - core[a373ad73a504971]::result::unwrap_failed
[INFO] [stdout]   12:     0x602bb3756612 - <monocoque_core[568fad92eaf5f51c]::ipc::tests::drop_unlinks_socket_file::{closure#0} as core[a373ad73a504971]::ops::function::FnOnce<()>>::call_once
[INFO] [stdout]   13:     0x602bb3775ccb - test[aada8e7e76ba119b]::__rust_begin_short_backtrace::<core[a373ad73a504971]::result::Result<(), alloc[2e1b2a31b91974c5]::string::String>, fn() -> core[a373ad73a504971]::result::Result<(), alloc[2e1b2a31b91974c5]::string::String>>
[INFO] [stdout]   14:     0x602bb3782ea5 - test[aada8e7e76ba119b]::run_test::{closure#0}
[INFO] [stdout]   15:     0x602bb377c794 - std[617be2ca0a6fd877]::sys::backtrace::__rust_begin_short_backtrace::<test[aada8e7e76ba119b]::run_test::{closure#1}, ()>
[INFO] [stdout]   16:     0x602bb3785f32 - <std[617be2ca0a6fd877]::thread::lifecycle::spawn_unchecked<test[aada8e7e76ba119b]::run_test::{closure#1}, ()>::{closure#1} as core[a373ad73a504971]::ops::function::FnOnce<()>>::call_once::{shim:vtable#0}
[INFO] [stdout]   17:     0x602bb380d2ff - <std[617be2ca0a6fd877]::sys::thread::unix::Thread>::new::thread_start
[INFO] [stdout]   18:     0x783a69329dfa - <unknown>
[INFO] [stdout]   19:     0x783a693bd3d4 - clone
[INFO] [stdout]   20:                0x0 - <unknown>
[INFO] [stdout] 
[INFO] [stdout] ---- ipc::tests::test_ipc_connect_bind stdout ----
[INFO] [stdout] 
[INFO] [stdout] thread 'ipc::tests::test_ipc_connect_bind' (1351) panicked at src/ipc.rs:135:14:
[INFO] [stdout] called `Result::unwrap()` on an `Err` value: Os { code: 1, kind: PermissionDenied, message: "Operation not permitted" }
[INFO] [stdout] stack backtrace:
[INFO] [stdout]    0:     0x602bb380e5a1 - <<std[617be2ca0a6fd877]::sys::backtrace::BacktraceLock>::print::DisplayBacktrace as core[a373ad73a504971]::fmt::Display>::fmt
[INFO] [stdout]    1:     0x602bb382350a - core[a373ad73a504971]::fmt::write
[INFO] [stdout]    2:     0x602bb3812bfc - <alloc[2e1b2a31b91974c5]::vec::Vec<u8> as core[a373ad73a504971]::io::write::Write>::write_fmt
[INFO] [stdout]    3:     0x602bb37e9106 - std[617be2ca0a6fd877]::panicking::default_hook::{closure#0}
[INFO] [stdout]    4:     0x602bb3805a79 - std[617be2ca0a6fd877]::panicking::default_hook
[INFO] [stdout]    5:     0x602bb3782880 - test[aada8e7e76ba119b]::test_main_inner::{closure#0}
[INFO] [stdout]    6:     0x602bb3805da2 - std[617be2ca0a6fd877]::panicking::panic_with_hook
[INFO] [stdout]    7:     0x602bb37e91b2 - std[617be2ca0a6fd877]::panicking::panic_handler::{closure#0}
[INFO] [stdout]    8:     0x602bb37e1d39 - std[617be2ca0a6fd877]::sys::backtrace::__rust_end_short_backtrace::<std[617be2ca0a6fd877]::panicking::panic_handler::{closure#0}, !>
[INFO] [stdout]    9:     0x602bb37e9fad - __rustc[ea4f61d10b84890b]::rust_begin_unwind
[INFO] [stdout]   10:     0x602bb3823c6c - core[a373ad73a504971]::panicking::panic_fmt
[INFO] [stdout]   11:     0x602bb3823a42 - core[a373ad73a504971]::result::unwrap_failed
[INFO] [stdout]   12:     0x602bb375654f - <monocoque_core[568fad92eaf5f51c]::ipc::tests::test_ipc_connect_bind::{closure#0} as core[a373ad73a504971]::ops::function::FnOnce<()>>::call_once
[INFO] [stdout]   13:     0x602bb3775ccb - test[aada8e7e76ba119b]::__rust_begin_short_backtrace::<core[a373ad73a504971]::result::Result<(), alloc[2e1b2a31b91974c5]::string::String>, fn() -> core[a373ad73a504971]::result::Result<(), alloc[2e1b2a31b91974c5]::string::String>>
[INFO] [stdout]   14:     0x602bb3782ea5 - test[aada8e7e76ba119b]::run_test::{closure#0}
[INFO] [stdout]   15:     0x602bb377c794 - std[617be2ca0a6fd877]::sys::backtrace::__rust_begin_short_backtrace::<test[aada8e7e76ba119b]::run_test::{closure#1}, ()>
[INFO] [stdout]   16:     0x602bb3785f32 - <std[617be2ca0a6fd877]::thread::lifecycle::spawn_unchecked<test[aada8e7e76ba119b]::run_test::{closure#1}, ()>::{closure#1} as core[a373ad73a504971]::ops::function::FnOnce<()>>::call_once::{shim:vtable#0}
[INFO] [stdout]   17:     0x602bb380d2ff - <std[617be2ca0a6fd877]::sys::thread::unix::Thread>::new::thread_start
[INFO] [stdout]   18:     0x783a69329dfa - <unknown>
[INFO] [stdout]   19:     0x783a693bd3d4 - clone
[INFO] [stdout]   20:                0x0 - <unknown>
[INFO] [stdout] 
[INFO] [stdout] ---- backpressure::tests::semaphore_permits_oversized_acquire_does_not_deadlock stdout ----
[INFO] [stdout] 
[INFO] [stdout] thread 'backpressure::tests::semaphore_permits_oversized_acquire_does_not_deadlock' (1320) panicked at src/backpressure.rs:502:49:
[INFO] [stdout] called `Result::unwrap()` on an `Err` value: Os { code: 1, kind: PermissionDenied, message: "Operation not permitted" }
[INFO] [stdout] stack backtrace:
[INFO] [stdout]    0:     0x602bb380e5a1 - <<std[617be2ca0a6fd877]::sys::backtrace::BacktraceLock>::print::DisplayBacktrace as core[a373ad73a504971]::fmt::Display>::fmt
[INFO] [stdout]    1:     0x602bb382350a - core[a373ad73a504971]::fmt::write
[INFO] [stdout]    2:     0x602bb3812bfc - <alloc[2e1b2a31b91974c5]::vec::Vec<u8> as core[a373ad73a504971]::io::write::Write>::write_fmt
[INFO] [stdout]    3:     0x602bb37e9106 - std[617be2ca0a6fd877]::panicking::default_hook::{closure#0}
[INFO] [stdout]    4:     0x602bb3805a79 - std[617be2ca0a6fd877]::panicking::default_hook
[INFO] [stdout]    5:     0x602bb3782880 - test[aada8e7e76ba119b]::test_main_inner::{closure#0}
[INFO] [stdout]    6:     0x602bb3805da2 - std[617be2ca0a6fd877]::panicking::panic_with_hook
[INFO] [stdout]    7:     0x602bb37e91b2 - std[617be2ca0a6fd877]::panicking::panic_handler::{closure#0}
[INFO] [stdout]    8:     0x602bb37e1d39 - std[617be2ca0a6fd877]::sys::backtrace::__rust_end_short_backtrace::<std[617be2ca0a6fd877]::panicking::panic_handler::{closure#0}, !>
[INFO] [stdout]    9:     0x602bb37e9fad - __rustc[ea4f61d10b84890b]::rust_begin_unwind
[INFO] [stdout]   10:     0x602bb3823c6c - core[a373ad73a504971]::panicking::panic_fmt
[INFO] [stdout]   11:     0x602bb3823a42 - core[a373ad73a504971]::result::unwrap_failed
[INFO] [stdout]   12:     0x602bb375645a - <monocoque_core[568fad92eaf5f51c]::backpressure::tests::semaphore_permits_oversized_acquire_does_not_deadlock::{closure#0} as core[a373ad73a504971]::ops::function::FnOnce<()>>::call_once
[INFO] [stdout]   13:     0x602bb3775ccb - test[aada8e7e76ba119b]::__rust_begin_short_backtrace::<core[a373ad73a504971]::result::Result<(), alloc[2e1b2a31b91974c5]::string::String>, fn() -> core[a373ad73a504971]::result::Result<(), alloc[2e1b2a31b91974c5]::string::String>>
[INFO] [stdout]   14:     0x602bb3782ea5 - test[aada8e7e76ba119b]::run_test::{closure#0}
[INFO] [stdout]   15:     0x602bb377c794 - std[617be2ca0a6fd877]::sys::backtrace::__rust_begin_short_backtrace::<test[aada8e7e76ba119b]::run_test::{closure#1}, ()>
[INFO] [stdout]   16:     0x602bb3785f32 - <std[617be2ca0a6fd877]::thread::lifecycle::spawn_unchecked<test[aada8e7e76ba119b]::run_test::{closure#1}, ()>::{closure#1} as core[a373ad73a504971]::ops::function::FnOnce<()>>::call_once::{shim:vtable#0}
[INFO] [stderr] error: test failed, to rerun pass `--lib`
[INFO] [stdout]   17:     0x602bb380d2ff - <std[617be2ca0a6fd877]::sys::thread::unix::Thread>::new::thread_start
[INFO] [stdout]   18:     0x783a69329dfa - <unknown>
[INFO] [stdout]   19:     0x783a693bd3d4 - clone
[INFO] [stdout]   20:                0x0 - <unknown>
[INFO] [stdout] 
[INFO] [stdout] ---- pubsub::hub::tests::fanout_shares_one_allocation_across_peers stdout ----
[INFO] [stdout] 
[INFO] [stdout] thread 'pubsub::hub::tests::fanout_shares_one_allocation_across_peers' (1380) panicked at src/pubsub/hub.rs:296:40:
[INFO] [stdout] called `Result::unwrap()` on an `Err` value: Os { code: 1, kind: PermissionDenied, message: "Operation not permitted" }
[INFO] [stdout] stack backtrace:
[INFO] [stdout]    0:     0x602bb380e5a1 - <<std[617be2ca0a6fd877]::sys::backtrace::BacktraceLock>::print::DisplayBacktrace as core[a373ad73a504971]::fmt::Display>::fmt
[INFO] [stdout]    1:     0x602bb382350a - core[a373ad73a504971]::fmt::write
[INFO] [stdout]    2:     0x602bb3812bfc - <alloc[2e1b2a31b91974c5]::vec::Vec<u8> as core[a373ad73a504971]::io::write::Write>::write_fmt
[INFO] [stdout]    3:     0x602bb37e9106 - std[617be2ca0a6fd877]::panicking::default_hook::{closure#0}
[INFO] [stdout]    4:     0x602bb3805a79 - std[617be2ca0a6fd877]::panicking::default_hook
[INFO] [stdout]    5:     0x602bb3782880 - test[aada8e7e76ba119b]::test_main_inner::{closure#0}
[INFO] [stdout]    6:     0x602bb3805da2 - std[617be2ca0a6fd877]::panicking::panic_with_hook
[INFO] [stdout]    7:     0x602bb37e91b2 - std[617be2ca0a6fd877]::panicking::panic_handler::{closure#0}
[INFO] [stdout]    8:     0x602bb37e1d39 - std[617be2ca0a6fd877]::sys::backtrace::__rust_end_short_backtrace::<std[617be2ca0a6fd877]::panicking::panic_handler::{closure#0}, !>
[INFO] [stdout]    9:     0x602bb37e9fad - __rustc[ea4f61d10b84890b]::rust_begin_unwind
[INFO] [stdout]   10:     0x602bb3823c6c - core[a373ad73a504971]::panicking::panic_fmt
[INFO] [stdout]   11:     0x602bb3823a42 - core[a373ad73a504971]::result::unwrap_failed
[INFO] [stdout]   12:     0x602bb3757def - <monocoque_core[568fad92eaf5f51c]::pubsub::hub::tests::fanout_shares_one_allocation_across_peers::{closure#0} as core[a373ad73a504971]::ops::function::FnOnce<()>>::call_once
[INFO] [stdout]   13:     0x602bb3775ccb - test[aada8e7e76ba119b]::__rust_begin_short_backtrace::<core[a373ad73a504971]::result::Result<(), alloc[2e1b2a31b91974c5]::string::String>, fn() -> core[a373ad73a504971]::result::Result<(), alloc[2e1b2a31b91974c5]::string::String>>
[INFO] [stdout]   14:     0x602bb3782ea5 - test[aada8e7e76ba119b]::run_test::{closure#0}
[INFO] [stdout]   15:     0x602bb377c794 - std[617be2ca0a6fd877]::sys::backtrace::__rust_begin_short_backtrace::<test[aada8e7e76ba119b]::run_test::{closure#1}, ()>
[INFO] [stdout]   16:     0x602bb3785f32 - <std[617be2ca0a6fd877]::thread::lifecycle::spawn_unchecked<test[aada8e7e76ba119b]::run_test::{closure#1}, ()>::{closure#1} as core[a373ad73a504971]::ops::function::FnOnce<()>>::call_once::{shim:vtable#0}
[INFO] [stdout]   17:     0x602bb380d2ff - <std[617be2ca0a6fd877]::sys::thread::unix::Thread>::new::thread_start
[INFO] [stdout]   18:     0x783a69329dfa - <unknown>
[INFO] [stdout]   19:     0x783a693bd3d4 - clone
[INFO] [stdout]   20:                0x0 - <unknown>
[INFO] [stdout] 
[INFO] [stdout] ---- pubsub::hub::tests::publishes_only_to_matching_subscribers stdout ----
[INFO] [stdout] 
[INFO] [stdout] thread 'pubsub::hub::tests::publishes_only_to_matching_subscribers' (1382) panicked at src/pubsub/hub.rs:250:40:
[INFO] [stdout] called `Result::unwrap()` on an `Err` value: Os { code: 1, kind: PermissionDenied, message: "Operation not permitted" }
[INFO] [stdout] stack backtrace:
[INFO] [stdout]    0:     0x602bb380e5a1 - <<std[617be2ca0a6fd877]::sys::backtrace::BacktraceLock>::print::DisplayBacktrace as core[a373ad73a504971]::fmt::Display>::fmt
[INFO] [stdout]    1:     0x602bb382350a - core[a373ad73a504971]::fmt::write
[INFO] [stdout]    2:     0x602bb3812bfc - <alloc[2e1b2a31b91974c5]::vec::Vec<u8> as core[a373ad73a504971]::io::write::Write>::write_fmt
[INFO] [stdout]    3:     0x602bb37e9106 - std[617be2ca0a6fd877]::panicking::default_hook::{closure#0}
[INFO] [stdout]    4:     0x602bb3805a79 - std[617be2ca0a6fd877]::panicking::default_hook
[INFO] [stdout]    5:     0x602bb3782880 - test[aada8e7e76ba119b]::test_main_inner::{closure#0}
[INFO] [stdout]    6:     0x602bb3805da2 - std[617be2ca0a6fd877]::panicking::panic_with_hook
[INFO] [stdout]    7:     0x602bb37e91b2 - std[617be2ca0a6fd877]::panicking::panic_handler::{closure#0}
[INFO] [stdout]    8:     0x602bb37e1d39 - std[617be2ca0a6fd877]::sys::backtrace::__rust_end_short_backtrace::<std[617be2ca0a6fd877]::panicking::panic_handler::{closure#0}, !>
[INFO] [stdout]    9:     0x602bb37e9fad - __rustc[ea4f61d10b84890b]::rust_begin_unwind
[INFO] [stdout]   10:     0x602bb3823c6c - core[a373ad73a504971]::panicking::panic_fmt
[INFO] [stdout]   11:     0x602bb3823a42 - core[a373ad73a504971]::result::unwrap_failed
[INFO] [stdout]   12:     0x602bb3757d24 - <monocoque_core[568fad92eaf5f51c]::pubsub::hub::tests::publishes_only_to_matching_subscribers::{closure#0} as core[a373ad73a504971]::ops::function::FnOnce<()>>::call_once
[INFO] [stdout]   13:     0x602bb3775ccb - test[aada8e7e76ba119b]::__rust_begin_short_backtrace::<core[a373ad73a504971]::result::Result<(), alloc[2e1b2a31b91974c5]::string::String>, fn() -> core[a373ad73a504971]::result::Result<(), alloc[2e1b2a31b91974c5]::string::String>>
[INFO] [stdout]   14:     0x602bb3782ea5 - test[aada8e7e76ba119b]::run_test::{closure#0}
[INFO] [stdout]   15:     0x602bb377c794 - std[617be2ca0a6fd877]::sys::backtrace::__rust_begin_short_backtrace::<test[aada8e7e76ba119b]::run_test::{closure#1}, ()>
[INFO] [stdout]   16:     0x602bb3785f32 - <std[617be2ca0a6fd877]::thread::lifecycle::spawn_unchecked<test[aada8e7e76ba119b]::run_test::{closure#1}, ()>::{closure#1} as core[a373ad73a504971]::ops::function::FnOnce<()>>::call_once::{shim:vtable#0}
[INFO] [stdout]   17:     0x602bb380d2ff - <std[617be2ca0a6fd877]::sys::thread::unix::Thread>::new::thread_start
[INFO] [stdout]   18:     0x783a69329dfa - <unknown>
[INFO] [stdout]   19:     0x783a693bd3d4 - clone
[INFO] [stdout]   20:                0x0 - <unknown>
[INFO] [stdout] 
[INFO] [stdout] ---- pubsub::hub::tests::peer_down_with_stale_epoch_is_ignored stdout ----
[INFO] [stdout] 
[INFO] [stdout] thread 'pubsub::hub::tests::peer_down_with_stale_epoch_is_ignored' (1381) panicked at src/pubsub/hub.rs:344:40:
[INFO] [stdout] called `Result::unwrap()` on an `Err` value: Os { code: 1, kind: PermissionDenied, message: "Operation not permitted" }
[INFO] [stdout] stack backtrace:
[INFO] [stdout]    0:     0x602bb380e5a1 - <<std[617be2ca0a6fd877]::sys::backtrace::BacktraceLock>::print::DisplayBacktrace as core[a373ad73a504971]::fmt::Display>::fmt
[INFO] [stdout]    1:     0x602bb382350a - core[a373ad73a504971]::fmt::write
[INFO] [stdout]    2:     0x602bb3812bfc - <alloc[2e1b2a31b91974c5]::vec::Vec<u8> as core[a373ad73a504971]::io::write::Write>::write_fmt
[INFO] [stdout]    3:     0x602bb37e9106 - std[617be2ca0a6fd877]::panicking::default_hook::{closure#0}
[INFO] [stdout]    4:     0x602bb3805a79 - std[617be2ca0a6fd877]::panicking::default_hook
[INFO] [stdout]    5:     0x602bb3782880 - test[aada8e7e76ba119b]::test_main_inner::{closure#0}
[INFO] [stdout]    6:     0x602bb3805da2 - std[617be2ca0a6fd877]::panicking::panic_with_hook
[INFO] [stdout]    7:     0x602bb37e91b2 - std[617be2ca0a6fd877]::panicking::panic_handler::{closure#0}
[INFO] [stdout]    8:     0x602bb37e1d39 - std[617be2ca0a6fd877]::sys::backtrace::__rust_end_short_backtrace::<std[617be2ca0a6fd877]::panicking::panic_handler::{closure#0}, !>
[INFO] [stdout]    9:     0x602bb37e9fad - __rustc[ea4f61d10b84890b]::rust_begin_unwind
[INFO] [stdout]   10:     0x602bb3823c6c - core[a373ad73a504971]::panicking::panic_fmt
[INFO] [stdout]   11:     0x602bb3823a42 - core[a373ad73a504971]::result::unwrap_failed
[INFO] [stdout]   12:     0x602bb3757c5f - <monocoque_core[568fad92eaf5f51c]::pubsub::hub::tests::peer_down_with_stale_epoch_is_ignored::{closure#0} as core[a373ad73a504971]::ops::function::FnOnce<()>>::call_once
[INFO] [stdout]   13:     0x602bb3775ccb - test[aada8e7e76ba119b]::__rust_begin_short_backtrace::<core[a373ad73a504971]::result::Result<(), alloc[2e1b2a31b91974c5]::string::String>, fn() -> core[a373ad73a504971]::result::Result<(), alloc[2e1b2a31b91974c5]::string::String>>
[INFO] [stdout]   14:     0x602bb3782ea5 - test[aada8e7e76ba119b]::run_test::{closure#0}
[INFO] [stdout]   15:     0x602bb377c794 - std[617be2ca0a6fd877]::sys::backtrace::__rust_begin_short_backtrace::<test[aada8e7e76ba119b]::run_test::{closure#1}, ()>
[INFO] [stdout]   16:     0x602bb3785f32 - <std[617be2ca0a6fd877]::thread::lifecycle::spawn_unchecked<test[aada8e7e76ba119b]::run_test::{closure#1}, ()>::{closure#1} as core[a373ad73a504971]::ops::function::FnOnce<()>>::call_once::{shim:vtable#0}
[INFO] [stdout]   17:     0x602bb380d2ff - <std[617be2ca0a6fd877]::sys::thread::unix::Thread>::new::thread_start
[INFO] [stdout]   18:     0x783a69329dfa - <unknown>
[INFO] [stdout]   19:     0x783a693bd3d4 - clone
[INFO] [stdout]   20:                0x0 - <unknown>
[INFO] [stdout] 
[INFO] [stdout] ---- router::tests::standard_routes_by_id_strips_envelope_and_drops_unknown stdout ----
[INFO] [stdout] 
[INFO] [stdout] thread 'router::tests::standard_routes_by_id_strips_envelope_and_drops_unknown' (1395) panicked at src/router.rs:273:40:
[INFO] [stdout] called `Result::unwrap()` on an `Err` value: Os { code: 1, kind: PermissionDenied, message: "Operation not permitted" }
[INFO] [stdout] stack backtrace:
[INFO] [stdout]    0:     0x602bb380e5a1 - <<std[617be2ca0a6fd877]::sys::backtrace::BacktraceLock>::print::DisplayBacktrace as core[a373ad73a504971]::fmt::Display>::fmt
[INFO] [stdout]    1:     0x602bb382350a - core[a373ad73a504971]::fmt::write
[INFO] [stdout]    2:     0x602bb3812bfc - <alloc[2e1b2a31b91974c5]::vec::Vec<u8> as core[a373ad73a504971]::io::write::Write>::write_fmt
[INFO] [stdout]    3:     0x602bb37e9106 - std[617be2ca0a6fd877]::panicking::default_hook::{closure#0}
[INFO] [stdout]    4:     0x602bb3805a79 - std[617be2ca0a6fd877]::panicking::default_hook
[INFO] [stdout]    5:     0x602bb3782880 - test[aada8e7e76ba119b]::test_main_inner::{closure#0}
[INFO] [stdout]    6:     0x602bb3805da2 - std[617be2ca0a6fd877]::panicking::panic_with_hook
[INFO] [stdout]    7:     0x602bb37e91b2 - std[617be2ca0a6fd877]::panicking::panic_handler::{closure#0}
[INFO] [stdout]    8:     0x602bb37e1d39 - std[617be2ca0a6fd877]::sys::backtrace::__rust_end_short_backtrace::<std[617be2ca0a6fd877]::panicking::panic_handler::{closure#0}, !>
[INFO] [stdout]    9:     0x602bb37e9fad - __rustc[ea4f61d10b84890b]::rust_begin_unwind
[INFO] [stdout]   10:     0x602bb3823c6c - core[a373ad73a504971]::panicking::panic_fmt
[INFO] [stdout]   11:     0x602bb3823a42 - core[a373ad73a504971]::result::unwrap_failed
[INFO] [stdout]   12:     0x602bb37569ff - <monocoque_core[568fad92eaf5f51c]::router::tests::standard_routes_by_id_strips_envelope_and_drops_unknown::{closure#0} as core[a373ad73a504971]::ops::function::FnOnce<()>>::call_once
[INFO] [stdout]   13:     0x602bb3775ccb - test[aada8e7e76ba119b]::__rust_begin_short_backtrace::<core[a373ad73a504971]::result::Result<(), alloc[2e1b2a31b91974c5]::string::String>, fn() -> core[a373ad73a504971]::result::Result<(), alloc[2e1b2a31b91974c5]::string::String>>
[INFO] [stdout]   14:     0x602bb3782ea5 - test[aada8e7e76ba119b]::run_test::{closure#0}
[INFO] [stdout]   15:     0x602bb377c794 - std[617be2ca0a6fd877]::sys::backtrace::__rust_begin_short_backtrace::<test[aada8e7e76ba119b]::run_test::{closure#1}, ()>
[INFO] [stdout]   16:     0x602bb3785f32 - <std[617be2ca0a6fd877]::thread::lifecycle::spawn_unchecked<test[aada8e7e76ba119b]::run_test::{closure#1}, ()>::{closure#1} as core[a373ad73a504971]::ops::function::FnOnce<()>>::call_once::{shim:vtable#0}
[INFO] [stdout]   17:     0x602bb380d2ff - <std[617be2ca0a6fd877]::sys::thread::unix::Thread>::new::thread_start
[INFO] [stdout]   18:     0x783a69329dfa - <unknown>
[INFO] [stdout]   19:     0x783a693bd3d4 - clone
[INFO] [stdout]   20:                0x0 - <unknown>
[INFO] [stdout] 
[INFO] [stdout] ---- router::tests::load_balancer_round_robins_across_peers stdout ----
[INFO] [stdout] 
[INFO] [stdout] thread 'router::tests::load_balancer_round_robins_across_peers' (1393) panicked at src/router.rs:316:40:
[INFO] [stdout] called `Result::unwrap()` on an `Err` value: Os { code: 1, kind: PermissionDenied, message: "Operation not permitted" }
[INFO] [stdout] stack backtrace:
[INFO] [stdout]    0:     0x602bb380e5a1 - <<std[617be2ca0a6fd877]::sys::backtrace::BacktraceLock>::print::DisplayBacktrace as core[a373ad73a504971]::fmt::Display>::fmt
[INFO] [stdout]    1:     0x602bb382350a - core[a373ad73a504971]::fmt::write
[INFO] [stdout]    2:     0x602bb3812bfc - <alloc[2e1b2a31b91974c5]::vec::Vec<u8> as core[a373ad73a504971]::io::write::Write>::write_fmt
[INFO] [stdout]    3:     0x602bb37e9106 - std[617be2ca0a6fd877]::panicking::default_hook::{closure#0}
[INFO] [stdout]    4:     0x602bb3805a79 - std[617be2ca0a6fd877]::panicking::default_hook
[INFO] [stdout]    5:     0x602bb3782880 - test[aada8e7e76ba119b]::test_main_inner::{closure#0}
[INFO] [stdout]    6:     0x602bb3805da2 - std[617be2ca0a6fd877]::panicking::panic_with_hook
[INFO] [stdout]    7:     0x602bb37e91b2 - std[617be2ca0a6fd877]::panicking::panic_handler::{closure#0}
[INFO] [stdout]    8:     0x602bb37e1d39 - std[617be2ca0a6fd877]::sys::backtrace::__rust_end_short_backtrace::<std[617be2ca0a6fd877]::panicking::panic_handler::{closure#0}, !>
[INFO] [stdout]    9:     0x602bb37e9fad - __rustc[ea4f61d10b84890b]::rust_begin_unwind
[INFO] [stdout]   10:     0x602bb3823c6c - core[a373ad73a504971]::panicking::panic_fmt
[INFO] [stdout]   11:     0x602bb3823a42 - core[a373ad73a504971]::result::unwrap_failed
[INFO] [stdout]   12:     0x602bb375693f - <monocoque_core[568fad92eaf5f51c]::router::tests::load_balancer_round_robins_across_peers::{closure#0} as core[a373ad73a504971]::ops::function::FnOnce<()>>::call_once
[INFO] [stdout]   13:     0x602bb3775ccb - test[aada8e7e76ba119b]::__rust_begin_short_backtrace::<core[a373ad73a504971]::result::Result<(), alloc[2e1b2a31b91974c5]::string::String>, fn() -> core[a373ad73a504971]::result::Result<(), alloc[2e1b2a31b91974c5]::string::String>>
[INFO] [stdout]   14:     0x602bb3782ea5 - test[aada8e7e76ba119b]::run_test::{closure#0}
[INFO] [stdout]   15:     0x602bb377c794 - std[617be2ca0a6fd877]::sys::backtrace::__rust_begin_short_backtrace::<test[aada8e7e76ba119b]::run_test::{closure#1}, ()>
[INFO] [stdout]   16:     0x602bb3785f32 - <std[617be2ca0a6fd877]::thread::lifecycle::spawn_unchecked<test[aada8e7e76ba119b]::run_test::{closure#1}, ()>::{closure#1} as core[a373ad73a504971]::ops::function::FnOnce<()>>::call_once::{shim:vtable#0}
[INFO] [stdout]   17:     0x602bb380d2ff - <std[617be2ca0a6fd877]::sys::thread::unix::Thread>::new::thread_start
[INFO] [stdout]   18:     0x783a69329dfa - <unknown>
[INFO] [stdout]   19:     0x783a693bd3d4 - clone
[INFO] [stdout]   20:                0x0 - <unknown>
[INFO] [stdout] 
[INFO] [stdout] ---- router::tests::peer_down_stops_delivery stdout ----
[INFO] [stdout] 
[INFO] [stdout] thread 'router::tests::peer_down_stops_delivery' (1394) panicked at src/router.rs:360:40:
[INFO] [stdout] called `Result::unwrap()` on an `Err` value: Os { code: 1, kind: PermissionDenied, message: "Operation not permitted" }
[INFO] [stdout] stack backtrace:
[INFO] [stdout]    0:     0x602bb380e5a1 - <<std[617be2ca0a6fd877]::sys::backtrace::BacktraceLock>::print::DisplayBacktrace as core[a373ad73a504971]::fmt::Display>::fmt
[INFO] [stdout]    1:     0x602bb382350a - core[a373ad73a504971]::fmt::write
[INFO] [stdout]    2:     0x602bb3812bfc - <alloc[2e1b2a31b91974c5]::vec::Vec<u8> as core[a373ad73a504971]::io::write::Write>::write_fmt
[INFO] [stdout]    3:     0x602bb37e9106 - std[617be2ca0a6fd877]::panicking::default_hook::{closure#0}
[INFO] [stdout]    4:     0x602bb3805a79 - std[617be2ca0a6fd877]::panicking::default_hook
[INFO] [stdout]    5:     0x602bb3782880 - test[aada8e7e76ba119b]::test_main_inner::{closure#0}
[INFO] [stdout]    6:     0x602bb3805da2 - std[617be2ca0a6fd877]::panicking::panic_with_hook
[INFO] [stdout]    7:     0x602bb37e91b2 - std[617be2ca0a6fd877]::panicking::panic_handler::{closure#0}
[INFO] [stdout]    8:     0x602bb37e1d39 - std[617be2ca0a6fd877]::sys::backtrace::__rust_end_short_backtrace::<std[617be2ca0a6fd877]::panicking::panic_handler::{closure#0}, !>
[INFO] [stdout]    9:     0x602bb37e9fad - __rustc[ea4f61d10b84890b]::rust_begin_unwind
[INFO] [stdout]   10:     0x602bb3823c6c - core[a373ad73a504971]::panicking::panic_fmt
[INFO] [stdout]   11:     0x602bb3823a42 - core[a373ad73a504971]::result::unwrap_failed
[INFO] [stdout]   12:     0x602bb375687f - <monocoque_core[568fad92eaf5f51c]::router::tests::peer_down_stops_delivery::{closure#0} as core[a373ad73a504971]::ops::function::FnOnce<()>>::call_once
[INFO] [stdout]   13:     0x602bb3775ccb - test[aada8e7e76ba119b]::__rust_begin_short_backtrace::<core[a373ad73a504971]::result::Result<(), alloc[2e1b2a31b91974c5]::string::String>, fn() -> core[a373ad73a504971]::result::Result<(), alloc[2e1b2a31b91974c5]::string::String>>
[INFO] [stdout]   14:     0x602bb3782ea5 - test[aada8e7e76ba119b]::run_test::{closure#0}
[INFO] [stdout]   15:     0x602bb377c794 - std[617be2ca0a6fd877]::sys::backtrace::__rust_begin_short_backtrace::<test[aada8e7e76ba119b]::run_test::{closure#1}, ()>
[INFO] [stdout]   16:     0x602bb3785f32 - <std[617be2ca0a6fd877]::thread::lifecycle::spawn_unchecked<test[aada8e7e76ba119b]::run_test::{closure#1}, ()>::{closure#1} as core[a373ad73a504971]::ops::function::FnOnce<()>>::call_once::{shim:vtable#0}
[INFO] [stdout]   17:     0x602bb380d2ff - <std[617be2ca0a6fd877]::sys::thread::unix::Thread>::new::thread_start
[INFO] [stdout]   18:     0x783a69329dfa - <unknown>
[INFO] [stdout]   19:     0x783a693bd3d4 - clone
[INFO] [stdout]   20:                0x0 - <unknown>
[INFO] [stdout] 
[INFO] [stdout] 
[INFO] [stdout] failures:
[INFO] [stdout]     backpressure::tests::cancelled_waiter_does_not_leak_capacity
[INFO] [stdout]     backpressure::tests::contended_acquire_parks_then_completes_on_release
[INFO] [stdout]     backpressure::tests::noop_permits_always_succeed
[INFO] [stdout]     backpressure::tests::semaphore_permits_enforce_limit
[INFO] [stdout]     backpressure::tests::semaphore_permits_oversized_acquire_does_not_deadlock
[INFO] [stdout]     backpressure::tests::semaphore_permits_release_on_drop
[INFO] [stdout]     backpressure::tests::semaphore_permits_single_atomic_acquire
[INFO] [stdout]     backpressure::tests::uncontended_acquire_takes_fast_path
[INFO] [stdout]     backpressure::tests::waiters_are_granted_in_fifo_order
[INFO] [stdout]     ipc::tests::bind_does_not_unlink_existing_regular_file
[INFO] [stdout]     ipc::tests::drop_leaves_non_socket_at_path_untouched
[INFO] [stdout]     ipc::tests::drop_unlinks_socket_file
[INFO] [stdout]     ipc::tests::test_ipc_connect_bind
[INFO] [stdout]     pubsub::hub::tests::fanout_shares_one_allocation_across_peers
[INFO] [stdout]     pubsub::hub::tests::peer_down_with_stale_epoch_is_ignored
[INFO] [stdout]     pubsub::hub::tests::publishes_only_to_matching_subscribers
[INFO] [stdout]     router::tests::load_balancer_round_robins_across_peers
[INFO] [stdout]     router::tests::peer_down_stops_delivery
[INFO] [stdout]     router::tests::standard_routes_by_id_strips_envelope_and_drops_unknown
[INFO] [stdout] 
[INFO] [stdout] test result: FAILED. 78 passed; 19 failed; 0 ignored; 0 measured; 0 filtered out; finished in 0.09s
[INFO] [stdout] 
[INFO] running `Command { std: "docker" "inspect" "646a8195c2029a6c3d6d9dc37b9674052aa26aad0bd5ab69c92eca5d231c8282", kill_on_drop: false }`
[INFO] running `Command { std: "docker" "rm" "-f" "646a8195c2029a6c3d6d9dc37b9674052aa26aad0bd5ab69c92eca5d231c8282", kill_on_drop: false }`
[INFO] [stdout] 646a8195c2029a6c3d6d9dc37b9674052aa26aad0bd5ab69c92eca5d231c8282
