[INFO] fetching crate monochange_python 0.18.0...
[INFO] testing monochange_python-0.18.0 against 1.100.0-beta.1+cargoflags=--release for beta-release-1.100-2
[INFO] extracting crate monochange_python 0.18.0 into /workspace/builds/worker-5-tc2/source
[INFO] started tweaking crates.io crate monochange_python 0.18.0
[INFO] finished tweaking crates.io crate monochange_python 0.18.0
[INFO] tweaked toml for crates.io crate monochange_python 0.18.0 written to /workspace/builds/worker-5-tc2/source/Cargo.toml
[INFO] validating manifest of crates.io crate monochange_python 0.18.0 on toolchain 1.100.0-beta.1
[INFO] running `Command { std: CARGO_HOME="/workspace/cargo-home" RUSTUP_HOME="/workspace/rustup-home" "/workspace/cargo-home/bin/cargo" "+1.100.0-beta.1" "metadata" "--manifest-path" "Cargo.toml" "--no-deps", kill_on_drop: false }`
[INFO] crate crates.io crate monochange_python 0.18.0 already has a lockfile, it will not be regenerated
[INFO] running `Command { std: CARGO_HOME="/workspace/cargo-home" RUSTUP_HOME="/workspace/rustup-home" "/workspace/cargo-home/bin/cargo" "+1.100.0-beta.1" "fetch" "--manifest-path" "Cargo.toml", kill_on_drop: false }`
[INFO] [stderr] warning: Cargo.toml: `lints.clippy.tabs-in-doc-comments` is deprecated in favor of `lints.clippy.tabs_in_doc_comments` and will not work in a future edition
[INFO] [stderr] warning: `monochange_python` (manifest) generated 1 warning
[INFO] running `Command { std: "docker" "create" "-v" "/var/lib/crater-agent-workspace/builds/worker-5-tc2/source:/opt/rustwide/workdir:ro,Z" "-v" "/var/lib/crater-agent-workspace/builds/worker-5-tc2/target:/opt/rustwide/target:rw,Z" "-v" "/var/lib/crater-agent-workspace/cargo-home:/opt/rustwide/cargo-home:ro,Z" "-v" "/var/lib/crater-agent-workspace/rustup-home:/opt/rustwide/rustup-home:ro,Z" "-m" "1610612736" "--network" "none" "ghcr.io/rust-lang/crates-build-env/linux@sha256:77db811e55d90add9212f6832c23229e3de5f1c1f9905e8cb07319ea15df73ac" "sleep" "infinity", kill_on_drop: false }`
[INFO] [stdout] ebbd16de2ddf2c88be8e203f2514f1ad8ce83a9e4b406c006c0089d627ad0e23
[INFO] running `Command { std: "docker" "start" "ebbd16de2ddf2c88be8e203f2514f1ad8ce83a9e4b406c006c0089d627ad0e23", kill_on_drop: false }`
[INFO] running `Command { std: "docker" "inspect" "ebbd16de2ddf2c88be8e203f2514f1ad8ce83a9e4b406c006c0089d627ad0e23", kill_on_drop: false }`
[INFO] running `Command { std: "docker" "exec" "-e" "SOURCE_DIR=/opt/rustwide/workdir" "-e" "CARGO_HOME=/opt/rustwide/cargo-home" "-e" "RUSTUP_HOME=/opt/rustwide/rustup-home" "-e" "CARGO_TARGET_DIR=/opt/rustwide/target" "-w" "/opt/rustwide/workdir" "--user" "0:0" "ebbd16de2ddf2c88be8e203f2514f1ad8ce83a9e4b406c006c0089d627ad0e23" "/opt/rustwide/cargo-home/bin/cargo" "+1.100.0-beta.1" "metadata" "--no-deps" "--format-version=1", kill_on_drop: false }`
[INFO] running `Command { std: "docker" "inspect" "ebbd16de2ddf2c88be8e203f2514f1ad8ce83a9e4b406c006c0089d627ad0e23", kill_on_drop: false }`
[INFO] running `Command { std: "docker" "exec" "-e" "SOURCE_DIR=/opt/rustwide/workdir" "-e" "CARGO_HOME=/opt/rustwide/cargo-home" "-e" "RUSTUP_HOME=/opt/rustwide/rustup-home" "-e" "CARGO_TARGET_DIR=/opt/rustwide/target" "-e" "CARGO_INCREMENTAL=0" "-e" "RUST_BACKTRACE=full" "-e" "RUSTFLAGS=--cap-lints=warn" "-e" "RUSTDOCFLAGS=--cap-lints=warn" "-w" "/opt/rustwide/workdir" "--user" "0:0" "ebbd16de2ddf2c88be8e203f2514f1ad8ce83a9e4b406c006c0089d627ad0e23" "/opt/rustwide/cargo-home/bin/cargo" "+1.100.0-beta.1" "build" "--frozen" "--message-format=json" "--release", kill_on_drop: false }`
[INFO] [stderr] warning: Cargo.toml: `lints.clippy.tabs-in-doc-comments` is deprecated in favor of `lints.clippy.tabs_in_doc_comments` and will not work in a future edition
[INFO] [stderr] warning: `monochange_python` (manifest) generated 1 warning
[INFO] [stderr]    Compiling proc-macro2 v1.0.107
[INFO] [stderr]    Compiling unicode-ident v1.0.26
[INFO] [stderr]    Compiling quote v1.0.47
[INFO] [stderr]    Compiling libc v0.2.190
[INFO] [stderr]    Compiling stable_deref_trait v1.2.1
[INFO] [stderr]    Compiling bytes v1.12.1
[INFO] [stderr]    Compiling serde_core v1.0.229
[INFO] [stderr]    Compiling shlex v2.0.1
[INFO] [stderr]    Compiling cfg-if v1.0.5
[INFO] [stderr]    Compiling find-msvc-tools v0.1.14
[INFO] [stderr]    Compiling futures-core v0.3.34
[INFO] [stderr]    Compiling memchr v2.8.3
[INFO] [stderr]    Compiling smallvec v1.16.2
[INFO] [stderr]    Compiling litemap v0.8.3
[INFO] [stderr]    Compiling writeable v0.6.4
[INFO] [stderr]    Compiling icu_normalizer_data v2.3.0
[INFO] [stderr]    Compiling log v0.4.34
[INFO] [stderr]    Compiling icu_properties_data v2.3.0
[INFO] [stderr]    Compiling utf8_iter v1.0.4
[INFO] [stderr]    Compiling zeroize v1.9.1
[INFO] [stderr]    Compiling slab v0.4.12
[INFO] [stderr]    Compiling httparse v1.10.1
[INFO] [stderr]    Compiling percent-encoding v2.3.2
[INFO] [stderr]    Compiling crossbeam-utils v0.8.23
[INFO] [stderr]    Compiling futures-task v0.3.34
[INFO] [stderr]    Compiling rustls v0.23.45
[INFO] [stderr]    Compiling bitflags v2.13.2
[INFO] [stderr]    Compiling try-lock v0.2.5
[INFO] [stderr]    Compiling crossbeam-epoch v0.9.21
[INFO] [stderr]    Compiling cc v1.6.0
[INFO] [stderr]    Compiling rustls-pki-types v1.15.1
[INFO] [stderr]    Compiling futures-util v0.3.34
[INFO] [stderr]    Compiling serde_json v1.0.151
[INFO] [stderr]    Compiling tower-service v0.3.3
[INFO] [stderr]    Compiling want v0.3.2
[INFO] [stderr]    Compiling atomic-waker v1.1.2
[INFO] [stderr]    Compiling thiserror v2.0.21
[INFO] [stderr]    Compiling rustix v1.1.5
[INFO] [stderr]    Compiling getrandom v0.4.3
[INFO] [stderr]    Compiling regex-syntax v0.8.11
[INFO] [stderr]    Compiling crossbeam-deque v0.8.8
[INFO] [stderr]    Compiling form_urlencoded v1.2.2
[INFO] [stderr]    Compiling futures-channel v0.3.34
[INFO] [stderr]    Compiling sync_wrapper v1.0.2
[INFO] [stderr]    Compiling base64 v0.23.1
[INFO] [stderr]    Compiling openssl-probe v0.2.1
[INFO] [stderr]    Compiling same-file v1.0.6
[INFO] [stderr]    Compiling ipnet v2.12.2
[INFO] [stderr]    Compiling tower-layer v0.3.3
[INFO] [stderr]    Compiling linux-raw-sys v0.12.1
[INFO] [stderr]    Compiling syn v3.0.6
[INFO] [stderr]    Compiling syn v2.0.119
[INFO] [stderr]    Compiling aho-corasick v1.1.5
[INFO] [stderr]    Compiling bstr v1.13.1
[INFO] [stderr]    Compiling walkdir v2.5.0
[INFO] [stderr]    Compiling http v1.5.0
[INFO] [stderr]    Compiling ring v0.17.14
[INFO] [stderr]    Compiling rustls-native-certs v0.8.4
[INFO] [stderr]    Compiling errno v0.3.14
[INFO] [stderr]    Compiling signal-hook-registry v1.4.8
[INFO] [stderr]    Compiling socket2 v0.6.5
[INFO] [stderr]    Compiling mio v1.2.4
[INFO] [stderr]    Compiling getrandom v0.2.17
[INFO] [stderr]    Compiling winnow v1.0.4
[INFO] [stderr]    Compiling fastrand v2.5.0
[INFO] [stderr]    Compiling glob v0.3.4
[INFO] [stderr]    Compiling http-body v1.1.0
[INFO] [stderr]    Compiling http-body-util v0.1.5
[INFO] [stderr]    Compiling hashbrown v0.17.1
[INFO] [stderr]    Compiling toml_writer v1.1.3+spec-1.1.0
[INFO] [stderr]    Compiling urlencoding v2.1.3
[INFO] [stderr]    Compiling regex-automata v0.4.18
[INFO] [stderr]    Compiling indexmap v2.14.2
[INFO] [stderr]    Compiling tempfile v3.27.0
[INFO] [stderr]    Compiling toml_datetime v1.1.2+spec-1.1.0
[INFO] [stderr]    Compiling semver v1.0.28
[INFO] [stderr]    Compiling toml_parser v1.1.4+spec-1.1.0
[INFO] [stderr]    Compiling serde_spanned v1.1.2
[INFO] [stderr]    Compiling toml v1.1.7+spec-1.1.0
[INFO] [stderr]    Compiling toml_edit v0.25.16+spec-1.1.0
[INFO] [stderr]    Compiling synstructure v0.14.0
[INFO] [stderr]    Compiling zerofrom-derive v0.1.8
[INFO] [stderr]    Compiling yoke-derive v0.8.4
[INFO] [stderr]    Compiling zerovec-derive v0.11.6
[INFO] [stderr]    Compiling displaydoc v0.2.7
[INFO] [stderr]    Compiling tokio-macros v2.7.2
[INFO] [stderr]    Compiling serde_derive v1.0.229
[INFO] [stderr]    Compiling thiserror-impl v2.0.21
[INFO] [stderr]    Compiling async-trait v0.1.92
[INFO] [stderr]    Compiling tokio v1.53.2
[INFO] [stderr]    Compiling globset v0.4.20
[INFO] [stderr]    Compiling zerofrom v0.1.8
[INFO] [stderr]    Compiling yoke v0.8.3
[INFO] [stderr]    Compiling tracing-attributes v0.1.31
[INFO] [stderr]    Compiling zerovec v0.11.8
[INFO] [stderr]    Compiling zerotrie v0.2.5
[INFO] [stderr]    Compiling ignore v0.4.33
[INFO] [stderr]    Compiling tinystr v0.8.4
[INFO] [stderr]    Compiling icu_locale_core v2.3.0
[INFO] [stderr]    Compiling potential_utf v0.1.6
[INFO] [stderr]    Compiling serde v1.0.229
[INFO] [stderr]    Compiling icu_collections v2.3.0
[INFO] [stderr]    Compiling tracing v0.1.44
[INFO] [stderr]    Compiling monochange_schema v0.10.0
[INFO] [stderr]    Compiling icu_provider v2.3.1
[INFO] [stderr]    Compiling icu_properties v2.3.0
[INFO] [stderr]    Compiling icu_normalizer v2.3.0
[INFO] [stderr]    Compiling idna_adapter v1.2.2
[INFO] [stderr]    Compiling idna v1.1.0
[INFO] [stderr]    Compiling url v2.5.8
[INFO] [stderr]    Compiling hyper v1.12.0
[INFO] [stderr]    Compiling tower v0.5.3
[INFO] [stderr]    Compiling monochange_core v0.18.0
[INFO] [stderr]    Compiling tower-http v0.6.11
[INFO] [stderr]    Compiling hyper-util v0.1.21
[INFO] [stderr]    Compiling rustls-webpki v0.103.15
[INFO] [stderr]    Compiling tokio-rustls v0.26.6
[INFO] [stderr]    Compiling rustls-platform-verifier v0.7.1
[INFO] [stderr]    Compiling hyper-rustls v0.27.10
[INFO] [stderr]    Compiling reqwest v0.13.5
[INFO] [stderr]    Compiling monochange_publish v0.18.0
[INFO] [stderr]    Compiling monochange_python v0.18.0 (/opt/rustwide/workdir)
[INFO] [stderr]     Finished `release` profile [optimized] target(s) in 2m 12s
[INFO] running `Command { std: "docker" "inspect" "ebbd16de2ddf2c88be8e203f2514f1ad8ce83a9e4b406c006c0089d627ad0e23", kill_on_drop: false }`
[INFO] running `Command { std: "docker" "exec" "-e" "SOURCE_DIR=/opt/rustwide/workdir" "-e" "CARGO_HOME=/opt/rustwide/cargo-home" "-e" "RUSTUP_HOME=/opt/rustwide/rustup-home" "-e" "CARGO_TARGET_DIR=/opt/rustwide/target" "-e" "CARGO_INCREMENTAL=0" "-e" "RUST_BACKTRACE=full" "-e" "RUSTFLAGS=--cap-lints=warn" "-e" "RUSTDOCFLAGS=--cap-lints=warn" "-w" "/opt/rustwide/workdir" "--user" "0:0" "ebbd16de2ddf2c88be8e203f2514f1ad8ce83a9e4b406c006c0089d627ad0e23" "/opt/rustwide/cargo-home/bin/cargo" "+1.100.0-beta.1" "test" "--frozen" "--no-run" "--message-format=json" "--release", kill_on_drop: false }`
[INFO] [stderr] warning: Cargo.toml: `lints.clippy.tabs-in-doc-comments` is deprecated in favor of `lints.clippy.tabs_in_doc_comments` and will not work in a future edition
[INFO] [stderr] warning: `monochange_python` (manifest) generated 1 warning
[INFO] [stderr]    Compiling serde_core v1.0.229
[INFO] [stderr]    Compiling futures-sink v0.3.34
[INFO] [stderr]    Compiling futures-macro v0.3.34
[INFO] [stderr]    Compiling syn v2.0.119
[INFO] [stderr]    Compiling serde v1.0.229
[INFO] [stderr]    Compiling futures-io v0.3.34
[INFO] [stderr]    Compiling futures-task v0.3.34
[INFO] [stderr]    Compiling serde_json v1.0.151
[INFO] [stderr]    Compiling regex-syntax v0.8.11
[INFO] [stderr]    Compiling memchr v2.8.3
[INFO] [stderr]    Compiling autocfg v1.5.1
[INFO] [stderr]    Compiling strsim v0.11.1
[INFO] [stderr]    Compiling ident_case v1.0.1
[INFO] [stderr]    Compiling zmij v1.0.23
[INFO] [stderr]    Compiling hashbrown v0.17.1
[INFO] [stderr]    Compiling futures-channel v0.3.34
[INFO] [stderr]    Compiling ref-cast v1.0.27
[INFO] [stderr]    Compiling semver v1.0.28
[INFO] [stderr]    Compiling winnow v1.0.4
[INFO] [stderr]    Compiling serde_derive_internals v0.30.0
[INFO] [stderr]    Compiling ref-cast-impl v1.0.27
[INFO] [stderr]    Compiling darling_core v0.24.1
[INFO] [stderr]    Compiling rustc_version v0.4.1
[INFO] [stderr]    Compiling toml_datetime v1.1.2+spec-1.1.0
[INFO] [stderr]    Compiling itoa v1.0.18
[INFO] [stderr]    Compiling num-traits v0.2.19
[INFO] [stderr]    Compiling console v0.16.6
[INFO] [stderr]    Compiling futures-util v0.3.34
[INFO] [stderr]    Compiling indexmap v2.14.2
[INFO] [stderr]    Compiling vte v0.14.1
[INFO] [stderr]    Compiling dyn-clone v1.0.20
[INFO] [stderr]    Compiling rstest_macros v0.27.0
[INFO] [stderr]    Compiling rmcp v3.5.1
[INFO] [stderr]    Compiling strip-ansi-escapes v0.2.1
[INFO] [stderr]    Compiling tokio-util v0.7.19
[INFO] [stderr]    Compiling uuid v1.27.0
[INFO] [stderr]    Compiling similar v2.7.0
[INFO] [stderr]    Compiling aho-corasick v1.1.5
[INFO] [stderr]    Compiling toml_parser v1.1.4+spec-1.1.0
[INFO] [stderr]    Compiling schemars_derive v1.2.2
[INFO] [stderr]    Compiling unicode-segmentation v1.13.3
[INFO] [stderr]    Compiling relative-path v1.9.3
[INFO] [stderr]    Compiling pastey v0.2.3
[INFO] [stderr]    Compiling glob v0.3.4
[INFO] [stderr]    Compiling cfg-if v1.0.5
[INFO] [stderr]    Compiling shlex v2.0.1
[INFO] [stderr]    Compiling futures-timer v3.0.4
[INFO] [stderr]    Compiling toml_edit v0.25.16+spec-1.1.0
[INFO] [stderr]    Compiling similar v3.2.0
[INFO] [stderr]    Compiling proc-macro-crate v3.5.0
[INFO] [stderr]    Compiling regex-automata v0.4.18
[INFO] [stderr]    Compiling chrono v0.4.45
[INFO] [stderr]    Compiling serde_spanned v1.1.2
[INFO] [stderr]    Compiling toml v1.1.7+spec-1.1.0
[INFO] [stderr]    Compiling darling_macro v0.24.1
[INFO] [stderr]    Compiling tower v0.5.3
[INFO] [stderr]    Compiling futures-executor v0.3.34
[INFO] [stderr]    Compiling darling v0.24.1
[INFO] [stderr]    Compiling similar-asserts v2.0.0
[INFO] [stderr]    Compiling futures v0.3.34
[INFO] [stderr]    Compiling tower-http v0.6.11
[INFO] [stderr]    Compiling rmcp-macros v3.5.1
[INFO] [stderr]    Compiling tracing-attributes v0.1.31
[INFO] [stderr]    Compiling monochange_schema v0.10.0
[INFO] [stderr]    Compiling schemars v1.2.2
[INFO] [stderr]    Compiling regex v1.13.1
[INFO] [stderr]    Compiling tracing v0.1.44
[INFO] [stderr]    Compiling globset v0.4.20
[INFO] [stderr]    Compiling hyper-util v0.1.21
[INFO] [stderr]    Compiling ignore v0.4.33
[INFO] [stderr]    Compiling insta v1.49.0
[INFO] [stderr]    Compiling monochange_core v0.18.0
[INFO] [stderr]    Compiling hyper-rustls v0.27.10
[INFO] [stderr]    Compiling reqwest v0.13.5
[INFO] [stderr]    Compiling rstest v0.27.0
[INFO] [stderr]    Compiling monochange_publish v0.18.0
[INFO] [stderr]    Compiling monochange_lint v0.18.0
[INFO] [stderr]    Compiling monochange_test_helpers v0.18.0
[INFO] [stderr]    Compiling monochange_python v0.18.0 (/opt/rustwide/workdir)
[INFO] [stderr]     Finished `release` profile [optimized] target(s) in 2m 26s
[INFO] running `Command { std: "docker" "inspect" "ebbd16de2ddf2c88be8e203f2514f1ad8ce83a9e4b406c006c0089d627ad0e23", kill_on_drop: false }`
[INFO] running `Command { std: "docker" "exec" "-e" "SOURCE_DIR=/opt/rustwide/workdir" "-e" "CARGO_HOME=/opt/rustwide/cargo-home" "-e" "RUSTUP_HOME=/opt/rustwide/rustup-home" "-e" "CARGO_TARGET_DIR=/opt/rustwide/target" "-e" "CARGO_INCREMENTAL=0" "-e" "RUST_BACKTRACE=full" "-e" "RUSTFLAGS=--cap-lints=warn" "-e" "RUSTDOCFLAGS=--cap-lints=warn" "-w" "/opt/rustwide/workdir" "--user" "0:0" "ebbd16de2ddf2c88be8e203f2514f1ad8ce83a9e4b406c006c0089d627ad0e23" "/opt/rustwide/cargo-home/bin/cargo" "+1.100.0-beta.1" "test" "--frozen" "--release", kill_on_drop: false }`
[INFO] [stderr] warning: Cargo.toml: `lints.clippy.tabs-in-doc-comments` is deprecated in favor of `lints.clippy.tabs_in_doc_comments` and will not work in a future edition
[INFO] [stderr] warning: `monochange_python` (manifest) generated 1 warning
[INFO] [stderr]     Finished `release` profile [optimized] target(s) in 0.44s
[INFO] [stdout] 
[INFO] [stderr]      Running unittests src/lib.rs (/opt/rustwide/target/release/build/monochange_python/1a7d83425ba54db6/out/monochange_python-1a7d83425ba54db6)
[INFO] [stdout] running 70 tests
[INFO] [stdout] test tests::discover_lockfiles_prefers_workspace_root_then_manifest_directory ... FAILED
[INFO] [stdout] test tests::discover_lockfiles_returns_empty_when_no_lockfile_exists ... ok
[INFO] [stdout] test tests::discover_python_packages_extracts_dependency_edges_from_uv_workspace ... FAILED
[INFO] [stdout] test tests::discover_python_packages_finds_poetry_project ... FAILED
[INFO] [stdout] test tests::default_dependency_fields_are_non_empty ... ok
[INFO] [stdout] test tests::discover_lockfiles_finds_uv_lock_at_workspace_root ... FAILED
[INFO] [stdout] test tests::discover_python_packages_finds_standalone_package ... FAILED
[INFO] [stdout] test tests::default_lockfile_commands_infers_uv_lock_for_uv_workspace ... FAILED
[INFO] [stdout] test tests::default_lockfile_commands_handles_uv_poetry_and_unknown_lockfiles ... ok
[INFO] [stdout] test tests::discover_python_packages_preserves_native_names_and_supplies_canonical_dependency_aliases ... FAILED
[INFO] [stdout] test tests::discover_python_packages_reports_io_error_for_unreadable_workspace_root ... ok
[INFO] [stdout] test tests::discover_python_packages_finds_uv_workspace_members ... FAILED
[INFO] [stdout] test tests::discover_python_packages_handles_dynamic_version ... FAILED
[INFO] [stdout] test tests::discover_python_packages_handles_two_part_version ... FAILED
[INFO] [stdout] test tests::discover_python_packages_parses_complex_poetry_dependencies ... FAILED
[INFO] [stdout] test tests::discover_python_packages_skips_files_without_project_section ... ok
[INFO] [stdout] test tests::discover_python_packages_skips_project_without_name ... ok
[INFO] [stdout] test tests::extract_version_constraint_handles_simple_and_complex_specifiers ... ok
[INFO] [stdout] test tests::load_configured_python_package_loads_configured_poetry_package ... FAILED
[INFO] [stdout] test tests::load_configured_python_package_loads_configured_uv_workspace_member ... FAILED
[INFO] [stdout] test tests::load_configured_python_package_accepts_manifest_file_path ... FAILED
[INFO] [stdout] test tests::load_configured_python_package_returns_none_without_manifest ... ok
[INFO] [stdout] test tests::normalize_python_package_name_handles_leading_and_trailing_separators ... ok
[INFO] [stdout] test tests::normalize_python_package_name_lowercases_and_replaces_separators ... ok
[INFO] [stdout] test tests::parse_dependency_name_extracts_name_from_pep508_specifiers ... ok
[INFO] [stdout] test tests::parse_pep440_as_semver_handles_pre_release_and_invalid_formats ... ok
[INFO] [stdout] test tests::parse_pep440_as_semver_handles_standard_and_two_part_versions ... ok
[INFO] [stdout] test tests::discover_python_packages_warns_on_empty_workspace_patterns ... FAILED
[INFO] [stdout] test tests::expand_workspace_members_handles_glob_matching_pyproject_files ... ok
[INFO] [stdout] test tests::extract_version_constraint_handles_extras_in_specifier ... ok
[INFO] [stdout] test tests::extract_version_constraint_returns_none_for_no_constraint ... ok
[INFO] [stdout] test tests::private_package_parser_covers_error_and_dependency_value_branches ... ok
[INFO] [stdout] test tests::discover_python_packages_skips_venv_and_pycache_directories ... ok
[INFO] [stdout] test tests::discover_python_packages_warns_on_invalid_toml_in_standalone_scan ... FAILED
[INFO] [stdout] test tests::load_configured_python_package_returns_none_for_manifest_without_project ... ok
[INFO] [stdout] test tests::private_workspace_helpers_cover_error_and_match_branches ... ok
[INFO] [stdout] test tests::supported_versioned_file_kind_recognizes_manifest_and_lockfiles ... ok
[INFO] [stdout] test tests::update_dependency_specifier_handles_name_only_spec ... ok
[INFO] [stdout] test tests::standalone_python_packages_without_workspace_root_keep_distinct_ids ... FAILED
[INFO] [stdout] test tests::update_dependency_specifier_preserves_extras ... ok
[INFO] [stdout] test tests::adapter_reports_python_ecosystem ... ok
[INFO] [stdout] test tests::default_dependency_version_prefix_is_correct ... ok
[INFO] [stdout] test tests::update_versioned_file_text_handles_empty_dependency_array ... ok
[INFO] [stdout] test tests::update_versioned_file_text_handles_version_and_deps_with_env_markers ... ok
[INFO] [stdout] test tests::update_versioned_file_text_handles_project_without_dependencies_key ... ok
[INFO] [stdout] test tests::discover_python_packages_extracts_optional_dependency_edges ... FAILED
[INFO] [stdout] test tests::update_versioned_file_text_normalizes_native_producer_names::case_1_poetry ... FAILED
[INFO] [stdout] test tests::discover_lockfiles_finds_poetry_lock ... FAILED
[INFO] [stdout] test tests::update_dependency_specifier_replaces_matching_version_constraints ... ok
[INFO] [stdout] test tests::update_versioned_file_text_handles_missing_project_section ... ok
[INFO] [stdout] test tests::update_versioned_file_text_preserves_lock_files_unchanged ... ok
[INFO] [stdout] test tests::update_versioned_file_text_normalizes_native_producer_names::case_2_pep621 ... FAILED
[INFO] [stdout] test tests::update_versioned_file_text_handles_no_version_to_update ... ok
[INFO] [stdout] test tests::update_versioned_file_text_respects_poetry_and_project_version_ownership::case_1_poetry ... FAILED
[INFO] [stdout] test tests::update_versioned_file_text_respects_poetry_and_project_version_ownership::case_2_unchanged ... FAILED
[INFO] [stdout] test tests::default_lockfile_commands_return_empty_when_no_lockfile_exists ... ok
[INFO] [stdout] test tests::update_versioned_file_text_updates_project_version ... ok
[INFO] [stdout] test tests::update_versioned_file_text_updates_version_and_deps_simultaneously ... ok
[INFO] [stdout] test tests::update_dependency_specifier_returns_none_for_empty_spec ... ok
[INFO] [stdout] test tests::validate_versioned_file_returns_ok_for_any_file ... ok
[INFO] [stdout] test tests::validate_versioned_file_returns_ok_for_missing_file ... ok
[INFO] [stdout] test tests::discover_lockfiles_falls_back_to_manifest_directory ... ok
[INFO] [stdout] test tests::update_versioned_file_text_updates_dependency_versions ... ok
[INFO] [stdout] test tests::update_versioned_file_text_returns_early_without_project_dependencies ... ok
[INFO] [stdout] test tests::update_versioned_file_text_skips_non_string_dependency_items ... ok
[INFO] [stdout] test tests::update_versioned_file_text_respects_poetry_and_project_version_ownership::case_3_pep621 ... FAILED
[INFO] [stdout] test tests::default_lockfile_commands_infers_poetry_lock_for_poetry_project ... FAILED
[INFO] [stdout] test tests::adapter_discover_delegates_to_discover_python_packages ... FAILED
[INFO] [stdout] test tests::update_versioned_file_text_updates_poetry_dependency_constraints_and_preserves_metadata ... FAILED
[INFO] [stdout] test tests::update_versioned_file_text_respects_poetry_and_project_version_ownership::case_4_dynamic ... FAILED
[INFO] [stdout] 
[INFO] [stdout] failures:
[INFO] [stdout] 
[INFO] [stdout] ---- tests::discover_lockfiles_prefers_workspace_root_then_manifest_directory stdout ----
[INFO] [stdout] 
[INFO] [stdout] thread 'tests::discover_lockfiles_prefers_workspace_root_then_manifest_directory' (4470) panicked at src/__tests__/lib_tests.rs:819:5:
[INFO] [stdout] assertion failed: !lockfiles.is_empty()
[INFO] [stdout] stack backtrace:
[INFO] [stdout]    0:     0x560cad3416f1 - <<std[617be2ca0a6fd877]::sys::backtrace::BacktraceLock>::print::DisplayBacktrace as core[a373ad73a504971]::fmt::Display>::fmt
[INFO] [stdout]    1:     0x560cad359c8a - core[a373ad73a504971]::fmt::write
[INFO] [stdout]    2:     0x560cad345e7c - <alloc[2e1b2a31b91974c5]::vec::Vec<u8> as core[a373ad73a504971]::io::write::Write>::write_fmt
[INFO] [stdout]    3:     0x560cad31a226 - std[617be2ca0a6fd877]::panicking::default_hook::{closure#0}
[INFO] [stdout]    4:     0x560cad3386a9 - std[617be2ca0a6fd877]::panicking::default_hook
[INFO] [stdout]    5:     0x560cad185c60 - test[aada8e7e76ba119b]::test_main_inner::{closure#0}
[INFO] [stdout]    6:     0x560cad338862 - std[617be2ca0a6fd877]::panicking::panic_with_hook
[INFO] [stdout]    7:     0x560cad31a304 - std[617be2ca0a6fd877]::panicking::panic_handler::{closure#0}
[INFO] [stdout]    8:     0x560cad312b09 - std[617be2ca0a6fd877]::sys::backtrace::__rust_end_short_backtrace::<std[617be2ca0a6fd877]::panicking::panic_handler::{closure#0}, !>
[INFO] [stdout]    9:     0x560cad31af7d - __rustc[ea4f61d10b84890b]::rust_begin_unwind
[INFO] [stdout]   10:     0x560cad35a4ac - core[a373ad73a504971]::panicking::panic_fmt
[INFO] [stdout]   11:     0x560cad35a472 - core[a373ad73a504971]::panicking::panic
[INFO] [stdout]   12:     0x560cad0e617a - <monochange_python[35165acc7efdbb82]::tests::discover_lockfiles_prefers_workspace_root_then_manifest_directory::{closure#0} as core[a373ad73a504971]::ops::function::FnOnce<()>>::call_once
[INFO] [stdout]   13:     0x560cad1790ab - test[aada8e7e76ba119b]::__rust_begin_short_backtrace::<core[a373ad73a504971]::result::Result<(), alloc[2e1b2a31b91974c5]::string::String>, fn() -> core[a373ad73a504971]::result::Result<(), alloc[2e1b2a31b91974c5]::string::String>>
[INFO] [stdout]   14:     0x560cad186285 - test[aada8e7e76ba119b]::run_test::{closure#0}
[INFO] [stdout]   15:     0x560cad17fb74 - std[617be2ca0a6fd877]::sys::backtrace::__rust_begin_short_backtrace::<test[aada8e7e76ba119b]::run_test::{closure#1}, ()>
[INFO] [stdout]   16:     0x560cad189312 - <std[617be2ca0a6fd877]::thread::lifecycle::spawn_unchecked<test[aada8e7e76ba119b]::run_test::{closure#1}, ()>::{closure#1} as core[a373ad73a504971]::ops::function::FnOnce<()>>::call_once::{shim:vtable#0}
[INFO] [stdout]   17:     0x560cad3406cf - <std[617be2ca0a6fd877]::sys::thread::unix::Thread>::new::thread_start
[INFO] [stdout]   18:     0x73cd60c19dfa - <unknown>
[INFO] [stdout]   19:     0x73cd60cad3d4 - clone
[INFO] [stdout]   20:                0x0 - <unknown>
[INFO] [stdout] 
[INFO] [stdout] ---- tests::discover_python_packages_extracts_dependency_edges_from_uv_workspace stdout ----
[INFO] [stdout] 
[INFO] [stdout] thread 'tests::discover_python_packages_extracts_dependency_edges_from_uv_workspace' (4472) panicked at src/__tests__/lib_tests.rs:283:10:
[INFO] [stdout] called `Option::unwrap()` on a `None` value
[INFO] [stdout] stack backtrace:
[INFO] [stdout]    0:     0x560cad3416f1 - <<std[617be2ca0a6fd877]::sys::backtrace::BacktraceLock>::print::DisplayBacktrace as core[a373ad73a504971]::fmt::Display>::fmt
[INFO] [stdout]    1:     0x560cad359c8a - core[a373ad73a504971]::fmt::write
[INFO] [stdout]    2:     0x560cad345e7c - <alloc[2e1b2a31b91974c5]::vec::Vec<u8> as core[a373ad73a504971]::io::write::Write>::write_fmt
[INFO] [stdout]    3:     0x560cad31a226 - std[617be2ca0a6fd877]::panicking::default_hook::{closure#0}
[INFO] [stdout]    4:     0x560cad3386a9 - std[617be2ca0a6fd877]::panicking::default_hook
[INFO] [stdout]    5:     0x560cad185c60 - test[aada8e7e76ba119b]::test_main_inner::{closure#0}
[INFO] [stdout]    6:     0x560cad338862 - std[617be2ca0a6fd877]::panicking::panic_with_hook
[INFO] [stdout]    7:     0x560cad31a304 - std[617be2ca0a6fd877]::panicking::panic_handler::{closure#0}
[INFO] [stdout]    8:     0x560cad312b09 - std[617be2ca0a6fd877]::sys::backtrace::__rust_end_short_backtrace::<std[617be2ca0a6fd877]::panicking::panic_handler::{closure#0}, !>
[INFO] [stdout]    9:     0x560cad31af7d - __rustc[ea4f61d10b84890b]::rust_begin_unwind
[INFO] [stdout]   10:     0x560cad35a4ac - core[a373ad73a504971]::panicking::panic_fmt
[INFO] [stdout]   11:     0x560cad35a472 - core[a373ad73a504971]::panicking::panic
[INFO] [stdout]   12:     0x560cad35a229 - core[a373ad73a504971]::option::unwrap_failed
[INFO] [stdout]   13:     0x560cad0e88ac - <monochange_python[35165acc7efdbb82]::tests::discover_python_packages_extracts_dependency_edges_from_uv_workspace::{closure#0} as core[a373ad73a504971]::ops::function::FnOnce<()>>::call_once
[INFO] [stdout]   14:     0x560cad1790ab - test[aada8e7e76ba119b]::__rust_begin_short_backtrace::<core[a373ad73a504971]::result::Result<(), alloc[2e1b2a31b91974c5]::string::String>, fn() -> core[a373ad73a504971]::result::Result<(), alloc[2e1b2a31b91974c5]::string::String>>
[INFO] [stdout]   15:     0x560cad186285 - test[aada8e7e76ba119b]::run_test::{closure#0}
[INFO] [stdout]   16:     0x560cad17fb74 - std[617be2ca0a6fd877]::sys::backtrace::__rust_begin_short_backtrace::<test[aada8e7e76ba119b]::run_test::{closure#1}, ()>
[INFO] [stdout]   17:     0x560cad189312 - <std[617be2ca0a6fd877]::thread::lifecycle::spawn_unchecked<test[aada8e7e76ba119b]::run_test::{closure#1}, ()>::{closure#1} as core[a373ad73a504971]::ops::function::FnOnce<()>>::call_once::{shim:vtable#0}
[INFO] [stdout]   18:     0x560cad3406cf - <std[617be2ca0a6fd877]::sys::thread::unix::Thread>::new::thread_start
[INFO] [stdout]   19:     0x73cd60c19dfa - <unknown>
[INFO] [stdout]   20:     0x73cd60cad3d4 - clone
[INFO] [stdout]   21:                0x0 - <unknown>
[INFO] [stdout] 
[INFO] [stdout] ---- tests::discover_python_packages_finds_poetry_project stdout ----
[INFO] [stdout] 
[INFO] [stdout] thread 'tests::discover_python_packages_finds_poetry_project' (4474) panicked at src/__tests__/lib_tests.rs:182:5:
[INFO] [stdout] assertion `left == right` failed
[INFO] [stdout]   left: 0
[INFO] [stdout]  right: 1
[INFO] [stdout] stack backtrace:
[INFO] [stdout]    0:     0x560cad3416f1 - <<std[617be2ca0a6fd877]::sys::backtrace::BacktraceLock>::print::DisplayBacktrace as core[a373ad73a504971]::fmt::Display>::fmt
[INFO] [stdout]    1:     0x560cad359c8a - core[a373ad73a504971]::fmt::write
[INFO] [stdout]    2:     0x560cad345e7c - <alloc[2e1b2a31b91974c5]::vec::Vec<u8> as core[a373ad73a504971]::io::write::Write>::write_fmt
[INFO] [stdout]    3:     0x560cad31a226 - std[617be2ca0a6fd877]::panicking::default_hook::{closure#0}
[INFO] [stdout]    4:     0x560cad3386a9 - std[617be2ca0a6fd877]::panicking::default_hook
[INFO] [stdout]    5:     0x560cad185c60 - test[aada8e7e76ba119b]::test_main_inner::{closure#0}
[INFO] [stdout]    6:     0x560cad338862 - std[617be2ca0a6fd877]::panicking::panic_with_hook
[INFO] [stdout]    7:     0x560cad31a2d2 - std[617be2ca0a6fd877]::panicking::panic_handler::{closure#0}
[INFO] [stdout]    8:     0x560cad312b09 - std[617be2ca0a6fd877]::sys::backtrace::__rust_end_short_backtrace::<std[617be2ca0a6fd877]::panicking::panic_handler::{closure#0}, !>
[INFO] [stdout]    9:     0x560cad31af7d - __rustc[ea4f61d10b84890b]::rust_begin_unwind
[INFO] [stdout]   10:     0x560cad35a4ac - core[a373ad73a504971]::panicking::panic_fmt
[INFO] [stdout]   11:     0x560cad35a3c3 - core[a373ad73a504971]::panicking::assert_failed_inner
[INFO] [stdout]   12:     0x560cad354248 - core[a373ad73a504971]::panicking::assert_failed::<usize, usize>
[INFO] [stdout]   13:     0x560cad0dd344 - <monochange_python[35165acc7efdbb82]::tests::discover_python_packages_finds_poetry_project::{closure#0} as core[a373ad73a504971]::ops::function::FnOnce<()>>::call_once
[INFO] [stdout]   14:     0x560cad1790ab - test[aada8e7e76ba119b]::__rust_begin_short_backtrace::<core[a373ad73a504971]::result::Result<(), alloc[2e1b2a31b91974c5]::string::String>, fn() -> core[a373ad73a504971]::result::Result<(), alloc[2e1b2a31b91974c5]::string::String>>
[INFO] [stdout]   15:     0x560cad186285 - test[aada8e7e76ba119b]::run_test::{closure#0}
[INFO] [stdout]   16:     0x560cad17fb74 - std[617be2ca0a6fd877]::sys::backtrace::__rust_begin_short_backtrace::<test[aada8e7e76ba119b]::run_test::{closure#1}, ()>
[INFO] [stdout]   17:     0x560cad189312 - <std[617be2ca0a6fd877]::thread::lifecycle::spawn_unchecked<test[aada8e7e76ba119b]::run_test::{closure#1}, ()>::{closure#1} as core[a373ad73a504971]::ops::function::FnOnce<()>>::call_once::{shim:vtable#0}
[INFO] [stdout]   18:     0x560cad3406cf - <std[617be2ca0a6fd877]::sys::thread::unix::Thread>::new::thread_start
[INFO] [stdout]   19:     0x73cd60c19dfa - <unknown>
[INFO] [stdout]   20:     0x73cd60cad3d4 - clone
[INFO] [stdout]   21:                0x0 - <unknown>
[INFO] [stdout] 
[INFO] [stdout] ---- tests::discover_lockfiles_finds_uv_lock_at_workspace_root stdout ----
[INFO] [stdout] 
[INFO] [stdout] thread 'tests::discover_lockfiles_finds_uv_lock_at_workspace_root' (4469) panicked at src/__tests__/lib_tests.rs:667:5:
[INFO] [stdout] assertion `left == right` failed
[INFO] [stdout]   left: 0
[INFO] [stdout]  right: 1
[INFO] [stdout] stack backtrace:
[INFO] [stdout]    0:     0x560cad3416f1 - <<std[617be2ca0a6fd877]::sys::backtrace::BacktraceLock>::print::DisplayBacktrace as core[a373ad73a504971]::fmt::Display>::fmt
[INFO] [stdout]    1:     0x560cad359c8a - core[a373ad73a504971]::fmt::write
[INFO] [stdout]    2:     0x560cad345e7c - <alloc[2e1b2a31b91974c5]::vec::Vec<u8> as core[a373ad73a504971]::io::write::Write>::write_fmt
[INFO] [stdout]    3:     0x560cad31a226 - std[617be2ca0a6fd877]::panicking::default_hook::{closure#0}
[INFO] [stdout]    4:     0x560cad3386a9 - std[617be2ca0a6fd877]::panicking::default_hook
[INFO] [stdout]    5:     0x560cad185c60 - test[aada8e7e76ba119b]::test_main_inner::{closure#0}
[INFO] [stdout]    6:     0x560cad338862 - std[617be2ca0a6fd877]::panicking::panic_with_hook
[INFO] [stdout]    7:     0x560cad31a2d2 - std[617be2ca0a6fd877]::panicking::panic_handler::{closure#0}
[INFO] [stdout]    8:     0x560cad312b09 - std[617be2ca0a6fd877]::sys::backtrace::__rust_end_short_backtrace::<std[617be2ca0a6fd877]::panicking::panic_handler::{closure#0}, !>
[INFO] [stdout]    9:     0x560cad31af7d - __rustc[ea4f61d10b84890b]::rust_begin_unwind
[INFO] [stdout]   10:     0x560cad35a4ac - core[a373ad73a504971]::panicking::panic_fmt
[INFO] [stdout]   11:     0x560cad35a3c3 - core[a373ad73a504971]::panicking::assert_failed_inner
[INFO] [stdout]   12:     0x560cad354248 - core[a373ad73a504971]::panicking::assert_failed::<usize, usize>
[INFO] [stdout]   13:     0x560cad0dddfb - <monochange_python[35165acc7efdbb82]::tests::discover_lockfiles_finds_uv_lock_at_workspace_root::{closure#0} as core[a373ad73a504971]::ops::function::FnOnce<()>>::call_once
[INFO] [stdout]   14:     0x560cad1790ab - test[aada8e7e76ba119b]::__rust_begin_short_backtrace::<core[a373ad73a504971]::result::Result<(), alloc[2e1b2a31b91974c5]::string::String>, fn() -> core[a373ad73a504971]::result::Result<(), alloc[2e1b2a31b91974c5]::string::String>>
[INFO] [stdout]   15:     0x560cad186285 - test[aada8e7e76ba119b]::run_test::{closure#0}
[INFO] [stdout]   16:     0x560cad17fb74 - std[617be2ca0a6fd877]::sys::backtrace::__rust_begin_short_backtrace::<test[aada8e7e76ba119b]::run_test::{closure#1}, ()>
[INFO] [stdout]   17:     0x560cad189312 - <std[617be2ca0a6fd877]::thread::lifecycle::spawn_unchecked<test[aada8e7e76ba119b]::run_test::{closure#1}, ()>::{closure#1} as core[a373ad73a504971]::ops::function::FnOnce<()>>::call_once::{shim:vtable#0}
[INFO] [stdout]   18:     0x560cad3406cf - <std[617be2ca0a6fd877]::sys::thread::unix::Thread>::new::thread_start
[INFO] [stdout]   19:     0x73cd60c19dfa - <unknown>
[INFO] [stdout]   20:     0x73cd60cad3d4 - clone
[INFO] [stdout]   21:                0x0 - <unknown>
[INFO] [stdout] 
[INFO] [stdout] ---- tests::discover_python_packages_finds_standalone_package stdout ----
[INFO] [stdout] 
[INFO] [stdout] thread 'tests::discover_python_packages_finds_standalone_package' (4475) panicked at src/__tests__/lib_tests.rs:169:5:
[INFO] [stdout] assertion `left == right` failed
[INFO] [stdout]   left: 0
[INFO] [stdout]  right: 1
[INFO] [stdout] stack backtrace:
[INFO] [stdout]    0:     0x560cad3416f1 - <<std[617be2ca0a6fd877]::sys::backtrace::BacktraceLock>::print::DisplayBacktrace as core[a373ad73a504971]::fmt::Display>::fmt
[INFO] [stdout]    1:     0x560cad359c8a - core[a373ad73a504971]::fmt::write
[INFO] [stdout]    2:     0x560cad345e7c - <alloc[2e1b2a31b91974c5]::vec::Vec<u8> as core[a373ad73a504971]::io::write::Write>::write_fmt
[INFO] [stdout]    3:     0x560cad31a226 - std[617be2ca0a6fd877]::panicking::default_hook::{closure#0}
[INFO] [stdout]    4:     0x560cad3386a9 - std[617be2ca0a6fd877]::panicking::default_hook
[INFO] [stdout]    5:     0x560cad185c60 - test[aada8e7e76ba119b]::test_main_inner::{closure#0}
[INFO] [stdout]    6:     0x560cad338862 - std[617be2ca0a6fd877]::panicking::panic_with_hook
[INFO] [stdout]    7:     0x560cad31a2d2 - std[617be2ca0a6fd877]::panicking::panic_handler::{closure#0}
[INFO] [stdout]    8:     0x560cad312b09 - std[617be2ca0a6fd877]::sys::backtrace::__rust_end_short_backtrace::<std[617be2ca0a6fd877]::panicking::panic_handler::{closure#0}, !>
[INFO] [stdout]    9:     0x560cad31af7d - __rustc[ea4f61d10b84890b]::rust_begin_unwind
[INFO] [stdout]   10:     0x560cad35a4ac - core[a373ad73a504971]::panicking::panic_fmt
[INFO] [stdout]   11:     0x560cad35a3c3 - core[a373ad73a504971]::panicking::assert_failed_inner
[INFO] [stdout]   12:     0x560cad354248 - core[a373ad73a504971]::panicking::assert_failed::<usize, usize>
[INFO] [stdout]   13:     0x560cad0dd91e - <monochange_python[35165acc7efdbb82]::tests::discover_python_packages_finds_standalone_package::{closure#0} as core[a373ad73a504971]::ops::function::FnOnce<()>>::call_once
[INFO] [stdout]   14:     0x560cad1790ab - test[aada8e7e76ba119b]::__rust_begin_short_backtrace::<core[a373ad73a504971]::result::Result<(), alloc[2e1b2a31b91974c5]::string::String>, fn() -> core[a373ad73a504971]::result::Result<(), alloc[2e1b2a31b91974c5]::string::String>>
[INFO] [stdout]   15:     0x560cad186285 - test[aada8e7e76ba119b]::run_test::{closure#0}
[INFO] [stdout]   16:     0x560cad17fb74 - std[617be2ca0a6fd877]::sys::backtrace::__rust_begin_short_backtrace::<test[aada8e7e76ba119b]::run_test::{closure#1}, ()>
[INFO] [stdout]   17:     0x560cad189312 - <std[617be2ca0a6fd877]::thread::lifecycle::spawn_unchecked<test[aada8e7e76ba119b]::run_test::{closure#1}, ()>::{closure#1} as core[a373ad73a504971]::ops::function::FnOnce<()>>::call_once::{shim:vtable#0}
[INFO] [stdout]   18:     0x560cad3406cf - <std[617be2ca0a6fd877]::sys::thread::unix::Thread>::new::thread_start
[INFO] [stdout]   19:     0x73cd60c19dfa - <unknown>
[INFO] [stdout]   20:     0x73cd60cad3d4 - clone
[INFO] [stdout]   21:                0x0 - <unknown>
[INFO] [stdout] 
[INFO] [stdout] ---- tests::default_lockfile_commands_infers_uv_lock_for_uv_workspace stdout ----
[INFO] [stdout] 
[INFO] [stdout] thread 'tests::default_lockfile_commands_infers_uv_lock_for_uv_workspace' (4465) panicked at src/__tests__/lib_tests.rs:701:5:
[INFO] [stdout] assertion `left == right` failed
[INFO] [stdout]   left: 0
[INFO] [stdout]  right: 1
[INFO] [stdout] stack backtrace:
[INFO] [stdout]    0:     0x560cad3416f1 - <<std[617be2ca0a6fd877]::sys::backtrace::BacktraceLock>::print::DisplayBacktrace as core[a373ad73a504971]::fmt::Display>::fmt
[INFO] [stdout]    1:     0x560cad359c8a - core[a373ad73a504971]::fmt::write
[INFO] [stdout]    2:     0x560cad345e7c - <alloc[2e1b2a31b91974c5]::vec::Vec<u8> as core[a373ad73a504971]::io::write::Write>::write_fmt
[INFO] [stdout]    3:     0x560cad31a226 - std[617be2ca0a6fd877]::panicking::default_hook::{closure#0}
[INFO] [stdout]    4:     0x560cad3386a9 - std[617be2ca0a6fd877]::panicking::default_hook
[INFO] [stdout]    5:     0x560cad185c60 - test[aada8e7e76ba119b]::test_main_inner::{closure#0}
[INFO] [stdout]    6:     0x560cad338862 - std[617be2ca0a6fd877]::panicking::panic_with_hook
[INFO] [stdout]    7:     0x560cad31a2d2 - std[617be2ca0a6fd877]::panicking::panic_handler::{closure#0}
[INFO] [stdout]    8:     0x560cad312b09 - std[617be2ca0a6fd877]::sys::backtrace::__rust_end_short_backtrace::<std[617be2ca0a6fd877]::panicking::panic_handler::{closure#0}, !>
[INFO] [stdout]    9:     0x560cad31af7d - __rustc[ea4f61d10b84890b]::rust_begin_unwind
[INFO] [stdout]   10:     0x560cad35a4ac - core[a373ad73a504971]::panicking::panic_fmt
[INFO] [stdout]   11:     0x560cad35a3c3 - core[a373ad73a504971]::panicking::assert_failed_inner
[INFO] [stdout]   12:     0x560cad354248 - core[a373ad73a504971]::panicking::assert_failed::<usize, usize>
[INFO] [stdout]   13:     0x560cad0e0b41 - <monochange_python[35165acc7efdbb82]::tests::default_lockfile_commands_infers_uv_lock_for_uv_workspace::{closure#0} as core[a373ad73a504971]::ops::function::FnOnce<()>>::call_once
[INFO] [stdout]   14:     0x560cad1790ab - test[aada8e7e76ba119b]::__rust_begin_short_backtrace::<core[a373ad73a504971]::result::Result<(), alloc[2e1b2a31b91974c5]::string::String>, fn() -> core[a373ad73a504971]::result::Result<(), alloc[2e1b2a31b91974c5]::string::String>>
[INFO] [stdout]   15:     0x560cad186285 - test[aada8e7e76ba119b]::run_test::{closure#0}
[INFO] [stdout]   16:     0x560cad17fb74 - std[617be2ca0a6fd877]::sys::backtrace::__rust_begin_short_backtrace::<test[aada8e7e76ba119b]::run_test::{closure#1}, ()>
[INFO] [stdout]   17:     0x560cad189312 - <std[617be2ca0a6fd877]::thread::lifecycle::spawn_unchecked<test[aada8e7e76ba119b]::run_test::{closure#1}, ()>::{closure#1} as core[a373ad73a504971]::ops::function::FnOnce<()>>::call_once::{shim:vtable#0}
[INFO] [stdout]   18:     0x560cad3406cf - <std[617be2ca0a6fd877]::sys::thread::unix::Thread>::new::thread_start
[INFO] [stdout]   19:     0x73cd60c19dfa - <unknown>
[INFO] [stdout]   20:     0x73cd60cad3d4 - clone
[INFO] [stdout]   21:                0x0 - <unknown>
[INFO] [stdout] 
[INFO] [stdout] ---- tests::discover_python_packages_preserves_native_names_and_supplies_canonical_dependency_aliases stdout ----
[INFO] [stdout] 
[INFO] [stdout] thread 'tests::discover_python_packages_preserves_native_names_and_supplies_canonical_dependency_aliases' (4480) panicked at src/__tests__/lib_tests.rs:219:28:
[INFO] [stdout] missing native producer name
[INFO] [stdout] stack backtrace:
[INFO] [stdout]    0:     0x560cad3416f1 - <<std[617be2ca0a6fd877]::sys::backtrace::BacktraceLock>::print::DisplayBacktrace as core[a373ad73a504971]::fmt::Display>::fmt
[INFO] [stdout]    1:     0x560cad359c8a - core[a373ad73a504971]::fmt::write
[INFO] [stdout]    2:     0x560cad345e7c - <alloc[2e1b2a31b91974c5]::vec::Vec<u8> as core[a373ad73a504971]::io::write::Write>::write_fmt
[INFO] [stdout]    3:     0x560cad31a226 - std[617be2ca0a6fd877]::panicking::default_hook::{closure#0}
[INFO] [stdout]    4:     0x560cad3386a9 - std[617be2ca0a6fd877]::panicking::default_hook
[INFO] [stdout]    5:     0x560cad185c60 - test[aada8e7e76ba119b]::test_main_inner::{closure#0}
[INFO] [stdout]    6:     0x560cad338862 - std[617be2ca0a6fd877]::panicking::panic_with_hook
[INFO] [stdout]    7:     0x560cad31a304 - std[617be2ca0a6fd877]::panicking::panic_handler::{closure#0}
[INFO] [stdout]    8:     0x560cad312b09 - std[617be2ca0a6fd877]::sys::backtrace::__rust_end_short_backtrace::<std[617be2ca0a6fd877]::panicking::panic_handler::{closure#0}, !>
[INFO] [stdout]    9:     0x560cad31af7d - __rustc[ea4f61d10b84890b]::rust_begin_unwind
[INFO] [stdout]   10:     0x560cad35a4ac - core[a373ad73a504971]::panicking::panic_fmt
[INFO] [stdout]   11:     0x560cad0ea078 - <monochange_python[35165acc7efdbb82]::tests::discover_python_packages_preserves_native_names_and_supplies_canonical_dependency_aliases::{closure#0} as core[a373ad73a504971]::ops::function::FnOnce<()>>::call_once
[INFO] [stdout]   12:     0x560cad1790ab - test[aada8e7e76ba119b]::__rust_begin_short_backtrace::<core[a373ad73a504971]::result::Result<(), alloc[2e1b2a31b91974c5]::string::String>, fn() -> core[a373ad73a504971]::result::Result<(), alloc[2e1b2a31b91974c5]::string::String>>
[INFO] [stdout]   13:     0x560cad186285 - test[aada8e7e76ba119b]::run_test::{closure#0}
[INFO] [stdout]   14:     0x560cad17fb74 - std[617be2ca0a6fd877]::sys::backtrace::__rust_begin_short_backtrace::<test[aada8e7e76ba119b]::run_test::{closure#1}, ()>
[INFO] [stdout]   15:     0x560cad189312 - <std[617be2ca0a6fd877]::thread::lifecycle::spawn_unchecked<test[aada8e7e76ba119b]::run_test::{closure#1}, ()>::{closure#1} as core[a373ad73a504971]::ops::function::FnOnce<()>>::call_once::{shim:vtable#0}
[INFO] [stdout]   16:     0x560cad3406cf - <std[617be2ca0a6fd877]::sys::thread::unix::Thread>::new::thread_start
[INFO] [stdout]   17:     0x73cd60c19dfa - <unknown>
[INFO] [stdout]   18:     0x73cd60cad3d4 - clone
[INFO] [stdout]   19:                0x0 - <unknown>
[INFO] [stdout] 
[INFO] [stdout] ---- tests::discover_python_packages_finds_uv_workspace_members stdout ----
[INFO] [stdout] 
[INFO] [stdout] thread 'tests::discover_python_packages_finds_uv_workspace_members' (4476) panicked at src/__tests__/lib_tests.rs:148:5:
[INFO] [stdout] assertion `left == right` failed
[INFO] [stdout]   left: 0
[INFO] [stdout]  right: 2
[INFO] [stdout] stack backtrace:
[INFO] [stdout]    0:     0x560cad3416f1 - <<std[617be2ca0a6fd877]::sys::backtrace::BacktraceLock>::print::DisplayBacktrace as core[a373ad73a504971]::fmt::Display>::fmt
[INFO] [stdout]    1:     0x560cad359c8a - core[a373ad73a504971]::fmt::write
[INFO] [stdout]    2:     0x560cad345e7c - <alloc[2e1b2a31b91974c5]::vec::Vec<u8> as core[a373ad73a504971]::io::write::Write>::write_fmt
[INFO] [stdout]    3:     0x560cad31a226 - std[617be2ca0a6fd877]::panicking::default_hook::{closure#0}
[INFO] [stdout]    4:     0x560cad3386a9 - std[617be2ca0a6fd877]::panicking::default_hook
[INFO] [stdout]    5:     0x560cad185c60 - test[aada8e7e76ba119b]::test_main_inner::{closure#0}
[INFO] [stdout]    6:     0x560cad338862 - std[617be2ca0a6fd877]::panicking::panic_with_hook
[INFO] [stdout]    7:     0x560cad31a2d2 - std[617be2ca0a6fd877]::panicking::panic_handler::{closure#0}
[INFO] [stdout]    8:     0x560cad312b09 - std[617be2ca0a6fd877]::sys::backtrace::__rust_end_short_backtrace::<std[617be2ca0a6fd877]::panicking::panic_handler::{closure#0}, !>
[INFO] [stdout]    9:     0x560cad31af7d - __rustc[ea4f61d10b84890b]::rust_begin_unwind
[INFO] [stdout]   10:     0x560cad35a4ac - core[a373ad73a504971]::panicking::panic_fmt
[INFO] [stdout]   11:     0x560cad35a3c3 - core[a373ad73a504971]::panicking::assert_failed_inner
[INFO] [stdout]   12:     0x560cad354248 - core[a373ad73a504971]::panicking::assert_failed::<usize, usize>
[INFO] [stdout]   13:     0x560cad0deadc - <monochange_python[35165acc7efdbb82]::tests::discover_python_packages_finds_uv_workspace_members::{closure#0} as core[a373ad73a504971]::ops::function::FnOnce<()>>::call_once
[INFO] [stdout]   14:     0x560cad1790ab - test[aada8e7e76ba119b]::__rust_begin_short_backtrace::<core[a373ad73a504971]::result::Result<(), alloc[2e1b2a31b91974c5]::string::String>, fn() -> core[a373ad73a504971]::result::Result<(), alloc[2e1b2a31b91974c5]::string::String>>
[INFO] [stdout]   15:     0x560cad186285 - test[aada8e7e76ba119b]::run_test::{closure#0}
[INFO] [stdout]   16:     0x560cad17fb74 - std[617be2ca0a6fd877]::sys::backtrace::__rust_begin_short_backtrace::<test[aada8e7e76ba119b]::run_test::{closure#1}, ()>
[INFO] [stdout]   17:     0x560cad189312 - <std[617be2ca0a6fd877]::thread::lifecycle::spawn_unchecked<test[aada8e7e76ba119b]::run_test::{closure#1}, ()>::{closure#1} as core[a373ad73a504971]::ops::function::FnOnce<()>>::call_once::{shim:vtable#0}
[INFO] [stdout]   18:     0x560cad3406cf - <std[617be2ca0a6fd877]::sys::thread::unix::Thread>::new::thread_start
[INFO] [stdout]   19:     0x73cd60c19dfa - <unknown>
[INFO] [stdout]   20:     0x73cd60cad3d4 - clone
[INFO] [stdout]   21:                0x0 - <unknown>
[INFO] [stdout] 
[INFO] [stdout] ---- tests::discover_python_packages_handles_dynamic_version stdout ----
[INFO] [stdout] 
[INFO] [stdout] thread 'tests::discover_python_packages_handles_dynamic_version' (4477) panicked at src/__tests__/lib_tests.rs:247:5:
[INFO] [stdout] assertion `left == right` failed
[INFO] [stdout]   left: 0
[INFO] [stdout]  right: 1
[INFO] [stdout] stack backtrace:
[INFO] [stdout]    0:     0x560cad3416f1 - <<std[617be2ca0a6fd877]::sys::backtrace::BacktraceLock>::print::DisplayBacktrace as core[a373ad73a504971]::fmt::Display>::fmt
[INFO] [stdout]    1:     0x560cad359c8a - core[a373ad73a504971]::fmt::write
[INFO] [stdout]    2:     0x560cad345e7c - <alloc[2e1b2a31b91974c5]::vec::Vec<u8> as core[a373ad73a504971]::io::write::Write>::write_fmt
[INFO] [stdout]    3:     0x560cad31a226 - std[617be2ca0a6fd877]::panicking::default_hook::{closure#0}
[INFO] [stdout]    4:     0x560cad3386a9 - std[617be2ca0a6fd877]::panicking::default_hook
[INFO] [stdout]    5:     0x560cad185c60 - test[aada8e7e76ba119b]::test_main_inner::{closure#0}
[INFO] [stdout]    6:     0x560cad338862 - std[617be2ca0a6fd877]::panicking::panic_with_hook
[INFO] [stdout]    7:     0x560cad31a2d2 - std[617be2ca0a6fd877]::panicking::panic_handler::{closure#0}
[INFO] [stdout]    8:     0x560cad312b09 - std[617be2ca0a6fd877]::sys::backtrace::__rust_end_short_backtrace::<std[617be2ca0a6fd877]::panicking::panic_handler::{closure#0}, !>
[INFO] [stdout]    9:     0x560cad31af7d - __rustc[ea4f61d10b84890b]::rust_begin_unwind
[INFO] [stdout]   10:     0x560cad35a4ac - core[a373ad73a504971]::panicking::panic_fmt
[INFO] [stdout]   11:     0x560cad35a3c3 - core[a373ad73a504971]::panicking::assert_failed_inner
[INFO] [stdout]   12:     0x560cad354248 - core[a373ad73a504971]::panicking::assert_failed::<usize, usize>
[INFO] [stdout]   13:     0x560cad0dd682 - <monochange_python[35165acc7efdbb82]::tests::discover_python_packages_handles_dynamic_version::{closure#0} as core[a373ad73a504971]::ops::function::FnOnce<()>>::call_once
[INFO] [stdout]   14:     0x560cad1790ab - test[aada8e7e76ba119b]::__rust_begin_short_backtrace::<core[a373ad73a504971]::result::Result<(), alloc[2e1b2a31b91974c5]::string::String>, fn() -> core[a373ad73a504971]::result::Result<(), alloc[2e1b2a31b91974c5]::string::String>>
[INFO] [stdout]   15:     0x560cad186285 - test[aada8e7e76ba119b]::run_test::{closure#0}
[INFO] [stdout]   16:     0x560cad17fb74 - std[617be2ca0a6fd877]::sys::backtrace::__rust_begin_short_backtrace::<test[aada8e7e76ba119b]::run_test::{closure#1}, ()>
[INFO] [stdout]   17:     0x560cad189312 - <std[617be2ca0a6fd877]::thread::lifecycle::spawn_unchecked<test[aada8e7e76ba119b]::run_test::{closure#1}, ()>::{closure#1} as core[a373ad73a504971]::ops::function::FnOnce<()>>::call_once::{shim:vtable#0}
[INFO] [stdout]   18:     0x560cad3406cf - <std[617be2ca0a6fd877]::sys::thread::unix::Thread>::new::thread_start
[INFO] [stdout]   19:     0x73cd60c19dfa - <unknown>
[INFO] [stdout]   20:     0x73cd60cad3d4 - clone
[INFO] [stdout]   21:                0x0 - <unknown>
[INFO] [stdout] 
[INFO] [stdout] ---- tests::discover_python_packages_handles_two_part_version stdout ----
[INFO] [stdout] 
[INFO] [stdout] thread 'tests::discover_python_packages_handles_two_part_version' (4478) panicked at src/__tests__/lib_tests.rs:259:5:
[INFO] [stdout] assertion `left == right` failed
[INFO] [stdout]   left: 0
[INFO] [stdout]  right: 1
[INFO] [stdout] stack backtrace:
[INFO] [stdout]    0:     0x560cad3416f1 - <<std[617be2ca0a6fd877]::sys::backtrace::BacktraceLock>::print::DisplayBacktrace as core[a373ad73a504971]::fmt::Display>::fmt
[INFO] [stdout]    1:     0x560cad359c8a - core[a373ad73a504971]::fmt::write
[INFO] [stdout]    2:     0x560cad345e7c - <alloc[2e1b2a31b91974c5]::vec::Vec<u8> as core[a373ad73a504971]::io::write::Write>::write_fmt
[INFO] [stdout]    3:     0x560cad31a226 - std[617be2ca0a6fd877]::panicking::default_hook::{closure#0}
[INFO] [stdout]    4:     0x560cad3386a9 - std[617be2ca0a6fd877]::panicking::default_hook
[INFO] [stdout]    5:     0x560cad185c60 - test[aada8e7e76ba119b]::test_main_inner::{closure#0}
[INFO] [stdout]    6:     0x560cad338862 - std[617be2ca0a6fd877]::panicking::panic_with_hook
[INFO] [stdout]    7:     0x560cad31a2d2 - std[617be2ca0a6fd877]::panicking::panic_handler::{closure#0}
[INFO] [stdout]    8:     0x560cad312b09 - std[617be2ca0a6fd877]::sys::backtrace::__rust_end_short_backtrace::<std[617be2ca0a6fd877]::panicking::panic_handler::{closure#0}, !>
[INFO] [stdout]    9:     0x560cad31af7d - __rustc[ea4f61d10b84890b]::rust_begin_unwind
[INFO] [stdout]   10:     0x560cad35a4ac - core[a373ad73a504971]::panicking::panic_fmt
[INFO] [stdout]   11:     0x560cad35a3c3 - core[a373ad73a504971]::panicking::assert_failed_inner
[INFO] [stdout]   12:     0x560cad354248 - core[a373ad73a504971]::panicking::assert_failed::<usize, usize>
[INFO] [stdout]   13:     0x560cad0ddb82 - <monochange_python[35165acc7efdbb82]::tests::discover_python_packages_handles_two_part_version::{closure#0} as core[a373ad73a504971]::ops::function::FnOnce<()>>::call_once
[INFO] [stdout]   14:     0x560cad1790ab - test[aada8e7e76ba119b]::__rust_begin_short_backtrace::<core[a373ad73a504971]::result::Result<(), alloc[2e1b2a31b91974c5]::string::String>, fn() -> core[a373ad73a504971]::result::Result<(), alloc[2e1b2a31b91974c5]::string::String>>
[INFO] [stdout]   15:     0x560cad186285 - test[aada8e7e76ba119b]::run_test::{closure#0}
[INFO] [stdout]   16:     0x560cad17fb74 - std[617be2ca0a6fd877]::sys::backtrace::__rust_begin_short_backtrace::<test[aada8e7e76ba119b]::run_test::{closure#1}, ()>
[INFO] [stdout]   17:     0x560cad189312 - <std[617be2ca0a6fd877]::thread::lifecycle::spawn_unchecked<test[aada8e7e76ba119b]::run_test::{closure#1}, ()>::{closure#1} as core[a373ad73a504971]::ops::function::FnOnce<()>>::call_once::{shim:vtable#0}
[INFO] [stdout]   18:     0x560cad3406cf - <std[617be2ca0a6fd877]::sys::thread::unix::Thread>::new::thread_start
[INFO] [stdout]   19:     0x73cd60c19dfa - <unknown>
[INFO] [stdout]   20:     0x73cd60cad3d4 - clone
[INFO] [stdout]   21:                0x0 - <unknown>
[INFO] [stdout] 
[INFO] [stdout] ---- tests::discover_python_packages_parses_complex_poetry_dependencies stdout ----
[INFO] [stdout] 
[INFO] [stdout] thread 'tests::discover_python_packages_parses_complex_poetry_dependencies' (4479) panicked at src/__tests__/lib_tests.rs:863:5:
[INFO] [stdout] assertion `left == right` failed
[INFO] [stdout]   left: 0
[INFO] [stdout]  right: 1
[INFO] [stdout] stack backtrace:
[INFO] [stdout]    0:     0x560cad3416f1 - <<std[617be2ca0a6fd877]::sys::backtrace::BacktraceLock>::print::DisplayBacktrace as core[a373ad73a504971]::fmt::Display>::fmt
[INFO] [stdout]    1:     0x560cad359c8a - core[a373ad73a504971]::fmt::write
[INFO] [stdout]    2:     0x560cad345e7c - <alloc[2e1b2a31b91974c5]::vec::Vec<u8> as core[a373ad73a504971]::io::write::Write>::write_fmt
[INFO] [stdout]    3:     0x560cad31a226 - std[617be2ca0a6fd877]::panicking::default_hook::{closure#0}
[INFO] [stdout]    4:     0x560cad3386a9 - std[617be2ca0a6fd877]::panicking::default_hook
[INFO] [stdout]    5:     0x560cad185c60 - test[aada8e7e76ba119b]::test_main_inner::{closure#0}
[INFO] [stdout]    6:     0x560cad338862 - std[617be2ca0a6fd877]::panicking::panic_with_hook
[INFO] [stdout]    7:     0x560cad31a2d2 - std[617be2ca0a6fd877]::panicking::panic_handler::{closure#0}
[INFO] [stdout]    8:     0x560cad312b09 - std[617be2ca0a6fd877]::sys::backtrace::__rust_end_short_backtrace::<std[617be2ca0a6fd877]::panicking::panic_handler::{closure#0}, !>
[INFO] [stdout]    9:     0x560cad31af7d - __rustc[ea4f61d10b84890b]::rust_begin_unwind
[INFO] [stdout]   10:     0x560cad35a4ac - core[a373ad73a504971]::panicking::panic_fmt
[INFO] [stdout]   11:     0x560cad35a3c3 - core[a373ad73a504971]::panicking::assert_failed_inner
[INFO] [stdout]   12:     0x560cad354248 - core[a373ad73a504971]::panicking::assert_failed::<usize, usize>
[INFO] [stdout]   13:     0x560cad0e27a6 - <monochange_python[35165acc7efdbb82]::tests::discover_python_packages_parses_complex_poetry_dependencies::{closure#0} as core[a373ad73a504971]::ops::function::FnOnce<()>>::call_once
[INFO] [stdout]   14:     0x560cad1790ab - test[aada8e7e76ba119b]::__rust_begin_short_backtrace::<core[a373ad73a504971]::result::Result<(), alloc[2e1b2a31b91974c5]::string::String>, fn() -> core[a373ad73a504971]::result::Result<(), alloc[2e1b2a31b91974c5]::string::String>>
[INFO] [stdout]   15:     0x560cad186285 - test[aada8e7e76ba119b]::run_test::{closure#0}
[INFO] [stdout]   16:     0x560cad17fb74 - std[617be2ca0a6fd877]::sys::backtrace::__rust_begin_short_backtrace::<test[aada8e7e76ba119b]::run_test::{closure#1}, ()>
[INFO] [stdout]   17:     0x560cad189312 - <std[617be2ca0a6fd877]::thread::lifecycle::spawn_unchecked<test[aada8e7e76ba119b]::run_test::{closure#1}, ()>::{closure#1} as core[a373ad73a504971]::ops::function::FnOnce<()>>::call_once::{shim:vtable#0}
[INFO] [stdout]   18:     0x560cad3406cf - <std[617be2ca0a6fd877]::sys::thread::unix::Thread>::new::thread_start
[INFO] [stdout]   19:     0x73cd60c19dfa - <unknown>
[INFO] [stdout]   20:     0x73cd60cad3d4 - clone
[INFO] [stdout]   21:                0x0 - <unknown>
[INFO] [stdout] 
[INFO] [stdout] ---- tests::load_configured_python_package_loads_configured_poetry_package stdout ----
[INFO] [stdout] 
[INFO] [stdout] thread 'tests::load_configured_python_package_loads_configured_poetry_package' (4492) panicked at src/__tests__/lib_tests.rs:615:28:
[INFO] [stdout] expected the configured package to be loaded
[INFO] [stdout] stack backtrace:
[INFO] [stdout]    0:     0x560cad3416f1 - <<std[617be2ca0a6fd877]::sys::backtrace::BacktraceLock>::print::DisplayBacktrace as core[a373ad73a504971]::fmt::Display>::fmt
[INFO] [stdout]    1:     0x560cad359c8a - core[a373ad73a504971]::fmt::write
[INFO] [stdout]    2:     0x560cad345e7c - <alloc[2e1b2a31b91974c5]::vec::Vec<u8> as core[a373ad73a504971]::io::write::Write>::write_fmt
[INFO] [stdout]    3:     0x560cad31a226 - std[617be2ca0a6fd877]::panicking::default_hook::{closure#0}
[INFO] [stdout]    4:     0x560cad3386a9 - std[617be2ca0a6fd877]::panicking::default_hook
[INFO] [stdout]    5:     0x560cad185c60 - test[aada8e7e76ba119b]::test_main_inner::{closure#0}
[INFO] [stdout]    6:     0x560cad338862 - std[617be2ca0a6fd877]::panicking::panic_with_hook
[INFO] [stdout]    7:     0x560cad31a304 - std[617be2ca0a6fd877]::panicking::panic_handler::{closure#0}
[INFO] [stdout]    8:     0x560cad312b09 - std[617be2ca0a6fd877]::sys::backtrace::__rust_end_short_backtrace::<std[617be2ca0a6fd877]::panicking::panic_handler::{closure#0}, !>
[INFO] [stdout]    9:     0x560cad31af7d - __rustc[ea4f61d10b84890b]::rust_begin_unwind
[INFO] [stdout]   10:     0x560cad35a4ac - core[a373ad73a504971]::panicking::panic_fmt
[INFO] [stdout]   11:     0x560cad0e492d - <monochange_python[35165acc7efdbb82]::tests::load_configured_python_package_loads_configured_poetry_package::{closure#0} as core[a373ad73a504971]::ops::function::FnOnce<()>>::call_once
[INFO] [stdout]   12:     0x560cad1790ab - test[aada8e7e76ba119b]::__rust_begin_short_backtrace::<core[a373ad73a504971]::result::Result<(), alloc[2e1b2a31b91974c5]::string::String>, fn() -> core[a373ad73a504971]::result::Result<(), alloc[2e1b2a31b91974c5]::string::String>>
[INFO] [stdout]   13:     0x560cad186285 - test[aada8e7e76ba119b]::run_test::{closure#0}
[INFO] [stdout]   14:     0x560cad17fb74 - std[617be2ca0a6fd877]::sys::backtrace::__rust_begin_short_backtrace::<test[aada8e7e76ba119b]::run_test::{closure#1}, ()>
[INFO] [stdout]   15:     0x560cad189312 - <std[617be2ca0a6fd877]::thread::lifecycle::spawn_unchecked<test[aada8e7e76ba119b]::run_test::{closure#1}, ()>::{closure#1} as core[a373ad73a504971]::ops::function::FnOnce<()>>::call_once::{shim:vtable#0}
[INFO] [stdout]   16:     0x560cad3406cf - <std[617be2ca0a6fd877]::sys::thread::unix::Thread>::new::thread_start
[INFO] [stdout]   17:     0x73cd60c19dfa - <unknown>
[INFO] [stdout]   18:     0x73cd60cad3d4 - clone
[INFO] [stdout]   19:                0x0 - <unknown>
[INFO] [stdout] 
[INFO] [stdout] ---- tests::load_configured_python_package_loads_configured_uv_workspace_member stdout ----
[INFO] [stdout] 
[INFO] [stdout] thread 'tests::load_configured_python_package_loads_configured_uv_workspace_member' (4493) panicked at src/__tests__/lib_tests.rs:593:28:
[INFO] [stdout] expected the configured package to be loaded
[INFO] [stdout] stack backtrace:
[INFO] [stdout]    0:     0x560cad3416f1 - <<std[617be2ca0a6fd877]::sys::backtrace::BacktraceLock>::print::DisplayBacktrace as core[a373ad73a504971]::fmt::Display>::fmt
[INFO] [stdout]    1:     0x560cad359c8a - core[a373ad73a504971]::fmt::write
[INFO] [stdout]    2:     0x560cad345e7c - <alloc[2e1b2a31b91974c5]::vec::Vec<u8> as core[a373ad73a504971]::io::write::Write>::write_fmt
[INFO] [stdout]    3:     0x560cad31a226 - std[617be2ca0a6fd877]::panicking::default_hook::{closure#0}
[INFO] [stdout]    4:     0x560cad3386a9 - std[617be2ca0a6fd877]::panicking::default_hook
[INFO] [stdout]    5:     0x560cad185c60 - test[aada8e7e76ba119b]::test_main_inner::{closure#0}
[INFO] [stdout]    6:     0x560cad338862 - std[617be2ca0a6fd877]::panicking::panic_with_hook
[INFO] [stdout]    7:     0x560cad31a304 - std[617be2ca0a6fd877]::panicking::panic_handler::{closure#0}
[INFO] [stdout]    8:     0x560cad312b09 - std[617be2ca0a6fd877]::sys::backtrace::__rust_end_short_backtrace::<std[617be2ca0a6fd877]::panicking::panic_handler::{closure#0}, !>
[INFO] [stdout]    9:     0x560cad31af7d - __rustc[ea4f61d10b84890b]::rust_begin_unwind
[INFO] [stdout]   10:     0x560cad35a4ac - core[a373ad73a504971]::panicking::panic_fmt
[INFO] [stdout]   11:     0x560cad0e7e6c - <monochange_python[35165acc7efdbb82]::tests::load_configured_python_package_loads_configured_uv_workspace_member::{closure#0} as core[a373ad73a504971]::ops::function::FnOnce<()>>::call_once
[INFO] [stdout]   12:     0x560cad1790ab - test[aada8e7e76ba119b]::__rust_begin_short_backtrace::<core[a373ad73a504971]::result::Result<(), alloc[2e1b2a31b91974c5]::string::String>, fn() -> core[a373ad73a504971]::result::Result<(), alloc[2e1b2a31b91974c5]::string::String>>
[INFO] [stdout]   13:     0x560cad186285 - test[aada8e7e76ba119b]::run_test::{closure#0}
[INFO] [stdout]   14:     0x560cad17fb74 - std[617be2ca0a6fd877]::sys::backtrace::__rust_begin_short_backtrace::<test[aada8e7e76ba119b]::run_test::{closure#1}, ()>
[INFO] [stdout]   15:     0x560cad189312 - <std[617be2ca0a6fd877]::thread::lifecycle::spawn_unchecked<test[aada8e7e76ba119b]::run_test::{closure#1}, ()>::{closure#1} as core[a373ad73a504971]::ops::function::FnOnce<()>>::call_once::{shim:vtable#0}
[INFO] [stdout]   16:     0x560cad3406cf - <std[617be2ca0a6fd877]::sys::thread::unix::Thread>::new::thread_start
[INFO] [stdout]   17:     0x73cd60c19dfa - <unknown>
[INFO] [stdout]   18:     0x73cd60cad3d4 - clone
[INFO] [stdout]   19:                0x0 - <unknown>
[INFO] [stdout] 
[INFO] [stdout] ---- tests::load_configured_python_package_accepts_manifest_file_path stdout ----
[INFO] [stdout] 
[INFO] [stdout] thread 'tests::load_configured_python_package_accepts_manifest_file_path' (4491) panicked at src/__tests__/lib_tests.rs:625:28:
[INFO] [stdout] expected the configured package to be loaded
[INFO] [stdout] stack backtrace:
[INFO] [stdout]    0:     0x560cad3416f1 - <<std[617be2ca0a6fd877]::sys::backtrace::BacktraceLock>::print::DisplayBacktrace as core[a373ad73a504971]::fmt::Display>::fmt
[INFO] [stdout]    1:     0x560cad359c8a - core[a373ad73a504971]::fmt::write
[INFO] [stdout]    2:     0x560cad345e7c - <alloc[2e1b2a31b91974c5]::vec::Vec<u8> as core[a373ad73a504971]::io::write::Write>::write_fmt
[INFO] [stdout]    3:     0x560cad31a226 - std[617be2ca0a6fd877]::panicking::default_hook::{closure#0}
[INFO] [stdout]    4:     0x560cad3386a9 - std[617be2ca0a6fd877]::panicking::default_hook
[INFO] [stdout]    5:     0x560cad185c60 - test[aada8e7e76ba119b]::test_main_inner::{closure#0}
[INFO] [stdout]    6:     0x560cad338862 - std[617be2ca0a6fd877]::panicking::panic_with_hook
[INFO] [stdout]    7:     0x560cad31a304 - std[617be2ca0a6fd877]::panicking::panic_handler::{closure#0}
[INFO] [stdout]    8:     0x560cad312b09 - std[617be2ca0a6fd877]::sys::backtrace::__rust_end_short_backtrace::<std[617be2ca0a6fd877]::panicking::panic_handler::{closure#0}, !>
[INFO] [stdout]    9:     0x560cad31af7d - __rustc[ea4f61d10b84890b]::rust_begin_unwind
[INFO] [stdout]   10:     0x560cad35a4ac - core[a373ad73a504971]::panicking::panic_fmt
[INFO] [stdout]   11:     0x560cad0e0efe - <monochange_python[35165acc7efdbb82]::tests::load_configured_python_package_accepts_manifest_file_path::{closure#0} as core[a373ad73a504971]::ops::function::FnOnce<()>>::call_once
[INFO] [stdout]   12:     0x560cad1790ab - test[aada8e7e76ba119b]::__rust_begin_short_backtrace::<core[a373ad73a504971]::result::Result<(), alloc[2e1b2a31b91974c5]::string::String>, fn() -> core[a373ad73a504971]::result::Result<(), alloc[2e1b2a31b91974c5]::string::String>>
[INFO] [stdout]   13:     0x560cad186285 - test[aada8e7e76ba119b]::run_test::{closure#0}
[INFO] [stdout]   14:     0x560cad17fb74 - std[617be2ca0a6fd877]::sys::backtrace::__rust_begin_short_backtrace::<test[aada8e7e76ba119b]::run_test::{closure#1}, ()>
[INFO] [stdout]   15:     0x560cad189312 - <std[617be2ca0a6fd877]::thread::lifecycle::spawn_unchecked<test[aada8e7e76ba119b]::run_test::{closure#1}, ()>::{closure#1} as core[a373ad73a504971]::ops::function::FnOnce<()>>::call_once::{shim:vtable#0}
[INFO] [stdout]   16:     0x560cad3406cf - <std[617be2ca0a6fd877]::sys::thread::unix::Thread>::new::thread_start
[INFO] [stdout]   17:     0x73cd60c19dfa - <unknown>
[INFO] [stdout]   18:     0x73cd60cad3d4 - clone
[INFO] [stdout]   19:                0x0 - <unknown>
[INFO] [stdout] 
[INFO] [stdout] ---- tests::discover_python_packages_warns_on_empty_workspace_patterns stdout ----
[INFO] [stdout] 
[INFO] [stdout] thread 'tests::discover_python_packages_warns_on_empty_workspace_patterns' (4485) panicked at src/__tests__/lib_tests.rs:830:5:
[INFO] [stdout] expected warning about unmatched pattern: []
[INFO] [stdout] stack backtrace:
[INFO] [stdout]    0:     0x560cad3416f1 - <<std[617be2ca0a6fd877]::sys::backtrace::BacktraceLock>::print::DisplayBacktrace as core[a373ad73a504971]::fmt::Display>::fmt
[INFO] [stdout]    1:     0x560cad359c8a - core[a373ad73a504971]::fmt::write
[INFO] [stdout]    2:     0x560cad345e7c - <alloc[2e1b2a31b91974c5]::vec::Vec<u8> as core[a373ad73a504971]::io::write::Write>::write_fmt
[INFO] [stdout]    3:     0x560cad31a226 - std[617be2ca0a6fd877]::panicking::default_hook::{closure#0}
[INFO] [stdout]    4:     0x560cad3386a9 - std[617be2ca0a6fd877]::panicking::default_hook
[INFO] [stdout]    5:     0x560cad185c60 - test[aada8e7e76ba119b]::test_main_inner::{closure#0}
[INFO] [stdout]    6:     0x560cad338862 - std[617be2ca0a6fd877]::panicking::panic_with_hook
[INFO] [stdout]    7:     0x560cad31a2d2 - std[617be2ca0a6fd877]::panicking::panic_handler::{closure#0}
[INFO] [stdout]    8:     0x560cad312b09 - std[617be2ca0a6fd877]::sys::backtrace::__rust_end_short_backtrace::<std[617be2ca0a6fd877]::panicking::panic_handler::{closure#0}, !>
[INFO] [stdout]    9:     0x560cad31af7d - __rustc[ea4f61d10b84890b]::rust_begin_unwind
[INFO] [stdout]   10:     0x560cad35a4ac - core[a373ad73a504971]::panicking::panic_fmt
[INFO] [stdout]   11:     0x560cad0e1493 - <monochange_python[35165acc7efdbb82]::tests::discover_python_packages_warns_on_empty_workspace_patterns::{closure#0} as core[a373ad73a504971]::ops::function::FnOnce<()>>::call_once
[INFO] [stdout]   12:     0x560cad1790ab - test[aada8e7e76ba119b]::__rust_begin_short_backtrace::<core[a373ad73a504971]::result::Result<(), alloc[2e1b2a31b91974c5]::string::String>, fn() -> core[a373ad73a504971]::result::Result<(), alloc[2e1b2a31b91974c5]::string::String>>
[INFO] [stdout]   13:     0x560cad186285 - test[aada8e7e76ba119b]::run_test::{closure#0}
[INFO] [stdout]   14:     0x560cad17fb74 - std[617be2ca0a6fd877]::sys::backtrace::__rust_begin_short_backtrace::<test[aada8e7e76ba119b]::run_test::{closure#1}, ()>
[INFO] [stdout]   15:     0x560cad189312 - <std[617be2ca0a6fd877]::thread::lifecycle::spawn_unchecked<test[aada8e7e76ba119b]::run_test::{closure#1}, ()>::{closure#1} as core[a373ad73a504971]::ops::function::FnOnce<()>>::call_once::{shim:vtable#0}
[INFO] [stdout]   16:     0x560cad3406cf - <std[617be2ca0a6fd877]::sys::thread::unix::Thread>::new::thread_start
[INFO] [stdout]   17:     0x73cd60c19dfa - <unknown>
[INFO] [stdout]   18:     0x73cd60cad3d4 - clone
[INFO] [stdout]   19:                0x0 - <unknown>
[INFO] [stdout] 
[INFO] [stdout] ---- tests::discover_python_packages_warns_on_invalid_toml_in_standalone_scan stdout ----
[INFO] [stdout] 
[INFO] [stdout] thread 'tests::discover_python_packages_warns_on_invalid_toml_in_standalone_scan' (4486) panicked at src/__tests__/lib_tests.rs:845:5:
[INFO] [stdout] expected warning about parse failure: []
[INFO] [stdout] stack backtrace:
[INFO] [stdout]    0:     0x560cad3416f1 - <<std[617be2ca0a6fd877]::sys::backtrace::BacktraceLock>::print::DisplayBacktrace as core[a373ad73a504971]::fmt::Display>::fmt
[INFO] [stdout]    1:     0x560cad359c8a - core[a373ad73a504971]::fmt::write
[INFO] [stdout]    2:     0x560cad345e7c - <alloc[2e1b2a31b91974c5]::vec::Vec<u8> as core[a373ad73a504971]::io::write::Write>::write_fmt
[INFO] [stdout]    3:     0x560cad31a226 - std[617be2ca0a6fd877]::panicking::default_hook::{closure#0}
[INFO] [stdout]    4:     0x560cad3386a9 - std[617be2ca0a6fd877]::panicking::default_hook
[INFO] [stdout]    5:     0x560cad185c60 - test[aada8e7e76ba119b]::test_main_inner::{closure#0}
[INFO] [stdout]    6:     0x560cad338862 - std[617be2ca0a6fd877]::panicking::panic_with_hook
[INFO] [stdout]    7:     0x560cad31a2d2 - std[617be2ca0a6fd877]::panicking::panic_handler::{closure#0}
[INFO] [stdout]    8:     0x560cad312b09 - std[617be2ca0a6fd877]::sys::backtrace::__rust_end_short_backtrace::<std[617be2ca0a6fd877]::panicking::panic_handler::{closure#0}, !>
[INFO] [stdout]    9:     0x560cad31af7d - __rustc[ea4f61d10b84890b]::rust_begin_unwind
[INFO] [stdout]   10:     0x560cad35a4ac - core[a373ad73a504971]::panicking::panic_fmt
[INFO] [stdout]   11:     0x560cad0e62f3 - <monochange_python[35165acc7efdbb82]::tests::discover_python_packages_warns_on_invalid_toml_in_standalone_scan::{closure#0} as core[a373ad73a504971]::ops::function::FnOnce<()>>::call_once
[INFO] [stdout]   12:     0x560cad1790ab - test[aada8e7e76ba119b]::__rust_begin_short_backtrace::<core[a373ad73a504971]::result::Result<(), alloc[2e1b2a31b91974c5]::string::String>, fn() -> core[a373ad73a504971]::result::Result<(), alloc[2e1b2a31b91974c5]::string::String>>
[INFO] [stdout]   13:     0x560cad186285 - test[aada8e7e76ba119b]::run_test::{closure#0}
[INFO] [stdout]   14:     0x560cad17fb74 - std[617be2ca0a6fd877]::sys::backtrace::__rust_begin_short_backtrace::<test[aada8e7e76ba119b]::run_test::{closure#1}, ()>
[INFO] [stdout]   15:     0x560cad189312 - <std[617be2ca0a6fd877]::thread::lifecycle::spawn_unchecked<test[aada8e7e76ba119b]::run_test::{closure#1}, ()>::{closure#1} as core[a373ad73a504971]::ops::function::FnOnce<()>>::call_once::{shim:vtable#0}
[INFO] [stdout]   16:     0x560cad3406cf - <std[617be2ca0a6fd877]::sys::thread::unix::Thread>::new::thread_start
[INFO] [stdout]   17:     0x73cd60c19dfa - <unknown>
[INFO] [stdout]   18:     0x73cd60cad3d4 - clone
[INFO] [stdout]   19:                0x0 - <unknown>
[INFO] [stdout] 
[INFO] [stdout] ---- tests::standalone_python_packages_without_workspace_root_keep_distinct_ids stdout ----
[INFO] [stdout] 
[INFO] [stdout] thread 'tests::standalone_python_packages_without_workspace_root_keep_distinct_ids' (4503) panicked at src/__tests__/lib_tests.rs:1385:5:
[INFO] [stdout] assertion `left == right` failed
[INFO] [stdout]   left: []
[INFO] [stdout]  right: ["py-cli", "py-core"]
[INFO] [stdout] stack backtrace:
[INFO] [stdout]    0:     0x560cad3416f1 - <<std[617be2ca0a6fd877]::sys::backtrace::BacktraceLock>::print::DisplayBacktrace as core[a373ad73a504971]::fmt::Display>::fmt
[INFO] [stdout]    1:     0x560cad359c8a - core[a373ad73a504971]::fmt::write
[INFO] [stdout]    2:     0x560cad345e7c - <alloc[2e1b2a31b91974c5]::vec::Vec<u8> as core[a373ad73a504971]::io::write::Write>::write_fmt
[INFO] [stdout]    3:     0x560cad31a226 - std[617be2ca0a6fd877]::panicking::default_hook::{closure#0}
[INFO] [stdout]    4:     0x560cad3386a9 - std[617be2ca0a6fd877]::panicking::default_hook
[INFO] [stdout]    5:     0x560cad185c60 - test[aada8e7e76ba119b]::test_main_inner::{closure#0}
[INFO] [stdout]    6:     0x560cad338862 - std[617be2ca0a6fd877]::panicking::panic_with_hook
[INFO] [stdout]    7:     0x560cad31a2d2 - std[617be2ca0a6fd877]::panicking::panic_handler::{closure#0}
[INFO] [stdout]    8:     0x560cad312b09 - std[617be2ca0a6fd877]::sys::backtrace::__rust_end_short_backtrace::<std[617be2ca0a6fd877]::panicking::panic_handler::{closure#0}, !>
[INFO] [stdout]    9:     0x560cad31af7d - __rustc[ea4f61d10b84890b]::rust_begin_unwind
[INFO] [stdout]   10:     0x560cad35a4ac - core[a373ad73a504971]::panicking::panic_fmt
[INFO] [stdout]   11:     0x560cad35a3c3 - core[a373ad73a504971]::panicking::assert_failed_inner
[INFO] [stdout]   12:     0x560cad1022d1 - core[a373ad73a504971]::panicking::assert_failed::<alloc[2e1b2a31b91974c5]::vec::Vec<&str>, alloc[2e1b2a31b91974c5]::vec::Vec<&str>>
[INFO] [stdout]   13:     0x560cad0e82af - <monochange_python[35165acc7efdbb82]::tests::standalone_python_packages_without_workspace_root_keep_distinct_ids::{closure#0} as core[a373ad73a504971]::ops::function::FnOnce<()>>::call_once
[INFO] [stdout]   14:     0x560cad1790ab - test[aada8e7e76ba119b]::__rust_begin_short_backtrace::<core[a373ad73a504971]::result::Result<(), alloc[2e1b2a31b91974c5]::string::String>, fn() -> core[a373ad73a504971]::result::Result<(), alloc[2e1b2a31b91974c5]::string::String>>
[INFO] [stdout]   15:     0x560cad186285 - test[aada8e7e76ba119b]::run_test::{closure#0}
[INFO] [stdout]   16:     0x560cad17fb74 - std[617be2ca0a6fd877]::sys::backtrace::__rust_begin_short_backtrace::<test[aada8e7e76ba119b]::run_test::{closure#1}, ()>
[INFO] [stdout]   17:     0x560cad189312 - <std[617be2ca0a6fd877]::thread::lifecycle::spawn_unchecked<test[aada8e7e76ba119b]::run_test::{closure#1}, ()>::{closure#1} as core[a373ad73a504971]::ops::function::FnOnce<()>>::call_once::{shim:vtable#0}
[INFO] [stdout]   18:     0x560cad3406cf - <std[617be2ca0a6fd877]::sys::thread::unix::Thread>::new::thread_start
[INFO] [stdout]   19:     0x73cd60c19dfa - <unknown>
[INFO] [stdout]   20:     0x73cd60cad3d4 - clone
[INFO] [stdout]   21:                0x0 - <unknown>
[INFO] [stdout] 
[INFO] [stdout] ---- tests::discover_python_packages_extracts_optional_dependency_edges stdout ----
[INFO] [stdout] 
[INFO] [stdout] thread 'tests::discover_python_packages_extracts_optional_dependency_edges' (4473) panicked at src/__tests__/lib_tests.rs:303:10:
[INFO] [stdout] called `Option::unwrap()` on a `None` value
[INFO] [stdout] stack backtrace:
[INFO] [stdout]    0:     0x560cad3416f1 - <<std[617be2ca0a6fd877]::sys::backtrace::BacktraceLock>::print::DisplayBacktrace as core[a373ad73a504971]::fmt::Display>::fmt
[INFO] [stdout]    1:     0x560cad359c8a - core[a373ad73a504971]::fmt::write
[INFO] [stdout]    2:     0x560cad345e7c - <alloc[2e1b2a31b91974c5]::vec::Vec<u8> as core[a373ad73a504971]::io::write::Write>::write_fmt
[INFO] [stdout]    3:     0x560cad31a226 - std[617be2ca0a6fd877]::panicking::default_hook::{closure#0}
[INFO] [stdout]    4:     0x560cad3386a9 - std[617be2ca0a6fd877]::panicking::default_hook
[INFO] [stdout]    5:     0x560cad185c60 - test[aada8e7e76ba119b]::test_main_inner::{closure#0}
[INFO] [stdout]    6:     0x560cad338862 - std[617be2ca0a6fd877]::panicking::panic_with_hook
[INFO] [stdout]    7:     0x560cad31a304 - std[617be2ca0a6fd877]::panicking::panic_handler::{closure#0}
[INFO] [stdout]    8:     0x560cad312b09 - std[617be2ca0a6fd877]::sys::backtrace::__rust_end_short_backtrace::<std[617be2ca0a6fd877]::panicking::panic_handler::{closure#0}, !>
[INFO] [stdout]    9:     0x560cad31af7d - __rustc[ea4f61d10b84890b]::rust_begin_unwind
[INFO] [stdout]   10:     0x560cad35a4ac - core[a373ad73a504971]::panicking::panic_fmt
[INFO] [stdout]   11:     0x560cad35a472 - core[a373ad73a504971]::panicking::panic
[INFO] [stdout]   12:     0x560cad35a229 - core[a373ad73a504971]::option::unwrap_failed
[INFO] [stdout]   13:     0x560cad0e213a - <monochange_python[35165acc7efdbb82]::tests::discover_python_packages_extracts_optional_dependency_edges::{closure#0} as core[a373ad73a504971]::ops::function::FnOnce<()>>::call_once
[INFO] [stdout]   14:     0x560cad1790ab - test[aada8e7e76ba119b]::__rust_begin_short_backtrace::<core[a373ad73a504971]::result::Result<(), alloc[2e1b2a31b91974c5]::string::String>, fn() -> core[a373ad73a504971]::result::Result<(), alloc[2e1b2a31b91974c5]::string::String>>
[INFO] [stdout]   15:     0x560cad186285 - test[aada8e7e76ba119b]::run_test::{closure#0}
[INFO] [stdout]   16:     0x560cad17fb74 - std[617be2ca0a6fd877]::sys::backtrace::__rust_begin_short_backtrace::<test[aada8e7e76ba119b]::run_test::{closure#1}, ()>
[INFO] [stdout]   17:     0x560cad189312 - <std[617be2ca0a6fd877]::thread::lifecycle::spawn_unchecked<test[aada8e7e76ba119b]::run_test::{closure#1}, ()>::{closure#1} as core[a373ad73a504971]::ops::function::FnOnce<()>>::call_once::{shim:vtable#0}
[INFO] [stdout]   18:     0x560cad3406cf - <std[617be2ca0a6fd877]::sys::thread::unix::Thread>::new::thread_start
[INFO] [stdout]   19:     0x73cd60c19dfa - <unknown>
[INFO] [stdout]   20:     0x73cd60cad3d4 - clone
[INFO] [stdout]   21:                0x0 - <unknown>
[INFO] [stdout] 
[INFO] [stdout] ---- tests::update_versioned_file_text_normalizes_native_producer_names::case_1_poetry stdout ----
[INFO] [stdout] 
[INFO] [stdout] thread 'tests::update_versioned_file_text_normalizes_native_producer_names::case_1_poetry' (4514) panicked at src/__tests__/lib_tests.rs:489:29:
[INFO] [stdout] read fixture: No such file or directory (os error 2)
[INFO] [stdout] stack backtrace:
[INFO] [stdout]    0:     0x560cad3416f1 - <<std[617be2ca0a6fd877]::sys::backtrace::BacktraceLock>::print::DisplayBacktrace as core[a373ad73a504971]::fmt::Display>::fmt
[INFO] [stdout]    1:     0x560cad359c8a - core[a373ad73a504971]::fmt::write
[INFO] [stdout]    2:     0x560cad345e7c - <alloc[2e1b2a31b91974c5]::vec::Vec<u8> as core[a373ad73a504971]::io::write::Write>::write_fmt
[INFO] [stdout]    3:     0x560cad31a226 - std[617be2ca0a6fd877]::panicking::default_hook::{closure#0}
[INFO] [stdout]    4:     0x560cad3386a9 - std[617be2ca0a6fd877]::panicking::default_hook
[INFO] [stdout]    5:     0x560cad185c60 - test[aada8e7e76ba119b]::test_main_inner::{closure#0}
[INFO] [stdout]    6:     0x560cad338862 - std[617be2ca0a6fd877]::panicking::panic_with_hook
[INFO] [stdout]    7:     0x560cad31a2d2 - std[617be2ca0a6fd877]::panicking::panic_handler::{closure#0}
[INFO] [stdout]    8:     0x560cad312b09 - std[617be2ca0a6fd877]::sys::backtrace::__rust_end_short_backtrace::<std[617be2ca0a6fd877]::panicking::panic_handler::{closure#0}, !>
[INFO] [stdout]    9:     0x560cad31af7d - __rustc[ea4f61d10b84890b]::rust_begin_unwind
[INFO] [stdout]   10:     0x560cad35a4ac - core[a373ad73a504971]::panicking::panic_fmt
[INFO] [stdout]   11:     0x560cad0d91b9 - monochange_python[35165acc7efdbb82]::tests::update_versioned_file_text_normalizes_native_producer_names::{closure#0}
[INFO] [stdout]   12:     0x560cad0db1cb - monochange_python[35165acc7efdbb82]::tests::update_versioned_file_text_normalizes_native_producer_names
[INFO] [stdout]   13:     0x560cad104da1 - <monochange_python[35165acc7efdbb82]::tests::update_versioned_file_text_normalizes_native_producer_names::case_1_poetry::{closure#0} as core[a373ad73a504971]::ops::function::FnOnce<()>>::call_once
[INFO] [stdout]   14:     0x560cad1790ab - test[aada8e7e76ba119b]::__rust_begin_short_backtrace::<core[a373ad73a504971]::result::Result<(), alloc[2e1b2a31b91974c5]::string::String>, fn() -> core[a373ad73a504971]::result::Result<(), alloc[2e1b2a31b91974c5]::string::String>>
[INFO] [stdout]   15:     0x560cad186285 - test[aada8e7e76ba119b]::run_test::{closure#0}
[INFO] [stdout]   16:     0x560cad17fb74 - std[617be2ca0a6fd877]::sys::backtrace::__rust_begin_short_backtrace::<test[aada8e7e76ba119b]::run_test::{closure#1}, ()>
[INFO] [stdout]   17:     0x560cad189312 - <std[617be2ca0a6fd877]::thread::lifecycle::spawn_unchecked<test[aada8e7e76ba119b]::run_test::{closure#1}, ()>::{closure#1} as core[a373ad73a504971]::ops::function::FnOnce<()>>::call_once::{shim:vtable#0}
[INFO] [stdout]   18:     0x560cad3406cf - <std[617be2ca0a6fd877]::sys::thread::unix::Thread>::new::thread_start
[INFO] [stdout]   19:     0x73cd60c19dfa - <unknown>
[INFO] [stdout]   20:     0x73cd60cad3d4 - clone
[INFO] [stdout]   21:                0x0 - <unknown>
[INFO] [stdout] 
[INFO] [stdout] ---- tests::discover_lockfiles_finds_poetry_lock stdout ----
[INFO] [stdout] 
[INFO] [stdout] thread 'tests::discover_lockfiles_finds_poetry_lock' (4468) panicked at src/__tests__/lib_tests.rs:683:5:
[INFO] [stdout] assertion `left == right` failed
[INFO] [stdout]   left: 0
[INFO] [stdout]  right: 1
[INFO] [stdout] stack backtrace:
[INFO] [stdout]    0:     0x560cad3416f1 - <<std[617be2ca0a6fd877]::sys::backtrace::BacktraceLock>::print::DisplayBacktrace as core[a373ad73a504971]::fmt::Display>::fmt
[INFO] [stdout]    1:     0x560cad359c8a - core[a373ad73a504971]::fmt::write
[INFO] [stdout]    2:     0x560cad345e7c - <alloc[2e1b2a31b91974c5]::vec::Vec<u8> as core[a373ad73a504971]::io::write::Write>::write_fmt
[INFO] [stdout]    3:     0x560cad31a226 - std[617be2ca0a6fd877]::panicking::default_hook::{closure#0}
[INFO] [stdout]    4:     0x560cad3386a9 - std[617be2ca0a6fd877]::panicking::default_hook
[INFO] [stdout]    5:     0x560cad185c60 - test[aada8e7e76ba119b]::test_main_inner::{closure#0}
[INFO] [stdout]    6:     0x560cad338862 - std[617be2ca0a6fd877]::panicking::panic_with_hook
[INFO] [stdout]    7:     0x560cad31a2d2 - std[617be2ca0a6fd877]::panicking::panic_handler::{closure#0}
[INFO] [stdout]    8:     0x560cad312b09 - std[617be2ca0a6fd877]::sys::backtrace::__rust_end_short_backtrace::<std[617be2ca0a6fd877]::panicking::panic_handler::{closure#0}, !>
[INFO] [stdout]    9:     0x560cad31af7d - __rustc[ea4f61d10b84890b]::rust_begin_unwind
[INFO] [stdout]   10:     0x560cad35a4ac - core[a373ad73a504971]::panicking::panic_fmt
[INFO] [stdout]   11:     0x560cad35a3c3 - core[a373ad73a504971]::panicking::assert_failed_inner
[INFO] [stdout]   12:     0x560cad354248 - core[a373ad73a504971]::panicking::assert_failed::<usize, usize>
[INFO] [stdout]   13:     0x560cad0dcbdd - <monochange_python[35165acc7efdbb82]::tests::discover_lockfiles_finds_poetry_lock::{closure#0} as core[a373ad73a504971]::ops::function::FnOnce<()>>::call_once
[INFO] [stdout]   14:     0x560cad1790ab - test[aada8e7e76ba119b]::__rust_begin_short_backtrace::<core[a373ad73a504971]::result::Result<(), alloc[2e1b2a31b91974c5]::string::String>, fn() -> core[a373ad73a504971]::result::Result<(), alloc[2e1b2a31b91974c5]::string::String>>
[INFO] [stdout]   15:     0x560cad186285 - test[aada8e7e76ba119b]::run_test::{closure#0}
[INFO] [stdout]   16:     0x560cad17fb74 - std[617be2ca0a6fd877]::sys::backtrace::__rust_begin_short_backtrace::<test[aada8e7e76ba119b]::run_test::{closure#1}, ()>
[INFO] [stdout]   17:     0x560cad189312 - <std[617be2ca0a6fd877]::thread::lifecycle::spawn_unchecked<test[aada8e7e76ba119b]::run_test::{closure#1}, ()>::{closure#1} as core[a373ad73a504971]::ops::function::FnOnce<()>>::call_once::{shim:vtable#0}
[INFO] [stdout]   18:     0x560cad3406cf - <std[617be2ca0a6fd877]::sys::thread::unix::Thread>::new::thread_start
[INFO] [stdout]   19:     0x73cd60c19dfa - <unknown>
[INFO] [stdout]   20:     0x73cd60cad3d4 - clone
[INFO] [stdout]   21:                0x0 - <unknown>
[INFO] [stdout] 
[INFO] [stdout] ---- tests::update_versioned_file_text_normalizes_native_producer_names::case_2_pep621 stdout ----
[INFO] [stdout] 
[INFO] [stdout] thread 'tests::update_versioned_file_text_normalizes_native_producer_names::case_2_pep621' (4515) panicked at src/__tests__/lib_tests.rs:489:29:
[INFO] [stdout] read fixture: No such file or directory (os error 2)
[INFO] [stdout] stack backtrace:
[INFO] [stdout]    0:     0x560cad3416f1 - <<std[617be2ca0a6fd877]::sys::backtrace::BacktraceLock>::print::DisplayBacktrace as core[a373ad73a504971]::fmt::Display>::fmt
[INFO] [stdout]    1:     0x560cad359c8a - core[a373ad73a504971]::fmt::write
[INFO] [stdout]    2:     0x560cad345e7c - <alloc[2e1b2a31b91974c5]::vec::Vec<u8> as core[a373ad73a504971]::io::write::Write>::write_fmt
[INFO] [stdout]    3:     0x560cad31a226 - std[617be2ca0a6fd877]::panicking::default_hook::{closure#0}
[INFO] [stdout]    4:     0x560cad3386a9 - std[617be2ca0a6fd877]::panicking::default_hook
[INFO] [stdout]    5:     0x560cad185c60 - test[aada8e7e76ba119b]::test_main_inner::{closure#0}
[INFO] [stdout]    6:     0x560cad338862 - std[617be2ca0a6fd877]::panicking::panic_with_hook
[INFO] [stdout]    7:     0x560cad31a2d2 - std[617be2ca0a6fd877]::panicking::panic_handler::{closure#0}
[INFO] [stdout]    8:     0x560cad312b09 - std[617be2ca0a6fd877]::sys::backtrace::__rust_end_short_backtrace::<std[617be2ca0a6fd877]::panicking::panic_handler::{closure#0}, !>
[INFO] [stdout]    9:     0x560cad31af7d - __rustc[ea4f61d10b84890b]::rust_begin_unwind
[INFO] [stdout]   10:     0x560cad35a4ac - core[a373ad73a504971]::panicking::panic_fmt
[INFO] [stdout]   11:     0x560cad0d91b9 - monochange_python[35165acc7efdbb82]::tests::update_versioned_file_text_normalizes_native_producer_names::{closure#0}
[INFO] [stdout]   12:     0x560cad0db1cb - monochange_python[35165acc7efdbb82]::tests::update_versioned_file_text_normalizes_native_producer_names
[INFO] [stdout]   13:     0x560cad104dd1 - <monochange_python[35165acc7efdbb82]::tests::update_versioned_file_text_normalizes_native_producer_names::case_2_pep621::{closure#0} as core[a373ad73a504971]::ops::function::FnOnce<()>>::call_once
[INFO] [stdout]   14:     0x560cad1790ab - test[aada8e7e76ba119b]::__rust_begin_short_backtrace::<core[a373ad73a504971]::result::Result<(), alloc[2e1b2a31b91974c5]::string::String>, fn() -> core[a373ad73a504971]::result::Result<(), alloc[2e1b2a31b91974c5]::string::String>>
[INFO] [stdout]   15:     0x560cad186285 - test[aada8e7e76ba119b]::run_test::{closure#0}
[INFO] [stdout]   16:     0x560cad17fb74 - std[617be2ca0a6fd877]::sys::backtrace::__rust_begin_short_backtrace::<test[aada8e7e76ba119b]::run_test::{closure#1}, ()>
[INFO] [stdout]   17:     0x560cad189312 - <std[617be2ca0a6fd877]::thread::lifecycle::spawn_unchecked<test[aada8e7e76ba119b]::run_test::{closure#1}, ()>::{closure#1} as core[a373ad73a504971]::ops::function::FnOnce<()>>::call_once::{shim:vtable#0}
[INFO] [stdout]   18:     0x560cad3406cf - <std[617be2ca0a6fd877]::sys::thread::unix::Thread>::new::thread_start
[INFO] [stdout]   19:     0x73cd60c19dfa - <unknown>
[INFO] [stdout]   20:     0x73cd60cad3d4 - clone
[INFO] [stdout]   21:                0x0 - <unknown>
[INFO] [stdout] 
[INFO] [stdout] ---- tests::update_versioned_file_text_respects_poetry_and_project_version_ownership::case_1_poetry stdout ----
[INFO] [stdout] 
[INFO] [stdout] thread 'tests::update_versioned_file_text_respects_poetry_and_project_version_ownership::case_1_poetry' (4517) panicked at src/__tests__/lib_tests.rs:362:33:
[INFO] [stdout] read fixture: No such file or directory (os error 2)
[INFO] [stdout] stack backtrace:
[INFO] [stdout]    0:     0x560cad3416f1 - <<std[617be2ca0a6fd877]::sys::backtrace::BacktraceLock>::print::DisplayBacktrace as core[a373ad73a504971]::fmt::Display>::fmt
[INFO] [stdout]    1:     0x560cad359c8a - core[a373ad73a504971]::fmt::write
[INFO] [stdout]    2:     0x560cad345e7c - <alloc[2e1b2a31b91974c5]::vec::Vec<u8> as core[a373ad73a504971]::io::write::Write>::write_fmt
[INFO] [stdout]    3:     0x560cad31a226 - std[617be2ca0a6fd877]::panicking::default_hook::{closure#0}
[INFO] [stdout]    4:     0x560cad3386a9 - std[617be2ca0a6fd877]::panicking::default_hook
[INFO] [stdout]    5:     0x560cad185c60 - test[aada8e7e76ba119b]::test_main_inner::{closure#0}
[INFO] [stdout]    6:     0x560cad338862 - std[617be2ca0a6fd877]::panicking::panic_with_hook
[INFO] [stdout]    7:     0x560cad31a2d2 - std[617be2ca0a6fd877]::panicking::panic_handler::{closure#0}
[INFO] [stdout]    8:     0x560cad312b09 - std[617be2ca0a6fd877]::sys::backtrace::__rust_end_short_backtrace::<std[617be2ca0a6fd877]::panicking::panic_handler::{closure#0}, !>
[INFO] [stdout]    9:     0x560cad31af7d - __rustc[ea4f61d10b84890b]::rust_begin_unwind
[INFO] [stdout]   10:     0x560cad35a4ac - core[a373ad73a504971]::panicking::panic_fmt
[INFO] [stdout]   11:     0x560cad0d92d9 - monochange_python[35165acc7efdbb82]::tests::update_versioned_file_text_respects_poetry_and_project_version_ownership::{closure#0}
[INFO] [stdout]   12:     0x560cad0dbcf0 - monochange_python[35165acc7efdbb82]::tests::update_versioned_file_text_respects_poetry_and_project_version_ownership
[INFO] [stdout]   13:     0x560cad104e07 - <monochange_python[35165acc7efdbb82]::tests::update_versioned_file_text_respects_poetry_and_project_version_ownership::case_1_poetry::{closure#0} as core[a373ad73a504971]::ops::function::FnOnce<()>>::call_once
[INFO] [stdout]   14:     0x560cad1790ab - test[aada8e7e76ba119b]::__rust_begin_short_backtrace::<core[a373ad73a504971]::result::Result<(), alloc[2e1b2a31b91974c5]::string::String>, fn() -> core[a373ad73a504971]::result::Result<(), alloc[2e1b2a31b91974c5]::string::String>>
[INFO] [stdout]   15:     0x560cad186285 - test[aada8e7e76ba119b]::run_test::{closure#0}
[INFO] [stdout]   16:     0x560cad17fb74 - std[617be2ca0a6fd877]::sys::backtrace::__rust_begin_short_backtrace::<test[aada8e7e76ba119b]::run_test::{closure#1}, ()>
[INFO] [stdout]   17:     0x560cad189312 - <std[617be2ca0a6fd877]::thread::lifecycle::spawn_unchecked<test[aada8e7e76ba119b]::run_test::{closure#1}, ()>::{closure#1} as core[a373ad73a504971]::ops::function::FnOnce<()>>::call_once::{shim:vtable#0}
[INFO] [stdout]   18:     0x560cad3406cf - <std[617be2ca0a6fd877]::sys::thread::unix::Thread>::new::thread_start
[INFO] [stdout]   19:     0x73cd60c19dfa - <unknown>
[INFO] [stdout]   20:     0x73cd60cad3d4 - clone
[INFO] [stdout]   21:                0x0 - <unknown>
[INFO] [stdout] 
[INFO] [stdout] ---- tests::update_versioned_file_text_respects_poetry_and_project_version_ownership::case_2_unchanged stdout ----
[INFO] [stdout] 
[INFO] [stdout] thread 'tests::update_versioned_file_text_respects_poetry_and_project_version_ownership::case_2_unchanged' (4518) panicked at src/__tests__/lib_tests.rs:362:33:
[INFO] [stdout] read fixture: No such file or directory (os error 2)
[INFO] [stdout] stack backtrace:
[INFO] [stdout]    0:     0x560cad3416f1 - <<std[617be2ca0a6fd877]::sys::backtrace::BacktraceLock>::print::DisplayBacktrace as core[a373ad73a504971]::fmt::Display>::fmt
[INFO] [stdout]    1:     0x560cad359c8a - core[a373ad73a504971]::fmt::write
[INFO] [stdout]    2:     0x560cad345e7c - <alloc[2e1b2a31b91974c5]::vec::Vec<u8> as core[a373ad73a504971]::io::write::Write>::write_fmt
[INFO] [stdout]    3:     0x560cad31a226 - std[617be2ca0a6fd877]::panicking::default_hook::{closure#0}
[INFO] [stdout]    4:     0x560cad3386a9 - std[617be2ca0a6fd877]::panicking::default_hook
[INFO] [stdout]    5:     0x560cad185c60 - test[aada8e7e76ba119b]::test_main_inner::{closure#0}
[INFO] [stdout]    6:     0x560cad338862 - std[617be2ca0a6fd877]::panicking::panic_with_hook
[INFO] [stdout]    7:     0x560cad31a2d2 - std[617be2ca0a6fd877]::panicking::panic_handler::{closure#0}
[INFO] [stdout]    8:     0x560cad312b09 - std[617be2ca0a6fd877]::sys::backtrace::__rust_end_short_backtrace::<std[617be2ca0a6fd877]::panicking::panic_handler::{closure#0}, !>
[INFO] [stdout]    9:     0x560cad31af7d - __rustc[ea4f61d10b84890b]::rust_begin_unwind
[INFO] [stdout]   10:     0x560cad35a4ac - core[a373ad73a504971]::panicking::panic_fmt
[INFO] [stdout]   11:     0x560cad0d92d9 - monochange_python[35165acc7efdbb82]::tests::update_versioned_file_text_respects_poetry_and_project_version_ownership::{closure#0}
[INFO] [stdout]   12:     0x560cad0dbcf0 - monochange_python[35165acc7efdbb82]::tests::update_versioned_file_text_respects_poetry_and_project_version_ownership
[INFO] [stdout]   13:     0x560cad104ed4 - <monochange_python[35165acc7efdbb82]::tests::update_versioned_file_text_respects_poetry_and_project_version_ownership::case_2_unchanged::{closure#0} as core[a373ad73a504971]::ops::function::FnOnce<()>>::call_once
[INFO] [stdout]   14:     0x560cad1790ab - test[aada8e7e76ba119b]::__rust_begin_short_backtrace::<core[a373ad73a504971]::result::Result<(), alloc[2e1b2a31b91974c5]::string::String>, fn() -> core[a373ad73a504971]::result::Result<(), alloc[2e1b2a31b91974c5]::string::String>>
[INFO] [stdout]   15:     0x560cad186285 - test[aada8e7e76ba119b]::run_test::{closure#0}
[INFO] [stdout]   16:     0x560cad17fb74 - std[617be2ca0a6fd877]::sys::backtrace::__rust_begin_short_backtrace::<test[aada8e7e76ba119b]::run_test::{closure#1}, ()>
[INFO] [stdout]   17:     0x560cad189312 - <std[617be2ca0a6fd877]::thread::lifecycle::spawn_unchecked<test[aada8e7e76ba119b]::run_test::{closure#1}, ()>::{closure#1} as core[a373ad73a504971]::ops::function::FnOnce<()>>::call_once::{shim:vtable#0}
[INFO] [stdout]   18:     0x560cad3406cf - <std[617be2ca0a6fd877]::sys::thread::unix::Thread>::new::thread_start
[INFO] [stdout]   19:     0x73cd60c19dfa - <unknown>
[INFO] [stdout]   20:     0x73cd60cad3d4 - clone
[INFO] [stdout]   21:                0x0 - <unknown>
[INFO] [stdout] 
[INFO] [stdout] ---- tests::update_versioned_file_text_respects_poetry_and_project_version_ownership::case_3_pep621 stdout ----
[INFO] [stdout] 
[INFO] [stdout] thread 'tests::update_versioned_file_text_respects_poetry_and_project_version_ownership::case_3_pep621' (4519) panicked at src/__tests__/lib_tests.rs:362:33:
[INFO] [stdout] read fixture: No such file or directory (os error 2)
[INFO] [stdout] stack backtrace:
[INFO] [stdout]    0:     0x560cad3416f1 - <<std[617be2ca0a6fd877]::sys::backtrace::BacktraceLock>::print::DisplayBacktrace as core[a373ad73a504971]::fmt::Display>::fmt
[INFO] [stdout]    1:     0x560cad359c8a - core[a373ad73a504971]::fmt::write
[INFO] [stdout]    2:     0x560cad345e7c - <alloc[2e1b2a31b91974c5]::vec::Vec<u8> as core[a373ad73a504971]::io::write::Write>::write_fmt
[INFO] [stdout]    3:     0x560cad31a226 - std[617be2ca0a6fd877]::panicking::default_hook::{closure#0}
[INFO] [stdout]    4:     0x560cad3386a9 - std[617be2ca0a6fd877]::panicking::default_hook
[INFO] [stdout]    5:     0x560cad185c60 - test[aada8e7e76ba119b]::test_main_inner::{closure#0}
[INFO] [stdout]    6:     0x560cad338862 - std[617be2ca0a6fd877]::panicking::panic_with_hook
[INFO] [stdout]    7:     0x560cad31a2d2 - std[617be2ca0a6fd877]::panicking::panic_handler::{closure#0}
[INFO] [stdout]    8:     0x560cad312b09 - std[617be2ca0a6fd877]::sys::backtrace::__rust_end_short_backtrace::<std[617be2ca0a6fd877]::panicking::panic_handler::{closure#0}, !>
[INFO] [stdout]    9:     0x560cad31af7d - __rustc[ea4f61d10b84890b]::rust_begin_unwind
[INFO] [stdout]   10:     0x560cad35a4ac - core[a373ad73a504971]::panicking::panic_fmt
[INFO] [stdout]   11:     0x560cad0d92d9 - monochange_python[35165acc7efdbb82]::tests::update_versioned_file_text_respects_poetry_and_project_version_ownership::{closure#0}
[INFO] [stdout]   12:     0x560cad0dbcf0 - monochange_python[35165acc7efdbb82]::tests::update_versioned_file_text_respects_poetry_and_project_version_ownership
[INFO] [stdout]   13:     0x560cad104e54 - <monochange_python[35165acc7efdbb82]::tests::update_versioned_file_text_respects_poetry_and_project_version_ownership::case_3_pep621::{closure#0} as core[a373ad73a504971]::ops::function::FnOnce<()>>::call_once
[INFO] [stdout]   14:     0x560cad1790ab - test[aada8e7e76ba119b]::__rust_begin_short_backtrace::<core[a373ad73a504971]::result::Result<(), alloc[2e1b2a31b91974c5]::string::String>, fn() -> core[a373ad73a504971]::result::Result<(), alloc[2e1b2a31b91974c5]::string::String>>
[INFO] [stdout]   15:     0x560cad186285 - test[aada8e7e76ba119b]::run_test::{closure#0}
[INFO] [stdout]   16:     0x560cad17fb74 - std[617be2ca0a6fd877]::sys::backtrace::__rust_begin_short_backtrace::<test[aada8e7e76ba119b]::run_test::{closure#1}, ()>
[INFO] [stdout]   17:     0x560cad189312 - <std[617be2ca0a6fd877]::thread::lifecycle::spawn_unchecked<test[aada8e7e76ba119b]::run_test::{closure#1}, ()>::{closure#1} as core[a373ad73a504971]::ops::function::FnOnce<()>>::call_once::{shim:vtable#0}
[INFO] [stdout]   18:     0x560cad3406cf - <std[617be2ca0a6fd877]::sys::thread::unix::Thread>::new::thread_start
[INFO] [stdout]   19:     0x73cd60c19dfa - <unknown>
[INFO] [stdout]   20:     0x73cd60cad3d4 - clone
[INFO] [stdout]   21:                0x0 - <unknown>
[INFO] [stdout] 
[INFO] [stdout] ---- tests::default_lockfile_commands_infers_poetry_lock_for_poetry_project stdout ----
[INFO] [stdout] 
[INFO] [stdout] thread 'tests::default_lockfile_commands_infers_poetry_lock_for_poetry_project' (4464) panicked at src/__tests__/lib_tests.rs:717:5:
[INFO] [stdout] assertion `left == right` failed
[INFO] [stdout]   left: 0
[INFO] [stdout]  right: 1
[INFO] [stdout] stack backtrace:
[INFO] [stdout]    0:     0x560cad3416f1 - <<std[617be2ca0a6fd877]::sys::backtrace::BacktraceLock>::print::DisplayBacktrace as core[a373ad73a504971]::fmt::Display>::fmt
[INFO] [stdout]    1:     0x560cad359c8a - core[a373ad73a504971]::fmt::write
[INFO] [stdout]    2:     0x560cad345e7c - <alloc[2e1b2a31b91974c5]::vec::Vec<u8> as core[a373ad73a504971]::io::write::Write>::write_fmt
[INFO] [stdout]    3:     0x560cad31a226 - std[617be2ca0a6fd877]::panicking::default_hook::{closure#0}
[INFO] [stdout]    4:     0x560cad3386a9 - std[617be2ca0a6fd877]::panicking::default_hook
[INFO] [stdout]    5:     0x560cad185c60 - test[aada8e7e76ba119b]::test_main_inner::{closure#0}
[INFO] [stdout]    6:     0x560cad338862 - std[617be2ca0a6fd877]::panicking::panic_with_hook
[INFO] [stdout]    7:     0x560cad31a2d2 - std[617be2ca0a6fd877]::panicking::panic_handler::{closure#0}
[INFO] [stdout]    8:     0x560cad312b09 - std[617be2ca0a6fd877]::sys::backtrace::__rust_end_short_backtrace::<std[617be2ca0a6fd877]::panicking::panic_handler::{closure#0}, !>
[INFO] [stdout]    9:     0x560cad31af7d - __rustc[ea4f61d10b84890b]::rust_begin_unwind
[INFO] [stdout]   10:     0x560cad35a4ac - core[a373ad73a504971]::panicking::panic_fmt
[INFO] [stdout]   11:     0x560cad35a3c3 - core[a373ad73a504971]::panicking::assert_failed_inner
[INFO] [stdout]   12:     0x560cad354248 - core[a373ad73a504971]::panicking::assert_failed::<usize, usize>
[INFO] [stdout]   13:     0x560cad0e4ec6 - <monochange_python[35165acc7efdbb82]::tests::default_lockfile_commands_infers_poetry_lock_for_poetry_project::{closure#0} as core[a373ad73a504971]::ops::function::FnOnce<()>>::call_once
[INFO] [stdout]   14:     0x560cad1790ab - test[aada8e7e76ba119b]::__rust_begin_short_backtrace::<core[a373ad73a504971]::result::Result<(), alloc[2e1b2a31b91974c5]::string::String>, fn() -> core[a373ad73a504971]::result::Result<(), alloc[2e1b2a31b91974c5]::string::String>>
[INFO] [stdout]   15:     0x560cad186285 - test[aada8e7e76ba119b]::run_test::{closure#0}
[INFO] [stdout]   16:     0x560cad17fb74 - std[617be2ca0a6fd877]::sys::backtrace::__rust_begin_short_backtrace::<test[aada8e7e76ba119b]::run_test::{closure#1}, ()>
[INFO] [stdout]   17:     0x560cad189312 - <std[617be2ca0a6fd877]::thread::lifecycle::spawn_unchecked<test[aada8e7e76ba119b]::run_test::{closure#1}, ()>::{closure#1} as core[a373ad73a504971]::ops::function::FnOnce<()>>::call_once::{shim:vtable#0}
[INFO] [stdout]   18:     0x560cad3406cf - <std[617be2ca0a6fd877]::sys::thread::unix::Thread>::new::thread_start
[INFO] [stdout]   19:     0x73cd60c19dfa - <unknown>
[INFO] [stdout]   20:     0x73cd60cad3d4 - clone
[INFO] [stdout]   21:                0x0 - <unknown>
[INFO] [stdout] 
[INFO] [stdout] ---- tests::adapter_discover_delegates_to_discover_python_packages stdout ----
[INFO] [stdout] 
[INFO] [stdout] thread 'tests::adapter_discover_delegates_to_discover_python_packages' (4459) panicked at src/__tests__/lib_tests.rs:580:5:
[INFO] [stdout] assertion `left == right` failed
[INFO] [stdout]   left: 0
[INFO] [stdout]  right: 1
[INFO] [stdout] stack backtrace:
[INFO] [stdout]    0:     0x560cad3416f1 - <<std[617be2ca0a6fd877]::sys::backtrace::BacktraceLock>::print::DisplayBacktrace as core[a373ad73a504971]::fmt::Display>::fmt
[INFO] [stdout]    1:     0x560cad359c8a - core[a373ad73a504971]::fmt::write
[INFO] [stdout]    2:     0x560cad345e7c - <alloc[2e1b2a31b91974c5]::vec::Vec<u8> as core[a373ad73a504971]::io::write::Write>::write_fmt
[INFO] [stdout]    3:     0x560cad31a226 - std[617be2ca0a6fd877]::panicking::default_hook::{closure#0}
[INFO] [stdout]    4:     0x560cad3386a9 - std[617be2ca0a6fd877]::panicking::default_hook
[INFO] [stdout]    5:     0x560cad185c60 - test[aada8e7e76ba119b]::test_main_inner::{closure#0}
[INFO] [stdout]    6:     0x560cad338862 - std[617be2ca0a6fd877]::panicking::panic_with_hook
[INFO] [stdout]    7:     0x560cad31a2d2 - std[617be2ca0a6fd877]::panicking::panic_handler::{closure#0}
[INFO] [stdout]    8:     0x560cad312b09 - std[617be2ca0a6fd877]::sys::backtrace::__rust_end_short_backtrace::<std[617be2ca0a6fd877]::panicking::panic_handler::{closure#0}, !>
[INFO] [stdout]    9:     0x560cad31af7d - __rustc[ea4f61d10b84890b]::rust_begin_unwind
[INFO] [stdout]   10:     0x560cad35a4ac - core[a373ad73a504971]::panicking::panic_fmt
[INFO] [stdout]   11:     0x560cad35a3c3 - core[a373ad73a504971]::panicking::assert_failed_inner
[INFO] [stdout]   12:     0x560cad354248 - core[a373ad73a504971]::panicking::assert_failed::<usize, usize>
[INFO] [stdout]   13:     0x560cad0def54 - <monochange_python[35165acc7efdbb82]::tests::adapter_discover_delegates_to_discover_python_packages::{closure#0} as core[a373ad73a504971]::ops::function::FnOnce<()>>::call_once
[INFO] [stdout]   14:     0x560cad1790ab - test[aada8e7e76ba119b]::__rust_begin_short_backtrace::<core[a373ad73a504971]::result::Result<(), alloc[2e1b2a31b91974c5]::string::String>, fn() -> core[a373ad73a504971]::result::Result<(), alloc[2e1b2a31b91974c5]::string::String>>
[INFO] [stdout]   15:     0x560cad186285 - test[aada8e7e76ba119b]::run_test::{closure#0}
[INFO] [stdout]   16:     0x560cad17fb74 - std[617be2ca0a6fd877]::sys::backtrace::__rust_begin_short_backtrace::<test[aada8e7e76ba119b]::run_test::{closure#1}, ()>
[INFO] [stdout]   17:     0x560cad189312 - <std[617be2ca0a6fd877]::thread::lifecycle::spawn_unchecked<test[aada8e7e76ba119b]::run_test::{closure#1}, ()>::{closure#1} as core[a373ad73a504971]::ops::function::FnOnce<()>>::call_once::{shim:vtable#0}
[INFO] [stdout]   18:     0x560cad3406cf - <std[617be2ca0a6fd877]::sys::thread::unix::Thread>::new::thread_start
[INFO] [stdout]   19:     0x73cd60c19dfa - <unknown>
[INFO] [stdout]   20:     0x73cd60cad3d4 - clone
[INFO] [stdout]   21:                0x0 - <unknown>
[INFO] [stdout] 
[INFO] [stdout] ---- tests::update_versioned_file_text_updates_poetry_dependency_constraints_and_preserves_metadata stdout ----
[INFO] [stdout] 
[INFO] [stdout] thread 'tests::update_versioned_file_text_updates_poetry_dependency_constraints_and_preserves_metadata' (4524) panicked at src/__tests__/lib_tests.rs:443:29:
[INFO] [stdout] read fixture: No such file or directory (os error 2)
[INFO] [stdout] stack backtrace:
[INFO] [stdout]    0:     0x560cad3416f1 - <<std[617be2ca0a6fd877]::sys::backtrace::BacktraceLock>::print::DisplayBacktrace as core[a373ad73a504971]::fmt::Display>::fmt
[INFO] [stdout]    1:     0x560cad359c8a - core[a373ad73a504971]::fmt::write
[INFO] [stdout]    2:     0x560cad345e7c - <alloc[2e1b2a31b91974c5]::vec::Vec<u8> as core[a373ad73a504971]::io::write::Write>::write_fmt
[INFO] [stdout]    3:     0x560cad31a226 - std[617be2ca0a6fd877]::panicking::default_hook::{closure#0}
[INFO] [stdout]    4:     0x560cad3386a9 - std[617be2ca0a6fd877]::panicking::default_hook
[INFO] [stdout]    5:     0x560cad185c60 - test[aada8e7e76ba119b]::test_main_inner::{closure#0}
[INFO] [stdout]    6:     0x560cad338862 - std[617be2ca0a6fd877]::panicking::panic_with_hook
[INFO] [stdout]    7:     0x560cad31a2d2 - std[617be2ca0a6fd877]::panicking::panic_handler::{closure#0}
[INFO] [stdout]    8:     0x560cad312b09 - std[617be2ca0a6fd877]::sys::backtrace::__rust_end_short_backtrace::<std[617be2ca0a6fd877]::panicking::panic_handler::{closure#0}, !>
[INFO] [stdout]    9:     0x560cad31af7d - __rustc[ea4f61d10b84890b]::rust_begin_unwind
[INFO] [stdout]   10:     0x560cad35a4ac - core[a373ad73a504971]::panicking::panic_fmt
[INFO] [stdout]   11:     0x560cad0da989 - monochange_python[35165acc7efdbb82]::tests::update_versioned_file_text_updates_poetry_dependency_constraints_and_preserves_metadata::{closure#0}
[INFO] [stdout]   12:     0x560cad0e9ad3 - <monochange_python[35165acc7efdbb82]::tests::update_versioned_file_text_updates_poetry_dependency_constraints_and_preserves_metadata::{closure#0} as core[a373ad73a504971]::ops::function::FnOnce<()>>::call_once
[INFO] [stdout]   13:     0x560cad1790ab - test[aada8e7e76ba119b]::__rust_begin_short_backtrace::<core[a373ad73a504971]::result::Result<(), alloc[2e1b2a31b91974c5]::string::String>, fn() -> core[a373ad73a504971]::result::Result<(), alloc[2e1b2a31b91974c5]::string::String>>
[INFO] [stdout]   14:     0x560cad186285 - test[aada8e7e76ba119b]::run_test::{closure#0}
[INFO] [stdout]   15:     0x560cad17fb74 - std[617be2ca0a6fd877]::sys::backtrace::__rust_begin_short_backtrace::<test[aada8e7e76ba119b]::run_test::{closure#1}, ()>
[INFO] [stdout]   16:     0x560cad189312 - <std[617be2ca0a6fd877]::thread::lifecycle::spawn_unchecked<test[aada8e7e76ba119b]::run_test::{closure#1}, ()>::{closure#1} as core[a373ad73a504971]::ops::function::FnOnce<()>>::call_once::{shim:vtable#0}
[INFO] [stdout]   17:     0x560cad3406cf - <std[617be2ca0a6fd877]::sys::thread::unix::Thread>::new::thread_start
[INFO] [stdout]   18:     0x73cd60c19dfa - <unknown>
[INFO] [stdout]   19:     0x73cd60cad3d4 - clone
[INFO] [stdout]   20:                0x0 - <unknown>
[INFO] [stdout] 
[INFO] [stdout] ---- tests::update_versioned_file_text_respects_poetry_and_project_version_ownership::case_4_dynamic stdout ----
[INFO] [stdout] 
[INFO] [stdout] thread 'tests::update_versioned_file_text_respects_poetry_and_project_version_ownership::case_4_dynamic' (4520) panicked at src/__tests__/lib_tests.rs:362:33:
[INFO] [stdout] read fixture: No such file or directory (os error 2)
[INFO] [stdout] stack backtrace:
[INFO] [stdout]    0:     0x560cad3416f1 - <<std[617be2ca0a6fd877]::sys::backtrace::BacktraceLock>::print::DisplayBacktrace as core[a373ad73a504971]::fmt::Display>::fmt
[INFO] [stdout]    1:     0x560cad359c8a - core[a373ad73a504971]::fmt::write
[INFO] [stdout]    2:     0x560cad345e7c - <alloc[2e1b2a31b91974c5]::vec::Vec<u8> as core[a373ad73a504971]::io::write::Write>::write_fmt
[INFO] [stdout]    3:     0x560cad31a226 - std[617be2ca0a6fd877]::panicking::default_hook::{closure#0}
[INFO] [stdout]    4:     0x560cad3386a9 - std[617be2ca0a6fd877]::panicking::default_hook
[INFO] [stdout]    5:     0x560cad185c60 - test[aada8e7e76ba119b]::test_main_inner::{closure#0}
[INFO] [stdout]    6:     0x560cad338862 - std[617be2ca0a6fd877]::panicking::panic_with_hook
[INFO] [stdout]    7:     0x560cad31a2d2 - std[617be2ca0a6fd877]::panicking::panic_handler::{closure#0}
[INFO] [stdout]    8:     0x560cad312b09 - std[617be2ca0a6fd877]::sys::backtrace::__rust_end_short_backtrace::<std[617be2ca0a6fd877]::panicking::panic_handler::{closure#0}, !>
[INFO] [stdout]    9:     0x560cad31af7d - __rustc[ea4f61d10b84890b]::rust_begin_unwind
[INFO] [stdout]   10:     0x560cad35a4ac - core[a373ad73a504971]::panicking::panic_fmt
[INFO] [stdout]   11:     0x560cad0d92d9 - monochange_python[35165acc7efdbb82]::tests::update_versioned_file_text_respects_poetry_and_project_version_ownership::{closure#0}
[INFO] [stdout]   12:     0x560cad0dbcf0 - monochange_python[35165acc7efdbb82]::tests::update_versioned_file_text_respects_poetry_and_project_version_ownership
[INFO] [stdout]   13:     0x560cad104e9e - <monochange_python[35165acc7efdbb82]::tests::update_versioned_file_text_respects_poetry_and_project_version_ownership::case_4_dynamic::{closure#0} as core[a373ad73a504971]::ops::function::FnOnce<()>>::call_once
[INFO] [stdout]   14:     0x560cad1790ab - test[aada8e7e76ba119b]::__rust_begin_short_backtrace::<core[a373ad73a504971]::result::Result<(), alloc[2e1b2a31b91974c5]::string::String>, fn() -> core[a373ad73a504971]::result::Result<(), alloc[2e1b2a31b91974c5]::string::String>>
[INFO] [stdout]   15:     0x560cad186285 - test[aada8e7e76ba119b]::run_test::{closure#0}
[INFO] [stdout]   16:     0x560cad17fb74 - std[617be2ca0a6fd877]::sys::backtrace::__rust_begin_short_backtrace::<test[aada8e7e76ba119b]::run_test::{closure#1}, ()>
[INFO] [stdout]   17:     0x560cad189312 - <std[617be2ca0a6fd877]::thread::lifecycle::spawn_unchecked<test[aada8e7e76ba119b]::run_test::{closure#1}, ()>::{closure#1} as core[a373ad73a504971]::ops::function::FnOnce<()>>::call_once::{shim:vtable#0}
[INFO] [stdout]   18:     0x560cad3406cf - <std[617be2ca0a6fd877]::sys::thread::unix::Thread>::new::thread_start
[INFO] [stdout]   19:     0x73cd60c19dfa - <unknown>
[INFO] [stdout]   20:     0x73cd60cad3d4 - clone
[INFO] [stdout]   21:                0x0 - <unknown>
[INFO] [stdout] 
[INFO] [stdout] 
[INFO] [stdout] failures:
[INFO] [stdout]     tests::adapter_discover_delegates_to_discover_python_packages
[INFO] [stdout]     tests::default_lockfile_commands_infers_poetry_lock_for_poetry_project
[INFO] [stdout]     tests::default_lockfile_commands_infers_uv_lock_for_uv_workspace
[INFO] [stdout]     tests::discover_lockfiles_finds_poetry_lock
[INFO] [stdout]     tests::discover_lockfiles_finds_uv_lock_at_workspace_root
[INFO] [stdout]     tests::discover_lockfiles_prefers_workspace_root_then_manifest_directory
[INFO] [stdout]     tests::discover_python_packages_extracts_dependency_edges_from_uv_workspace
[INFO] [stdout]     tests::discover_python_packages_extracts_optional_dependency_edges
[INFO] [stdout]     tests::discover_python_packages_finds_poetry_project
[INFO] [stdout]     tests::discover_python_packages_finds_standalone_package
[INFO] [stdout]     tests::discover_python_packages_finds_uv_workspace_members
[INFO] [stdout]     tests::discover_python_packages_handles_dynamic_version
[INFO] [stdout]     tests::discover_python_packages_handles_two_part_version
[INFO] [stdout]     tests::discover_python_packages_parses_complex_poetry_dependencies
[INFO] [stdout]     tests::discover_python_packages_preserves_native_names_and_supplies_canonical_dependency_aliases
[INFO] [stdout]     tests::discover_python_packages_warns_on_empty_workspace_patterns
[INFO] [stdout]     tests::discover_python_packages_warns_on_invalid_toml_in_standalone_scan
[INFO] [stdout]     tests::load_configured_python_package_accepts_manifest_file_path
[INFO] [stdout]     tests::load_configured_python_package_loads_configured_poetry_package
[INFO] [stdout]     tests::load_configured_python_package_loads_configured_uv_workspace_member
[INFO] [stdout]     tests::standalone_python_packages_without_workspace_root_keep_distinct_ids
[INFO] [stdout]     tests::update_versioned_file_text_normalizes_native_producer_names::case_1_poetry
[INFO] [stdout]     tests::update_versioned_file_text_normalizes_native_producer_names::case_2_pep621
[INFO] [stdout]     tests::update_versioned_file_text_respects_poetry_and_project_version_ownership::case_1_poetry
[INFO] [stdout]     tests::update_versioned_file_text_respects_poetry_and_project_version_ownership::case_2_unchanged
[INFO] [stdout]     tests::update_versioned_file_text_respects_poetry_and_project_version_ownership::case_3_pep621
[INFO] [stdout]     tests::update_versioned_file_text_respects_poetry_and_project_version_ownership::case_4_dynamic
[INFO] [stdout]     tests::update_versioned_file_text_updates_poetry_dependency_constraints_and_preserves_metadata
[INFO] [stdout] 
[INFO] [stdout] test result: FAILED. 42 passed; 28 failed; 0 ignored; 0 measured; 0 filtered out; finished in 0.03s
[INFO] [stdout] 
[INFO] [stderr] error: test failed, to rerun pass `--lib`
[INFO] running `Command { std: "docker" "inspect" "ebbd16de2ddf2c88be8e203f2514f1ad8ce83a9e4b406c006c0089d627ad0e23", kill_on_drop: false }`
[INFO] running `Command { std: "docker" "rm" "-f" "ebbd16de2ddf2c88be8e203f2514f1ad8ce83a9e4b406c006c0089d627ad0e23", kill_on_drop: false }`
[INFO] [stdout] ebbd16de2ddf2c88be8e203f2514f1ad8ce83a9e4b406c006c0089d627ad0e23
