[INFO] fetching crate monitrs 1.0.1...
[INFO] testing monitrs-1.0.1 against 1.99.0-beta.8+cargoflags=--release for beta-release-1.100-2
[INFO] extracting crate monitrs 1.0.1 into /workspace/builds/worker-4-tc1/source
[INFO] started tweaking crates.io crate monitrs 1.0.1
[INFO] removed 0 missing tests
[INFO] finished tweaking crates.io crate monitrs 1.0.1
[INFO] tweaked toml for crates.io crate monitrs 1.0.1 written to /workspace/builds/worker-4-tc1/source/Cargo.toml
[INFO] validating manifest of crates.io crate monitrs 1.0.1 on toolchain 1.99.0-beta.8
[INFO] running `Command { std: CARGO_HOME="/workspace/cargo-home" RUSTUP_HOME="/workspace/rustup-home" "/workspace/cargo-home/bin/cargo" "+1.99.0-beta.8" "metadata" "--manifest-path" "Cargo.toml" "--no-deps", kill_on_drop: false }`
[INFO] crate crates.io crate monitrs 1.0.1 already has a lockfile, it will not be regenerated
[INFO] running `Command { std: CARGO_HOME="/workspace/cargo-home" RUSTUP_HOME="/workspace/rustup-home" "/workspace/cargo-home/bin/cargo" "+1.99.0-beta.8" "fetch" "--manifest-path" "Cargo.toml", kill_on_drop: false }`
[INFO] [stderr]     Updating crates.io index
[INFO] [stderr]  Downloading crates ...
[INFO] [stderr]   Downloaded tracing-appender v0.2.5
[INFO] [stderr]   Downloaded symlink v0.1.0
[INFO] [stderr]   Downloaded toml v1.1.4+spec-1.1.0
[INFO] [stderr]   Downloaded ratatui v0.30.2
[INFO] [stderr]   Downloaded by_address v1.2.1
[INFO] [stderr]   Downloaded line-clipping v0.3.7
[INFO] [stderr]   Downloaded instability v0.3.12
[INFO] [stderr]   Downloaded palette_derive v0.7.6
[INFO] [stderr]   Downloaded fast-srgb8 v1.0.0
[INFO] [stderr]   Downloaded kasuari v0.4.12
[INFO] [stderr]   Downloaded ratatui-termwiz v0.1.2
[INFO] [stderr]   Downloaded lru v0.18.1
[INFO] [stderr]   Downloaded pest_generator v2.8.8
[INFO] [stderr]   Downloaded ratatui-termina v0.1.0
[INFO] [stderr]   Downloaded pest_derive v2.8.8
[INFO] [stderr]   Downloaded pest_meta v2.8.8
[INFO] [stderr]   Downloaded euclid v0.22.14
[INFO] [stderr]   Downloaded ratatui-crossterm v0.1.2
[INFO] [stderr]   Downloaded directories v6.0.0
[INFO] [stderr]   Downloaded clap v4.6.4
[INFO] [stderr]   Downloaded termina v0.3.3
[INFO] [stderr]   Downloaded owo-colors v4.3.0
[INFO] [stderr]   Downloaded pest v2.8.8
[INFO] [stderr]   Downloaded eyre v0.6.12
[INFO] [stderr]   Downloaded ratatui-core v0.1.2
[INFO] [stderr]   Downloaded portable-atomic v1.14.0
[INFO] [stderr]   Downloaded cc v1.4.0
[INFO] [stderr]   Downloaded clap_complete v4.6.8
[INFO] [stderr]   Downloaded palette v0.7.6
[INFO] [stderr]   Downloaded ratatui-widgets v0.3.2
[INFO] [stderr]   Downloaded clap_builder v4.6.2
[INFO] [stderr]   Downloaded time v0.3.54
[INFO] [stderr]   Downloaded monitrs-core v1.0.1
[INFO] [stderr]   Downloaded monitrs-collectors v1.0.1
[INFO] [stderr]   Downloaded monitrs-tui v1.0.1
[INFO] [stderr]   Downloaded color-eyre v0.6.5
[INFO] running `Command { std: "docker" "create" "-v" "/var/lib/crater-agent-workspace/builds/worker-4-tc1/source:/opt/rustwide/workdir:ro,Z" "-v" "/var/lib/crater-agent-workspace/builds/worker-4-tc1/target:/opt/rustwide/target:rw,Z" "-v" "/var/lib/crater-agent-workspace/cargo-home:/opt/rustwide/cargo-home:ro,Z" "-v" "/var/lib/crater-agent-workspace/rustup-home:/opt/rustwide/rustup-home:ro,Z" "-m" "1610612736" "--network" "none" "ghcr.io/rust-lang/crates-build-env/linux@sha256:77db811e55d90add9212f6832c23229e3de5f1c1f9905e8cb07319ea15df73ac" "sleep" "infinity", kill_on_drop: false }`
[INFO] [stdout] e47912ea354a8831675cabec2f4884e3d98511ea560e0820a98507473bf782af
[INFO] running `Command { std: "docker" "start" "e47912ea354a8831675cabec2f4884e3d98511ea560e0820a98507473bf782af", kill_on_drop: false }`
[INFO] running `Command { std: "docker" "inspect" "e47912ea354a8831675cabec2f4884e3d98511ea560e0820a98507473bf782af", kill_on_drop: false }`
[INFO] running `Command { std: "docker" "exec" "-e" "SOURCE_DIR=/opt/rustwide/workdir" "-e" "CARGO_HOME=/opt/rustwide/cargo-home" "-e" "RUSTUP_HOME=/opt/rustwide/rustup-home" "-e" "CARGO_TARGET_DIR=/opt/rustwide/target" "-w" "/opt/rustwide/workdir" "--user" "0:0" "e47912ea354a8831675cabec2f4884e3d98511ea560e0820a98507473bf782af" "/opt/rustwide/cargo-home/bin/cargo" "+1.99.0-beta.8" "metadata" "--no-deps" "--format-version=1", kill_on_drop: false }`
[INFO] running `Command { std: "docker" "inspect" "e47912ea354a8831675cabec2f4884e3d98511ea560e0820a98507473bf782af", kill_on_drop: false }`
[INFO] running `Command { std: "docker" "exec" "-e" "SOURCE_DIR=/opt/rustwide/workdir" "-e" "CARGO_HOME=/opt/rustwide/cargo-home" "-e" "RUSTUP_HOME=/opt/rustwide/rustup-home" "-e" "CARGO_TARGET_DIR=/opt/rustwide/target" "-e" "CARGO_INCREMENTAL=0" "-e" "RUST_BACKTRACE=full" "-e" "RUSTFLAGS=--cap-lints=warn" "-e" "RUSTDOCFLAGS=--cap-lints=warn" "-w" "/opt/rustwide/workdir" "--user" "0:0" "e47912ea354a8831675cabec2f4884e3d98511ea560e0820a98507473bf782af" "/opt/rustwide/cargo-home/bin/cargo" "+1.99.0-beta.8" "build" "--frozen" "--message-format=json" "--release", kill_on_drop: false }`
[INFO] [stderr]    Compiling proc-macro2 v1.0.107
[INFO] [stderr]    Compiling bitflags v2.13.1
[INFO] [stderr]    Compiling rustix v1.1.4
[INFO] [stderr]    Compiling thiserror v2.0.19
[INFO] [stderr]    Compiling linux-raw-sys v0.12.1
[INFO] [stderr]    Compiling serde_core v1.0.229
[INFO] [stderr]    Compiling allocator-api2 v0.2.21
[INFO] [stderr]    Compiling foldhash v0.2.0
[INFO] [stderr]    Compiling unicode-segmentation v1.13.3
[INFO] [stderr]    Compiling signal-hook v0.3.18
[INFO] [stderr]    Compiling either v1.17.0
[INFO] [stderr]    Compiling log v0.4.33
[INFO] [stderr]    Compiling errno v0.3.14
[INFO] [stderr]    Compiling castaway v0.2.4
[INFO] [stderr]    Compiling ryu v1.0.23
[INFO] [stderr]    Compiling signal-hook-registry v1.4.8
[INFO] [stderr]    Compiling static_assertions v1.1.0
[INFO] [stderr]    Compiling instability v0.3.12
[INFO] [stderr]    Compiling utf8parse v0.2.2
[INFO] [stderr]    Compiling smallvec v1.15.2
[INFO] [stderr]    Compiling anstyle-parse v1.0.0
[INFO] [stderr]    Compiling mio v1.2.2
[INFO] [stderr]    Compiling itertools v0.14.0
[INFO] [stderr]    Compiling compact_str v0.9.1
[INFO] [stderr]    Compiling indoc v2.0.7
[INFO] [stderr]    Compiling quote v1.0.47
[INFO] [stderr]    Compiling colorchoice v1.0.5
[INFO] [stderr]    Compiling anstyle v1.0.14
[INFO] [stderr]    Compiling convert_case v0.10.0
[INFO] [stderr]    Compiling hashbrown v0.16.1
[INFO] [stderr]    Compiling hashbrown v0.17.1
[INFO] [stderr]    Compiling parking_lot_core v0.9.12
[INFO] [stderr]    Compiling is_terminal_polyfill v1.70.2
[INFO] [stderr]    Compiling anstyle-query v1.1.5
[INFO] [stderr]    Compiling serde v1.0.229
[INFO] [stderr]    Compiling critical-section v1.2.0
[INFO] [stderr]    Compiling syn v2.0.119
[INFO] [stderr]    Compiling syn v3.0.3
[INFO] [stderr]    Compiling litrs v1.0.0
[INFO] [stderr]    Compiling anstream v1.0.0
[INFO] [stderr]    Compiling tracing-core v0.1.36
[INFO] [stderr]    Compiling parking_lot v0.12.5
[INFO] [stderr]    Compiling crossbeam-utils v0.8.22
[INFO] [stderr]    Compiling signal-hook-mio v0.2.5
[INFO] [stderr]    Compiling regex-syntax v0.8.11
[INFO] [stderr]    Compiling strsim v0.11.1
[INFO] [stderr]    Compiling clap_lex v1.1.0
[INFO] [stderr]    Compiling line-clipping v0.3.7
[INFO] [stderr]    Compiling eyre v0.6.12
[INFO] [stderr]    Compiling owo-colors v4.3.0
[INFO] [stderr]    Compiling document-features v0.2.12
[INFO] [stderr]    Compiling object v0.37.3
[INFO] [stderr]    Compiling thread_local v1.1.10
[INFO] [stderr]    Compiling indenter v0.3.4
[INFO] [stderr]    Compiling deranged v0.5.8
[INFO] [stderr]    Compiling serde_json v1.0.151
[INFO] [stderr]    Compiling time-core v0.1.9
[INFO] [stderr]    Compiling winnow v1.0.4
[INFO] [stderr]    Compiling num-conv v0.2.2
[INFO] [stderr]    Compiling dirs-sys v0.5.0
[INFO] [stderr]    Compiling lru v0.18.1
[INFO] [stderr]    Compiling sysinfo v0.39.6
[INFO] [stderr]    Compiling terminal_size v0.4.4
[INFO] [stderr]    Compiling clap_builder v4.6.2
[INFO] [stderr]    Compiling crossbeam-channel v0.5.16
[INFO] [stderr]    Compiling toml_parser v1.1.3+spec-1.1.0
[INFO] [stderr]    Compiling roff v1.1.1
[INFO] [stderr]    Compiling toml_writer v1.1.2+spec-1.1.0
[INFO] [stderr]    Compiling symlink v0.1.0
[INFO] [stderr]    Compiling regex-automata v0.4.16
[INFO] [stderr]    Compiling directories v6.0.0
[INFO] [stderr]    Compiling unicode-truncate v2.0.1
[INFO] [stderr]    Compiling time v0.3.54
[INFO] [stderr]    Compiling serde_spanned v1.1.1
[INFO] [stderr]    Compiling toml_datetime v1.1.1+spec-1.1.0
[INFO] [stderr]    Compiling toml v1.1.4+spec-1.1.0
[INFO] [stderr]    Compiling thiserror-impl v2.0.19
[INFO] [stderr]    Compiling serde_derive v1.0.229
[INFO] [stderr]    Compiling clap_derive v4.6.4
[INFO] [stderr]    Compiling backtrace v0.3.76
[INFO] [stderr]    Compiling kasuari v0.4.12
[INFO] [stderr]    Compiling darling_core v0.23.0
[INFO] [stderr]    Compiling matchers v0.2.0
[INFO] [stderr]    Compiling color-eyre v0.6.5
[INFO] [stderr]    Compiling clap v4.6.4
[INFO] [stderr]    Compiling clap_mangen v0.3.0
[INFO] [stderr]    Compiling clap_complete v4.6.8
[INFO] [stderr]    Compiling strum_macros v0.28.0
[INFO] [stderr]    Compiling derive_more-impl v2.1.1
[INFO] [stderr]    Compiling tracing-attributes v0.1.31
[INFO] [stderr]    Compiling derive_more v2.1.1
[INFO] [stderr]    Compiling crossterm v0.29.0
[INFO] [stderr]    Compiling monitrs-core v1.0.1
[INFO] [stderr]    Compiling tracing v0.1.44
[INFO] [stderr]    Compiling tracing-subscriber v0.3.23
[INFO] [stderr]    Compiling darling_macro v0.23.0
[INFO] [stderr]    Compiling darling v0.23.0
[INFO] [stderr]    Compiling strum v0.28.0
[INFO] [stderr]    Compiling ratatui-core v0.1.2
[INFO] [stderr]    Compiling tracing-appender v0.2.5
[INFO] [stderr]    Compiling ratatui-widgets v0.3.2
[INFO] [stderr]    Compiling ratatui-crossterm v0.1.2
[INFO] [stderr]    Compiling monitrs-collectors v1.0.1
[INFO] [stderr]    Compiling ratatui v0.30.2
[INFO] [stderr]    Compiling monitrs-tui v1.0.1
[INFO] [stderr]    Compiling monitrs v1.0.1 (/opt/rustwide/workdir)
[INFO] [stderr]     Finished `release` profile [optimized] target(s) in 1m 43s
[INFO] running `Command { std: "docker" "inspect" "e47912ea354a8831675cabec2f4884e3d98511ea560e0820a98507473bf782af", kill_on_drop: false }`
[INFO] running `Command { std: "docker" "exec" "-e" "SOURCE_DIR=/opt/rustwide/workdir" "-e" "CARGO_HOME=/opt/rustwide/cargo-home" "-e" "RUSTUP_HOME=/opt/rustwide/rustup-home" "-e" "CARGO_TARGET_DIR=/opt/rustwide/target" "-e" "CARGO_INCREMENTAL=0" "-e" "RUST_BACKTRACE=full" "-e" "RUSTFLAGS=--cap-lints=warn" "-e" "RUSTDOCFLAGS=--cap-lints=warn" "-w" "/opt/rustwide/workdir" "--user" "0:0" "e47912ea354a8831675cabec2f4884e3d98511ea560e0820a98507473bf782af" "/opt/rustwide/cargo-home/bin/cargo" "+1.99.0-beta.8" "test" "--frozen" "--no-run" "--message-format=json" "--release", kill_on_drop: false }`
[INFO] [stderr]    Compiling serde v1.0.229
[INFO] [stderr]    Compiling regex-automata v0.4.16
[INFO] [stderr]    Compiling zerocopy v0.8.55
[INFO] [stderr]    Compiling zerocopy-derive v0.8.55
[INFO] [stderr]    Compiling find-msvc-tools v0.1.9
[INFO] [stderr]    Compiling num-traits v0.2.19
[INFO] [stderr]    Compiling ciborium-io v0.2.2
[INFO] [stderr]    Compiling itertools v0.13.0
[INFO] [stderr]    Compiling cast v0.3.0
[INFO] [stderr]    Compiling same-file v1.0.6
[INFO] [stderr]    Compiling page_size v0.6.0
[INFO] [stderr]    Compiling anes v0.1.6
[INFO] [stderr]    Compiling oorandom v11.1.5
[INFO] [stderr]    Compiling walkdir v2.5.0
[INFO] [stderr]    Compiling cc v1.4.0
[INFO] [stderr]    Compiling monitrs-core v1.0.1
[INFO] [stderr]    Compiling tinytemplate v1.2.1
[INFO] [stderr]    Compiling alloca v0.4.0
[INFO] [stderr]    Compiling criterion-plot v0.8.2
[INFO] [stderr]    Compiling monitrs-collectors v1.0.1
[INFO] [stderr]    Compiling monitrs-tui v1.0.1
[INFO] [stderr]    Compiling matchers v0.2.0
[INFO] [stderr]    Compiling regex v1.13.1
[INFO] [stderr]    Compiling tracing-subscriber v0.3.23
[INFO] [stderr]    Compiling tracing-appender v0.2.5
[INFO] [stderr]    Compiling half v2.7.1
[INFO] [stderr]    Compiling ciborium-ll v0.2.2
[INFO] [stderr]    Compiling ciborium v0.2.2
[INFO] [stderr]    Compiling criterion v0.8.2
[INFO] [stderr]    Compiling monitrs v1.0.1 (/opt/rustwide/workdir)
[INFO] [stderr]     Finished `release` profile [optimized] target(s) in 1m 59s
[INFO] running `Command { std: "docker" "inspect" "e47912ea354a8831675cabec2f4884e3d98511ea560e0820a98507473bf782af", kill_on_drop: false }`
[INFO] running `Command { std: "docker" "exec" "-e" "SOURCE_DIR=/opt/rustwide/workdir" "-e" "CARGO_HOME=/opt/rustwide/cargo-home" "-e" "RUSTUP_HOME=/opt/rustwide/rustup-home" "-e" "CARGO_TARGET_DIR=/opt/rustwide/target" "-e" "CARGO_INCREMENTAL=0" "-e" "RUST_BACKTRACE=full" "-e" "RUSTFLAGS=--cap-lints=warn" "-e" "RUSTDOCFLAGS=--cap-lints=warn" "-w" "/opt/rustwide/workdir" "--user" "0:0" "e47912ea354a8831675cabec2f4884e3d98511ea560e0820a98507473bf782af" "/opt/rustwide/cargo-home/bin/cargo" "+1.99.0-beta.8" "test" "--frozen" "--release", kill_on_drop: false }`
[INFO] [stderr]     Finished `release` profile [optimized] target(s) in 0.24s
[INFO] [stderr]      Running unittests src/main.rs (/opt/rustwide/target/release/deps/monitrs-928e404f8a36e788)
[INFO] [stdout] 
[INFO] [stdout] running 207 tests
[INFO] [stdout] test cli::tests::an_explicit_color_flag_is_distinguishable_from_the_default ... ok
[INFO] [stdout] test cli::tests::a_shorthand_conflicting_with_its_long_form_is_rejected ... ok
[INFO] [stdout] test cli::tests::an_unparsable_duration_is_rejected_with_the_offending_text ... ok
[INFO] [stdout] test cli::tests::an_unknown_sort_field_is_rejected_rather_than_ignored ... ok
[INFO] [stdout] test cli::tests::ascii_and_no_color_are_shorthands_for_their_long_forms ... ok
[INFO] [stdout] test cli::tests::completions_and_manpage_parse ... ok
[INFO] [stdout] test cli::tests::config_and_no_config_cannot_be_combined ... ok
[INFO] [stdout] test config::tests::a_bare_character_keeps_its_case_so_upper_and_lower_stay_distinct ... ok
[INFO] [stdout] test cli::tests::snapshot_export_redacts_arguments_by_default ... ok
[INFO] [stdout] test cli::tests::config_subcommands_parse ... ok
[INFO] [stdout] test cli::tests::out_of_range_history_is_reported ... ok
[INFO] [stdout] test cli::tests::launching_with_no_arguments_is_valid_and_selects_no_subcommand ... ok
[INFO] [stdout] test cli::tests::the_cli_definition_is_internally_consistent ... ok
[INFO] [stdout] test cli::tests::help_and_version_are_available ... ok
[INFO] [stdout] test cli::tests::every_problem_is_reported_not_just_the_first ... ok
[INFO] [stdout] test cli::tests::numeric_color_modes_use_their_natural_spelling ... ok
[INFO] [stdout] test cli::tests::history_shorter_than_one_interval_is_rejected ... ok
[INFO] [stdout] test cli::tests::out_of_range_intervals_are_reported_against_the_flag_that_caused_them ... ok
[INFO] [stdout] test cli::tests::durations_accept_the_documented_grammar ... ok
[INFO] [stdout] test cli::tests::every_sort_field_in_the_specification_is_accepted ... ok
[INFO] [stdout] test config::tests::a_bell_that_could_never_ring_is_reported_rather_than_ignored ... ok
[INFO] [stdout] test cli::tests::snapshot_can_be_asked_to_include_arguments_explicitly ... ok
[INFO] [stdout] test config::tests::a_cli_sort_flag_maps_onto_a_valid_config_token ... ok
[INFO] [stdout] test config::tests::a_config_serializes_back_to_a_parseable_file ... ok
[INFO] [stdout] test config::tests::a_future_schema_version_is_refused_with_actionable_advice ... ok
[INFO] [stdout] test config::tests::a_nonexistent_key_name_is_rejected_with_the_valid_names ... ok
[INFO] [stdout] test config::tests::an_absurdly_small_memory_budget_is_rejected ... ok
[INFO] [stdout] test config::tests::an_older_schema_version_gets_different_advice ... ok
[INFO] [stdout] test config::tests::an_invalid_duration_names_the_exact_key ... ok
[INFO] [stdout] test config::tests::an_initialised_file_is_readable_only_by_its_owner ... ok
[INFO] [stdout] test config::tests::an_explicit_missing_path_is_an_error_rather_than_a_silent_fallback ... ok
[INFO] [stdout] test config::tests::a_partial_file_changes_only_what_it_names ... ok
[INFO] [stdout] test config::tests::an_invalid_key_binding_names_the_config_key ... ok
[INFO] [stdout] test config::tests::a_secondary_tier_faster_than_the_fast_tier_is_rejected ... ok
[INFO] [stdout] test config::tests::an_empty_key_list_is_rejected ... ok
[INFO] [stdout] test config::tests::an_unknown_sort_column_is_rejected_and_named ... ok
[INFO] [stdout] test config::tests::a_reload_that_changes_only_reloadable_settings_reports_nothing ... ok
[INFO] [stdout] test config::tests::absent_cli_options_leave_the_file_alone ... ok
[INFO] [stdout] test config::tests::an_empty_file_yields_the_defaults ... ok
[INFO] [stdout] test config::tests::an_unknown_key_is_rejected_with_a_suggestion ... ok
[INFO] [stdout] test config::tests::an_explicit_valid_path_loads_and_records_its_source ... ok
[INFO] [stdout] test config::tests::cli_values_override_file_values ... ok
[INFO] [stdout] test config::tests::cpu_thresholds_must_be_ordered ... ok
[INFO] [stdout] test config::tests::every_problem_is_reported_not_only_the_first ... ok
[INFO] [stdout] test config::tests::environment_interpolation_is_reported_rather_than_silently_ignored ... ok
[INFO] [stdout] test config::tests::an_unrecognisable_key_is_rejected_without_a_bogus_suggestion ... ok
[INFO] [stdout] test config::tests::available_memory_thresholds_are_ordered_the_other_way_round ... ok
[INFO] [stdout] test config::tests::byte_sizes_accept_both_families_and_a_fraction ... ok
[INFO] [stdout] test config::tests::edit_distance_is_symmetric_and_zero_for_equal_strings ... ok
[INFO] [stdout] test config::tests::init_writes_a_valid_file ... ok
[INFO] [stdout] test config::tests::modifiers_parse_and_are_case_insensitive ... ok
[INFO] [stdout] test config::tests::init_creates_missing_parent_directories ... ok
[INFO] [stdout] test config::tests::shift_plus_a_letter_folds_to_the_shifted_character ... ok
[INFO] [stdout] test config::tests::library_conversions_preserve_meaning ... ok
[INFO] [stdout] test config::tests::plain_keys_parse ... ok
[INFO] [stdout] test config::tests::reload_surfaces_parse_warnings_so_they_are_not_lost_on_the_second_read ... ok
[INFO] [stdout] test config::tests::init_never_overwrites_an_existing_file ... ok
[INFO] [stdout] test config::tests::reload_reports_settings_that_cannot_take_effect_until_restart ... ok
[INFO] [stdout] test config::tests::every_specified_sort_column_is_accepted ... ok
[INFO] [stdout] test config::tests::reload_validates_the_whole_candidate_before_returning_it ... ok
[INFO] [stdout] test config::tests::history_shorter_than_one_interval_is_rejected ... ok
[INFO] [stdout] test config::tests::no_color_from_the_cli_reaches_the_display_config ... ok
[INFO] [stdout] test config::tests::no_config_uses_defaults_and_reads_nothing ... ok
[INFO] [stdout] test config::tests::the_numeric_colour_modes_use_their_natural_spelling_in_toml ... ok
[INFO] [stdout] test config::tests::out_of_range_values_are_reported_against_their_own_keys ... ok
[INFO] [stdout] test config::tests::one_key_bound_to_two_actions_is_rejected_not_silently_resolved ... ok
[INFO] [stdout] test config::tests::the_bell_is_off_by_default_and_only_rings_for_critical ... ok
[INFO] [stdout] test config::tests::the_defaults_match_the_specification_and_are_valid ... ok
[INFO] [stdout] test config::tests::the_starter_file_documents_every_section ... ok
[INFO] [stdout] test export::tests::rfc3339_formatting_matches_known_instants ... ok
[INFO] [stdout] test export::tests::the_first_snapshot_exports_as_warming_up_rather_than_zero ... ok
[INFO] [stdout] test export::tests::arguments_are_redacted_by_default ... ok
[INFO] [stdout] test export::tests::every_process_state_exports_its_single_letter_code ... ok
[INFO] [stdout] test config::tests::the_starter_file_is_parseable_and_equals_the_defaults ... ok
[INFO] [stdout] test export::tests::a_snapshot_export_carries_no_open_file_paths_because_it_carries_no_detail ... ok
[INFO] [stdout] test export::tests::the_export_identifies_its_schema_and_tool_version ... ok
[INFO] [stdout] test config::tests::the_same_key_listed_twice_for_one_action_is_not_a_conflict ... ok
[INFO] [stdout] test export::tests::the_export_is_valid_json_and_round_trips_through_a_parser ... ok
[INFO] [stdout] test export::tests::wall_time_is_exported_in_both_machine_and_human_form ... ok
[INFO] [stdout] test interactive::tests::a_reload_that_reshapes_the_history_ring_says_so ... ok
[INFO] [stdout] test export::tests::environment_values_are_always_excluded ... ok
[INFO] [stdout] test export::tests::the_redaction_default_is_the_conservative_one ... ok
[INFO] [stdout] test export::tests::full_command_lines_require_an_explicit_opt_in ... ok
[INFO] [stdout] test interactive::tests::a_reload_whose_keymap_conflicts_translates_to_an_error ... ok
[INFO] [stdout] test interactive::tests::an_unparsable_key_is_skipped_rather_than_dropping_the_action_entirely ... ok
[INFO] [stdout] test interactive::tests::an_untouched_keys_table_yields_the_builtin_keymap ... ok
[INFO] [stdout] test interactive::tests::rebinding_onto_a_builtin_key_is_rejected_rather_than_shadowing_it ... ok
[INFO] [stdout] test export::tests::a_descriptor_path_cannot_reach_a_serializer_even_when_one_is_pointed_at_it ... ok
[INFO] [stdout] test export::tests::exporting_a_large_table_borrows_rather_than_cloning ... ok
[INFO] [stdout] test export::tests::a_pre_epoch_clock_does_not_panic ... ok
[INFO] [stdout] test interactive::tests::the_bell_setting_reaches_the_running_state_on_startup_and_on_reload ... ok
[INFO] [stdout] test interactive::tests::a_reloaded_configuration_reaches_the_running_state ... ok
[INFO] [stdout] test interactive::tests::the_config_event_payload_can_carry_both_outcomes ... ok
[INFO] [stdout] test interactive::tests::an_unparsable_sort_falls_back_rather_than_refusing_to_start ... ok
[INFO] [stdout] test interactive::tests::mouse_capture_is_reported_against_the_session_not_the_previous_file ... ok
[INFO] [stdout] test logging::tests::a_deferred_problem_is_handed_back_for_the_ui_to_show ... ok
[INFO] [stdout] test export::tests::unavailable_metrics_export_as_a_named_state_not_null_or_zero ... ok
[INFO] [stdout] test logging::tests::a_line_larger_than_the_whole_cap_is_written_rather_than_looping ... ok
[INFO] [stdout] test interactive::tests::a_rebound_key_replaces_the_builtin_chord_and_keeps_the_action ... ok
[INFO] [stdout] test interactive::tests::the_configured_sort_reaches_the_initial_state ... ok
[INFO] [stdout] test interactive::tests::the_history_configuration_comes_from_the_merged_settings ... ok
[INFO] [stdout] test logging::tests::a_blank_filter_is_treated_as_absent ... ok
[INFO] [stdout] test logging::tests::a_character_device_is_refused_because_a_device_is_where_the_display_lives ... ok
[INFO] [stdout] test logging::tests::a_directory_is_refused_with_a_message_that_says_what_it_is ... ok
[INFO] [stdout] test logging::tests::a_cap_below_the_floor_is_raised_rather_than_honoured ... ok
[INFO] [stdout] test logging::tests::a_log_left_world_readable_by_an_earlier_run_is_tightened_on_open ... ok
[INFO] [stdout] test logging::tests::a_filter_that_excludes_our_crate_keeps_the_line_out_of_the_file ... ok
[INFO] [stdout] test logging::tests::a_credential_in_a_command_line_never_reaches_the_log_file ... ok
[INFO] [stdout] test logging::tests::a_path_that_may_print_still_logs_nothing_unless_a_log_was_asked_for ... ok
[INFO] [stdout] test logging::tests::an_explicit_filter_wins_over_the_environment ... ok
[INFO] [stdout] test logging::tests::a_standard_stream_path_is_refused_before_it_can_corrupt_the_display ... ok
[INFO] [stdout] test logging::tests::an_empty_path_is_a_problem_rather_than_a_file_called_nothing ... ok
[INFO] [stdout] test logging::tests::an_unparsable_filter_falls_back_to_the_default_and_says_so ... ok
[INFO] [stdout] test logging::tests::logging_is_off_unless_a_path_is_given ... ok
[INFO] [stdout] test logging::tests::a_pass_is_attributed_to_the_coarsest_tier_it_refreshed ... ok
[INFO] [stderr] 2026-10-18T12:07:51.770641Z DEBUG                     logging::tests::a_mirrored_log_still_redacts_the_command_in_the_file monitrs::process: process pid=4242 start_key=1700000 name=psql command="psql" context="selection"
[INFO] [stdout] test logging::tests::a_missing_parent_directory_is_created_rather_than_refused ... ok
[INFO] [stdout] test logging::tests::nothing_is_printed_while_the_alternate_screen_is_active ... ok
[INFO] [stdout] test logging::tests::the_default_directives_parse_so_the_fallback_is_never_needed ... ok
[INFO] [stdout] test logging::tests::the_flag_turns_into_the_same_file_settings_on_every_path ... ok
[INFO] [stdout] test logging::tests::an_unopenable_path_is_reported_and_monitrs_still_starts ... ok
[INFO] [stdout] test logging::tests::the_log_file_is_readable_only_by_its_owner ... ok
[INFO] [stdout] test logging::tests::a_log_that_could_not_be_opened_is_reported_and_nothing_starts ... ok
[INFO] [stdout] test logging::tests::a_recoverable_collector_error_is_debug_not_warn ... ok
[INFO] [stdout] test logging::tests::a_secret_carried_in_a_flag_is_dropped_with_the_rest_of_the_argument_list ... ok
[INFO] [stdout] test logging::tests::a_path_that_is_not_a_regular_file_is_refused_before_it_can_block_startup ... ok
[INFO] [stdout] test overhead::tests::a_cpu_counter_that_goes_backwards_keeps_the_last_measured_value ... ok
[INFO] [stdout] test logging::tests::a_running_log_reports_its_own_dropped_lines ... ok
[INFO] [stdout] test logging::tests::a_mirrored_log_still_redacts_the_command_in_the_file ... ok
[INFO] [stdout] test logging::tests::reopening_an_existing_log_appends_rather_than_truncating ... ok
[INFO] [stdout] test logging::tests::collector_duration_and_dropped_counts_are_logged_at_debug_level ... ok
[INFO] [stdout] test overhead::tests::a_measurement_exactly_at_the_limit_is_within_it ... ok
[INFO] [stdout] test overhead::tests::a_skipped_descriptor_count_is_stale_with_its_age_not_a_fresh_zero ... ok
[INFO] [stdout] test overhead::tests::a_failed_descriptor_read_is_carried_through_rather_than_replaced ... ok
[INFO] [stdout] test overhead::tests::a_trend_records_its_extremes_and_its_observation_count ... ok
[INFO] [stdout] test overhead::tests::live_our_own_overhead_is_inside_the_section_sixteen_budgets ... ignored, reads this machine's own process
[INFO] [stdout] test overhead::tests::live_reading_our_own_process_warms_up_and_then_measures ... ignored, reads this machine's own process
[INFO] [stdout] test overhead::tests::configured_thresholds_move_the_budgets_with_them ... ok
[INFO] [stdout] test overhead::tests::a_descriptor_count_that_was_never_taken_is_unavailable_not_zero ... ok
[INFO] [stdout] test overhead::tests::a_measurement_inside_every_budget_reports_within ... ok
[INFO] [stdout] test overhead::tests::growing_resident_memory_is_reported_as_a_trend_not_just_an_instant ... ok
[INFO] [stdout] test overhead::tests::a_short_run_refuses_to_call_a_trend_rather_than_guessing ... ok
[INFO] [stdout] test overhead::tests::every_trend_direction_has_a_label ... ok
[INFO] [stdout] test logging::tests::the_log_file_carries_no_escape_sequences ... ok
[INFO] [stdout] test overhead::tests::one_slow_tick_in_twenty_does_not_move_the_p95 ... ok
[INFO] [stdout] test overhead::tests::an_unobserved_trend_reports_nothing_rather_than_zero ... ok
[INFO] [stdout] test logging::tests::a_running_log_reports_which_sinks_it_ended_up_with ... ok
[INFO] [stdout] test overhead::tests::percentage_round_tripping_through_the_window_keeps_three_decimals ... ok
[INFO] [stdout] test overhead::tests::a_zero_capacity_window_still_measures_something ... ok
[INFO] [stdout] test overhead::tests::quantiles_of_a_single_sample_are_that_sample_and_of_none_are_absent ... ok
[INFO] [stdout] test overhead::tests::resident_memory_over_fifty_mebibytes_is_over_with_the_number_beside_it ... ok
[INFO] [stdout] test overhead::tests::sample_and_frame_durations_are_measured_against_their_own_budgets ... ok
[INFO] [stdout] test overhead::tests::steady_memory_over_a_long_run_is_flat_and_the_spike_is_visible_beside_it ... ok
[INFO] [stdout] test overhead::tests::shrinking_memory_is_not_reported_as_growth ... ok
[INFO] [stdout] test overhead::tests::every_verdict_has_a_label_and_a_distinct_symbol ... ok
[INFO] [stdout] test overhead::tests::nonsense_arithmetic_saturates_instead_of_panicking ... ok
[INFO] [stdout] test overhead::tests::the_first_self_sample_warms_up_rather_than_reporting_no_overhead ... ok
[INFO] [stdout] test overhead::tests::the_median_and_p95_come_from_the_window_not_the_last_sample ... ok
[INFO] [stdout] test overhead::tests::the_percentile_rank_is_exact_for_a_known_distribution ... ok
[INFO] [stdout] test overhead::tests::our_own_cpu_uses_the_measured_interval_rather_than_an_assumed_tick ... ok
[INFO] [stdout] test runtime::tests::a_disconnected_receiver_tells_the_worker_to_stop ... ok
[INFO] [stdout] test runtime::tests::draining_never_regresses_to_an_older_snapshot ... ok
[INFO] [stdout] test runtime::tests::draining_keeps_the_newest_snapshot_and_preserves_other_events ... ok
[INFO] [stdout] test overhead::tests::the_percentile_window_is_bounded_so_a_long_run_cannot_grow ... ok
[INFO] [stdout] test runtime::tests::snapshots_coalesce_instead_of_queueing_when_the_channel_is_full ... ok
[INFO] [stdout] test overhead::tests::the_budgets_default_to_the_numbers_in_section_sixteen ... ok
[INFO] [stdout] test runtime::tests::a_drain_that_lost_nothing_writes_no_accounting_line ... ok
[INFO] [stdout] test runtime::tests::several_workers_all_join ... ok
[INFO] [stdout] test runtime::tests::the_sampling_control_carries_a_new_pressure_policy ... ok
[INFO] [stdout] test runtime::tests::the_sampling_control_refuses_a_zero_interval ... ok
[INFO] [stdout] test overhead::tests::leaking_descriptors_show_up_in_the_open_files_trend ... ok
[INFO] [stdout] test runtime::tests::the_sensor_interest_flag_is_shared_between_its_clones ... ok
[INFO] [stdout] test runtime::tests::the_shutdown_token_is_shared_and_idempotent ... ok
[INFO] [stdout] test runtime::tests::the_channel_is_bounded ... ok
[INFO] [stdout] test overhead::tests::the_second_sample_publishes_a_real_percentage_and_the_ring_size ... ok
[INFO] [stdout] test runtime::tests::coalescing_is_recorded_in_the_debug_log_with_the_age_of_the_frame ... ok
[INFO] [stdout] test logging::tests::a_named_pipe_is_refused_without_waiting_for_a_reader ... ok
[INFO] [stdout] test runtime::tests::ticks_are_coalescable_and_keypresses_are_not ... ok
[INFO] [stdout] test signals::tests::a_zombie_is_refused_rather_than_pretended_at ... ok
[INFO] [stdout] test logging::tests::the_live_file_stays_inside_its_size_cap_and_one_generation_is_kept ... ok
[INFO] [stdout] test signals::tests::every_signal_kind_maps_to_a_native_signal ... ok
[INFO] [stdout] test runtime::tests::the_detail_worker_answers_the_newest_request_and_skips_superseded_ones ... ok
[INFO] [stdout] test signals::tests::a_permission_failure_says_monitrs_does_not_escalate ... ok
[INFO] [stdout] test runtime::tests::the_detail_worker_reports_a_vanished_process_rather_than_failing ... ok
[INFO] [stdout] test signals::tests::smoke_a_phantom_pid_is_never_reported_as_delivered ... ignored, platform smoke test: consults the live process table
[INFO] [stdout] test signals::tests::smoke_a_stale_start_key_on_our_own_pid_aborts ... ignored, platform smoke test: consults the live process table
[INFO] [stdout] test signals::tests::expected_outcomes_are_informational_and_thwarted_intent_is_not ... ok
[INFO] [stdout] test signals::tests::a_reused_pid_reports_both_start_keys_so_the_abort_is_explicable ... ok
[INFO] [stdout] test signals::tests::an_unverifiable_identity_is_refused_and_says_why ... ok
[INFO] [stdout] test runtime::tests::workers_that_panic_are_named_rather_than_silently_ignored ... ok
[INFO] [stdout] test signals::tests::only_a_delivered_signal_counts_as_delivered ... ok
[INFO] [stdout] test tests::other_write_failures_are_still_failures ... ok
[INFO] [stderr] 2026-10-18T12:07:51.784623Z DEBUG     tests::an_export_run_with_logging_enabled_leaks_no_argument_and_no_environment_value monitrs::collection: collection completed tier="slow" duration_ms=12 processes=1
[INFO] [stdout] test tests::a_broken_pipe_that_is_only_some_other_failure_s_cause_is_still_a_failure ... ok
[INFO] [stderr] 2026-10-18T12:07:51.784786Z DEBUG     tests::an_export_run_with_logging_enabled_leaks_no_argument_and_no_environment_value monitrs::process: process pid=4242 start_key=1700000 name=env command="env" context="export"
[INFO] [stdout] test tests::the_reader_leaving_is_recognised_through_a_context_line ... ok
[INFO] [stdout] test tests::no_flag_means_no_log_on_any_path ... ok
[INFO] [stdout] test tests::the_man_page_renders_and_describes_the_binary ... ok
[INFO] [stdout] test overhead::tests::a_scripted_reader_drives_the_monitor_and_open_files_are_optional ... ok
[INFO] [stdout] test tests::completions_generate_for_every_supported_shell ... ok
[INFO] [stdout] test tests::completions_mention_the_real_flags_so_they_cannot_drift ... ok
[INFO] [stdout] test tests::only_the_path_that_takes_the_screen_is_forbidden_from_printing_the_log ... ok
[INFO] [stdout] test tests::an_export_run_with_logging_enabled_leaks_no_argument_and_no_environment_value ... ok
[INFO] [stdout] test tests::the_debug_log_flag_reaches_settings_on_every_path_not_only_the_interactive_one ... ok
[INFO] [stdout] test runtime::tests::the_tick_thread_emits_ticks_and_joins ... ok
[INFO] [stdout] test runtime::tests::the_sampler_publishes_snapshots_and_stops_on_shutdown ... ok
[INFO] [stdout] test runtime::tests::a_recoverable_collector_error_does_not_stop_the_sampler ... ok
[INFO] [stdout] test runtime::tests::the_sampler_uses_the_measured_interval_not_the_configured_one ... ok
[INFO] [stdout] test runtime::tests::the_sampler_follows_the_sensor_interest_it_is_given ... ok
[INFO] [stdout] test runtime::tests::the_sampler_follows_an_interval_changed_while_it_runs ... ok
[INFO] [stderr]      Running tests/broken_pipe.rs (/opt/rustwide/target/release/deps/broken_pipe-10cb954e1460647e)
[INFO] [stdout] 
[INFO] [stdout] test result: ok. 203 passed; 0 failed; 4 ignored; 0 measured; 0 filtered out; finished in 1.96s
[INFO] [stdout] 
[INFO] [stdout] 
[INFO] [stdout] running 2 tests
[INFO] [stdout] test a_reader_that_stays_gets_the_whole_export ... FAILED
[INFO] [stdout] test a_reader_that_goes_away_is_not_a_failure ... ok
[INFO] [stderr] error: test failed, to rerun pass `--test broken_pipe`
[INFO] [stdout] 
[INFO] [stdout] failures:
[INFO] [stdout] 
[INFO] [stdout] ---- a_reader_that_stays_gets_the_whole_export stdout ----
[INFO] [stdout] 
[INFO] [stdout] thread 'a_reader_that_stays_gets_the_whole_export' (3559) panicked at tests/broken_pipe.rs:99:5:
[INFO] [stdout] the premise of the test above is that this export cannot fit in a pipe buffer; if it ever shrinks below one, that test stops discriminating — got 41029 bytes
[INFO] [stdout] stack backtrace:
[INFO] [stdout]    0:     0x6196b9466021 - <<std[70759c8f55707aa4]::sys::backtrace::BacktraceLock>::print::DisplayBacktrace as core[df12db4294e9bfd3]::fmt::Display>::fmt
[INFO] [stdout]    1:     0x6196b947aefa - core[df12db4294e9bfd3]::fmt::write
[INFO] [stdout]    2:     0x6196b946a50c - <alloc[2182bb758b4b3781]::vec::Vec<u8> as core[df12db4294e9bfd3]::io::write::Write>::write_fmt
[INFO] [stdout]    3:     0x6196b9442136 - std[70759c8f55707aa4]::panicking::default_hook::{closure#0}
[INFO] [stdout]    4:     0x6196b945e789 - std[70759c8f55707aa4]::panicking::default_hook
[INFO] [stdout]    5:     0x6196b93fa6e0 - test[9d35eded1c95d3be]::test_main_inner::<test[9d35eded1c95d3be]::test_main_static::{closure#0}>::{closure#0}
[INFO] [stdout]    6:     0x6196b945e942 - std[70759c8f55707aa4]::panicking::panic_with_hook
[INFO] [stdout]    7:     0x6196b94421e2 - std[70759c8f55707aa4]::panicking::panic_handler::{closure#0}
[INFO] [stdout]    8:     0x6196b943af69 - std[70759c8f55707aa4]::sys::backtrace::__rust_end_short_backtrace::<std[70759c8f55707aa4]::panicking::panic_handler::{closure#0}, !>
[INFO] [stdout]    9:     0x6196b9442ddd - __rustc[8fa7c3cbc660c2b3]::rust_begin_unwind
[INFO] [stdout]   10:     0x6196b947b62c - core[df12db4294e9bfd3]::panicking::panic_fmt
[INFO] [stdout]   11:     0x6196b93e8031 - <broken_pipe[4d2b48b3beed5384]::a_reader_that_stays_gets_the_whole_export::{closure#0} as core[df12db4294e9bfd3]::ops::function::FnOnce<()>>::call_once
[INFO] [stdout]   12:     0x6196b93ed9cb - test[9d35eded1c95d3be]::__rust_begin_short_backtrace::<core[df12db4294e9bfd3]::result::Result<(), alloc[2182bb758b4b3781]::string::String>, fn() -> core[df12db4294e9bfd3]::result::Result<(), alloc[2182bb758b4b3781]::string::String>>
[INFO] [stdout]   13:     0x6196b93fb035 - test[9d35eded1c95d3be]::run_test::{closure#0}
[INFO] [stdout]   14:     0x6196b93f48f4 - std[70759c8f55707aa4]::sys::backtrace::__rust_begin_short_backtrace::<test[9d35eded1c95d3be]::run_test::{closure#1}, ()>
[INFO] [stdout]   15:     0x6196b93fe192 - <std[70759c8f55707aa4]::thread::lifecycle::spawn_unchecked<test[9d35eded1c95d3be]::run_test::{closure#1}, ()>::{closure#1} as core[df12db4294e9bfd3]::ops::function::FnOnce<()>>::call_once::{shim:vtable#0}
[INFO] [stdout]   16:     0x6196b94658f9 - <std[70759c8f55707aa4]::sys::thread::unix::Thread>::new::thread_start
[INFO] [stdout]   17:     0x7f65d3c54dfa - <unknown>
[INFO] [stdout]   18:     0x7f65d3ce83d4 - clone
[INFO] [stdout]   19:                0x0 - <unknown>
[INFO] [stdout] 
[INFO] [stdout] 
[INFO] [stdout] failures:
[INFO] [stdout]     a_reader_that_stays_gets_the_whole_export
[INFO] [stdout] 
[INFO] [stdout] test result: FAILED. 1 passed; 1 failed; 0 ignored; 0 measured; 0 filtered out; finished in 0.30s
[INFO] [stdout] 
[INFO] running `Command { std: "docker" "inspect" "e47912ea354a8831675cabec2f4884e3d98511ea560e0820a98507473bf782af", kill_on_drop: false }`
[INFO] running `Command { std: "docker" "rm" "-f" "e47912ea354a8831675cabec2f4884e3d98511ea560e0820a98507473bf782af", kill_on_drop: false }`
[INFO] [stdout] e47912ea354a8831675cabec2f4884e3d98511ea560e0820a98507473bf782af
