[INFO] fetching crate mongrel 0.1.1...
[INFO] testing mongrel-0.1.1 against 1.100.0-beta.1+cargoflags=--release for beta-release-1.100-2
[INFO] extracting crate mongrel 0.1.1 into /workspace/builds/worker-0-tc2/source
[INFO] started tweaking crates.io crate mongrel 0.1.1
[INFO] removed 0 missing examples
[INFO] removed 0 missing tests
[INFO] finished tweaking crates.io crate mongrel 0.1.1
[INFO] tweaked toml for crates.io crate mongrel 0.1.1 written to /workspace/builds/worker-0-tc2/source/Cargo.toml
[INFO] validating manifest of crates.io crate mongrel 0.1.1 on toolchain 1.100.0-beta.1
[INFO] running `Command { std: CARGO_HOME="/workspace/cargo-home" RUSTUP_HOME="/workspace/rustup-home" "/workspace/cargo-home/bin/cargo" "+1.100.0-beta.1" "metadata" "--manifest-path" "Cargo.toml" "--no-deps", kill_on_drop: false }`
[INFO] crate crates.io crate mongrel 0.1.1 already has a lockfile, it will not be regenerated
[INFO] running `Command { std: CARGO_HOME="/workspace/cargo-home" RUSTUP_HOME="/workspace/rustup-home" "/workspace/cargo-home/bin/cargo" "+1.100.0-beta.1" "fetch" "--manifest-path" "Cargo.toml", kill_on_drop: false }`
[INFO] running `Command { std: "docker" "create" "-v" "/var/lib/crater-agent-workspace/builds/worker-0-tc2/source:/opt/rustwide/workdir:ro,Z" "-v" "/var/lib/crater-agent-workspace/builds/worker-0-tc2/target:/opt/rustwide/target:rw,Z" "-v" "/var/lib/crater-agent-workspace/cargo-home:/opt/rustwide/cargo-home:ro,Z" "-v" "/var/lib/crater-agent-workspace/rustup-home:/opt/rustwide/rustup-home:ro,Z" "-m" "1610612736" "--network" "none" "ghcr.io/rust-lang/crates-build-env/linux@sha256:77db811e55d90add9212f6832c23229e3de5f1c1f9905e8cb07319ea15df73ac" "sleep" "infinity", kill_on_drop: false }`
[INFO] [stdout] d1446327dad5c957ebfd8791d7b13a3cdcb2ca6815cf0596be5e3190f8eaf33c
[INFO] running `Command { std: "docker" "start" "d1446327dad5c957ebfd8791d7b13a3cdcb2ca6815cf0596be5e3190f8eaf33c", kill_on_drop: false }`
[INFO] running `Command { std: "docker" "inspect" "d1446327dad5c957ebfd8791d7b13a3cdcb2ca6815cf0596be5e3190f8eaf33c", kill_on_drop: false }`
[INFO] running `Command { std: "docker" "exec" "-e" "SOURCE_DIR=/opt/rustwide/workdir" "-e" "CARGO_HOME=/opt/rustwide/cargo-home" "-e" "RUSTUP_HOME=/opt/rustwide/rustup-home" "-e" "CARGO_TARGET_DIR=/opt/rustwide/target" "-w" "/opt/rustwide/workdir" "--user" "0:0" "d1446327dad5c957ebfd8791d7b13a3cdcb2ca6815cf0596be5e3190f8eaf33c" "/opt/rustwide/cargo-home/bin/cargo" "+1.100.0-beta.1" "metadata" "--no-deps" "--format-version=1", kill_on_drop: false }`
[INFO] running `Command { std: "docker" "inspect" "d1446327dad5c957ebfd8791d7b13a3cdcb2ca6815cf0596be5e3190f8eaf33c", kill_on_drop: false }`
[INFO] running `Command { std: "docker" "exec" "-e" "SOURCE_DIR=/opt/rustwide/workdir" "-e" "CARGO_HOME=/opt/rustwide/cargo-home" "-e" "RUSTUP_HOME=/opt/rustwide/rustup-home" "-e" "CARGO_TARGET_DIR=/opt/rustwide/target" "-e" "CARGO_INCREMENTAL=0" "-e" "RUST_BACKTRACE=full" "-e" "RUSTFLAGS=--cap-lints=warn" "-e" "RUSTDOCFLAGS=--cap-lints=warn" "-w" "/opt/rustwide/workdir" "--user" "0:0" "d1446327dad5c957ebfd8791d7b13a3cdcb2ca6815cf0596be5e3190f8eaf33c" "/opt/rustwide/cargo-home/bin/cargo" "+1.100.0-beta.1" "build" "--frozen" "--message-format=json" "--release", kill_on_drop: false }`
[INFO] [stderr]    Compiling portable-atomic v1.13.1
[INFO] [stderr]    Compiling smallvec v1.15.2
[INFO] [stderr]    Compiling critical-section v1.2.0
[INFO] [stderr]    Compiling syn v2.0.118
[INFO] [stderr]    Compiling crunchy v0.2.4
[INFO] [stderr]    Compiling libc v0.2.186
[INFO] [stderr]    Compiling tiny-keccak v2.0.2
[INFO] [stderr]    Compiling once_cell v1.21.4
[INFO] [stderr]    Compiling num-traits v0.2.19
[INFO] [stderr]    Compiling subtle v2.6.1
[INFO] [stderr]    Compiling cc v1.2.65
[INFO] [stderr]    Compiling parking_lot_core v0.9.12
[INFO] [stderr]    Compiling tinyvec v1.11.0
[INFO] [stderr]    Compiling zerocopy v0.8.52
[INFO] [stderr]    Compiling memchr v2.8.2
[INFO] [stderr]    Compiling parking_lot v0.12.5
[INFO] [stderr]    Compiling crossbeam-utils v0.8.21
[INFO] [stderr]    Compiling getrandom v0.2.17
[INFO] [stderr]    Compiling digest v0.10.7
[INFO] [stderr]    Compiling const-random-macro v0.1.16
[INFO] [stderr]    Compiling mio v1.2.1
[INFO] [stderr]    Compiling const-random v0.1.18
[INFO] [stderr]    Compiling bytes v1.12.0
[INFO] [stderr]    Compiling fnv v1.0.7
[INFO] [stderr]    Compiling rustls-pki-types v1.14.1
[INFO] [stderr]    Compiling tracing-core v0.1.36
[INFO] [stderr]    Compiling ring v0.17.14
[INFO] [stderr]    Compiling either v1.16.0
[INFO] [stderr]    Compiling radium v0.7.0
[INFO] [stderr]    Compiling syn v1.0.109
[INFO] [stderr]    Compiling indexmap v2.14.0
[INFO] [stderr]    Compiling serde_json v1.0.150
[INFO] [stderr]    Compiling tracing v0.1.44
[INFO] [stderr]    Compiling rand v0.10.1
[INFO] [stderr]    Compiling unicode-normalization v0.1.25
[INFO] [stderr]    Compiling uuid v1.23.4
[INFO] [stderr]    Compiling rustls v0.23.41
[INFO] [stderr]    Compiling num-conv v0.2.2
[INFO] [stderr]    Compiling data-encoding v2.11.0
[INFO] [stderr]    Compiling tap v1.0.1
[INFO] [stderr]    Compiling time-core v0.1.9
[INFO] [stderr]    Compiling unicode-bidi v0.3.18
[INFO] [stderr]    Compiling time-macros v0.2.30
[INFO] [stderr]    Compiling wyz v0.5.1
[INFO] [stderr]    Compiling synstructure v0.13.2
[INFO] [stderr]    Compiling darling_core v0.20.11
[INFO] [stderr]    Compiling darling_core v0.23.0
[INFO] [stderr]    Compiling proc-macro-error-attr v1.0.4
[INFO] [stderr]    Compiling rustc_version_runtime v0.3.0
[INFO] [stderr]    Compiling crossbeam-epoch v0.9.18
[INFO] [stderr]    Compiling crossbeam-channel v0.5.15
[INFO] [stderr]    Compiling zerofrom-derive v0.1.7
[INFO] [stderr]    Compiling yoke-derive v0.8.2
[INFO] [stderr]    Compiling zerovec-derive v0.11.3
[INFO] [stderr]    Compiling displaydoc v0.2.6
[INFO] [stderr]    Compiling serde_derive v1.0.228
[INFO] [stderr]    Compiling zerofrom v0.1.8
[INFO] [stderr]    Compiling yoke v0.8.3
[INFO] [stderr]    Compiling tokio-macros v2.7.0
[INFO] [stderr]    Compiling macro_magic_core_macros v0.5.1
[INFO] [stderr]    Compiling derive-syn-parse v0.2.0
[INFO] [stderr]    Compiling zerotrie v0.2.4
[INFO] [stderr]    Compiling thiserror-impl v2.0.18
[INFO] [stderr]    Compiling zerovec v0.11.6
[INFO] [stderr]    Compiling futures-macro v0.3.32
[INFO] [stderr]    Compiling tokio v1.52.3
[INFO] [stderr]    Compiling darling_macro v0.23.0
[INFO] [stderr]    Compiling darling_macro v0.20.11
[INFO] [stderr]    Compiling futures-util v0.3.32
[INFO] [stderr]    Compiling ppv-lite86 v0.2.21
[INFO] [stderr]    Compiling macro_magic_core v0.5.1
[INFO] [stderr]    Compiling tinystr v0.8.3
[INFO] [stderr]    Compiling icu_locale_core v2.2.0
[INFO] [stderr]    Compiling potential_utf v0.1.5
[INFO] [stderr]    Compiling icu_collections v2.2.0
[INFO] [stderr]    Compiling macro_magic_macros v0.5.1
[INFO] [stderr]    Compiling thiserror v2.0.18
[INFO] [stderr]    Compiling rand_chacha v0.9.0
[INFO] [stderr]    Compiling darling v0.20.11
[INFO] [stderr]    Compiling darling v0.23.0
[INFO] [stderr]    Compiling async-trait v0.1.89
[INFO] [stderr]    Compiling futures-channel v0.3.32
[INFO] [stderr]    Compiling funty v2.0.0
[INFO] [stderr]    Compiling semver v1.0.28
[INFO] [stderr]    Compiling icu_provider v2.2.0
[INFO] [stderr]    Compiling icu_properties v2.2.0
[INFO] [stderr]    Compiling icu_normalizer v2.2.0
[INFO] [stderr]    Compiling serde v1.0.228
[INFO] [stderr]    Compiling regex-syntax v0.8.11
[INFO] [stderr]    Compiling powerfmt v0.2.0
[INFO] [stderr]    Compiling log v0.4.33
[INFO] [stderr]    Compiling idna_adapter v1.2.2
[INFO] [stderr]    Compiling ipnet v2.12.0
[INFO] [stderr]    Compiling idna v1.1.0
[INFO] [stderr]    Compiling tagptr v0.2.0
[INFO] [stderr]    Compiling deranged v0.5.8
[INFO] [stderr]    Compiling moka v0.12.15
[INFO] [stderr]    Compiling url v2.5.8
[INFO] [stderr]    Compiling prefix-trie v0.8.4
[INFO] [stderr]    Compiling time v0.3.51
[INFO] [stderr]    Compiling regex-automata v0.4.14
[INFO] [stderr]    Compiling hickory-proto v0.26.1
[INFO] [stderr]    Compiling chrono v0.4.45
[INFO] [stderr]    Compiling rustls-webpki v0.103.13
[INFO] [stderr]    Compiling hickory-net v0.26.1
[INFO] [stderr]    Compiling derive_more-impl v2.1.1
[INFO] [stderr]    Compiling bitvec v1.1.1
[INFO] [stderr]    Compiling rustc_version v0.4.1
[INFO] [stderr]    Compiling rand v0.9.4
[INFO] [stderr]    Compiling serde_with_macros v3.21.0
[INFO] [stderr]    Compiling macro_magic v0.5.1
[INFO] [stderr]    Compiling typed-builder-macro v0.22.0
[INFO] [stderr]    Compiling ahash v0.8.12
[INFO] [stderr]    Compiling proc-macro-error v1.0.4
[INFO] [stderr]    Compiling serde_bytes v0.11.19
[INFO] [stderr]    Compiling unicode-properties v0.1.4
[INFO] [stderr]    Compiling resolv-conf v0.7.6
[INFO] [stderr]    Compiling tokio-util v0.7.18
[INFO] [stderr]    Compiling typed-builder v0.22.0
[INFO] [stderr]    Compiling stringprep v0.1.5
[INFO] [stderr]    Compiling bson v2.15.0
[INFO] [stderr]    Compiling hickory-resolver v0.26.1
[INFO] [stderr]    Compiling validator_derive v0.18.2
[INFO] [stderr]    Compiling tokio-rustls v0.26.4
[INFO] [stderr]    Compiling serde_with v3.21.0
[INFO] [stderr]    Compiling mongodb-internal-macros v3.7.0
[INFO] [stderr]    Compiling derive_more v2.1.1
[INFO] [stderr]    Compiling regex v1.12.4
[INFO] [stderr]    Compiling sha2 v0.10.9
[INFO] [stderr]    Compiling sha1 v0.10.6
[INFO] [stderr]    Compiling thiserror-impl v1.0.69
[INFO] [stderr]    Compiling derive-where v1.6.1
[INFO] [stderr]    Compiling idna v0.5.0
[INFO] [stderr]    Compiling webpki-roots v1.0.8
[INFO] [stderr]    Compiling pbkdf2 v0.12.2
[INFO] [stderr]    Compiling md-5 v0.10.6
[INFO] [stderr]    Compiling hmac v0.12.1
[INFO] [stderr]    Compiling bitflags v2.13.0
[INFO] [stderr]    Compiling take_mut v0.2.2
[INFO] [stderr]    Compiling validator v0.18.1
[INFO] [stderr]    Compiling thiserror v1.0.69
[INFO] [stderr]    Compiling mongrel-macros v0.1.1
[INFO] [stderr]    Compiling mongodb v3.7.0
[INFO] [stderr]    Compiling mongrel v0.1.1 (/opt/rustwide/workdir)
[INFO] [stdout] warning: method `with_filter` is never used
[INFO] [stdout]   --> src/query.rs:62:19
[INFO] [stdout]    |
[INFO] [stdout] 46 | / impl<T> QueryBuilder<T>
[INFO] [stdout] 47 | | where
[INFO] [stdout] 48 | |     T: MongooseSchema + DeserializeOwned + Serialize + Unpin + Send + Sync + 'static,
[INFO] [stdout]    | |_____________________________________________________________________________________- method in this implementation
[INFO] [stdout] ...
[INFO] [stdout] 62 |       pub(crate) fn with_filter(mut self, filter: Document) -> Self {
[INFO] [stdout]    |                     ^^^^^^^^^^^
[INFO] [stdout]    |
[INFO] [stdout]    = note: `#[warn(dead_code)]` (part of `#[warn(unused)]`) on by default
[INFO] [stdout] 
[INFO] [stdout] 
[INFO] [stderr] warning: unused dependency `validator`
[INFO] [stderr]   --> Cargo.toml:38:15
[INFO] [stderr]    |
[INFO] [stderr] 38 | [dependencies.validator]
[INFO] [stderr]    |               ^^^^^^^^^^
[INFO] [stderr]    |
[INFO] [stderr]    = note: `cargo::unused_dependencies` is set to `warn` by default
[INFO] [stderr] help: consider removing the dependency on `validator`
[INFO] [stderr] warning: `mongrel` (manifest) generated 1 warning
[INFO] [stderr]     Finished `release` profile [optimized] target(s) in 4m 53s
[INFO] running `Command { std: "docker" "inspect" "d1446327dad5c957ebfd8791d7b13a3cdcb2ca6815cf0596be5e3190f8eaf33c", kill_on_drop: false }`
[INFO] running `Command { std: "docker" "exec" "-e" "SOURCE_DIR=/opt/rustwide/workdir" "-e" "CARGO_HOME=/opt/rustwide/cargo-home" "-e" "RUSTUP_HOME=/opt/rustwide/rustup-home" "-e" "CARGO_TARGET_DIR=/opt/rustwide/target" "-e" "CARGO_INCREMENTAL=0" "-e" "RUST_BACKTRACE=full" "-e" "RUSTFLAGS=--cap-lints=warn" "-e" "RUSTDOCFLAGS=--cap-lints=warn" "-w" "/opt/rustwide/workdir" "--user" "0:0" "d1446327dad5c957ebfd8791d7b13a3cdcb2ca6815cf0596be5e3190f8eaf33c" "/opt/rustwide/cargo-home/bin/cargo" "+1.100.0-beta.1" "test" "--frozen" "--no-run" "--message-format=json" "--release", kill_on_drop: false }`
[INFO] [stderr]    Compiling smallvec v1.15.2
[INFO] [stderr]    Compiling serde_core v1.0.228
[INFO] [stderr]    Compiling futures-util v0.3.32
[INFO] [stderr]    Compiling form_urlencoded v1.2.2
[INFO] [stderr]    Compiling http v1.4.2
[INFO] [stderr]    Compiling aho-corasick v1.1.4
[INFO] [stderr]    Compiling memchr v2.8.2
[INFO] [stderr]    Compiling rustix v1.1.4
[INFO] [stderr]    Compiling structmeta-derive v0.3.0
[INFO] [stderr]    Compiling parking_lot_core v0.9.12
[INFO] [stderr]    Compiling parking_lot v0.12.5
[INFO] [stderr]    Compiling icu_normalizer v2.2.0
[INFO] [stderr]    Compiling tokio v1.52.3
[INFO] [stderr]    Compiling idna_adapter v1.2.2
[INFO] [stderr]    Compiling idna v1.1.0
[INFO] [stderr]    Compiling http-body v1.0.1
[INFO] [stderr]    Compiling regex-automata v0.4.14
[INFO] [stderr]    Compiling serde v1.0.228
[INFO] [stderr]    Compiling serde_json v1.0.150
[INFO] [stderr]    Compiling serde_with v3.21.0
[INFO] [stderr]    Compiling url v2.5.8
[INFO] [stderr]    Compiling ipnet v2.12.0
[INFO] [stderr]    Compiling prefix-trie v0.8.4
[INFO] [stderr]    Compiling regex v1.12.4
[INFO] [stderr]    Compiling uuid v1.23.4
[INFO] [stderr]    Compiling hyper v1.10.1
[INFO] [stderr]    Compiling tokio-rustls v0.26.4
[INFO] [stderr]    Compiling tokio-util v0.7.18
[INFO] [stderr]    Compiling hickory-proto v0.26.1
[INFO] [stderr]    Compiling http-body-util v0.1.3
[INFO] [stderr]    Compiling structmeta v0.3.0
[INFO] [stderr]    Compiling serde_repr v0.1.20
[INFO] [stderr]    Compiling home v0.5.12
[INFO] [stderr]    Compiling hyper-util v0.1.20
[INFO] [stderr]    Compiling chrono v0.4.45
[INFO] [stderr]    Compiling bollard-stubs v1.47.1-rc.27.3.1
[INFO] [stderr]    Compiling hyper-rustls v0.27.9
[INFO] [stderr]    Compiling hyperlocal v0.9.1
[INFO] [stderr]    Compiling hickory-net v0.26.1
[INFO] [stderr]    Compiling parse-display-derive v0.9.1
[INFO] [stderr]    Compiling moka v0.12.15
[INFO] [stderr]    Compiling rustls-native-certs v0.8.4
[INFO] [stderr]    Compiling serde_urlencoded v0.7.1
[INFO] [stderr]    Compiling tokio-stream v0.1.18
[INFO] [stderr]    Compiling futures-executor v0.3.32
[INFO] [stderr]    Compiling serde_bytes v0.11.19
[INFO] [stderr]    Compiling xattr v1.6.1
[INFO] [stderr]    Compiling rustls-pemfile v2.2.0
[INFO] [stderr]    Compiling filetime v0.2.29
[INFO] [stderr]    Compiling hickory-resolver v0.26.1
[INFO] [stderr]    Compiling tokio-tar v0.3.1
[INFO] [stderr]    Compiling bson v2.15.0
[INFO] [stderr]    Compiling futures v0.3.32
[INFO] [stderr]    Compiling parse-display v0.9.1
[INFO] [stderr]    Compiling etcetera v0.8.0
[INFO] [stderr]    Compiling docker_credential v1.4.0
[INFO] [stderr]    Compiling validator v0.18.1
[INFO] [stderr]    Compiling mongodb v3.7.0
[INFO] [stderr]    Compiling bollard v0.18.1
[INFO] [stderr]    Compiling testcontainers v0.23.3
[INFO] [stderr]    Compiling testcontainers-modules v0.11.6
[INFO] [stderr]    Compiling mongrel v0.1.1 (/opt/rustwide/workdir)
[INFO] [stdout] warning: method `with_filter` is never used
[INFO] [stdout]   --> src/query.rs:62:19
[INFO] [stdout]    |
[INFO] [stdout] 46 | / impl<T> QueryBuilder<T>
[INFO] [stdout] 47 | | where
[INFO] [stdout] 48 | |     T: MongooseSchema + DeserializeOwned + Serialize + Unpin + Send + Sync + 'static,
[INFO] [stdout]    | |_____________________________________________________________________________________- method in this implementation
[INFO] [stdout] ...
[INFO] [stdout] 62 |       pub(crate) fn with_filter(mut self, filter: Document) -> Self {
[INFO] [stdout]    |                     ^^^^^^^^^^^
[INFO] [stdout]    |
[INFO] [stdout]    = note: `#[warn(dead_code)]` (part of `#[warn(unused)]`) on by default
[INFO] [stdout] 
[INFO] [stdout] 
[INFO] [stdout] warning: method `with_filter` is never used
[INFO] [stdout]   --> src/query.rs:62:19
[INFO] [stdout]    |
[INFO] [stdout] 46 | / impl<T> QueryBuilder<T>
[INFO] [stdout] 47 | | where
[INFO] [stdout] 48 | |     T: MongooseSchema + DeserializeOwned + Serialize + Unpin + Send + Sync + 'static,
[INFO] [stdout]    | |_____________________________________________________________________________________- method in this implementation
[INFO] [stdout] ...
[INFO] [stdout] 62 |       pub(crate) fn with_filter(mut self, filter: Document) -> Self {
[INFO] [stdout]    |                     ^^^^^^^^^^^
[INFO] [stdout]    |
[INFO] [stdout]    = note: `#[warn(dead_code)]` (part of `#[warn(unused)]`) on by default
[INFO] [stdout] 
[INFO] [stdout] 
[INFO] [stderr] warning: unused dependency `validator`
[INFO] [stderr]   --> Cargo.toml:38:15
[INFO] [stderr]    |
[INFO] [stderr] 38 | [dependencies.validator]
[INFO] [stderr]    |               ^^^^^^^^^^
[INFO] [stderr]    |
[INFO] [stderr]    = note: `cargo::unused_dependencies` is set to `warn` by default
[INFO] [stderr] help: consider removing the dependency on `validator`
[INFO] [stderr] warning: `mongrel` (manifest) generated 1 warning
[INFO] [stderr]     Finished `release` profile [optimized] target(s) in 6m 12s
[INFO] running `Command { std: "docker" "inspect" "d1446327dad5c957ebfd8791d7b13a3cdcb2ca6815cf0596be5e3190f8eaf33c", kill_on_drop: false }`
[INFO] running `Command { std: "docker" "exec" "-e" "SOURCE_DIR=/opt/rustwide/workdir" "-e" "CARGO_HOME=/opt/rustwide/cargo-home" "-e" "RUSTUP_HOME=/opt/rustwide/rustup-home" "-e" "CARGO_TARGET_DIR=/opt/rustwide/target" "-e" "CARGO_INCREMENTAL=0" "-e" "RUST_BACKTRACE=full" "-e" "RUSTFLAGS=--cap-lints=warn" "-e" "RUSTDOCFLAGS=--cap-lints=warn" "-w" "/opt/rustwide/workdir" "--user" "0:0" "d1446327dad5c957ebfd8791d7b13a3cdcb2ca6815cf0596be5e3190f8eaf33c" "/opt/rustwide/cargo-home/bin/cargo" "+1.100.0-beta.1" "test" "--frozen" "--release", kill_on_drop: false }`
[INFO] [stderr] warning: method `with_filter` is never used
[INFO] [stderr]   --> src/query.rs:62:19
[INFO] [stderr]    |
[INFO] [stderr] 46 | / impl<T> QueryBuilder<T>
[INFO] [stderr] 47 | | where
[INFO] [stderr] 48 | |     T: MongooseSchema + DeserializeOwned + Serialize + Unpin + Send + Sync + 'static,
[INFO] [stderr]    | |_____________________________________________________________________________________- method in this implementation
[INFO] [stderr] ...
[INFO] [stderr] 62 |       pub(crate) fn with_filter(mut self, filter: Document) -> Self {
[INFO] [stderr]    |                     ^^^^^^^^^^^
[INFO] [stderr]    |
[INFO] [stderr]    = note: `#[warn(dead_code)]` (part of `#[warn(unused)]`) on by default
[INFO] [stderr] 
[INFO] [stderr] warning: `mongrel` (lib) generated 1 warning
[INFO] [stderr] warning: `mongrel` (lib test) generated 1 warning (1 duplicate)
[INFO] [stderr] warning: unused dependency `validator`
[INFO] [stderr]   --> Cargo.toml:38:15
[INFO] [stderr]    |
[INFO] [stderr] 38 | [dependencies.validator]
[INFO] [stderr]    |               ^^^^^^^^^^
[INFO] [stderr]    |
[INFO] [stderr]    = note: `cargo::unused_dependencies` is set to `warn` by default
[INFO] [stderr] help: consider removing the dependency on `validator`
[INFO] [stderr] warning: `mongrel` (manifest) generated 1 warning
[INFO] [stderr]     Finished `release` profile [optimized] target(s) in 0.49s
[INFO] [stderr]      Running unittests src/lib.rs (/opt/rustwide/target/release/build/mongrel/a7283413abf42819/out/mongrel-a7283413abf42819)
[INFO] [stdout] 
[INFO] [stdout] running 0 tests
[INFO] [stdout] 
[INFO] [stdout] test result: ok. 0 passed; 0 failed; 0 ignored; 0 measured; 0 filtered out; finished in 0.00s
[INFO] [stdout] 
[INFO] [stderr]      Running tests/integration.rs (/opt/rustwide/target/release/build/mongrel/97b7137bc3c67f5a/out/integration-97b7137bc3c67f5a)
[INFO] [stdout] 
[INFO] [stdout] running 7 tests
[INFO] [stdout] test test_validation_min_length ... FAILED
[INFO] [stdout] test test_create_and_find_by_id ... FAILED
[INFO] [stderr] error: test failed, to rerun pass `--test integration`
[INFO] [stdout] test test_pagination ... FAILED
[INFO] [stdout] test test_query_builder ... FAILED
[INFO] [stdout] test test_update_and_delete ... FAILED
[INFO] [stdout] test test_count_and_delete_many ... FAILED
[INFO] [stdout] test test_lean_query ... FAILED
[INFO] [stdout] 
[INFO] [stdout] failures:
[INFO] [stdout] 
[INFO] [stdout] ---- test_validation_min_length stdout ----
[INFO] [stdout] 
[INFO] [stdout] thread 'test_validation_min_length' (3880) panicked at tests/integration.rs:51:52:
[INFO] [stdout] mongo container: Client(Init(SocketNotFoundError("/var/run/docker.sock")))
[INFO] [stdout] stack backtrace:
[INFO] [stdout]    0:     0x59f4de7a6731 - <<std[617be2ca0a6fd877]::sys::backtrace::BacktraceLock>::print::DisplayBacktrace as core[a373ad73a504971]::fmt::Display>::fmt
[INFO] [stdout]    1:     0x59f4de7bf8ea - core[a373ad73a504971]::fmt::write
[INFO] [stdout]    2:     0x59f4de7abbbc - <alloc[2e1b2a31b91974c5]::vec::Vec<u8> as core[a373ad73a504971]::io::write::Write>::write_fmt
[INFO] [stdout]    3:     0x59f4de77fb46 - std[617be2ca0a6fd877]::panicking::default_hook::{closure#0}
[INFO] [stdout]    4:     0x59f4de79d669 - std[617be2ca0a6fd877]::panicking::default_hook
[INFO] [stdout]    5:     0x59f4de040110 - test[aada8e7e76ba119b]::test_main_inner::{closure#0}
[INFO] [stdout]    6:     0x59f4de79d992 - std[617be2ca0a6fd877]::panicking::panic_with_hook
[INFO] [stdout]    7:     0x59f4de77fbf2 - std[617be2ca0a6fd877]::panicking::panic_handler::{closure#0}
[INFO] [stdout]    8:     0x59f4de7785f9 - std[617be2ca0a6fd877]::sys::backtrace::__rust_end_short_backtrace::<std[617be2ca0a6fd877]::panicking::panic_handler::{closure#0}, !>
[INFO] [stdout]    9:     0x59f4de7809ed - __rustc[ea4f61d10b84890b]::rust_begin_unwind
[INFO] [stdout]   10:     0x59f4de7c00cc - core[a373ad73a504971]::panicking::panic_fmt
[INFO] [stdout]   11:     0x59f4de7bfea2 - core[a373ad73a504971]::result::unwrap_failed
[INFO] [stdout]   12:     0x59f4ddeabce7 - integration[439886cca206c79d]::setup::{closure#0}
[INFO] [stdout]   13:     0x59f4ddeb5cb8 - integration[439886cca206c79d]::test_validation_min_length::{closure#0}
[INFO] [stdout]   14:     0x59f4dde68f13 - <tokio[37ed46744597d2fd]::runtime::scheduler::current_thread::Context>::enter::<core[a373ad73a504971]::task::poll::Poll<()>, <tokio[37ed46744597d2fd]::runtime::scheduler::current_thread::CoreGuard>::block_on<core[a373ad73a504971]::pin::Pin<&mut core[a373ad73a504971]::pin::Pin<&mut dyn core[a373ad73a504971]::future::future::Future<Output = ()>>>>::{closure#0}::{closure#0}>
[INFO] [stdout]   15:     0x59f4ddf70dbc - <tokio[37ed46744597d2fd]::runtime::context::scoped::Scoped<tokio[37ed46744597d2fd]::runtime::scheduler::Context>>::set::<<tokio[37ed46744597d2fd]::runtime::scheduler::current_thread::CoreGuard>::enter<<tokio[37ed46744597d2fd]::runtime::scheduler::current_thread::CoreGuard>::block_on<core[a373ad73a504971]::pin::Pin<&mut core[a373ad73a504971]::pin::Pin<&mut dyn core[a373ad73a504971]::future::future::Future<Output = ()>>>>::{closure#0}, core[a373ad73a504971]::option::Option<()>>::{closure#0}, (alloc[2e1b2a31b91974c5]::boxed::Box<tokio[37ed46744597d2fd]::runtime::scheduler::current_thread::Core>, core[a373ad73a504971]::option::Option<()>)>
[INFO] [stdout]   16:     0x59f4dde67bef - <tokio[37ed46744597d2fd]::runtime::scheduler::current_thread::CurrentThread>::block_on::<core[a373ad73a504971]::pin::Pin<&mut dyn core[a373ad73a504971]::future::future::Future<Output = ()>>>
[INFO] [stdout]   17:     0x59f4dde918d2 - <tokio[37ed46744597d2fd]::runtime::runtime::Runtime>::block_on::<core[a373ad73a504971]::pin::Pin<&mut dyn core[a373ad73a504971]::future::future::Future<Output = ()>>>
[INFO] [stdout]   18:     0x59f4ddec79ae - <integration[439886cca206c79d]::test_validation_min_length::{closure#0} as core[a373ad73a504971]::ops::function::FnOnce<()>>::call_once
[INFO] [stdout]   19:     0x59f4de03355b - test[aada8e7e76ba119b]::__rust_begin_short_backtrace::<core[a373ad73a504971]::result::Result<(), alloc[2e1b2a31b91974c5]::string::String>, fn() -> core[a373ad73a504971]::result::Result<(), alloc[2e1b2a31b91974c5]::string::String>>
[INFO] [stdout]   20:     0x59f4de040735 - test[aada8e7e76ba119b]::run_test::{closure#0}
[INFO] [stdout]   21:     0x59f4de03a024 - std[617be2ca0a6fd877]::sys::backtrace::__rust_begin_short_backtrace::<test[aada8e7e76ba119b]::run_test::{closure#1}, ()>
[INFO] [stdout]   22:     0x59f4de0437c2 - <std[617be2ca0a6fd877]::thread::lifecycle::spawn_unchecked<test[aada8e7e76ba119b]::run_test::{closure#1}, ()>::{closure#1} as core[a373ad73a504971]::ops::function::FnOnce<()>>::call_once::{shim:vtable#0}
[INFO] [stdout]   23:     0x59f4de7a511f - <std[617be2ca0a6fd877]::sys::thread::unix::Thread>::new::thread_start
[INFO] [stdout]   24:     0x7a008230cdfa - <unknown>
[INFO] [stdout]   25:     0x7a00823a03d4 - clone
[INFO] [stdout]   26:                0x0 - <unknown>
[INFO] [stdout] 
[INFO] [stdout] ---- test_create_and_find_by_id stdout ----
[INFO] [stdout] 
[INFO] [stdout] thread 'test_create_and_find_by_id' (3875) panicked at tests/integration.rs:51:52:
[INFO] [stdout] mongo container: Client(Init(SocketNotFoundError("/var/run/docker.sock")))
[INFO] [stdout] stack backtrace:
[INFO] [stdout]    0:     0x59f4de7a6731 - <<std[617be2ca0a6fd877]::sys::backtrace::BacktraceLock>::print::DisplayBacktrace as core[a373ad73a504971]::fmt::Display>::fmt
[INFO] [stdout]    1:     0x59f4de7bf8ea - core[a373ad73a504971]::fmt::write
[INFO] [stdout]    2:     0x59f4de7abbbc - <alloc[2e1b2a31b91974c5]::vec::Vec<u8> as core[a373ad73a504971]::io::write::Write>::write_fmt
[INFO] [stdout]    3:     0x59f4de77fb46 - std[617be2ca0a6fd877]::panicking::default_hook::{closure#0}
[INFO] [stdout]    4:     0x59f4de79d669 - std[617be2ca0a6fd877]::panicking::default_hook
[INFO] [stdout]    5:     0x59f4de040110 - test[aada8e7e76ba119b]::test_main_inner::{closure#0}
[INFO] [stdout]    6:     0x59f4de79d992 - std[617be2ca0a6fd877]::panicking::panic_with_hook
[INFO] [stdout]    7:     0x59f4de77fbf2 - std[617be2ca0a6fd877]::panicking::panic_handler::{closure#0}
[INFO] [stdout]    8:     0x59f4de7785f9 - std[617be2ca0a6fd877]::sys::backtrace::__rust_end_short_backtrace::<std[617be2ca0a6fd877]::panicking::panic_handler::{closure#0}, !>
[INFO] [stdout]    9:     0x59f4de7809ed - __rustc[ea4f61d10b84890b]::rust_begin_unwind
[INFO] [stdout]   10:     0x59f4de7c00cc - core[a373ad73a504971]::panicking::panic_fmt
[INFO] [stdout]   11:     0x59f4de7bfea2 - core[a373ad73a504971]::result::unwrap_failed
[INFO] [stdout]   12:     0x59f4ddeabce7 - integration[439886cca206c79d]::setup::{closure#0}
[INFO] [stdout]   13:     0x59f4ddeb558d - integration[439886cca206c79d]::test_create_and_find_by_id::{closure#0}
[INFO] [stdout]   14:     0x59f4dde68f13 - <tokio[37ed46744597d2fd]::runtime::scheduler::current_thread::Context>::enter::<core[a373ad73a504971]::task::poll::Poll<()>, <tokio[37ed46744597d2fd]::runtime::scheduler::current_thread::CoreGuard>::block_on<core[a373ad73a504971]::pin::Pin<&mut core[a373ad73a504971]::pin::Pin<&mut dyn core[a373ad73a504971]::future::future::Future<Output = ()>>>>::{closure#0}::{closure#0}>
[INFO] [stdout]   15:     0x59f4ddf70dbc - <tokio[37ed46744597d2fd]::runtime::context::scoped::Scoped<tokio[37ed46744597d2fd]::runtime::scheduler::Context>>::set::<<tokio[37ed46744597d2fd]::runtime::scheduler::current_thread::CoreGuard>::enter<<tokio[37ed46744597d2fd]::runtime::scheduler::current_thread::CoreGuard>::block_on<core[a373ad73a504971]::pin::Pin<&mut core[a373ad73a504971]::pin::Pin<&mut dyn core[a373ad73a504971]::future::future::Future<Output = ()>>>>::{closure#0}, core[a373ad73a504971]::option::Option<()>>::{closure#0}, (alloc[2e1b2a31b91974c5]::boxed::Box<tokio[37ed46744597d2fd]::runtime::scheduler::current_thread::Core>, core[a373ad73a504971]::option::Option<()>)>
[INFO] [stdout]   16:     0x59f4dde67bef - <tokio[37ed46744597d2fd]::runtime::scheduler::current_thread::CurrentThread>::block_on::<core[a373ad73a504971]::pin::Pin<&mut dyn core[a373ad73a504971]::future::future::Future<Output = ()>>>
[INFO] [stdout]   17:     0x59f4dde918d2 - <tokio[37ed46744597d2fd]::runtime::runtime::Runtime>::block_on::<core[a373ad73a504971]::pin::Pin<&mut dyn core[a373ad73a504971]::future::future::Future<Output = ()>>>
[INFO] [stdout]   18:     0x59f4ddec784e - <integration[439886cca206c79d]::test_create_and_find_by_id::{closure#0} as core[a373ad73a504971]::ops::function::FnOnce<()>>::call_once
[INFO] [stdout]   19:     0x59f4de03355b - test[aada8e7e76ba119b]::__rust_begin_short_backtrace::<core[a373ad73a504971]::result::Result<(), alloc[2e1b2a31b91974c5]::string::String>, fn() -> core[a373ad73a504971]::result::Result<(), alloc[2e1b2a31b91974c5]::string::String>>
[INFO] [stdout]   20:     0x59f4de040735 - test[aada8e7e76ba119b]::run_test::{closure#0}
[INFO] [stdout]   21:     0x59f4de03a024 - std[617be2ca0a6fd877]::sys::backtrace::__rust_begin_short_backtrace::<test[aada8e7e76ba119b]::run_test::{closure#1}, ()>
[INFO] [stdout]   22:     0x59f4de0437c2 - <std[617be2ca0a6fd877]::thread::lifecycle::spawn_unchecked<test[aada8e7e76ba119b]::run_test::{closure#1}, ()>::{closure#1} as core[a373ad73a504971]::ops::function::FnOnce<()>>::call_once::{shim:vtable#0}
[INFO] [stdout]   23:     0x59f4de7a511f - <std[617be2ca0a6fd877]::sys::thread::unix::Thread>::new::thread_start
[INFO] [stdout]   24:     0x7a008230cdfa - <unknown>
[INFO] [stdout]   25:     0x7a00823a03d4 - clone
[INFO] [stdout]   26:                0x0 - <unknown>
[INFO] [stdout] 
[INFO] [stdout] ---- test_pagination stdout ----
[INFO] [stdout] 
[INFO] [stdout] thread 'test_pagination' (3877) panicked at tests/integration.rs:51:52:
[INFO] [stdout] mongo container: Client(Init(SocketNotFoundError("/var/run/docker.sock")))
[INFO] [stdout] stack backtrace:
[INFO] [stdout]    0:     0x59f4de7a6731 - <<std[617be2ca0a6fd877]::sys::backtrace::BacktraceLock>::print::DisplayBacktrace as core[a373ad73a504971]::fmt::Display>::fmt
[INFO] [stdout]    1:     0x59f4de7bf8ea - core[a373ad73a504971]::fmt::write
[INFO] [stdout]    2:     0x59f4de7abbbc - <alloc[2e1b2a31b91974c5]::vec::Vec<u8> as core[a373ad73a504971]::io::write::Write>::write_fmt
[INFO] [stdout]    3:     0x59f4de77fb46 - std[617be2ca0a6fd877]::panicking::default_hook::{closure#0}
[INFO] [stdout]    4:     0x59f4de79d669 - std[617be2ca0a6fd877]::panicking::default_hook
[INFO] [stdout]    5:     0x59f4de040110 - test[aada8e7e76ba119b]::test_main_inner::{closure#0}
[INFO] [stdout]    6:     0x59f4de79d992 - std[617be2ca0a6fd877]::panicking::panic_with_hook
[INFO] [stdout]    7:     0x59f4de77fbf2 - std[617be2ca0a6fd877]::panicking::panic_handler::{closure#0}
[INFO] [stdout]    8:     0x59f4de7785f9 - std[617be2ca0a6fd877]::sys::backtrace::__rust_end_short_backtrace::<std[617be2ca0a6fd877]::panicking::panic_handler::{closure#0}, !>
[INFO] [stdout]    9:     0x59f4de7809ed - __rustc[ea4f61d10b84890b]::rust_begin_unwind
[INFO] [stdout]   10:     0x59f4de7c00cc - core[a373ad73a504971]::panicking::panic_fmt
[INFO] [stdout]   11:     0x59f4de7bfea2 - core[a373ad73a504971]::result::unwrap_failed
[INFO] [stdout]   12:     0x59f4ddeabce7 - integration[439886cca206c79d]::setup::{closure#0}
[INFO] [stdout]   13:     0x59f4ddeae657 - integration[439886cca206c79d]::test_pagination::{closure#0}
[INFO] [stdout]   14:     0x59f4dde68f13 - <tokio[37ed46744597d2fd]::runtime::scheduler::current_thread::Context>::enter::<core[a373ad73a504971]::task::poll::Poll<()>, <tokio[37ed46744597d2fd]::runtime::scheduler::current_thread::CoreGuard>::block_on<core[a373ad73a504971]::pin::Pin<&mut core[a373ad73a504971]::pin::Pin<&mut dyn core[a373ad73a504971]::future::future::Future<Output = ()>>>>::{closure#0}::{closure#0}>
[INFO] [stdout]   15:     0x59f4ddf70dbc - <tokio[37ed46744597d2fd]::runtime::context::scoped::Scoped<tokio[37ed46744597d2fd]::runtime::scheduler::Context>>::set::<<tokio[37ed46744597d2fd]::runtime::scheduler::current_thread::CoreGuard>::enter<<tokio[37ed46744597d2fd]::runtime::scheduler::current_thread::CoreGuard>::block_on<core[a373ad73a504971]::pin::Pin<&mut core[a373ad73a504971]::pin::Pin<&mut dyn core[a373ad73a504971]::future::future::Future<Output = ()>>>>::{closure#0}, core[a373ad73a504971]::option::Option<()>>::{closure#0}, (alloc[2e1b2a31b91974c5]::boxed::Box<tokio[37ed46744597d2fd]::runtime::scheduler::current_thread::Core>, core[a373ad73a504971]::option::Option<()>)>
[INFO] [stdout]   16:     0x59f4dde67bef - <tokio[37ed46744597d2fd]::runtime::scheduler::current_thread::CurrentThread>::block_on::<core[a373ad73a504971]::pin::Pin<&mut dyn core[a373ad73a504971]::future::future::Future<Output = ()>>>
[INFO] [stdout]   17:     0x59f4dde918d2 - <tokio[37ed46744597d2fd]::runtime::runtime::Runtime>::block_on::<core[a373ad73a504971]::pin::Pin<&mut dyn core[a373ad73a504971]::future::future::Future<Output = ()>>>
[INFO] [stdout]   18:     0x59f4ddec72ce - <integration[439886cca206c79d]::test_pagination::{closure#0} as core[a373ad73a504971]::ops::function::FnOnce<()>>::call_once
[INFO] [stdout]   19:     0x59f4de03355b - test[aada8e7e76ba119b]::__rust_begin_short_backtrace::<core[a373ad73a504971]::result::Result<(), alloc[2e1b2a31b91974c5]::string::String>, fn() -> core[a373ad73a504971]::result::Result<(), alloc[2e1b2a31b91974c5]::string::String>>
[INFO] [stdout]   20:     0x59f4de040735 - test[aada8e7e76ba119b]::run_test::{closure#0}
[INFO] [stdout]   21:     0x59f4de03a024 - std[617be2ca0a6fd877]::sys::backtrace::__rust_begin_short_backtrace::<test[aada8e7e76ba119b]::run_test::{closure#1}, ()>
[INFO] [stdout]   22:     0x59f4de0437c2 - <std[617be2ca0a6fd877]::thread::lifecycle::spawn_unchecked<test[aada8e7e76ba119b]::run_test::{closure#1}, ()>::{closure#1} as core[a373ad73a504971]::ops::function::FnOnce<()>>::call_once::{shim:vtable#0}
[INFO] [stdout]   23:     0x59f4de7a511f - <std[617be2ca0a6fd877]::sys::thread::unix::Thread>::new::thread_start
[INFO] [stdout]   24:     0x7a008230cdfa - <unknown>
[INFO] [stdout]   25:     0x7a00823a03d4 - clone
[INFO] [stdout]   26:                0x0 - <unknown>
[INFO] [stdout] 
[INFO] [stdout] ---- test_query_builder stdout ----
[INFO] [stdout] 
[INFO] [stdout] thread 'test_query_builder' (3878) panicked at tests/integration.rs:51:52:
[INFO] [stdout] mongo container: Client(Init(SocketNotFoundError("/var/run/docker.sock")))
[INFO] [stdout] stack backtrace:
[INFO] [stdout]    0:     0x59f4de7a6731 - <<std[617be2ca0a6fd877]::sys::backtrace::BacktraceLock>::print::DisplayBacktrace as core[a373ad73a504971]::fmt::Display>::fmt
[INFO] [stdout]    1:     0x59f4de7bf8ea - core[a373ad73a504971]::fmt::write
[INFO] [stdout]    2:     0x59f4de7abbbc - <alloc[2e1b2a31b91974c5]::vec::Vec<u8> as core[a373ad73a504971]::io::write::Write>::write_fmt
[INFO] [stdout]    3:     0x59f4de77fb46 - std[617be2ca0a6fd877]::panicking::default_hook::{closure#0}
[INFO] [stdout]    4:     0x59f4de79d669 - std[617be2ca0a6fd877]::panicking::default_hook
[INFO] [stdout]    5:     0x59f4de040110 - test[aada8e7e76ba119b]::test_main_inner::{closure#0}
[INFO] [stdout]    6:     0x59f4de79d992 - std[617be2ca0a6fd877]::panicking::panic_with_hook
[INFO] [stdout]    7:     0x59f4de77fbf2 - std[617be2ca0a6fd877]::panicking::panic_handler::{closure#0}
[INFO] [stdout]    8:     0x59f4de7785f9 - std[617be2ca0a6fd877]::sys::backtrace::__rust_end_short_backtrace::<std[617be2ca0a6fd877]::panicking::panic_handler::{closure#0}, !>
[INFO] [stdout]    9:     0x59f4de7809ed - __rustc[ea4f61d10b84890b]::rust_begin_unwind
[INFO] [stdout]   10:     0x59f4de7c00cc - core[a373ad73a504971]::panicking::panic_fmt
[INFO] [stdout]   11:     0x59f4de7bfea2 - core[a373ad73a504971]::result::unwrap_failed
[INFO] [stdout]   12:     0x59f4ddeabce7 - integration[439886cca206c79d]::setup::{closure#0}
[INFO] [stdout]   13:     0x59f4ddeb07ce - integration[439886cca206c79d]::test_query_builder::{closure#0}
[INFO] [stdout]   14:     0x59f4dde68f13 - <tokio[37ed46744597d2fd]::runtime::scheduler::current_thread::Context>::enter::<core[a373ad73a504971]::task::poll::Poll<()>, <tokio[37ed46744597d2fd]::runtime::scheduler::current_thread::CoreGuard>::block_on<core[a373ad73a504971]::pin::Pin<&mut core[a373ad73a504971]::pin::Pin<&mut dyn core[a373ad73a504971]::future::future::Future<Output = ()>>>>::{closure#0}::{closure#0}>
[INFO] [stdout]   15:     0x59f4ddf70dbc - <tokio[37ed46744597d2fd]::runtime::context::scoped::Scoped<tokio[37ed46744597d2fd]::runtime::scheduler::Context>>::set::<<tokio[37ed46744597d2fd]::runtime::scheduler::current_thread::CoreGuard>::enter<<tokio[37ed46744597d2fd]::runtime::scheduler::current_thread::CoreGuard>::block_on<core[a373ad73a504971]::pin::Pin<&mut core[a373ad73a504971]::pin::Pin<&mut dyn core[a373ad73a504971]::future::future::Future<Output = ()>>>>::{closure#0}, core[a373ad73a504971]::option::Option<()>>::{closure#0}, (alloc[2e1b2a31b91974c5]::boxed::Box<tokio[37ed46744597d2fd]::runtime::scheduler::current_thread::Core>, core[a373ad73a504971]::option::Option<()>)>
[INFO] [stdout]   16:     0x59f4dde67bef - <tokio[37ed46744597d2fd]::runtime::scheduler::current_thread::CurrentThread>::block_on::<core[a373ad73a504971]::pin::Pin<&mut dyn core[a373ad73a504971]::future::future::Future<Output = ()>>>
[INFO] [stdout]   17:     0x59f4dde918d2 - <tokio[37ed46744597d2fd]::runtime::runtime::Runtime>::block_on::<core[a373ad73a504971]::pin::Pin<&mut dyn core[a373ad73a504971]::future::future::Future<Output = ()>>>
[INFO] [stdout]   18:     0x59f4ddec742e - <integration[439886cca206c79d]::test_query_builder::{closure#0} as core[a373ad73a504971]::ops::function::FnOnce<()>>::call_once
[INFO] [stdout]   19:     0x59f4de03355b - test[aada8e7e76ba119b]::__rust_begin_short_backtrace::<core[a373ad73a504971]::result::Result<(), alloc[2e1b2a31b91974c5]::string::String>, fn() -> core[a373ad73a504971]::result::Result<(), alloc[2e1b2a31b91974c5]::string::String>>
[INFO] [stdout]   20:     0x59f4de040735 - test[aada8e7e76ba119b]::run_test::{closure#0}
[INFO] [stdout]   21:     0x59f4de03a024 - std[617be2ca0a6fd877]::sys::backtrace::__rust_begin_short_backtrace::<test[aada8e7e76ba119b]::run_test::{closure#1}, ()>
[INFO] [stdout]   22:     0x59f4de0437c2 - <std[617be2ca0a6fd877]::thread::lifecycle::spawn_unchecked<test[aada8e7e76ba119b]::run_test::{closure#1}, ()>::{closure#1} as core[a373ad73a504971]::ops::function::FnOnce<()>>::call_once::{shim:vtable#0}
[INFO] [stdout]   23:     0x59f4de7a511f - <std[617be2ca0a6fd877]::sys::thread::unix::Thread>::new::thread_start
[INFO] [stdout]   24:     0x7a008230cdfa - <unknown>
[INFO] [stdout]   25:     0x7a00823a03d4 - clone
[INFO] [stdout]   26:                0x0 - <unknown>
[INFO] [stdout] 
[INFO] [stdout] ---- test_update_and_delete stdout ----
[INFO] [stdout] 
[INFO] [stdout] thread 'test_update_and_delete' (3879) panicked at tests/integration.rs:51:52:
[INFO] [stdout] mongo container: Client(Init(SocketNotFoundError("/var/run/docker.sock")))
[INFO] [stdout] stack backtrace:
[INFO] [stdout]    0:     0x59f4de7a6731 - <<std[617be2ca0a6fd877]::sys::backtrace::BacktraceLock>::print::DisplayBacktrace as core[a373ad73a504971]::fmt::Display>::fmt
[INFO] [stdout]    1:     0x59f4de7bf8ea - core[a373ad73a504971]::fmt::write
[INFO] [stdout]    2:     0x59f4de7abbbc - <alloc[2e1b2a31b91974c5]::vec::Vec<u8> as core[a373ad73a504971]::io::write::Write>::write_fmt
[INFO] [stdout]    3:     0x59f4de77fb46 - std[617be2ca0a6fd877]::panicking::default_hook::{closure#0}
[INFO] [stdout]    4:     0x59f4de79d669 - std[617be2ca0a6fd877]::panicking::default_hook
[INFO] [stdout]    5:     0x59f4de040110 - test[aada8e7e76ba119b]::test_main_inner::{closure#0}
[INFO] [stdout]    6:     0x59f4de79d992 - std[617be2ca0a6fd877]::panicking::panic_with_hook
[INFO] [stdout]    7:     0x59f4de77fbf2 - std[617be2ca0a6fd877]::panicking::panic_handler::{closure#0}
[INFO] [stdout]    8:     0x59f4de7785f9 - std[617be2ca0a6fd877]::sys::backtrace::__rust_end_short_backtrace::<std[617be2ca0a6fd877]::panicking::panic_handler::{closure#0}, !>
[INFO] [stdout]    9:     0x59f4de7809ed - __rustc[ea4f61d10b84890b]::rust_begin_unwind
[INFO] [stdout]   10:     0x59f4de7c00cc - core[a373ad73a504971]::panicking::panic_fmt
[INFO] [stdout]   11:     0x59f4de7bfea2 - core[a373ad73a504971]::result::unwrap_failed
[INFO] [stdout]   12:     0x59f4ddeabce7 - integration[439886cca206c79d]::setup::{closure#0}
[INFO] [stdout]   13:     0x59f4ddeb1cae - integration[439886cca206c79d]::test_update_and_delete::{closure#0}
[INFO] [stdout]   14:     0x59f4dde68f13 - <tokio[37ed46744597d2fd]::runtime::scheduler::current_thread::Context>::enter::<core[a373ad73a504971]::task::poll::Poll<()>, <tokio[37ed46744597d2fd]::runtime::scheduler::current_thread::CoreGuard>::block_on<core[a373ad73a504971]::pin::Pin<&mut core[a373ad73a504971]::pin::Pin<&mut dyn core[a373ad73a504971]::future::future::Future<Output = ()>>>>::{closure#0}::{closure#0}>
[INFO] [stdout]   15:     0x59f4ddf70dbc - <tokio[37ed46744597d2fd]::runtime::context::scoped::Scoped<tokio[37ed46744597d2fd]::runtime::scheduler::Context>>::set::<<tokio[37ed46744597d2fd]::runtime::scheduler::current_thread::CoreGuard>::enter<<tokio[37ed46744597d2fd]::runtime::scheduler::current_thread::CoreGuard>::block_on<core[a373ad73a504971]::pin::Pin<&mut core[a373ad73a504971]::pin::Pin<&mut dyn core[a373ad73a504971]::future::future::Future<Output = ()>>>>::{closure#0}, core[a373ad73a504971]::option::Option<()>>::{closure#0}, (alloc[2e1b2a31b91974c5]::boxed::Box<tokio[37ed46744597d2fd]::runtime::scheduler::current_thread::Core>, core[a373ad73a504971]::option::Option<()>)>
[INFO] [stdout]   16:     0x59f4dde67bef - <tokio[37ed46744597d2fd]::runtime::scheduler::current_thread::CurrentThread>::block_on::<core[a373ad73a504971]::pin::Pin<&mut dyn core[a373ad73a504971]::future::future::Future<Output = ()>>>
[INFO] [stdout]   17:     0x59f4dde918d2 - <tokio[37ed46744597d2fd]::runtime::runtime::Runtime>::block_on::<core[a373ad73a504971]::pin::Pin<&mut dyn core[a373ad73a504971]::future::future::Future<Output = ()>>>
[INFO] [stdout]   18:     0x59f4ddec758e - <integration[439886cca206c79d]::test_update_and_delete::{closure#0} as core[a373ad73a504971]::ops::function::FnOnce<()>>::call_once
[INFO] [stdout]   19:     0x59f4de03355b - test[aada8e7e76ba119b]::__rust_begin_short_backtrace::<core[a373ad73a504971]::result::Result<(), alloc[2e1b2a31b91974c5]::string::String>, fn() -> core[a373ad73a504971]::result::Result<(), alloc[2e1b2a31b91974c5]::string::String>>
[INFO] [stdout]   20:     0x59f4de040735 - test[aada8e7e76ba119b]::run_test::{closure#0}
[INFO] [stdout]   21:     0x59f4de03a024 - std[617be2ca0a6fd877]::sys::backtrace::__rust_begin_short_backtrace::<test[aada8e7e76ba119b]::run_test::{closure#1}, ()>
[INFO] [stdout]   22:     0x59f4de0437c2 - <std[617be2ca0a6fd877]::thread::lifecycle::spawn_unchecked<test[aada8e7e76ba119b]::run_test::{closure#1}, ()>::{closure#1} as core[a373ad73a504971]::ops::function::FnOnce<()>>::call_once::{shim:vtable#0}
[INFO] [stdout]   23:     0x59f4de7a511f - <std[617be2ca0a6fd877]::sys::thread::unix::Thread>::new::thread_start
[INFO] [stdout]   24:     0x7a008230cdfa - <unknown>
[INFO] [stdout]   25:     0x7a00823a03d4 - clone
[INFO] [stdout]   26:                0x0 - <unknown>
[INFO] [stdout] 
[INFO] [stdout] ---- test_count_and_delete_many stdout ----
[INFO] [stdout] 
[INFO] [stdout] thread 'test_count_and_delete_many' (3874) panicked at tests/integration.rs:51:52:
[INFO] [stdout] mongo container: Client(Init(SocketNotFoundError("/var/run/docker.sock")))
[INFO] [stdout] stack backtrace:
[INFO] [stdout]    0:     0x59f4de7a6731 - <<std[617be2ca0a6fd877]::sys::backtrace::BacktraceLock>::print::DisplayBacktrace as core[a373ad73a504971]::fmt::Display>::fmt
[INFO] [stdout]    1:     0x59f4de7bf8ea - core[a373ad73a504971]::fmt::write
[INFO] [stdout]    2:     0x59f4de7abbbc - <alloc[2e1b2a31b91974c5]::vec::Vec<u8> as core[a373ad73a504971]::io::write::Write>::write_fmt
[INFO] [stdout]    3:     0x59f4de77fb46 - std[617be2ca0a6fd877]::panicking::default_hook::{closure#0}
[INFO] [stdout]    4:     0x59f4de79d669 - std[617be2ca0a6fd877]::panicking::default_hook
[INFO] [stdout]    5:     0x59f4de040110 - test[aada8e7e76ba119b]::test_main_inner::{closure#0}
[INFO] [stdout]    6:     0x59f4de79d992 - std[617be2ca0a6fd877]::panicking::panic_with_hook
[INFO] [stdout]    7:     0x59f4de77fbf2 - std[617be2ca0a6fd877]::panicking::panic_handler::{closure#0}
[INFO] [stdout]    8:     0x59f4de7785f9 - std[617be2ca0a6fd877]::sys::backtrace::__rust_end_short_backtrace::<std[617be2ca0a6fd877]::panicking::panic_handler::{closure#0}, !>
[INFO] [stdout]    9:     0x59f4de7809ed - __rustc[ea4f61d10b84890b]::rust_begin_unwind
[INFO] [stdout]   10:     0x59f4de7c00cc - core[a373ad73a504971]::panicking::panic_fmt
[INFO] [stdout]   11:     0x59f4de7bfea2 - core[a373ad73a504971]::result::unwrap_failed
[INFO] [stdout]   12:     0x59f4ddeabce7 - integration[439886cca206c79d]::setup::{closure#0}
[INFO] [stdout]   13:     0x59f4ddeb43f8 - integration[439886cca206c79d]::test_count_and_delete_many::{closure#0}
[INFO] [stdout]   14:     0x59f4dde68f13 - <tokio[37ed46744597d2fd]::runtime::scheduler::current_thread::Context>::enter::<core[a373ad73a504971]::task::poll::Poll<()>, <tokio[37ed46744597d2fd]::runtime::scheduler::current_thread::CoreGuard>::block_on<core[a373ad73a504971]::pin::Pin<&mut core[a373ad73a504971]::pin::Pin<&mut dyn core[a373ad73a504971]::future::future::Future<Output = ()>>>>::{closure#0}::{closure#0}>
[INFO] [stdout]   15:     0x59f4ddf70dbc - <tokio[37ed46744597d2fd]::runtime::context::scoped::Scoped<tokio[37ed46744597d2fd]::runtime::scheduler::Context>>::set::<<tokio[37ed46744597d2fd]::runtime::scheduler::current_thread::CoreGuard>::enter<<tokio[37ed46744597d2fd]::runtime::scheduler::current_thread::CoreGuard>::block_on<core[a373ad73a504971]::pin::Pin<&mut core[a373ad73a504971]::pin::Pin<&mut dyn core[a373ad73a504971]::future::future::Future<Output = ()>>>>::{closure#0}, core[a373ad73a504971]::option::Option<()>>::{closure#0}, (alloc[2e1b2a31b91974c5]::boxed::Box<tokio[37ed46744597d2fd]::runtime::scheduler::current_thread::Core>, core[a373ad73a504971]::option::Option<()>)>
[INFO] [stdout]   16:     0x59f4dde67bef - <tokio[37ed46744597d2fd]::runtime::scheduler::current_thread::CurrentThread>::block_on::<core[a373ad73a504971]::pin::Pin<&mut dyn core[a373ad73a504971]::future::future::Future<Output = ()>>>
[INFO] [stdout]   17:     0x59f4dde918d2 - <tokio[37ed46744597d2fd]::runtime::runtime::Runtime>::block_on::<core[a373ad73a504971]::pin::Pin<&mut dyn core[a373ad73a504971]::future::future::Future<Output = ()>>>
[INFO] [stdout]   18:     0x59f4ddec76ee - <integration[439886cca206c79d]::test_count_and_delete_many::{closure#0} as core[a373ad73a504971]::ops::function::FnOnce<()>>::call_once
[INFO] [stdout]   19:     0x59f4de03355b - test[aada8e7e76ba119b]::__rust_begin_short_backtrace::<core[a373ad73a504971]::result::Result<(), alloc[2e1b2a31b91974c5]::string::String>, fn() -> core[a373ad73a504971]::result::Result<(), alloc[2e1b2a31b91974c5]::string::String>>
[INFO] [stdout]   20:     0x59f4de040735 - test[aada8e7e76ba119b]::run_test::{closure#0}
[INFO] [stdout]   21:     0x59f4de03a024 - std[617be2ca0a6fd877]::sys::backtrace::__rust_begin_short_backtrace::<test[aada8e7e76ba119b]::run_test::{closure#1}, ()>
[INFO] [stdout]   22:     0x59f4de0437c2 - <std[617be2ca0a6fd877]::thread::lifecycle::spawn_unchecked<test[aada8e7e76ba119b]::run_test::{closure#1}, ()>::{closure#1} as core[a373ad73a504971]::ops::function::FnOnce<()>>::call_once::{shim:vtable#0}
[INFO] [stdout]   23:     0x59f4de7a511f - <std[617be2ca0a6fd877]::sys::thread::unix::Thread>::new::thread_start
[INFO] [stdout]   24:     0x7a008230cdfa - <unknown>
[INFO] [stdout]   25:     0x7a00823a03d4 - clone
[INFO] [stdout]   26:                0x0 - <unknown>
[INFO] [stdout] 
[INFO] [stdout] ---- test_lean_query stdout ----
[INFO] [stdout] 
[INFO] [stdout] thread 'test_lean_query' (3876) panicked at tests/integration.rs:51:52:
[INFO] [stdout] mongo container: Client(Init(SocketNotFoundError("/var/run/docker.sock")))
[INFO] [stdout] stack backtrace:
[INFO] [stdout]    0:     0x59f4de7a6731 - <<std[617be2ca0a6fd877]::sys::backtrace::BacktraceLock>::print::DisplayBacktrace as core[a373ad73a504971]::fmt::Display>::fmt
[INFO] [stdout]    1:     0x59f4de7bf8ea - core[a373ad73a504971]::fmt::write
[INFO] [stdout]    2:     0x59f4de7abbbc - <alloc[2e1b2a31b91974c5]::vec::Vec<u8> as core[a373ad73a504971]::io::write::Write>::write_fmt
[INFO] [stdout]    3:     0x59f4de77fb46 - std[617be2ca0a6fd877]::panicking::default_hook::{closure#0}
[INFO] [stdout]    4:     0x59f4de79d669 - std[617be2ca0a6fd877]::panicking::default_hook
[INFO] [stdout]    5:     0x59f4de040110 - test[aada8e7e76ba119b]::test_main_inner::{closure#0}
[INFO] [stdout]    6:     0x59f4de79d992 - std[617be2ca0a6fd877]::panicking::panic_with_hook
[INFO] [stdout]    7:     0x59f4de77fbf2 - std[617be2ca0a6fd877]::panicking::panic_handler::{closure#0}
[INFO] [stdout]    8:     0x59f4de7785f9 - std[617be2ca0a6fd877]::sys::backtrace::__rust_end_short_backtrace::<std[617be2ca0a6fd877]::panicking::panic_handler::{closure#0}, !>
[INFO] [stdout]    9:     0x59f4de7809ed - __rustc[ea4f61d10b84890b]::rust_begin_unwind
[INFO] [stdout]   10:     0x59f4de7c00cc - core[a373ad73a504971]::panicking::panic_fmt
[INFO] [stdout]   11:     0x59f4de7bfea2 - core[a373ad73a504971]::result::unwrap_failed
[INFO] [stdout]   12:     0x59f4ddeabce7 - integration[439886cca206c79d]::setup::{closure#0}
[INFO] [stdout]   13:     0x59f4ddead0ae - integration[439886cca206c79d]::test_lean_query::{closure#0}
[INFO] [stdout]   14:     0x59f4dde68f13 - <tokio[37ed46744597d2fd]::runtime::scheduler::current_thread::Context>::enter::<core[a373ad73a504971]::task::poll::Poll<()>, <tokio[37ed46744597d2fd]::runtime::scheduler::current_thread::CoreGuard>::block_on<core[a373ad73a504971]::pin::Pin<&mut core[a373ad73a504971]::pin::Pin<&mut dyn core[a373ad73a504971]::future::future::Future<Output = ()>>>>::{closure#0}::{closure#0}>
[INFO] [stdout]   15:     0x59f4ddf70dbc - <tokio[37ed46744597d2fd]::runtime::context::scoped::Scoped<tokio[37ed46744597d2fd]::runtime::scheduler::Context>>::set::<<tokio[37ed46744597d2fd]::runtime::scheduler::current_thread::CoreGuard>::enter<<tokio[37ed46744597d2fd]::runtime::scheduler::current_thread::CoreGuard>::block_on<core[a373ad73a504971]::pin::Pin<&mut core[a373ad73a504971]::pin::Pin<&mut dyn core[a373ad73a504971]::future::future::Future<Output = ()>>>>::{closure#0}, core[a373ad73a504971]::option::Option<()>>::{closure#0}, (alloc[2e1b2a31b91974c5]::boxed::Box<tokio[37ed46744597d2fd]::runtime::scheduler::current_thread::Core>, core[a373ad73a504971]::option::Option<()>)>
[INFO] [stdout]   16:     0x59f4dde67bef - <tokio[37ed46744597d2fd]::runtime::scheduler::current_thread::CurrentThread>::block_on::<core[a373ad73a504971]::pin::Pin<&mut dyn core[a373ad73a504971]::future::future::Future<Output = ()>>>
[INFO] [stdout]   17:     0x59f4dde918d2 - <tokio[37ed46744597d2fd]::runtime::runtime::Runtime>::block_on::<core[a373ad73a504971]::pin::Pin<&mut dyn core[a373ad73a504971]::future::future::Future<Output = ()>>>
[INFO] [stdout]   18:     0x59f4ddec716e - <integration[439886cca206c79d]::test_lean_query::{closure#0} as core[a373ad73a504971]::ops::function::FnOnce<()>>::call_once
[INFO] [stdout]   19:     0x59f4de03355b - test[aada8e7e76ba119b]::__rust_begin_short_backtrace::<core[a373ad73a504971]::result::Result<(), alloc[2e1b2a31b91974c5]::string::String>, fn() -> core[a373ad73a504971]::result::Result<(), alloc[2e1b2a31b91974c5]::string::String>>
[INFO] [stdout]   20:     0x59f4de040735 - test[aada8e7e76ba119b]::run_test::{closure#0}
[INFO] [stdout]   21:     0x59f4de03a024 - std[617be2ca0a6fd877]::sys::backtrace::__rust_begin_short_backtrace::<test[aada8e7e76ba119b]::run_test::{closure#1}, ()>
[INFO] [stdout]   22:     0x59f4de0437c2 - <std[617be2ca0a6fd877]::thread::lifecycle::spawn_unchecked<test[aada8e7e76ba119b]::run_test::{closure#1}, ()>::{closure#1} as core[a373ad73a504971]::ops::function::FnOnce<()>>::call_once::{shim:vtable#0}
[INFO] [stdout]   23:     0x59f4de7a511f - <std[617be2ca0a6fd877]::sys::thread::unix::Thread>::new::thread_start
[INFO] [stdout]   24:     0x7a008230cdfa - <unknown>
[INFO] [stdout]   25:     0x7a00823a03d4 - clone
[INFO] [stdout]   26:                0x0 - <unknown>
[INFO] [stdout] 
[INFO] [stdout] 
[INFO] [stdout] failures:
[INFO] [stdout]     test_count_and_delete_many
[INFO] [stdout]     test_create_and_find_by_id
[INFO] [stdout]     test_lean_query
[INFO] [stdout]     test_pagination
[INFO] [stdout]     test_query_builder
[INFO] [stdout]     test_update_and_delete
[INFO] [stdout]     test_validation_min_length
[INFO] [stdout] 
[INFO] [stdout] test result: FAILED. 0 passed; 7 failed; 0 ignored; 0 measured; 0 filtered out; finished in 0.01s
[INFO] [stdout] 
[INFO] running `Command { std: "docker" "inspect" "d1446327dad5c957ebfd8791d7b13a3cdcb2ca6815cf0596be5e3190f8eaf33c", kill_on_drop: false }`
[INFO] running `Command { std: "docker" "rm" "-f" "d1446327dad5c957ebfd8791d7b13a3cdcb2ca6815cf0596be5e3190f8eaf33c", kill_on_drop: false }`
[INFO] [stdout] d1446327dad5c957ebfd8791d7b13a3cdcb2ca6815cf0596be5e3190f8eaf33c
