[INFO] fetching crate mongodb-command-cli 0.1.1...
[INFO] testing mongodb-command-cli-0.1.1 against 1.99.0-beta.8+cargoflags=--release for beta-release-1.100-2
[INFO] extracting crate mongodb-command-cli 0.1.1 into /workspace/builds/worker-2-tc1/source
[INFO] started tweaking crates.io crate mongodb-command-cli 0.1.1
[INFO] finished tweaking crates.io crate mongodb-command-cli 0.1.1
[INFO] tweaked toml for crates.io crate mongodb-command-cli 0.1.1 written to /workspace/builds/worker-2-tc1/source/Cargo.toml
[INFO] validating manifest of crates.io crate mongodb-command-cli 0.1.1 on toolchain 1.99.0-beta.8
[INFO] running `Command { std: CARGO_HOME="/workspace/cargo-home" RUSTUP_HOME="/workspace/rustup-home" "/workspace/cargo-home/bin/cargo" "+1.99.0-beta.8" "metadata" "--manifest-path" "Cargo.toml" "--no-deps", kill_on_drop: false }`
[INFO] crate crates.io crate mongodb-command-cli 0.1.1 already has a lockfile, it will not be regenerated
[INFO] running `Command { std: CARGO_HOME="/workspace/cargo-home" RUSTUP_HOME="/workspace/rustup-home" "/workspace/cargo-home/bin/cargo" "+1.99.0-beta.8" "fetch" "--manifest-path" "Cargo.toml", kill_on_drop: false }`
[INFO] [stderr]     Updating crates.io index
[INFO] [stderr]  Downloading crates ...
[INFO] [stderr]   Downloaded tracing-core v0.1.26
[INFO] [stderr]   Downloaded thiserror-impl v1.0.31
[INFO] [stderr]   Downloaded futures-task v0.3.24
[INFO] [stderr]   Downloaded futures-macro v0.3.24
[INFO] [stderr]   Downloaded futures-core v0.3.24
[INFO] [stderr]   Downloaded hostname v0.3.1
[INFO] [stderr]   Downloaded match_cfg v0.1.0
[INFO] [stderr]   Downloaded itoa v1.0.2
[INFO] [stderr]   Downloaded wasm-bindgen-shared v0.2.80
[INFO] [stderr]   Downloaded matches v0.1.9
[INFO] [stderr]   Downloaded slab v0.4.6
[INFO] [stderr]   Downloaded futures-sink v0.3.24
[INFO] [stderr]   Downloaded futures-io v0.3.24
[INFO] [stderr]   Downloaded enum-as-inner v0.4.0
[INFO] [stderr]   Downloaded smallvec v1.8.0
[INFO] [stderr]   Downloaded tracing v0.1.34
[INFO] [stderr]   Downloaded resolv-conf v0.7.0
[INFO] [stderr]   Downloaded take_mut v0.2.2
[INFO] [stderr]   Downloaded crypto-common v0.1.3
[INFO] [stderr]   Downloaded block-buffer v0.10.2
[INFO] [stderr]   Downloaded cpufeatures v0.2.2
[INFO] [stderr]   Downloaded sha-1 v0.10.0
[INFO] [stderr]   Downloaded serde_bytes v0.11.6
[INFO] [stderr]   Downloaded rustls-pemfile v0.3.0
[INFO] [stderr]   Downloaded rustc_version_runtime v0.2.1
[INFO] [stderr]   Downloaded pbkdf2 v0.10.1
[INFO] [stderr]   Downloaded md-5 v0.10.1
[INFO] [stderr]   Downloaded wasm-bindgen-macro-support v0.2.80
[INFO] [stderr]   Downloaded tracing-attributes v0.1.21
[INFO] [stderr]   Downloaded thiserror v1.0.31
[INFO] [stderr]   Downloaded wasm-bindgen-macro v0.2.80
[INFO] [stderr]   Downloaded wasm-bindgen-backend v0.2.80
[INFO] [stderr]   Downloaded typed-builder v0.10.0
[INFO] [stderr]   Downloaded parking_lot_core v0.9.3
[INFO] [stderr]   Downloaded redox_syscall v0.2.13
[INFO] [stderr]   Downloaded lock_api v0.4.7
[INFO] [stderr]   Downloaded ipnet v2.5.0
[INFO] [stderr]   Downloaded data-encoding v2.3.2
[INFO] [stderr]   Downloaded lru-cache v0.1.2
[INFO] [stderr]   Downloaded ipconfig v0.3.0
[INFO] [stderr]   Downloaded stringprep v0.1.2
[INFO] [stderr]   Downloaded sha2 v0.10.2
[INFO] [stderr]   Downloaded digest v0.10.3
[INFO] [stderr]   Downloaded generic-array v0.14.5
[INFO] [stderr]   Downloaded getrandom v0.2.6
[INFO] [stderr]   Downloaded futures-channel v0.3.24
[INFO] [stderr]   Downloaded typenum v1.15.0
[INFO] [stderr]   Downloaded rustversion v1.0.6
[INFO] [stderr]   Downloaded os_info v3.3.0
[INFO] [stderr]   Downloaded futures-executor v0.3.24
[INFO] [stderr]   Downloaded time-macros v0.2.4
[INFO] [stderr]   Downloaded ahash v0.7.6
[INFO] [stderr]   Downloaded os_str_bytes v6.0.1
[INFO] [stderr]   Downloaded clap_derive v4.0.13
[INFO] [stderr]   Downloaded anyhow v1.0.57
[INFO] [stderr]   Downloaded unicode-ident v1.0.0
[INFO] [stderr]   Downloaded quote v1.0.18
[INFO] [stderr]   Downloaded socket2 v0.4.4
[INFO] [stderr]   Downloaded ryu v1.0.10
[INFO] [stderr]   Downloaded indexmap v1.8.1
[INFO] [stderr]   Downloaded uuid v0.8.2
[INFO] [stderr]   Downloaded async-trait v0.1.53
[INFO] [stderr]   Downloaded parking_lot v0.12.0
[INFO] [stderr]   Downloaded widestring v0.5.1
[INFO] [stderr]   Downloaded uuid v1.2.1
[INFO] [stderr]   Downloaded futures v0.3.24
[INFO] [stderr]   Downloaded serde v1.0.137
[INFO] [stderr]   Downloaded serde_derive v1.0.137
[INFO] [stderr]   Downloaded bumpalo v3.9.1
[INFO] [stderr]   Downloaded js-sys v0.3.57
[INFO] [stderr]   Downloaded mio v0.8.3
[INFO] [stderr]   Downloaded trust-dns-resolver v0.21.2
[INFO] [stderr]   Downloaded tokio-util v0.7.2
[INFO] [stderr]   Downloaded time v0.3.15
[INFO] [stderr]   Downloaded serde_with v1.13.0
[INFO] [stderr]   Downloaded bson v2.4.0
[INFO] [stderr]   Downloaded tracing-subscriber v0.3.11
[INFO] [stderr]   Downloaded wasm-bindgen v0.2.80
[INFO] [stderr]   Downloaded serde_json v1.0.82
[INFO] [stderr]   Downloaded futures-util v0.3.24
[INFO] [stderr]   Downloaded webpki-roots v0.22.3
[INFO] [stderr]   Downloaded clap v4.0.17
[INFO] [stderr]   Downloaded syn v1.0.95
[INFO] [stderr]   Downloaded rustls v0.20.6
[INFO] [stderr]   Downloaded trust-dns-proto v0.21.2
[INFO] [stderr]   Downloaded tokio v1.19.2
[INFO] [stderr]   Downloaded libc v0.2.126
[INFO] [stderr]   Downloaded web-sys v0.3.57
[INFO] [stderr]   Downloaded mongodb v2.3.1
[INFO] running `Command { std: "docker" "create" "-v" "/var/lib/crater-agent-workspace/builds/worker-2-tc1/source:/opt/rustwide/workdir:ro,Z" "-v" "/var/lib/crater-agent-workspace/builds/worker-2-tc1/target:/opt/rustwide/target:rw,Z" "-v" "/var/lib/crater-agent-workspace/cargo-home:/opt/rustwide/cargo-home:ro,Z" "-v" "/var/lib/crater-agent-workspace/rustup-home:/opt/rustwide/rustup-home:ro,Z" "-m" "1610612736" "--network" "none" "ghcr.io/rust-lang/crates-build-env/linux@sha256:77db811e55d90add9212f6832c23229e3de5f1c1f9905e8cb07319ea15df73ac" "sleep" "infinity", kill_on_drop: false }`
[INFO] [stdout] b9372cec5456fe0c72277a2ae744bd17cfcfc4bedcc688cfc86f93dbe59f7e61
[INFO] running `Command { std: "docker" "start" "b9372cec5456fe0c72277a2ae744bd17cfcfc4bedcc688cfc86f93dbe59f7e61", kill_on_drop: false }`
[INFO] running `Command { std: "docker" "inspect" "b9372cec5456fe0c72277a2ae744bd17cfcfc4bedcc688cfc86f93dbe59f7e61", kill_on_drop: false }`
[INFO] running `Command { std: "docker" "exec" "-e" "SOURCE_DIR=/opt/rustwide/workdir" "-e" "CARGO_HOME=/opt/rustwide/cargo-home" "-e" "RUSTUP_HOME=/opt/rustwide/rustup-home" "-e" "CARGO_TARGET_DIR=/opt/rustwide/target" "-w" "/opt/rustwide/workdir" "--user" "0:0" "b9372cec5456fe0c72277a2ae744bd17cfcfc4bedcc688cfc86f93dbe59f7e61" "/opt/rustwide/cargo-home/bin/cargo" "+1.99.0-beta.8" "metadata" "--no-deps" "--format-version=1", kill_on_drop: false }`
[INFO] running `Command { std: "docker" "inspect" "b9372cec5456fe0c72277a2ae744bd17cfcfc4bedcc688cfc86f93dbe59f7e61", kill_on_drop: false }`
[INFO] running `Command { std: "docker" "exec" "-e" "SOURCE_DIR=/opt/rustwide/workdir" "-e" "CARGO_HOME=/opt/rustwide/cargo-home" "-e" "RUSTUP_HOME=/opt/rustwide/rustup-home" "-e" "CARGO_TARGET_DIR=/opt/rustwide/target" "-e" "CARGO_INCREMENTAL=0" "-e" "RUST_BACKTRACE=full" "-e" "RUSTFLAGS=--cap-lints=warn" "-e" "RUSTDOCFLAGS=--cap-lints=warn" "-w" "/opt/rustwide/workdir" "--user" "0:0" "b9372cec5456fe0c72277a2ae744bd17cfcfc4bedcc688cfc86f93dbe59f7e61" "/opt/rustwide/cargo-home/bin/cargo" "+1.99.0-beta.8" "build" "--frozen" "--message-format=json" "--release", kill_on_drop: false }`
[INFO] [stderr]    Compiling proc-macro2 v1.0.47
[INFO] [stderr]    Compiling unicode-ident v1.0.0
[INFO] [stderr]    Compiling syn v1.0.95
[INFO] [stderr]    Compiling libc v0.2.126
[INFO] [stderr]    Compiling version_check v0.9.4
[INFO] [stderr]    Compiling autocfg v1.1.0
[INFO] [stderr]    Compiling once_cell v1.15.0
[INFO] [stderr]    Compiling log v0.4.17
[INFO] [stderr]    Compiling typenum v1.15.0
[INFO] [stderr]    Compiling memchr v2.5.0
[INFO] [stderr]    Compiling futures-core v0.3.24
[INFO] [stderr]    Compiling pin-project-lite v0.2.9
[INFO] [stderr]    Compiling cc v1.0.73
[INFO] [stderr]    Compiling lazy_static v1.4.0
[INFO] [stderr]    Compiling serde_derive v1.0.137
[INFO] [stderr]    Compiling tinyvec_macros v0.1.0
[INFO] [stderr]    Compiling serde v1.0.137
[INFO] [stderr]    Compiling futures-sink v0.3.24
[INFO] [stderr]    Compiling futures-channel v0.3.24
[INFO] [stderr]    Compiling futures-task v0.3.24
[INFO] [stderr]    Compiling tinyvec v1.6.0
[INFO] [stderr]    Compiling futures-util v0.3.24
[INFO] [stderr]    Compiling untrusted v0.7.1
[INFO] [stderr]    Compiling spin v0.5.2
[INFO] [stderr]    Compiling futures-io v0.3.24
[INFO] [stderr]    Compiling strsim v0.10.0
[INFO] [stderr]    Compiling unicode-bidi v0.3.8
[INFO] [stderr]    Compiling bytes v1.1.0
[INFO] [stderr]    Compiling smallvec v1.8.0
[INFO] [stderr]    Compiling generic-array v0.14.5
[INFO] [stderr]    Compiling semver-parser v0.7.0
[INFO] [stderr]    Compiling slab v0.4.6
[INFO] [stderr]    Compiling ppv-lite86 v0.2.16
[INFO] [stderr]    Compiling matches v0.1.9
[INFO] [stderr]    Compiling heck v0.4.0
[INFO] [stderr]    Compiling proc-macro-error-attr v1.0.4
[INFO] [stderr]    Compiling semver v0.9.0
[INFO] [stderr]    Compiling lock_api v0.4.7
[INFO] [stderr]    Compiling indexmap v1.8.1
[INFO] [stderr]    Compiling num-traits v0.2.15
[INFO] [stderr]    Compiling async-trait v0.1.53
[INFO] [stderr]    Compiling percent-encoding v2.1.0
[INFO] [stderr]    Compiling parking_lot_core v0.9.3
[INFO] [stderr]    Compiling form_urlencoded v1.0.1
[INFO] [stderr]    Compiling rustc_version v0.2.3
[INFO] [stderr]    Compiling ahash v0.7.6
[INFO] [stderr]    Compiling getrandom v0.2.6
[INFO] [stderr]    Compiling mio v0.8.3
[INFO] [stderr]    Compiling socket2 v0.4.4
[INFO] [stderr]    Compiling num_cpus v1.13.1
[INFO] [stderr]    Compiling proc-macro-error v1.0.4
[INFO] [stderr]    Compiling ring v0.16.20
[INFO] [stderr]    Compiling num-integer v0.1.45
[INFO] [stderr]    Compiling quote v1.0.18
[INFO] [stderr]    Compiling rustversion v1.0.6
[INFO] [stderr]    Compiling hashbrown v0.11.2
[INFO] [stderr]    Compiling scopeguard v1.1.0
[INFO] [stderr]    Compiling rand_core v0.6.3
[INFO] [stderr]    Compiling match_cfg v0.1.0
[INFO] [stderr]    Compiling rustls v0.20.6
[INFO] [stderr]    Compiling itoa v1.0.2
[INFO] [stderr]    Compiling serde_json v1.0.82
[INFO] [stderr]    Compiling rand_chacha v0.3.1
[INFO] [stderr]    Compiling hostname v0.3.1
[INFO] [stderr]    Compiling rustc_version_runtime v0.2.1
[INFO] [stderr]    Compiling rand v0.8.5
[INFO] [stderr]    Compiling unicode-normalization v0.1.19
[INFO] [stderr]    Compiling tracing-core v0.1.26
[INFO] [stderr]    Compiling base64 v0.13.0
[INFO] [stderr]    Compiling quick-error v1.2.3
[INFO] [stderr]    Compiling ryu v1.0.10
[INFO] [stderr]    Compiling time-macros v0.2.4
[INFO] [stderr]    Compiling cpufeatures v0.2.2
[INFO] [stderr]    Compiling ipnet v2.5.0
[INFO] [stderr]    Compiling num_threads v0.1.6
[INFO] [stderr]    Compiling linked-hash-map v0.5.4
[INFO] [stderr]    Compiling data-encoding v2.3.2
[INFO] [stderr]    Compiling parking_lot v0.12.0
[INFO] [stderr]    Compiling resolv-conf v0.7.0
[INFO] [stderr]    Compiling block-buffer v0.10.2
[INFO] [stderr]    Compiling crypto-common v0.1.3
[INFO] [stderr]    Compiling lru-cache v0.1.2
[INFO] [stderr]    Compiling digest v0.10.3
[INFO] [stderr]    Compiling time v0.1.43
[INFO] [stderr]    Compiling anyhow v1.0.57
[INFO] [stderr]    Compiling os_str_bytes v6.0.1
[INFO] [stderr]    Compiling idna v0.2.3
[INFO] [stderr]    Compiling sha-1 v0.10.0
[INFO] [stderr]    Compiling hmac v0.12.1
[INFO] [stderr]    Compiling sha2 v0.10.2
[INFO] [stderr]    Compiling md-5 v0.10.1
[INFO] [stderr]    Compiling pbkdf2 v0.10.1
[INFO] [stderr]    Compiling clap_lex v0.3.0
[INFO] [stderr]    Compiling stringprep v0.1.2
[INFO] [stderr]    Compiling chrono v0.4.19
[INFO] [stderr]    Compiling tracing-log v0.1.3
[INFO] [stderr]    Compiling rustls-pemfile v0.3.0
[INFO] [stderr]    Compiling uuid v0.8.2
[INFO] [stderr]    Compiling atty v0.2.14
[INFO] [stderr]    Compiling thread_local v1.1.4
[INFO] [stderr]    Compiling os_info v3.3.0
[INFO] [stderr]    Compiling sharded-slab v0.1.4
[INFO] [stderr]    Compiling termcolor v1.1.3
[INFO] [stderr]    Compiling url v2.2.2
[INFO] [stderr]    Compiling time v0.3.15
[INFO] [stderr]    Compiling take_mut v0.2.2
[INFO] [stderr]    Compiling ansi_term v0.12.1
[INFO] [stderr]    Compiling tracing-subscriber v0.3.11
[INFO] [stderr]    Compiling darling_core v0.13.4
[INFO] [stderr]    Compiling futures-macro v0.3.24
[INFO] [stderr]    Compiling tokio-macros v1.7.0
[INFO] [stderr]    Compiling thiserror-impl v1.0.31
[INFO] [stderr]    Compiling enum-as-inner v0.4.0
[INFO] [stderr]    Compiling tracing-attributes v0.1.21
[INFO] [stderr]    Compiling typed-builder v0.10.0
[INFO] [stderr]    Compiling derivative v2.2.0
[INFO] [stderr]    Compiling clap_derive v4.0.13
[INFO] [stderr]    Compiling tokio v1.19.2
[INFO] [stderr]    Compiling thiserror v1.0.31
[INFO] [stderr]    Compiling tracing v0.1.34
[INFO] [stderr]    Compiling darling_macro v0.13.4
[INFO] [stderr]    Compiling darling v0.13.4
[INFO] [stderr]    Compiling serde_with_macros v1.5.2
[INFO] [stderr]    Compiling clap v4.0.17
[INFO] [stderr]    Compiling webpki v0.22.0
[INFO] [stderr]    Compiling sct v0.7.0
[INFO] [stderr]    Compiling futures-executor v0.3.24
[INFO] [stderr]    Compiling futures v0.3.24
[INFO] [stderr]    Compiling webpki-roots v0.22.3
[INFO] [stderr]    Compiling trust-dns-proto v0.21.2
[INFO] [stderr]    Compiling tokio-util v0.7.2
[INFO] [stderr]    Compiling uuid v1.2.1
[INFO] [stderr]    Compiling serde_bytes v0.11.6
[INFO] [stderr]    Compiling serde_with v1.13.0
[INFO] [stderr]    Compiling bson v2.4.0
[INFO] [stderr]    Compiling tokio-rustls v0.23.4
[INFO] [stderr]    Compiling trust-dns-resolver v0.21.2
[INFO] [stderr]    Compiling mongodb v2.3.1
[INFO] [stderr]    Compiling mongodb-command-cli v0.1.1 (/opt/rustwide/workdir)
[INFO] [stderr]     Finished `release` profile [optimized] target(s) in 2m 39s
[INFO] running `Command { std: "docker" "inspect" "b9372cec5456fe0c72277a2ae744bd17cfcfc4bedcc688cfc86f93dbe59f7e61", kill_on_drop: false }`
[INFO] running `Command { std: "docker" "exec" "-e" "SOURCE_DIR=/opt/rustwide/workdir" "-e" "CARGO_HOME=/opt/rustwide/cargo-home" "-e" "RUSTUP_HOME=/opt/rustwide/rustup-home" "-e" "CARGO_TARGET_DIR=/opt/rustwide/target" "-e" "CARGO_INCREMENTAL=0" "-e" "RUST_BACKTRACE=full" "-e" "RUSTFLAGS=--cap-lints=warn" "-e" "RUSTDOCFLAGS=--cap-lints=warn" "-w" "/opt/rustwide/workdir" "--user" "0:0" "b9372cec5456fe0c72277a2ae744bd17cfcfc4bedcc688cfc86f93dbe59f7e61" "/opt/rustwide/cargo-home/bin/cargo" "+1.99.0-beta.8" "test" "--frozen" "--no-run" "--message-format=json" "--release", kill_on_drop: false }`
[INFO] [stderr]    Compiling mongodb-command-cli v0.1.1 (/opt/rustwide/workdir)
[INFO] [stderr]     Finished `release` profile [optimized] target(s) in 36.49s
[INFO] running `Command { std: "docker" "inspect" "b9372cec5456fe0c72277a2ae744bd17cfcfc4bedcc688cfc86f93dbe59f7e61", kill_on_drop: false }`
[INFO] running `Command { std: "docker" "exec" "-e" "SOURCE_DIR=/opt/rustwide/workdir" "-e" "CARGO_HOME=/opt/rustwide/cargo-home" "-e" "RUSTUP_HOME=/opt/rustwide/rustup-home" "-e" "CARGO_TARGET_DIR=/opt/rustwide/target" "-e" "CARGO_INCREMENTAL=0" "-e" "RUST_BACKTRACE=full" "-e" "RUSTFLAGS=--cap-lints=warn" "-e" "RUSTDOCFLAGS=--cap-lints=warn" "-w" "/opt/rustwide/workdir" "--user" "0:0" "b9372cec5456fe0c72277a2ae744bd17cfcfc4bedcc688cfc86f93dbe59f7e61" "/opt/rustwide/cargo-home/bin/cargo" "+1.99.0-beta.8" "test" "--frozen" "--release", kill_on_drop: false }`
[INFO] [stderr]     Finished `release` profile [optimized] target(s) in 0.14s
[INFO] [stderr]      Running unittests src/lib.rs (/opt/rustwide/target/release/deps/mongodb_command_cli-5ce4058cb7fc77d2)
[INFO] [stdout] 
[INFO] [stdout] running 8 tests
[INFO] [stdout] test copier::tests::test_str_to_filter ... ok
[INFO] [stdout] test utils::mongodb_command::tests::test_read_json ... ok
[INFO] [stdout] test utils::ser::tests::test_s ... ok
[INFO] [stdout] test copier::tests::test_parse_uri ... ok
[INFO] [stdout] test utils::mongodb_command::tests::test_query ... ok
[INFO] [stdout] test utils::mongodb_command::tests::test_create_user ... ok
[INFO] [stdout] test copier::tests::test_copy_docs ... FAILED
[INFO] [stdout] test utils::mongodb_command::tests::test_run_command has been running for over 60 seconds
[INFO] [stderr] error: test failed, to rerun pass `--lib`
[INFO] [stdout] test utils::mongodb_command::tests::test_run_command ... ok
[INFO] [stdout] 
[INFO] [stdout] failures:
[INFO] [stdout] 
[INFO] [stdout] ---- copier::tests::test_copy_docs stdout ----
[INFO] [stdout] Copy Documents [ns=db1.c1, filter={ "name": "jojo" }] from "mongodb://root:123456@127.0.0.1:27017/admin" to "mongodb://user01:123456@127.0.0.1:27018/db1"
[INFO] [stdout] ERROR: Server selection timeout: No available servers. Topology: { Type: Unknown, Servers: [ { Address: 127.0.0.1:27017, Type: Unknown, Error: Connection refused (os error 111) }, ] }
[INFO] [stdout] 
[INFO] [stdout] thread 'copier::tests::test_copy_docs' (3295) panicked at src/copier.rs:136:13:
[INFO] [stdout] assertion failed: false
[INFO] [stdout] stack backtrace:
[INFO] [stdout]    0:     0x59938c19e8d1 - <<std[70759c8f55707aa4]::sys::backtrace::BacktraceLock>::print::DisplayBacktrace as core[df12db4294e9bfd3]::fmt::Display>::fmt
[INFO] [stdout]    1:     0x59938c1b6cfa - core[df12db4294e9bfd3]::fmt::write
[INFO] [stdout]    2:     0x59938c1a393c - <alloc[2182bb758b4b3781]::vec::Vec<u8> as core[df12db4294e9bfd3]::io::write::Write>::write_fmt
[INFO] [stdout]    3:     0x59938c1793f6 - std[70759c8f55707aa4]::panicking::default_hook::{closure#0}
[INFO] [stdout]    4:     0x59938c196499 - std[70759c8f55707aa4]::panicking::default_hook
[INFO] [stdout]    5:     0x59938bd654c0 - test[9d35eded1c95d3be]::test_main_inner::<test[9d35eded1c95d3be]::test_main_static::{closure#0}>::{closure#0}
[INFO] [stdout]    6:     0x59938c1967c2 - std[70759c8f55707aa4]::panicking::panic_with_hook
[INFO] [stdout]    7:     0x59938c1794d4 - std[70759c8f55707aa4]::panicking::panic_handler::{closure#0}
[INFO] [stdout]    8:     0x59938c171d79 - std[70759c8f55707aa4]::sys::backtrace::__rust_end_short_backtrace::<std[70759c8f55707aa4]::panicking::panic_handler::{closure#0}, !>
[INFO] [stdout]    9:     0x59938c17a32d - __rustc[8fa7c3cbc660c2b3]::rust_begin_unwind
[INFO] [stdout]   10:     0x59938c1b745c - core[df12db4294e9bfd3]::panicking::panic_fmt
[INFO] [stdout]   11:     0x59938c1b7422 - core[df12db4294e9bfd3]::panicking::panic
[INFO] [stdout]   12:     0x59938bc4f08c - mongodb_command_cli[723b0a7d197e0eb]::copier::tests::test_copy_docs::{closure#0}
[INFO] [stdout]   13:     0x59938bd3512a - <tokio[ce9145a4abd96345]::runtime::basic_scheduler::BasicScheduler>::block_on::<mongodb_command_cli[723b0a7d197e0eb]::copier::tests::test_copy_docs::{closure#0}>
[INFO] [stdout]   14:     0x59938bcf890d - <tokio[ce9145a4abd96345]::runtime::Runtime>::block_on::<mongodb_command_cli[723b0a7d197e0eb]::copier::tests::test_copy_docs::{closure#0}>
[INFO] [stdout]   15:     0x59938bc95281 - mongodb_command_cli[723b0a7d197e0eb]::copier::tests::test_copy_docs
[INFO] [stdout]   16:     0x59938bce9029 - <mongodb_command_cli[723b0a7d197e0eb]::copier::tests::test_copy_docs::{closure#0} as core[df12db4294e9bfd3]::ops::function::FnOnce<()>>::call_once
[INFO] [stdout]   17:     0x59938bd587ab - test[9d35eded1c95d3be]::__rust_begin_short_backtrace::<core[df12db4294e9bfd3]::result::Result<(), alloc[2182bb758b4b3781]::string::String>, fn() -> core[df12db4294e9bfd3]::result::Result<(), alloc[2182bb758b4b3781]::string::String>>
[INFO] [stdout]   18:     0x59938bd65e15 - test[9d35eded1c95d3be]::run_test::{closure#0}
[INFO] [stdout]   19:     0x59938bd5f6d4 - std[70759c8f55707aa4]::sys::backtrace::__rust_begin_short_backtrace::<test[9d35eded1c95d3be]::run_test::{closure#1}, ()>
[INFO] [stdout]   20:     0x59938bd68f72 - <std[70759c8f55707aa4]::thread::lifecycle::spawn_unchecked<test[9d35eded1c95d3be]::run_test::{closure#1}, ()>::{closure#1} as core[df12db4294e9bfd3]::ops::function::FnOnce<()>>::call_once::{shim:vtable#0}
[INFO] [stdout]   21:     0x59938c19da89 - <std[70759c8f55707aa4]::sys::thread::unix::Thread>::new::thread_start
[INFO] [stdout]   22:     0x7dbb0cc1cdfa - <unknown>
[INFO] [stdout]   23:     0x7dbb0ccb03d4 - clone
[INFO] [stdout]   24:                0x0 - <unknown>
[INFO] [stdout] 
[INFO] [stdout] 
[INFO] [stdout] failures:
[INFO] [stdout]     copier::tests::test_copy_docs
[INFO] [stdout] 
[INFO] [stdout] test result: FAILED. 7 passed; 1 failed; 0 ignored; 0 measured; 0 filtered out; finished in 60.02s
[INFO] [stdout] 
[INFO] running `Command { std: "docker" "inspect" "b9372cec5456fe0c72277a2ae744bd17cfcfc4bedcc688cfc86f93dbe59f7e61", kill_on_drop: false }`
[INFO] running `Command { std: "docker" "rm" "-f" "b9372cec5456fe0c72277a2ae744bd17cfcfc4bedcc688cfc86f93dbe59f7e61", kill_on_drop: false }`
[INFO] [stdout] b9372cec5456fe0c72277a2ae744bd17cfcfc4bedcc688cfc86f93dbe59f7e61
