[INFO] fetching crate monadb 0.1.0...
[INFO] testing monadb-0.1.0 against 1.100.0-beta.1+cargoflags=--release for beta-release-1.100-2
[INFO] extracting crate monadb 0.1.0 into /workspace/builds/worker-5-tc2/source
[INFO] started tweaking crates.io crate monadb 0.1.0
[INFO] removed 0 missing tests
[INFO] finished tweaking crates.io crate monadb 0.1.0
[INFO] tweaked toml for crates.io crate monadb 0.1.0 written to /workspace/builds/worker-5-tc2/source/Cargo.toml
[INFO] validating manifest of crates.io crate monadb 0.1.0 on toolchain 1.100.0-beta.1
[INFO] running `Command { std: CARGO_HOME="/workspace/cargo-home" RUSTUP_HOME="/workspace/rustup-home" "/workspace/cargo-home/bin/cargo" "+1.100.0-beta.1" "metadata" "--manifest-path" "Cargo.toml" "--no-deps", kill_on_drop: false }`
[INFO] crate crates.io crate monadb 0.1.0 already has a lockfile, it will not be regenerated
[INFO] running `Command { std: CARGO_HOME="/workspace/cargo-home" RUSTUP_HOME="/workspace/rustup-home" "/workspace/cargo-home/bin/cargo" "+1.100.0-beta.1" "fetch" "--manifest-path" "Cargo.toml", kill_on_drop: false }`
[INFO] [stderr] warning: `package.homepage` is redundant with `package.repository`
[INFO] [stderr]    --> Cargo.toml:108:12
[INFO] [stderr]     |
[INFO] [stderr] 108 | homepage = "https://github.com/rchowell/MonaDB"
[INFO] [stderr]     |            ^^^^^^^^^^^^^^^^^^^^^^^^^^^^^^^^^^^^
[INFO] [stderr] ...
[INFO] [stderr] 113 | repository = "https://github.com/rchowell/MonaDB"
[INFO] [stderr]     |              ------------------------------------
[INFO] [stderr]     |
[INFO] [stderr]     = note: `cargo::redundant_homepage` is set to `warn` by default
[INFO] [stderr] help: consider removing `package.homepage`
[INFO] [stderr] warning: `monadb` (manifest) generated 1 warning
[INFO] running `Command { std: "docker" "create" "-v" "/var/lib/crater-agent-workspace/builds/worker-5-tc2/source:/opt/rustwide/workdir:ro,Z" "-v" "/var/lib/crater-agent-workspace/builds/worker-5-tc2/target:/opt/rustwide/target:rw,Z" "-v" "/var/lib/crater-agent-workspace/cargo-home:/opt/rustwide/cargo-home:ro,Z" "-v" "/var/lib/crater-agent-workspace/rustup-home:/opt/rustwide/rustup-home:ro,Z" "-m" "1610612736" "--network" "none" "ghcr.io/rust-lang/crates-build-env/linux@sha256:77db811e55d90add9212f6832c23229e3de5f1c1f9905e8cb07319ea15df73ac" "sleep" "infinity", kill_on_drop: false }`
[INFO] [stdout] d0151123d71a6f797b823a35cb757273bc962d7a7d1ab3e24c57cbe5507683d0
[INFO] running `Command { std: "docker" "start" "d0151123d71a6f797b823a35cb757273bc962d7a7d1ab3e24c57cbe5507683d0", kill_on_drop: false }`
[INFO] running `Command { std: "docker" "inspect" "d0151123d71a6f797b823a35cb757273bc962d7a7d1ab3e24c57cbe5507683d0", kill_on_drop: false }`
[INFO] running `Command { std: "docker" "exec" "-e" "SOURCE_DIR=/opt/rustwide/workdir" "-e" "CARGO_HOME=/opt/rustwide/cargo-home" "-e" "RUSTUP_HOME=/opt/rustwide/rustup-home" "-e" "CARGO_TARGET_DIR=/opt/rustwide/target" "-w" "/opt/rustwide/workdir" "--user" "0:0" "d0151123d71a6f797b823a35cb757273bc962d7a7d1ab3e24c57cbe5507683d0" "/opt/rustwide/cargo-home/bin/cargo" "+1.100.0-beta.1" "metadata" "--no-deps" "--format-version=1", kill_on_drop: false }`
[INFO] running `Command { std: "docker" "inspect" "d0151123d71a6f797b823a35cb757273bc962d7a7d1ab3e24c57cbe5507683d0", kill_on_drop: false }`
[INFO] running `Command { std: "docker" "exec" "-e" "SOURCE_DIR=/opt/rustwide/workdir" "-e" "CARGO_HOME=/opt/rustwide/cargo-home" "-e" "RUSTUP_HOME=/opt/rustwide/rustup-home" "-e" "CARGO_TARGET_DIR=/opt/rustwide/target" "-e" "CARGO_INCREMENTAL=0" "-e" "RUST_BACKTRACE=full" "-e" "RUSTFLAGS=--cap-lints=warn" "-e" "RUSTDOCFLAGS=--cap-lints=warn" "-w" "/opt/rustwide/workdir" "--user" "0:0" "d0151123d71a6f797b823a35cb757273bc962d7a7d1ab3e24c57cbe5507683d0" "/opt/rustwide/cargo-home/bin/cargo" "+1.100.0-beta.1" "build" "--frozen" "--message-format=json" "--release", kill_on_drop: false }`
[INFO] [stderr] warning: `package.homepage` is redundant with `package.repository`
[INFO] [stderr]    --> Cargo.toml:108:12
[INFO] [stderr]     |
[INFO] [stderr] 108 | homepage = "https://github.com/rchowell/MonaDB"
[INFO] [stderr]     |            ^^^^^^^^^^^^^^^^^^^^^^^^^^^^^^^^^^^^
[INFO] [stderr] ...
[INFO] [stderr] 113 | repository = "https://github.com/rchowell/MonaDB"
[INFO] [stderr]     |              ------------------------------------
[INFO] [stderr]     |
[INFO] [stderr]     = note: `cargo::redundant_homepage` is set to `warn` by default
[INFO] [stderr] help: consider removing `package.homepage`
[INFO] [stderr] warning: `monadb` (manifest) generated 1 warning
[INFO] [stderr]    Compiling proc-macro2 v1.0.106
[INFO] [stderr]    Compiling siphasher v1.0.3
[INFO] [stderr]    Compiling regex-syntax v0.8.4
[INFO] [stderr]    Compiling serde_core v1.0.228
[INFO] [stderr]    Compiling rand v0.8.6
[INFO] [stderr]    Compiling lock_api v0.4.12
[INFO] [stderr]    Compiling indexmap v2.14.0
[INFO] [stderr]    Compiling dirs-sys-next v0.1.2
[INFO] [stderr]    Compiling parking_lot_core v0.9.10
[INFO] [stderr]    Compiling cc v1.2.62
[INFO] [stderr]    Compiling crypto-common v0.1.6
[INFO] [stderr]    Compiling bit-vec v0.7.0
[INFO] [stderr]    Compiling keccak v0.1.5
[INFO] [stderr]    Compiling either v1.13.0
[INFO] [stderr]    Compiling serde_json v1.0.149
[INFO] [stderr]    Compiling ena v0.14.3
[INFO] [stderr]    Compiling digest v0.10.7
[INFO] [stderr]    Compiling itertools v0.13.0
[INFO] [stderr]    Compiling rustix v0.38.42
[INFO] [stderr]    Compiling dirs-next v2.0.0
[INFO] [stderr]    Compiling bit-set v0.6.0
[INFO] [stderr]    Compiling term v0.7.0
[INFO] [stderr]    Compiling sha3 v0.10.8
[INFO] [stderr]    Compiling unicode-xid v0.2.5
[INFO] [stderr]    Compiling phf_shared v0.11.3
[INFO] [stderr]    Compiling parking_lot v0.12.3
[INFO] [stderr]    Compiling ryu v1.0.18
[INFO] [stderr]    Compiling itoa v1.0.11
[INFO] [stderr]    Compiling linux-raw-sys v0.4.14
[INFO] [stderr]    Compiling heed v0.22.1
[INFO] [stderr]    Compiling phf_generator v0.11.3
[INFO] [stderr]    Compiling heed-traits v0.20.0
[INFO] [stderr]    Compiling quote v1.0.45
[INFO] [stderr]    Compiling synchronoise v1.0.1
[INFO] [stderr]    Compiling page_size v0.6.0
[INFO] [stderr]    Compiling csv-core v0.1.13
[INFO] [stderr]    Compiling ascii-canvas v3.0.0
[INFO] [stderr]    Compiling string_cache v0.8.7
[INFO] [stderr]    Compiling syn v2.0.117
[INFO] [stderr]    Compiling petgraph v0.6.5
[INFO] [stderr]    Compiling regex-automata v0.4.7
[INFO] [stderr]    Compiling bitflags v2.11.1
[INFO] [stderr]    Compiling csv v1.4.0
[INFO] [stderr]    Compiling lalrpop-util v0.21.0
[INFO] [stderr]    Compiling regex v1.10.6
[INFO] [stderr]    Compiling logos-codegen v0.14.2
[INFO] [stderr]    Compiling serde_derive v1.0.228
[INFO] [stderr]    Compiling phf_macros v0.11.3
[INFO] [stderr]    Compiling lalrpop v0.21.0
[INFO] [stderr]    Compiling phf v0.11.3
[INFO] [stderr]    Compiling doxygen-rs v0.4.2
[INFO] [stderr]    Compiling lmdb-master-sys v0.2.6
[INFO] [stderr]    Compiling logos-derive v0.14.2
[INFO] [stderr]    Compiling logos v0.14.2
[INFO] [stderr]    Compiling tempfile v3.14.0
[INFO] [stderr]    Compiling serde v1.0.228
[INFO] [stderr]    Compiling bincode v1.3.3
[INFO] [stderr]    Compiling serde_yaml v0.9.34+deprecated
[INFO] [stderr]    Compiling heed-types v0.21.0
[INFO] [stderr]    Compiling monadb v0.1.0 (/opt/rustwide/workdir)
[INFO] [stderr] warning: unused dependency `bytes`
[INFO] [stderr]   --> Cargo.toml:16:15
[INFO] [stderr]    |
[INFO] [stderr] 16 | [dependencies.bytes]
[INFO] [stderr]    |               ^^^^^^
[INFO] [stderr]    |
[INFO] [stderr]    = note: `cargo::unused_dependencies` is set to `warn` by default
[INFO] [stderr] help: consider removing the dependency on `bytes`
[INFO] [stderr] warning: `monadb` (manifest) generated 1 warning
[INFO] [stderr]     Finished `release` profile [optimized] target(s) in 31.28s
[INFO] running `Command { std: "docker" "inspect" "d0151123d71a6f797b823a35cb757273bc962d7a7d1ab3e24c57cbe5507683d0", kill_on_drop: false }`
[INFO] running `Command { std: "docker" "exec" "-e" "SOURCE_DIR=/opt/rustwide/workdir" "-e" "CARGO_HOME=/opt/rustwide/cargo-home" "-e" "RUSTUP_HOME=/opt/rustwide/rustup-home" "-e" "CARGO_TARGET_DIR=/opt/rustwide/target" "-e" "CARGO_INCREMENTAL=0" "-e" "RUST_BACKTRACE=full" "-e" "RUSTFLAGS=--cap-lints=warn" "-e" "RUSTDOCFLAGS=--cap-lints=warn" "-w" "/opt/rustwide/workdir" "--user" "0:0" "d0151123d71a6f797b823a35cb757273bc962d7a7d1ab3e24c57cbe5507683d0" "/opt/rustwide/cargo-home/bin/cargo" "+1.100.0-beta.1" "test" "--frozen" "--no-run" "--message-format=json" "--release", kill_on_drop: false }`
[INFO] [stderr] warning: `package.homepage` is redundant with `package.repository`
[INFO] [stderr]    --> Cargo.toml:108:12
[INFO] [stderr]     |
[INFO] [stderr] 108 | homepage = "https://github.com/rchowell/MonaDB"
[INFO] [stderr]     |            ^^^^^^^^^^^^^^^^^^^^^^^^^^^^^^^^^^^^
[INFO] [stderr] ...
[INFO] [stderr] 113 | repository = "https://github.com/rchowell/MonaDB"
[INFO] [stderr]     |              ------------------------------------
[INFO] [stderr]     |
[INFO] [stderr]     = note: `cargo::redundant_homepage` is set to `warn` by default
[INFO] [stderr] help: consider removing `package.homepage`
[INFO] [stderr] warning: `monadb` (manifest) generated 1 warning
[INFO] [stderr]    Compiling syn v2.0.117
[INFO] [stderr]    Compiling zerocopy v0.8.52
[INFO] [stderr]    Compiling bitflags v2.11.1
[INFO] [stderr]    Compiling serde_json v1.0.149
[INFO] [stderr]    Compiling dashu-int v0.4.2
[INFO] [stderr]    Compiling chacha20 v0.10.0
[INFO] [stderr]    Compiling parking_lot_core v0.9.10
[INFO] [stderr]    Compiling getrandom v0.4.2
[INFO] [stderr]    Compiling num-modular v0.6.4
[INFO] [stderr]    Compiling dashu-base v0.4.2
[INFO] [stderr]    Compiling miniz_oxide v0.8.9
[INFO] [stderr]    Compiling csv v1.4.0
[INFO] [stderr]    Compiling crc32fast v1.5.0
[INFO] [stderr]    Compiling parking_lot v0.12.3
[INFO] [stderr]    Compiling rustix v0.38.42
[INFO] [stderr]    Compiling rand v0.10.1
[INFO] [stderr]    Compiling tempfile v3.14.0
[INFO] [stderr]    Compiling logos-codegen v0.14.2
[INFO] [stderr]    Compiling serde_derive v1.0.228
[INFO] [stderr]    Compiling phf_macros v0.11.3
[INFO] [stderr]    Compiling zerocopy-derive v0.8.52
[INFO] [stderr]    Compiling hegeltest-macros v0.18.0
[INFO] [stderr]    Compiling phf v0.11.3
[INFO] [stderr]    Compiling doxygen-rs v0.4.2
[INFO] [stderr]    Compiling logos-derive v0.14.2
[INFO] [stderr]    Compiling lmdb-master-sys v0.2.6
[INFO] [stderr]    Compiling logos v0.14.2
[INFO] [stderr]    Compiling serde v1.0.228
[INFO] [stderr]    Compiling serde_yaml v0.9.34+deprecated
[INFO] [stderr]    Compiling bincode v1.3.3
[INFO] [stderr]    Compiling heed-types v0.21.0
[INFO] [stderr]    Compiling monadb v0.1.0 (/opt/rustwide/workdir)
[INFO] [stderr]    Compiling heed v0.22.1
[INFO] [stderr]    Compiling half v2.7.1
[INFO] [stderr]    Compiling ciborium-ll v0.2.2
[INFO] [stderr]    Compiling ciborium v0.2.2
[INFO] [stderr]    Compiling hegeltest v0.18.0
[INFO] [stderr] warning: unused dependency `bytes`
[INFO] [stderr]   --> Cargo.toml:16:15
[INFO] [stderr]    |
[INFO] [stderr] 16 | [dependencies.bytes]
[INFO] [stderr]    |               ^^^^^^
[INFO] [stderr]    |
[INFO] [stderr]    = note: `cargo::unused_dependencies` is set to `warn` by default
[INFO] [stderr] help: consider removing the dependency on `bytes`
[INFO] [stderr] warning: `monadb` (manifest) generated 1 warning
[INFO] [stderr]     Finished `release` profile [optimized] target(s) in 23.35s
[INFO] running `Command { std: "docker" "inspect" "d0151123d71a6f797b823a35cb757273bc962d7a7d1ab3e24c57cbe5507683d0", kill_on_drop: false }`
[INFO] running `Command { std: "docker" "exec" "-e" "SOURCE_DIR=/opt/rustwide/workdir" "-e" "CARGO_HOME=/opt/rustwide/cargo-home" "-e" "RUSTUP_HOME=/opt/rustwide/rustup-home" "-e" "CARGO_TARGET_DIR=/opt/rustwide/target" "-e" "CARGO_INCREMENTAL=0" "-e" "RUST_BACKTRACE=full" "-e" "RUSTFLAGS=--cap-lints=warn" "-e" "RUSTDOCFLAGS=--cap-lints=warn" "-w" "/opt/rustwide/workdir" "--user" "0:0" "d0151123d71a6f797b823a35cb757273bc962d7a7d1ab3e24c57cbe5507683d0" "/opt/rustwide/cargo-home/bin/cargo" "+1.100.0-beta.1" "test" "--frozen" "--release", kill_on_drop: false }`
[INFO] [stderr] warning: `package.homepage` is redundant with `package.repository`
[INFO] [stderr]    --> Cargo.toml:108:12
[INFO] [stderr]     |
[INFO] [stderr] 108 | homepage = "https://github.com/rchowell/MonaDB"
[INFO] [stderr]     |            ^^^^^^^^^^^^^^^^^^^^^^^^^^^^^^^^^^^^
[INFO] [stderr] ...
[INFO] [stderr] 113 | repository = "https://github.com/rchowell/MonaDB"
[INFO] [stderr]     |              ------------------------------------
[INFO] [stderr]     |
[INFO] [stderr]     = note: `cargo::redundant_homepage` is set to `warn` by default
[INFO] [stderr] help: consider removing `package.homepage`
[INFO] [stderr] warning: `monadb` (manifest) generated 1 warning
[INFO] [stderr] warning: unused dependency `bytes`
[INFO] [stderr]   --> Cargo.toml:16:15
[INFO] [stderr]    |
[INFO] [stderr] 16 | [dependencies.bytes]
[INFO] [stderr]    |               ^^^^^^
[INFO] [stderr]    |
[INFO] [stderr]    = note: `cargo::unused_dependencies` is set to `warn` by default
[INFO] [stderr] help: consider removing the dependency on `bytes`
[INFO] [stderr] warning: `monadb` (manifest) generated 1 warning
[INFO] [stderr]     Finished `release` profile [optimized] target(s) in 0.17s
[INFO] [stderr]      Running unittests src/lib.rs (/opt/rustwide/target/release/build/monadb/6a618ca4c8f001aa/out/monadb-6a618ca4c8f001aa)
[INFO] [stdout] 
[INFO] [stdout] running 163 tests
[INFO] [stdout] test binder::test::test_bind_get_nonliteral_unresolved_arg_reports_bind_error ... ok
[INFO] [stdout] test binder::test::test_bind_array_literal_source_binds_cursor ... ok
[INFO] [stdout] test binder::test::test_bind_get_keyless_errors ... ok
[INFO] [stdout] test binder::test::test_bind_drop_resolves_oid ... ok
[INFO] [stdout] test binder::test::test_bind_get_arity_too_long_errors ... ok
[INFO] [stdout] test binder::test::test_bind_delete_unknown_table_errors ... ok
[INFO] [stdout] test binder::test::test_bind_delete_unresolved_predicate_errors ... ok
[INFO] [stdout] test binder::test::test_bind_get_int_key ... ok
[INFO] [stdout] test binder::test::test_bind_clear_unknown_table_errors ... ok
[INFO] [stdout] test binder::test::test_bind_alias_not_found ... ok
[INFO] [stdout] test binder::test::test_bind_get_partial_key_lowers_to_get ... ok
[INFO] [stdout] test binder::test::test_bind_get_composite_key ... ok
[INFO] [stdout] test binder::test::test_bind_clear_resolves_oid ... ok
[INFO] [stdout] test binder::test::test_bind_cross_join_assigns_distinct_cursors ... ok
[INFO] [stdout] test binder::test::test_bind_drop_unknown_table_errors ... ok
[INFO] [stdout] test binder::test::test_bind_delete_target_and_predicate ... ok
[INFO] [stdout] test binder::test::test_bind_table_assigns_cursor_and_oid ... ok
[INFO] [stdout] test binder::test::test_bind_get_unknown_name_errors ... ok
[INFO] [stdout] test compiler::tests::count_star_empty_table_exhausts_into_finalize ... ok
[INFO] [stdout] test compiler::tests::count_star_folds_each_row_then_yields_once ... ok
[INFO] [stdout] test compiler::tests::delete_all_phase_one_scan_exhausts_into_close ... ok
[INFO] [stdout] test compiler::tests::keyed_insert_emits_encode_key ... ok
[INFO] [stdout] test compiler::tests::operator_op_in_list_needs_at_least_one_arg ... ok
[INFO] [stdout] test compiler::tests::operator_op_rejects_plus_with_wrong_arity ... ok
[INFO] [stdout] test binder::test::test_bind_lateral_self_reference_errors ... ok
[INFO] [stdout] test compiler::tests::operator_op_resolves_binary_plus ... ok
[INFO] [stdout] test binder::test::test_bind_insert_target_oid ... ok
[INFO] [stdout] test binder::test::test_bind_get_wrong_type_still_binds ... ok
[INFO] [stdout] test binder::test::test_bind_lateral_source_resolves_outer_binding ... ok
[INFO] [stdout] test compiler::tests::patch_non_jump_instruction_is_internal_error ... ok
[INFO] [stdout] test compiler::tests::patch_out_of_range_pc_is_internal_error ... ok
[INFO] [stdout] test compiler::tests::operator_op_unknown_name_is_not_an_operator ... ok
[INFO] [stdout] test binder::test::test_bind_unknown_table_errors ... ok
[INFO] [stdout] test binder::test::test_bind_value_index_stays_jpe ... ok
[INFO] [stdout] test binder::test::test_bind_resolves_var_in_projection ... ok
[INFO] [stdout] test compiler::tests::create_table_emits_open_then_oid_btree_insert ... ok
[INFO] [stdout] test binder::test::test_bind_subscript_binding_shadows_table_stays_jpe ... ok
[INFO] [stdout] test compiler::tests::ctas_from_csv_runs ... ok
[INFO] [stdout] test compiler::tests::delete_all_two_phase_structure ... ok
[INFO] [stdout] test compiler::tests::plan_detects_aggregate_projection ... ok
[INFO] [stdout] test compiler::tests::delete_where_predicate_skips_to_next ... ok
[INFO] [stdout] test binder::test::test_exec_select_with_explicit_alias ... ok
[INFO] [stdout] test compiler::tests::nested_loop_two_value_sources_exhaust_topology ... ok
[INFO] [stdout] test compiler::tests::order_by_phase_two_sorts_then_drains_into_halt ... ok
[INFO] [stdout] test compiler::tests::order_by_phase_one_collects_sort_keys_into_array ... ok
[INFO] [stdout] test compiler::tests::plan_having_without_aggregate_is_aggregate ... ok
[INFO] [stdout] test compiler::tests::plan_detects_order_by ... ok
[INFO] [stdout] test compiler::tests::pivot_folds_into_a_single_object ... ok
[INFO] [stdout] test compiler::tests::delete_where_two_phase_structure ... ok
[INFO] [stdout] test compiler::tests::plan_streams_a_plain_select ... ok
[INFO] [stdout] test compiler::tests::select_star_from_catalog_scan_exhausts_into_halt ... ok
[INFO] [stdout] test compiler::tests::plan_group_by_beats_aggregate ... ok
[INFO] [stdout] test compiler::tests::plan_pivot_beats_aggregate ... ok
[INFO] [stdout] test cursor::tests::close_scan_releases_iterator ... ok
[INFO] [stdout] test compiler::tests::select_star_from_catalog_control_flow_shape ... ok
[INFO] [stdout] test compiler::tests::select_where_true_predicate_skips_to_next ... ok
[INFO] [stdout] test compiler::tests::select_cursor_index_is_zero ... ok
[INFO] [stdout] test compiler::tests::unpivot_lowers_to_entries_iter_and_seed ... ok
[INFO] [stdout] test compiler::tests::sum_expr_arg_compiled_before_step_and_scan_exhausts_into_finalize ... ok
[INFO] [stdout] test compiler::tests::select_where_true_scan_exhausts_into_halt ... ok
[INFO] [stdout] test cursor::tests::current_bytes_match_inserted_payload ... ok
[INFO] [stdout] test cursor::tests::current_is_none_before_first_scan ... ok
[INFO] [stdout] test cursor::tests::drop_cursor_before_commit_is_safe ... ok
[INFO] [stdout] test cursor::tests::delete_removes_row ... ok
[INFO] [stdout] test cursor::tests::delete_after_close_scan_on_same_cursor ... ok
[INFO] [stdout] test cursor::tests::get_existing_key_returns_row ... ok
[INFO] [stdout] test cursor::tests::get_missing_key_returns_null ... ok
[INFO] [stdout] test cursor::tests::insert_fails_on_read_only_txn ... ok
[INFO] [stdout] test cursor::tests::get_among_many_picks_one ... ok
[INFO] [stdout] test cursor::tests::next_after_exhaustion_is_idempotent ... ok
[INFO] [stdout] test cursor::tests::multiple_cursors_share_btree_independently ... ok
[INFO] [stdout] test cursor::tests::last_returns_owned_max_key ... ok
[INFO] [stdout] test display::tests::create_table_empty ... ok
[INFO] [stdout] test display::tests::dsl_concat ... ok
[INFO] [stdout] test display::tests::dsl_nest_outer_indent ... ok
[INFO] [stdout] test display::tests::create_table_standard ... ok
[INFO] [stdout] test cursor::tests::is_open_reflects_cursor_state ... ok
[INFO] [stdout] test display::tests::join_empty_is_empty ... ok
[INFO] [stdout] test error::tests::pretty_schema ... ok
[INFO] [stdout] test cursor::tests::scan_sees_committed_writes_only ... ok
[INFO] [stdout] test display::tests::nested_object_type ... ok
[INFO] [stdout] test cursor::tests::scan_with_empty_prefix_matches_everything ... ok
[INFO] [stdout] test error::tests::pretty_unknown_table ... ok
[INFO] [stdout] test display::tests::dsl_str_lhs ... ok
[INFO] [stdout] test highlight::tests::highlights_string_literals ... ok
[INFO] [stdout] test highlight::tests::highlights_keywords ... ok
[INFO] [stdout] test ir::test::test_acceptance_from ... ok
[INFO] [stdout] test ir::test::parse_acceptance_limit ... ok
[INFO] [stdout] test ir::test::parse_file_io ... ok
[INFO] [stdout] test ir::test::parse_acceptance_where ... ok
[INFO] [stdout] test cursor::tests::last_returns_none_on_empty ... ok
[INFO] [stdout] test read::tests::infer_format_extensions ... ok
[INFO] [stdout] test cursor::tests::scan_yields_correct_values ... ok
[INFO] [stdout] test cursor::tests::scan_walks_keys_in_lexicographic_order ... ok
[INFO] [stdout] test cursor::tests::scan_single_row_positions_on_it ... ok
[INFO] [stdout] test ir::test::parse_acceptance_create_table ... ok
[INFO] [stdout] test cursor::tests::scan_restart_repositions_on_first_row ... ok
[INFO] [stdout] test schema::test::composite_key_tie_breaks_on_later_columns ... ok
[INFO] [stdout] test read::tests::read_csv_no_header ... ok
[INFO] [stdout] test read::tests::read_csv_with_header ... ok
[INFO] [stdout] test cursor::tests::scan_empty_btree_returns_false ... ok
[INFO] [stdout] test schema::test::large_int_key_encodes_without_precision_loss ... ok
[INFO] [stdout] test cursor::tests::insert_visible_via_scan_in_same_txn ... ok
[INFO] [stdout] test schema::test::order_key_asc_is_ascending_desc_reverses ... ok
[INFO] [stdout] test schema::test::float_infinity_key_is_schema_error ... ok
[INFO] [stdout] test schema::test::missing_key_is_schema_error ... ok
[INFO] [stdout] test schema::test::order_key_multi_key_tie_breaks_with_mixed_directions ... ok
[INFO] [stdout] test schema::test::order_key_negatives_and_zero_order_correctly ... ok
[INFO] [stdout] test schema::test::str_encoding_is_order_preserving_and_prefix_safe ... ok
[INFO] [stdout] test schema::test::string_first_component_is_delimited ... ok
[INFO] [stdout] test schema::test::int_encoding_is_order_preserving ... ok
[INFO] [stdout] test schema::test::order_key_null_sorts_last_asc_first_desc ... ok
[INFO] [stdout] test cursor::tests::scan_with_prefix_yields_only_matching_keys ... ok
[INFO] [stdout] test schema::test::order_key_int_equals_float_of_same_value ... ok
[INFO] [stdout] test schema::test::tuple_wrong_type_is_schema_error ... ok
[INFO] [stdout] test schema::test::tuple_single_int_key_matches_encode_int ... ok
[INFO] [stdout] test schema::test::order_key_strings_sort_lexicographically ... ok
[INFO] [stdout] test schema::test::tuple_composite_string_int_concatenates_components ... ok
[INFO] [stdout] test schema::test::wrong_type_key_is_schema_error ... ok
[INFO] [stdout] test schema::test::tuple_matches_object_encoding_for_same_logical_key ... ok
[INFO] [stdout] test cursor::tests::next_without_scan_returns_error ... ok
[INFO] [stdout] test read::tests::round_trip_jsonl ... ok
[INFO] [stdout] test schema::test::order_key_ints_and_floats_interleave_numerically ... ok
[INFO] [stdout] test storage::tests::create_btree_returns_existing_handle ... ok
[INFO] [stdout] test cursor::tests::scan_with_prefix_on_empty_btree_returns_false ... ok
[INFO] [stdout] test transaction::tests::coalesce_table ... ok
[INFO] [stdout] test value::tests::add_non_numbers_is_err ... ok
[INFO] [stdout] test transaction::tests::as_rw_on_read_returns_internal_error ... ok
[INFO] [stdout] test value::tests::clone_is_shallow_cow ... ok
[INFO] [stdout] test value::tests::int_div_truncates_toward_zero ... ok
[INFO] [stdout] test value::tests::div_by_zero_is_err ... ok
[INFO] [stdout] test value::tests::int_plus_float_is_float ... ok
[INFO] [stdout] test value::tests::int_plus_int_is_int ... ok
[INFO] [stdout] test transaction::tests::new_dispatches_by_mode ... ok
[INFO] [stdout] test cursor::tests::write_txn_commits_after_cursor_state ... ok
[INFO] [stdout] test visitor::tests::fold_identity_round_trips_select ... ok
[INFO] [stdout] test value::tests::number_literal_is_int_when_integral ... ok
[INFO] [stdout] test vm::agg_tests::avg_is_float_mean_and_null_when_empty ... ok
[INFO] [stdout] test visitor::tests::visit_counts_exprs_in_select ... ok
[INFO] [stdout] test visitor::tests::visit_mut_counts_exprs_in_select ... ok
[INFO] [stdout] test value::tests::number_literal_is_float_when_fractional ... ok
[INFO] [stdout] test vm::agg_tests::first_over_no_rows_is_null ... ok
[INFO] [stdout] test vm::agg_tests::min_incomparable_types_errors ... ok
[INFO] [stdout] test vm::agg_tests::min_and_max_pick_extremes ... ok
[INFO] [stdout] test vm::agg_tests::sum_non_finite_overflow_errors ... ok
[INFO] [stdout] test vm::agg_tests::sum_of_ints_stays_int ... ok
[INFO] [stdout] test vm::agg_tests::count_counts_nonnull_steps ... ok
[INFO] [stdout] test vm::agg_tests::sum_int_overflow_promotes_to_float ... ok
[INFO] [stdout] test vm::agg_tests::first_keeps_the_earliest_value ... ok
[INFO] [stdout] test vm::agg_tests::sum_with_a_float_promotes ... ok
[INFO] [stdout] test vm::agg_tests::sum_over_no_rows_is_null ... ok
[INFO] [stdout] test transaction::tests::read_then_commit_is_noop ... ok
[INFO] [stdout] test transaction::tests::write_then_drop_aborts ... ok
[INFO] [stdout] test storage::tests::reopen_sees_committed_data ... ok
[INFO] [stdout] test transaction::tests::as_ro_on_write_succeeds ... ok
[INFO] [stdout] test storage::tests::clear_btree_empties_all_rows ... ok
[INFO] [stdout] test tests::ctas_from_csv ... ok
[INFO] [stdout] test transaction::tests::write_then_commit_persists ... ok
[INFO] [stdout] test storage::tests::multiple_read_txns_coexist ... ok
[INFO] [stdout] test transaction::tests::abort_discards_writes ... ok
[INFO] [stdout] test transaction::tests::transaction_outlives_original_storage ... ok
[INFO] [stdout] test storage::tests::read_txn_holds_snapshot_through_concurrent_write ... ok
[INFO] [stdout] test tests::test_select_bytecode ... ok
[INFO] [stdout] 
[INFO] [stdout] test result: ok. 163 passed; 0 failed; 0 ignored; 0 measured; 0 filtered out; finished in 0.18s
[INFO] [stdout] 
[INFO] [stderr]      Running tests/conformance.rs (/opt/rustwide/target/release/build/monadb/4f599ffa29dff430/out/conformance-4f599ffa29dff430)
[INFO] [stdout] 
[INFO] [stdout] running 448 tests
[INFO] [stdout] test aggregate__count_expr_skips_null ... ok
[INFO] [stdout] test aggregate__empty_avg_null ... ok
[INFO] [stdout] test aggregate__avg_returns_float ... ok
[INFO] [stdout] test aggregate__empty_max_null ... ok
[INFO] [stdout] test aggregate__aggregate_limit_one ... ok
[INFO] [stdout] test aggregate__empty_sum_null ... ok
[INFO] [stdout] test aggregate__avg_skips_null ... ok
[INFO] [stdout] test aggregate__empty_min_null ... ok
[INFO] [stdout] test aggregate__count_star_counts_null_rows ... ok
[INFO] [stdout] test aggregate__empty_count_zero ... ok
[INFO] [stdout] test aggregate__aggregate_in_where_rejected ... ok
[INFO] [stdout] test aggregate__aggregate_star_non_count_rejected ... ok
[INFO] [stdout] test aggregate__aggregate_after_where ... ok
[INFO] [stdout] test aggregate__expression_over_aggregate ... ok
[INFO] [stdout] test aggregate__all_null_column ... ok
[INFO] [stdout] test aggregate__count_star_multi ... ok
[INFO] [stdout] test aggregate__max_ints ... ok
[INFO] [stdout] test aggregate__min_ints ... ok
[INFO] [stdout] test aggregate__max_strings ... ok
[INFO] [stdout] test cast__cast_bool ... ok
[INFO] [stdout] test aggregate__mixed_aggregate_and_bare_column_rejected ... ok
[INFO] [stdout] test cast__cast_compose ... ok
[INFO] [stdout] test aggregate__nested_aggregate_rejected ... ok
[INFO] [stdout] test cast__cast_error_runtime ... ok
[INFO] [stdout] test cast__cast_float ... ok
[INFO] [stdout] test aggregate__min_mixed_types_runtime ... ok
[INFO] [stdout] test cast__cast_error_syntax ... ok
[INFO] [stdout] test aggregate__sum_int_overflow_promotes_to_float ... ok
[INFO] [stdout] test aggregate__minmax_skip_null ... ok
[INFO] [stdout] test aggregate__sum_float_overflow_errors ... ok
[INFO] [stdout] test aggregate__multiple_aggregates ... ok
[INFO] [stdout] test aggregate__min_strings ... ok
[INFO] [stdout] test aggregate__sum_ints ... ok
[INFO] [stdout] test aggregate__sum_skips_null ... ok
[INFO] [stdout] test cast__cast_int ... ok
[INFO] [stdout] test delete__delete_all_empties_table ... ok
[INFO] [stdout] test cast__cast_typeof ... ok
[INFO] [stdout] test cast__cast_string ... ok
[INFO] [stdout] test clear__clear_unknown_table ... ok
[INFO] [stdout] test cast__cast_null ... ok
[INFO] [stdout] test copy__copy_query_to_jsonl ... FAILED
[INFO] [stdout] test aggregate__sum_floats ... ok
[INFO] [stdout] test clear__clear_keeps_table_usable ... ok
[INFO] [stdout] test copy__copy_round_trip_csv ... FAILED
[INFO] [stdout] test clear__clear_empties_table ... ok
[INFO] [stdout] test delete__delete_empty_table_noop ... ok
[INFO] [stdout] test cast__cast_number ... ok
[INFO] [stdout] test ctas__create_table_as_select_from_csv ... ok
[INFO] [stdout] test delete__delete_then_insert_reuses_table ... ok
[INFO] [stdout] test delete__delete_unknown_table ... ok
[INFO] [stdout] test drop__drop_unknown_table ... ok
[INFO] [stdout] test delete__delete_where_none_matched ... ok
[INFO] [stdout] test from_clause__from_array_literal_source ... ok
[INFO] [stdout] test delete__delete_where_alias ... ok
[INFO] [stdout] test drop__drop_then_recreate_is_empty ... ok
[INFO] [stdout] test delete__delete_where_removes_matching ... ok
[INFO] [stdout] test from_clause__from_cross_star ... ok
[INFO] [stdout] test from_clause__from_cross_dot_envelope ... ok
[INFO] [stdout] test from_clause__from_empty_table ... ok
[INFO] [stdout] test from_clause__from_file_literal_csv ... ok
[INFO] [stdout] test drop__drop_makes_table_unresolvable ... ok
[INFO] [stdout] test from_clause__from_cross_empty_right ... ok
[INFO] [stdout] test from_clause__from_cross_projection ... ok
[INFO] [stdout] test from_clause__from_dot_envelope_single ... ok
[INFO] [stdout] test from_clause__from_cross_where ... ok
[INFO] [stdout] test from_clause__from_explicit_alias ... ok
[INFO] [stdout] test from_clause__from_lateral_dot_envelope ... ok
[INFO] [stdout] test from_clause__from_implicit_alias ... ok
[INFO] [stdout] test from_clause__from_lateral_non_array ... ok
[INFO] [stdout] test from_clause__from_lateral_empty_array ... ok
[INFO] [stdout] test from_clause__from_lateral_missing_path ... ok
[INFO] [stdout] test from_clause__from_lateral_requires_alias ... ok
[INFO] [stdout] test from_clause__from_lateral_object_elements_path ... ok
[INFO] [stdout] test from_clause__from_lateral_multi_row ... ok
[INFO] [stdout] test from_clause__from_scan_insertion_order ... ok
[INFO] [stdout] test from_clause__from_read_csv_call ... ok
[INFO] [stdout] test from_clause__from_lateral_projection ... ok
[INFO] [stdout] test from_clause__from_lateral_star_scalar ... ok
[INFO] [stdout] test from_clause__from_unbound_alias ... ok
[INFO] [stdout] test from_clause__from_value_empty_array ... ok
[INFO] [stdout] test from_clause__from_lateral_self_reference ... ok
[INFO] [stdout] test from_clause__from_unbound_table ... ok
[INFO] [stdout] test from_clause__from_star_single ... ok
[INFO] [stdout] test functions__fn_affix ... ok
[INFO] [stdout] test from_clause__from_value_cross_table ... ok
[INFO] [stdout] test from_clause__from_value_dot_envelope ... ok
[INFO] [stdout] test functions__fn_array_transform ... ok
[INFO] [stdout] test functions__fn_ceil_floor_trunc ... ok
[INFO] [stdout] test functions__fn_coalesce ... ok
[INFO] [stdout] test from_clause__from_value_object_elements ... ok
[INFO] [stdout] test functions__fn_concat_ws ... ok
[INFO] [stdout] test functions__fn_array_length_contains_position ... ok
[INFO] [stdout] test functions__fn_exp_ln_log10 ... ok
[INFO] [stdout] test functions__fn_ifnull_nvl ... ok
[INFO] [stdout] test functions__fn_arity_error ... ok
[INFO] [stdout] test functions__fn_abs ... ok
[INFO] [stdout] test functions__fn_length_dynamic ... ok
[INFO] [stdout] test functions__fn_array_build ... ok
[INFO] [stdout] test functions__fn_mod ... ok
[INFO] [stdout] test functions__fn_greatest_least ... ok
[INFO] [stdout] test functions__fn_iif ... ok
[INFO] [stdout] test from_clause__from_value_non_array ... ok
[INFO] [stdout] test functions__fn_concat ... ok
[INFO] [stdout] test functions__fn_replace ... ok
[INFO] [stdout] test functions__fn_null_propagation ... ok
[INFO] [stdout] test functions__fn_object ... ok
[INFO] [stdout] test functions__fn_round ... ok
[INFO] [stdout] test functions__fn_pad ... ok
[INFO] [stdout] test functions__fn_strpos ... ok
[INFO] [stdout] test functions__fn_oversized_string ... ok
[INFO] [stdout] test functions__fn_type_error ... ok
[INFO] [stdout] test functions__fn_nullif ... ok
[INFO] [stdout] test functions__fn_repeat_reverse ... ok
[INFO] [stdout] test functions__fn_typeof ... ok
[INFO] [stdout] test functions__fn_sign ... ok
[INFO] [stdout] test functions__fn_substr ... ok
[INFO] [stdout] test get__get_composite_arity ... ok
[INFO] [stdout] test functions__fn_upper_lower ... ok
[INFO] [stdout] test functions__fn_sqrt_pow ... ok
[INFO] [stdout] test functions__fn_trim ... ok
[INFO] [stdout] test get__get_among_rows ... ok
[INFO] [stdout] test get__get_composes ... ok
[INFO] [stdout] test functions__fn_unknown ... ok
[INFO] [stdout] test get__get_keyless ... ok
[INFO] [stdout] test get__get_miss ... ok
[INFO] [stdout] test get__get_int_key ... ok
[INFO] [stdout] test get__get_miss_empty_table ... ok
[INFO] [stdout] test get__get_composite_full_key ... ok
[INFO] [stdout] test get__get_unknown_table ... ok
[INFO] [stdout] test get__get_after_overwrite ... ok
[INFO] [stdout] test get__get_partial_key_from_source ... ok
[INFO] [stdout] test get__get_partial_key_indexes ... ok
[INFO] [stdout] test get__get_string_key ... ok
[INFO] [stdout] test get__get_partial_key_3col ... ok
[INFO] [stdout] test get__get_wrong_type ... ok
[INFO] [stdout] test group__count_expr_skips_null_per_group ... ok
[INFO] [stdout] test get__get_partial_key_sub_sequence ... ok
[INFO] [stdout] test group__composite_key ... ok
[INFO] [stdout] test get__get_composite_miss ... ok
[INFO] [stdout] test get__get_partial_key_miss ... ok
[INFO] [stdout] test group__aggregate_in_group_key_rejected ... ok
[INFO] [stdout] test group__bare_column_in_projection_rejected ... ok
[INFO] [stdout] test group__bare_column_in_having_rejected ... ok
[INFO] [stdout] test group__group_key_list_projection ... ok
[INFO] [stdout] test group__count_per_group ... ok
[INFO] [stdout] test group__identity_with_group_rejected ... ok
[INFO] [stdout] test group__group_keys_sorted_numeric ... ok
[INFO] [stdout] test group__having_on_group_key ... ok
[INFO] [stdout] test group__expression_key ... ok
[INFO] [stdout] test group__sum_avg_min_max_per_group ... ok
[INFO] [stdout] test group__having_then_limit ... ok
[INFO] [stdout] test group__empty_input_zero_rows ... ok
[INFO] [stdout] test group__group_without_aggregate ... ok
[INFO] [stdout] test group__order_by_grouped_rejected ... ok
[INFO] [stdout] test insert__insert_empty_list ... ok
[INFO] [stdout] test group__having_on_aggregate ... ok
[INFO] [stdout] test group__limit_take_groups ... ok
[INFO] [stdout] test group__star_with_group_rejected ... ok
[INFO] [stdout] test group__where_before_group ... ok
[INFO] [stdout] test group__null_keys_group_together ... ok
[INFO] [stdout] test insert__insert_multi_five_rows ... ok
[INFO] [stdout] test group__limit_slice_groups ... ok
[INFO] [stdout] test insert__insert_array_as_row_rejected ... ok
[INFO] [stdout] test keys__bad_ddl_bool_key ... ok
[INFO] [stdout] test insert__insert_non_object_rejected ... ok
[INFO] [stdout] test insert__insert_multi_equivalent_to_separate ... ok
[INFO] [stdout] test insert__insert_multi_two_rows ... ok
[INFO] [stdout] test insert__insert_multi_heterogeneous_objects ... ok
[INFO] [stdout] test keys__int_int_composite_order ... ok
[INFO] [stdout] test insert__insert_multi_multiline ... ok
[INFO] [stdout] test insert__insert_unknown_table ... ok
[INFO] [stdout] test keys__int_key_non_integral ... ok
[INFO] [stdout] test keys__int_key_missing ... ok
[INFO] [stdout] test keys__int_int_roundtrip ... ok
[INFO] [stdout] test insert__insert_multi_equivalent_separate_steps ... ok
[INFO] [stdout] test keys__int_int_missing ... ok
[INFO] [stdout] test keys__bad_ddl_float_key ... ok
[INFO] [stdout] test keys__int_str_composite_order ... ok
[INFO] [stdout] test keys__int_key_wrong_type ... ok
[INFO] [stdout] test keys__int_key_roundtrip ... ok
[INFO] [stdout] test keys__int_key_sorted ... ok
[INFO] [stdout] test keys__int_key_negative_order ... ok
[INFO] [stdout] test keys__int_key_duplicate_overwrites ... ok
[INFO] [stdout] test keys__int_str_missing_first ... ok
[INFO] [stdout] test keys__int_str_missing_second ... ok
[INFO] [stdout] test insert__insert_single_row ... ok
[INFO] [stdout] test keys__int_str_wrong_type_second ... ok
[INFO] [stdout] test keys__int_str_wrong_type_first ... ok
[INFO] [stdout] test keys__str_int_missing_second ... ok
[INFO] [stdout] test keys__no_key_roundtrip ... ok
[INFO] [stdout] test keys__str_key_sorted ... ok
[INFO] [stdout] test keys__no_key_preserves_insertion_order ... ok
[INFO] [stdout] test keys__str_key_missing ... ok
[INFO] [stdout] test keys__str_key_roundtrip ... ok
[INFO] [stdout] test keys__str_str_missing ... ok
[INFO] [stdout] test keys__str_str_prefix_boundary ... ok
[INFO] [stdout] test keys__str_int_roundtrip ... ok
[INFO] [stdout] test keys__int_str_roundtrip ... ok
[INFO] [stdout] test keys__no_key_no_enforcement ... ok
[INFO] [stdout] test limit_clause__limit_after_where ... ok
[INFO] [stdout] test limit_clause__limit_scalar_projection ... ok
[INFO] [stdout] test limit_clause__limit_skip_zero ... ok
[INFO] [stdout] test keys__str_int_wrong_type_second ... ok
[INFO] [stdout] test keys__str_key_wrong_type ... ok
[INFO] [stdout] test keys__str_int_composite_order ... ok
[INFO] [stdout] test literals__lit_array_empty ... ok
[INFO] [stdout] test keys__str_str_roundtrip ... ok
[INFO] [stdout] test keys__str_str_composite_order ... ok
[INFO] [stdout] test limit_clause__limit_skip_basic ... ok
[INFO] [stdout] test literals__lex_keywords_case_insensitive ... FAILED
[INFO] [stdout] test limit_clause__limit_skip_all ... ok
[INFO] [stdout] test limit_clause__limit_slice_empty ... ok
[INFO] [stdout] test literals__lit_integer ... ok
[INFO] [stdout] test literals__lit_array_numbers ... ok
[INFO] [stdout] test literals__lit_array_mixed ... ok
[INFO] [stdout] test limit_clause__limit_take_zero ... ok
[INFO] [stdout] test limit_clause__limit_slice_exceeds ... ok
[INFO] [stdout] test limit_clause__limit_slice_basic ... ok
[INFO] [stdout] test limit_clause__limit_take_basic ... ok
[INFO] [stdout] test limit_clause__limit_take_exceeds ... ok
[INFO] [stdout] test literals__lit_null ... ok
[INFO] [stdout] test literals__lit_false ... ok
[INFO] [stdout] test literals__lit_large_integer ... ok
[INFO] [stdout] test literals__lit_float ... ok
[INFO] [stdout] test literals__lit_object_basic ... ok
[INFO] [stdout] test literals__lit_string_empty ... ok
[INFO] [stdout] test literals__lit_object_empty ... ok
[INFO] [stdout] test literals__lit_string_unicode ... ok
[INFO] [stdout] test literals__lit_string_escaped_quote ... FAILED
[INFO] [stdout] test literals__lit_object_string_key ... FAILED
[INFO] [stdout] test literals__lit_string_basic ... ok
[INFO] [stdout] test literals__lit_array_nested ... ok
[INFO] [stdout] test literals__lit_true ... ok
[INFO] [stdout] test literals__lit_array_two_elements ... ok
[INFO] [stdout] test literals__lit_object_nested ... ok
[INFO] [stdout] test order_clause__order_by_after_where ... ok
[INFO] [stdout] test order_clause__order_by_asc_default ... ok
[INFO] [stdout] test order_clause__order_by_asc_explicit ... ok
[INFO] [stdout] test params__missing_named ... ok
[INFO] [stdout] test order_clause__order_by_null_first_desc ... ok
[INFO] [stdout] test params__missing_numbered ... ok
[INFO] [stdout] test order_clause__order_by_limit_topn ... ok
[INFO] [stdout] test params__missing_positional ... ok
[INFO] [stdout] test order_clause__order_by_desc ... ok
[INFO] [stdout] test params__named_multiple ... ok
[INFO] [stdout] test order_clause__order_by_int_float_numeric ... ok
[INFO] [stdout] test order_clause__order_by_multi_key ... ok
[INFO] [stdout] test order_clause__order_by_string ... ok
[INFO] [stdout] test params__no_parameters_supplied ... ok
[INFO] [stdout] test order_clause__order_by_star ... ok
[INFO] [stdout] test params__keyed_get_positional ... ok
[INFO] [stdout] test order_clause__order_by_null_last_asc ... ok
[INFO] [stdout] test order_clause__order_by_two_source ... ok
[INFO] [stdout] test params__numbered_out_of_order ... ok
[INFO] [stdout] test params__numbered_overflow ... ok
[INFO] [stdout] test params__named_single ... ok
[INFO] [stdout] test params__numbered_reuse ... ok
[INFO] [stdout] test params__numbered_single ... ok
[INFO] [stdout] test params__positional_string ... ok
[INFO] [stdout] test params__zero_index ... ok
[INFO] [stdout] test params__positional_null ... ok
[INFO] [stdout] test params__positional_order ... ok
[INFO] [stdout] test params__positional_single ... ok
[INFO] [stdout] test params__positional_and_numbered_share_list ... ok
[INFO] [stdout] test params__positional_arithmetic ... ok
[INFO] [stdout] test params__where_named ... ok
[INFO] [stdout] test params__where_positional ... ok
[INFO] [stdout] test pivot_clause__pivot_from_unpivot_roundtrip ... ok
[INFO] [stdout] test pivot_clause__pivot_empty_stream ... ok
[INFO] [stdout] test predicates__and_f_n ... ok
[INFO] [stdout] test predicates__and_binds_tighter_than_or ... ok
[INFO] [stdout] test predicates__and_f_t ... ok
[INFO] [stdout] test pivot_clause__pivot_pairs_to_tuple ... ok
[INFO] [stdout] test predicates__and_f_f ... ok
[INFO] [stdout] test pivot_clause__pivot_skips_non_string_name ... ok
[INFO] [stdout] test predicates__and_n_n ... ok
[INFO] [stdout] test pivot_clause__pivot_order_unsupported ... ok
[INFO] [stdout] test predicates__and_n_f ... ok
[INFO] [stdout] test predicates__and_t_n ... ok
[INFO] [stdout] test pivot_clause__pivot_last_wins_duplicate ... ok
[INFO] [stdout] test predicates__and_t_t ... ok
[INFO] [stdout] test predicates__and_n_t ... ok
[INFO] [stdout] test predicates__arr_eq_equal ... ok
[INFO] [stdout] test predicates__and_t_f ... ok
[INFO] [stdout] test predicates__arr_eq_not_equal ... ok
[INFO] [stdout] test pivot_clause__pivot_where_filters_pairs ... ok
[INFO] [stdout] test predicates__arr_ne ... ok
[INFO] [stdout] test predicates__between_below_range ... ok
[INFO] [stdout] test predicates__between_reversed_bounds ... ok
[INFO] [stdout] test predicates__between_above_range ... ok
[INFO] [stdout] test predicates__double_not ... ok
[INFO] [stdout] test predicates__arr_ne_equal ... ok
[INFO] [stdout] test predicates__arr_is_truthy_in_where ... ok
[INFO] [stdout] test predicates__between_low_boundary ... ok
[INFO] [stdout] test predicates__eq_null_value ... ok
[INFO] [stdout] test predicates__eq_null_null ... ok
[INFO] [stdout] test predicates__between_inside ... ok
[INFO] [stdout] test predicates__false_is_false ... ok
[INFO] [stdout] test predicates__false_is_true ... ok
[INFO] [stdout] test predicates__between_high_boundary ... ok
[INFO] [stdout] test predicates__in_hit ... ok
[INFO] [stdout] test predicates__false_is_unknown ... ok
[INFO] [stdout] test predicates__in_miss ... ok
[INFO] [stdout] test predicates__between_on_column ... ok
[INFO] [stdout] test predicates__is_not_null_on_null ... ok
[INFO] [stdout] test predicates__in_single_element ... ok
[INFO] [stdout] test predicates__in_string ... ok
[INFO] [stdout] test predicates__is_null_true ... ok
[INFO] [stdout] test predicates__is_not_null_on_value ... ok
[INFO] [stdout] test predicates__is_not_null_on_present_key ... ok
[INFO] [stdout] test predicates__is_null_false ... ok
[INFO] [stdout] test predicates__in_on_column ... ok
[INFO] [stdout] test predicates__is_null_on_absent_key ... ok
[INFO] [stdout] test predicates__ne_null_value ... ok
[INFO] [stdout] test predicates__lt_null ... ok
[INFO] [stdout] test predicates__ne_null_null ... ok
[INFO] [stdout] test predicates__not_in_hit ... ok
[INFO] [stdout] test predicates__not_between_outside ... ok
[INFO] [stdout] test predicates__is_null_on_null_column ... ok
[INFO] [stdout] test predicates__not_binds_tighter_than_and ... ok
[INFO] [stdout] test predicates__not_true ... ok
[INFO] [stdout] test predicates__not_null ... ok
[INFO] [stdout] test predicates__null_is_not_false ... ok
[INFO] [stdout] test predicates__not_false ... ok
[INFO] [stdout] test predicates__not_between_inside ... ok
[INFO] [stdout] test predicates__null_is_unknown ... ok
[INFO] [stdout] test predicates__null_is_false ... ok
[INFO] [stdout] test predicates__null_is_not_unknown ... ok
[INFO] [stdout] test predicates__null_is_not_true ... ok
[INFO] [stdout] test predicates__or_f_n ... ok
[INFO] [stdout] test predicates__not_in_miss ... ok
[INFO] [stdout] test predicates__null_is_true ... ok
[INFO] [stdout] test predicates__or_f_f ... ok
[INFO] [stdout] test predicates__or_f_t ... ok
[INFO] [stdout] test predicates__or_n_n ... ok
[INFO] [stdout] test predicates__or_t_n ... ok
[INFO] [stdout] test predicates__or_n_t ... ok
[INFO] [stdout] test predicates__or_n_f ... ok
[INFO] [stdout] test predicates__string_between_outside ... ok
[INFO] [stdout] test predicates__or_t_t ... ok
[INFO] [stdout] test predicates__or_t_f ... ok
[INFO] [stdout] test predicates__true_is_not_true ... ok
[INFO] [stdout] test predicates__true_is_unknown ... ok
[INFO] [stdout] test predicates__string_lt ... ok
[INFO] [stdout] test predicates__string_gt ... ok
[INFO] [stdout] test predicates__string_between_inside ... ok
[INFO] [stdout] test predicates__true_is_true ... ok
[INFO] [stdout] test predicates__parens_override_precedence ... ok
[INFO] [stdout] test predicates__true_is_false ... ok
[INFO] [stdout] test predicates__where_is_null_filters ... ok
[INFO] [stdout] test read__read_csv_builtin ... ok
[INFO] [stdout] test read__read_csv_no_header ... ok
[INFO] [stdout] test predicates__where_and_filters ... ok
[INFO] [stdout] test predicates__where_null_excludes ... ok
[INFO] [stdout] test read__read_jsonl_builtin ... ok
[INFO] [stdout] test select_clause__from_table_with_implicit_alias ... ok
[INFO] [stdout] test predicates__string_ge_equal ... ok
[INFO] [stdout] test select_clause__from_bare_table ... ok
[INFO] [stdout] test predicates__where_or_filters ... ok
[INFO] [stdout] test select_clause__select_expr_literal ... ok
[INFO] [stdout] test select_clause__select_dot_no_from ... ok
[INFO] [stdout] test select_clause__from_table_with_as_alias ... ok
[INFO] [stdout] test select_clause__select_expr_array ... ok
[INFO] [stdout] test select_clause__select_expr_array_nested ... ok
[INFO] [stdout] test predicates__where_true_includes_all ... ok
[INFO] [stdout] test select_clause__select_list_literal_item ... ok
[INFO] [stdout] test select_clause__select_star ... ok
[INFO] [stdout] test select_clause__select_expr_object ... FAILED
[INFO] [stdout] test select_clause__select_list_multi_item ... ok
[INFO] [stdout] test select_clause__select_dot ... ok
[INFO] [stdout] test select_clause__select_value_no_from ... ok
[INFO] [stdout] test select_clause__select_list_single_item ... ok
[INFO] [stdout] test select_clause__select_expr_path ... ok
[INFO] [stdout] test subquery__agg_with_scalar_subquery ... ok
[INFO] [stdout] test select_clause__select_star_no_from ... ok
[INFO] [stdout] test subquery__all_empty_true ... ok
[INFO] [stdout] test subquery__all_null_unknown ... ok
[INFO] [stdout] test subquery__derived_correlated_lateral ... ok
[INFO] [stdout] test subquery__any_null_match_wins ... ok
[INFO] [stdout] test subquery__derived_basic ... ok
[INFO] [stdout] test subquery__derived_requires_alias ... ok
[INFO] [stdout] test subquery__derived_group_by ... ok
[INFO] [stdout] test subquery__correlated_two_level ... ok
[INFO] [stdout] test subquery__exists_empty_false ... ok
[INFO] [stdout] test subquery__eq_any_equals_in ... ok
[INFO] [stdout] test subquery__derived_star ... ok
[INFO] [stdout] test subquery__exists_correlated ... ok
[INFO] [stdout] test subquery__derived_order_limit ... ok
[INFO] [stdout] test subquery__any_empty_false ... ok
[INFO] [stdout] test subquery__exists_uncorrelated_nonempty ... ok
[INFO] [stdout] test subquery__gt_all ... ok
[INFO] [stdout] test subquery__derived_cross_base ... ok
[INFO] [stdout] test subquery__gt_any ... ok
[INFO] [stdout] test subquery__in_empty_subquery ... ok
[INFO] [stdout] test subquery__in_subquery ... ok
[INFO] [stdout] test subquery__not_exists_correlated ... ok
[INFO] [stdout] test subquery__in_with_order_limit ... ok
[INFO] [stdout] test subquery__ne_all_equals_not_in ... ok
[INFO] [stdout] test subquery__in_null_operand ... ok
[INFO] [stdout] test subquery__lt_all ... ok
[INFO] [stdout] test subquery__scalar_aggregate_empty_null ... ok
[INFO] [stdout] test subquery__nested_derived ... ok
[INFO] [stdout] test subquery__nested_subquery ... ok
[INFO] [stdout] test subquery__not_in_subquery ... ok
[INFO] [stdout] test subquery__not_in_null_element ... ok
[INFO] [stdout] test subquery__param_in_subquery ... ok
[INFO] [stdout] test subquery__not_in_empty_subquery ... ok
[INFO] [stdout] test subquery__scalar_aliased_member ... ok
[INFO] [stdout] test unpivot_clause__unpivot_aggregate ... ok
[INFO] [stdout] test subquery__scalar_empty_is_null ... ok
[INFO] [stdout] test subquery__scalar_in_where ... ok
[INFO] [stdout] test subquery__scalar_too_many_rows ... ok
[INFO] [stdout] test unpivot_clause__unpivot_aggregate_count ... ok
[INFO] [stdout] test subquery__scalar_correlated ... ok
[INFO] [stdout] test unpivot_clause__unpivot_at_optional ... ok
[INFO] [stdout] test subquery__scalar_uncorrelated_count ... ok
[INFO] [stdout] test subquery__subquery_in_having ... FAILED
[INFO] [stdout] test subquery__scalar_single_row ... ok
[INFO] [stdout] test subquery__subquery_in_grouped_projection ... FAILED
[INFO] [stdout] test unpivot_clause__unpivot_lateral_table_row ... ok
[INFO] [stdout] test unpivot_clause__unpivot_at_binds_attribute_name ... ok
[INFO] [stdout] test subquery__scalar_in_expr ... ok
[INFO] [stdout] test unpivot_clause__unpivot_dot_envelope ... ok
[INFO] [stdout] test unpivot_clause__unpivot_empty_object ... ok
[INFO] [stdout] test unpivot_clause__unpivot_group_by ... ok
[INFO] [stdout] test unpivot_clause__unpivot_members_to_rows ... ok
[INFO] [stdout] test unpivot_clause__unpivot_preserves_member_order ... ok
[INFO] [stdout] test unpivot_clause__unpivot_order_by ... ok
[INFO] [stdout] test unpivot_clause__unpivot_requires_value_alias ... ok
[INFO] [stdout] test unpivot_clause__unpivot_lateral_multi_row ... ok
[INFO] [stdout] test unpivot_clause__unpivot_where_on_name ... ok
[INFO] [stdout] test unpivot_clause__unpivot_star ... ok
[INFO] [stdout] test unpivot_clause__unpivot_non_object_empty ... ok
[INFO] [stdout] test where_clause__where_bool_eq ... ok
[INFO] [stdout] test where_clause__from_where_filter ... ok
[INFO] [stdout] test where_clause__where_absent_vs_present ... ok
[INFO] [stdout] test where_clause__where_constant_true ... ok
[INFO] [stdout] test where_clause__where_absent_member_gt ... ok
[INFO] [stdout] test where_clause__where_absent_member_eq_null ... ok
[INFO] [stdout] test where_clause__where_explicit_alias ... ok
[INFO] [stdout] test where_clause__where_constant_false ... ok
[INFO] [stdout] test where_clause__where_constant_null ... ok
[INFO] [stdout] test where_clause__where_null_member ... ok
[INFO] [stdout] test where_clause__where_numeric_eq ... ok
[INFO] [stdout] test where_clause__where_numeric_gt ... ok
[INFO] [stdout] test where_clause__where_numeric_ne ... ok
[INFO] [stdout] test where_clause__where_null_member_ne ... ok
[INFO] [stdout] test where_clause__where_string_eq ... ok
[INFO] [stdout] 
[INFO] [stdout] failures:
[INFO] [stdout] 
[INFO] [stdout] ---- copy__copy_query_to_jsonl stdout ----
[INFO] [stdout] 
[INFO] [stdout] thread 'copy__copy_query_to_jsonl' (2277) panicked at tests/conformance.rs:205:9:
[INFO] [stdout] copy::copy-query-to-jsonl — step 2: unexpected error: IoError("tests/fixtures/out.jsonl: Read-only file system (os error 30)")
[INFO] [stdout] stack backtrace:
[INFO] [stdout]    0:     0x60cb06def211 - <<std[617be2ca0a6fd877]::sys::backtrace::BacktraceLock>::print::DisplayBacktrace as core[a373ad73a504971]::fmt::Display>::fmt
[INFO] [stdout]    1:     0x60cb06e05daa - core[a373ad73a504971]::fmt::write
[INFO] [stdout]    2:     0x60cb06df368c - <alloc[2e1b2a31b91974c5]::vec::Vec<u8> as core[a373ad73a504971]::io::write::Write>::write_fmt
[INFO] [stdout]    3:     0x60cb06dc98f6 - std[617be2ca0a6fd877]::panicking::default_hook::{closure#0}
[INFO] [stdout]    4:     0x60cb06de6979 - std[617be2ca0a6fd877]::panicking::default_hook
[INFO] [stdout]    5:     0x60cb06cc3490 - test[aada8e7e76ba119b]::test_main_inner::{closure#0}
[INFO] [stdout]    6:     0x60cb06de6b32 - std[617be2ca0a6fd877]::panicking::panic_with_hook
[INFO] [stdout]    7:     0x60cb06dc99a2 - std[617be2ca0a6fd877]::panicking::panic_handler::{closure#0}
[INFO] [stdout]    8:     0x60cb06dc2409 - std[617be2ca0a6fd877]::sys::backtrace::__rust_end_short_backtrace::<std[617be2ca0a6fd877]::panicking::panic_handler::{closure#0}, !>
[INFO] [stdout]    9:     0x60cb06dca5ad - __rustc[ea4f61d10b84890b]::rust_begin_unwind
[INFO] [stdout]   10:     0x60cb06e064dc - core[a373ad73a504971]::panicking::panic_fmt
[INFO] [stdout]   11:     0x60cb06c8f671 - conformance[b3381075427d5174]::run_case
[INFO] [stdout]   12:     0x60cb06c919c1 - <conformance[b3381075427d5174]::copy__copy_query_to_jsonl::{closure#0} as core[a373ad73a504971]::ops::function::FnOnce<()>>::call_once
[INFO] [stdout]   13:     0x60cb06cb68db - test[aada8e7e76ba119b]::__rust_begin_short_backtrace::<core[a373ad73a504971]::result::Result<(), alloc[2e1b2a31b91974c5]::string::String>, fn() -> core[a373ad73a504971]::result::Result<(), alloc[2e1b2a31b91974c5]::string::String>>
[INFO] [stdout]   14:     0x60cb06cc3ab5 - test[aada8e7e76ba119b]::run_test::{closure#0}
[INFO] [stdout]   15:     0x60cb06cbd3a4 - std[617be2ca0a6fd877]::sys::backtrace::__rust_begin_short_backtrace::<test[aada8e7e76ba119b]::run_test::{closure#1}, ()>
[INFO] [stdout]   16:     0x60cb06cc6b42 - <std[617be2ca0a6fd877]::thread::lifecycle::spawn_unchecked<test[aada8e7e76ba119b]::run_test::{closure#1}, ()>::{closure#1} as core[a373ad73a504971]::ops::function::FnOnce<()>>::call_once::{shim:vtable#0}
[INFO] [stdout]   17:     0x60cb06dee70f - <std[617be2ca0a6fd877]::sys::thread::unix::Thread>::new::thread_start
[INFO] [stdout]   18:     0x70cfb0d16dfa - <unknown>
[INFO] [stdout]   19:     0x70cfb0daa3d4 - clone
[INFO] [stdout]   20:                0x0 - <unknown>
[INFO] [stdout] 
[INFO] [stdout] ---- copy__copy_round_trip_csv stdout ----
[INFO] [stdout] 
[INFO] [stdout] thread 'copy__copy_round_trip_csv' (2278) panicked at tests/conformance.rs:205:9:
[INFO] [stdout] copy::copy-round-trip-csv — step 2: unexpected error: IoError("tests/fixtures/out.csv: Read-only file system (os error 30)")
[INFO] [stdout] stack backtrace:
[INFO] [stdout]    0:     0x60cb06def211 - <<std[617be2ca0a6fd877]::sys::backtrace::BacktraceLock>::print::DisplayBacktrace as core[a373ad73a504971]::fmt::Display>::fmt
[INFO] [stdout]    1:     0x60cb06e05daa - core[a373ad73a504971]::fmt::write
[INFO] [stdout]    2:     0x60cb06df368c - <alloc[2e1b2a31b91974c5]::vec::Vec<u8> as core[a373ad73a504971]::io::write::Write>::write_fmt
[INFO] [stdout]    3:     0x60cb06dc98f6 - std[617be2ca0a6fd877]::panicking::default_hook::{closure#0}
[INFO] [stdout]    4:     0x60cb06de6979 - std[617be2ca0a6fd877]::panicking::default_hook
[INFO] [stdout]    5:     0x60cb06cc3490 - test[aada8e7e76ba119b]::test_main_inner::{closure#0}
[INFO] [stdout]    6:     0x60cb06de6b32 - std[617be2ca0a6fd877]::panicking::panic_with_hook
[INFO] [stdout]    7:     0x60cb06dc99a2 - std[617be2ca0a6fd877]::panicking::panic_handler::{closure#0}
[INFO] [stdout]    8:     0x60cb06dc2409 - std[617be2ca0a6fd877]::sys::backtrace::__rust_end_short_backtrace::<std[617be2ca0a6fd877]::panicking::panic_handler::{closure#0}, !>
[INFO] [stdout]    9:     0x60cb06dca5ad - __rustc[ea4f61d10b84890b]::rust_begin_unwind
[INFO] [stdout]   10:     0x60cb06e064dc - core[a373ad73a504971]::panicking::panic_fmt
[INFO] [stdout]   11:     0x60cb06c8f671 - conformance[b3381075427d5174]::run_case
[INFO] [stdout]   12:     0x60cb06c919f1 - <conformance[b3381075427d5174]::copy__copy_round_trip_csv::{closure#0} as core[a373ad73a504971]::ops::function::FnOnce<()>>::call_once
[INFO] [stdout]   13:     0x60cb06cb68db - test[aada8e7e76ba119b]::__rust_begin_short_backtrace::<core[a373ad73a504971]::result::Result<(), alloc[2e1b2a31b91974c5]::string::String>, fn() -> core[a373ad73a504971]::result::Result<(), alloc[2e1b2a31b91974c5]::string::String>>
[INFO] [stdout]   14:     0x60cb06cc3ab5 - test[aada8e7e76ba119b]::run_test::{closure#0}
[INFO] [stdout]   15:     0x60cb06cbd3a4 - std[617be2ca0a6fd877]::sys::backtrace::__rust_begin_short_backtrace::<test[aada8e7e76ba119b]::run_test::{closure#1}, ()>
[INFO] [stdout]   16:     0x60cb06cc6b42 - <std[617be2ca0a6fd877]::thread::lifecycle::spawn_unchecked<test[aada8e7e76ba119b]::run_test::{closure#1}, ()>::{closure#1} as core[a373ad73a504971]::ops::function::FnOnce<()>>::call_once::{shim:vtable#0}
[INFO] [stdout]   17:     0x60cb06dee70f - <std[617be2ca0a6fd877]::sys::thread::unix::Thread>::new::thread_start
[INFO] [stdout]   18:     0x70cfb0d16dfa - <unknown>
[INFO] [stdout]   19:     0x70cfb0daa3d4 - clone
[INFO] [stdout]   20:                0x0 - <unknown>
[INFO] [stdout] 
[INFO] [stdout] ---- literals__lex_keywords_case_insensitive stdout ----
[INFO] [stdout] 
[INFO] [stdout] thread 'literals__lex_keywords_case_insensitive' (2449) panicked at tests/conformance.rs:205:9:
[INFO] [stdout] literals::lex-keywords-case-insensitive — step 0: unexpected error: SyntaxError(Hint { message: "unrecognized token", location: 0, expected: ["\"clear\"", "\"copy\"", "\"create\"", "\"delete\"", "\"drop\"", "\"insert\"", "\"pivot\"", "\"select\""] })
[INFO] [stdout] stack backtrace:
[INFO] [stdout]    0:     0x60cb06def211 - <<std[617be2ca0a6fd877]::sys::backtrace::BacktraceLock>::print::DisplayBacktrace as core[a373ad73a504971]::fmt::Display>::fmt
[INFO] [stdout]    1:     0x60cb06e05daa - core[a373ad73a504971]::fmt::write
[INFO] [stdout]    2:     0x60cb06df368c - <alloc[2e1b2a31b91974c5]::vec::Vec<u8> as core[a373ad73a504971]::io::write::Write>::write_fmt
[INFO] [stdout]    3:     0x60cb06dc98f6 - std[617be2ca0a6fd877]::panicking::default_hook::{closure#0}
[INFO] [stdout]    4:     0x60cb06de6979 - std[617be2ca0a6fd877]::panicking::default_hook
[INFO] [stdout]    5:     0x60cb06cc3490 - test[aada8e7e76ba119b]::test_main_inner::{closure#0}
[INFO] [stdout]    6:     0x60cb06de6b32 - std[617be2ca0a6fd877]::panicking::panic_with_hook
[INFO] [stdout]    7:     0x60cb06dc99a2 - std[617be2ca0a6fd877]::panicking::panic_handler::{closure#0}
[INFO] [stdout]    8:     0x60cb06dc2409 - std[617be2ca0a6fd877]::sys::backtrace::__rust_end_short_backtrace::<std[617be2ca0a6fd877]::panicking::panic_handler::{closure#0}, !>
[INFO] [stdout]    9:     0x60cb06dca5ad - __rustc[ea4f61d10b84890b]::rust_begin_unwind
[INFO] [stdout]   10:     0x60cb06e064dc - core[a373ad73a504971]::panicking::panic_fmt
[INFO] [stdout]   11:     0x60cb06c8f671 - conformance[b3381075427d5174]::run_case
[INFO] [stdout]   12:     0x60cb06c94cc1 - <conformance[b3381075427d5174]::literals__lex_keywords_case_insensitive::{closure#0} as core[a373ad73a504971]::ops::function::FnOnce<()>>::call_once
[INFO] [stdout]   13:     0x60cb06cb68db - test[aada8e7e76ba119b]::__rust_begin_short_backtrace::<core[a373ad73a504971]::result::Result<(), alloc[2e1b2a31b91974c5]::string::String>, fn() -> core[a373ad73a504971]::result::Result<(), alloc[2e1b2a31b91974c5]::string::String>>
[INFO] [stdout]   14:     0x60cb06cc3ab5 - test[aada8e7e76ba119b]::run_test::{closure#0}
[INFO] [stdout]   15:     0x60cb06cbd3a4 - std[617be2ca0a6fd877]::sys::backtrace::__rust_begin_short_backtrace::<test[aada8e7e76ba119b]::run_test::{closure#1}, ()>
[INFO] [stdout]   16:     0x60cb06cc6b42 - <std[617be2ca0a6fd877]::thread::lifecycle::spawn_unchecked<test[aada8e7e76ba119b]::run_test::{closure#1}, ()>::{closure#1} as core[a373ad73a504971]::ops::function::FnOnce<()>>::call_once::{shim:vtable#0}
[INFO] [stdout]   17:     0x60cb06dee70f - <std[617be2ca0a6fd877]::sys::thread::unix::Thread>::new::thread_start
[INFO] [stdout]   18:     0x70cfb0d16dfa - <unknown>
[INFO] [stdout]   19:     0x70cfb0daa3d4 - clone
[INFO] [stdout]   20:                0x0 - <unknown>
[INFO] [stdout] 
[INFO] [stdout] ---- literals__lit_string_escaped_quote stdout ----
[INFO] [stdout] 
[INFO] [stdout] thread 'literals__lit_string_escaped_quote' (2466) panicked at tests/conformance.rs:205:9:
[INFO] [stdout] literals::lit-string-escaped-quote — step 0: unexpected error: SyntaxError(Hint { message: "unrecognized token", location: 11, expected: ["\"*\"", "\"=\"", "\">\"", "\">=\"", "\"<\"", "\"<=\"", "\"-\"", "\"!=\"", "\"%\"", "\".\"", "\"+\"", "\";\"", "\"/\"", "\"[\"", "\"and\"", "\"as\"", "\"between\"", "\"in\"", "\"is\"", "\"from\"", "\"not\"", "\"or\""] })
[INFO] [stdout] stack backtrace:
[INFO] [stdout]    0:     0x60cb06def211 - <<std[617be2ca0a6fd877]::sys::backtrace::BacktraceLock>::print::DisplayBacktrace as core[a373ad73a504971]::fmt::Display>::fmt
[INFO] [stdout]    1:     0x60cb06e05daa - core[a373ad73a504971]::fmt::write
[INFO] [stdout]    2:     0x60cb06df368c - <alloc[2e1b2a31b91974c5]::vec::Vec<u8> as core[a373ad73a504971]::io::write::Write>::write_fmt
[INFO] [stdout]    3:     0x60cb06dc98f6 - std[617be2ca0a6fd877]::panicking::default_hook::{closure#0}
[INFO] [stdout]    4:     0x60cb06de6979 - std[617be2ca0a6fd877]::panicking::default_hook
[INFO] [stdout]    5:     0x60cb06cc3490 - test[aada8e7e76ba119b]::test_main_inner::{closure#0}
[INFO] [stdout]    6:     0x60cb06de6b32 - std[617be2ca0a6fd877]::panicking::panic_with_hook
[INFO] [stdout]    7:     0x60cb06dc99a2 - std[617be2ca0a6fd877]::panicking::panic_handler::{closure#0}
[INFO] [stdout]    8:     0x60cb06dc2409 - std[617be2ca0a6fd877]::sys::backtrace::__rust_end_short_backtrace::<std[617be2ca0a6fd877]::panicking::panic_handler::{closure#0}, !>
[INFO] [stdout]    9:     0x60cb06dca5ad - __rustc[ea4f61d10b84890b]::rust_begin_unwind
[INFO] [stdout]   10:     0x60cb06e064dc - core[a373ad73a504971]::panicking::panic_fmt
[INFO] [stdout]   11:     0x60cb06c8f671 - conformance[b3381075427d5174]::run_case
[INFO] [stdout]   12:     0x60cb06c94001 - <conformance[b3381075427d5174]::literals__lit_string_escaped_quote::{closure#0} as core[a373ad73a504971]::ops::function::FnOnce<()>>::call_once
[INFO] [stdout]   13:     0x60cb06cb68db - test[aada8e7e76ba119b]::__rust_begin_short_backtrace::<core[a373ad73a504971]::result::Result<(), alloc[2e1b2a31b91974c5]::string::String>, fn() -> core[a373ad73a504971]::result::Result<(), alloc[2e1b2a31b91974c5]::string::String>>
[INFO] [stdout]   14:     0x60cb06cc3ab5 - test[aada8e7e76ba119b]::run_test::{closure#0}
[INFO] [stdout]   15:     0x60cb06cbd3a4 - std[617be2ca0a6fd877]::sys::backtrace::__rust_begin_short_backtrace::<test[aada8e7e76ba119b]::run_test::{closure#1}, ()>
[INFO] [stdout]   16:     0x60cb06cc6b42 - <std[617be2ca0a6fd877]::thread::lifecycle::spawn_unchecked<test[aada8e7e76ba119b]::run_test::{closure#1}, ()>::{closure#1} as core[a373ad73a504971]::ops::function::FnOnce<()>>::call_once::{shim:vtable#0}
[INFO] [stdout]   17:     0x60cb06dee70f - <std[617be2ca0a6fd877]::sys::thread::unix::Thread>::new::thread_start
[INFO] [stdout]   18:     0x70cfb0d16dfa - <unknown>
[INFO] [stdout]   19:     0x70cfb0daa3d4 - clone
[INFO] [stdout]   20:                0x0 - <unknown>
[INFO] [stdout] 
[INFO] [stdout] ---- literals__lit_object_string_key stdout ----
[INFO] [stdout] 
[INFO] [stdout] addr	operation
[INFO] [stdout] ----	---------
[INFO] [stdout] 0000	Init { jmp: 6 }
[INFO] [stdout] 0001	Obj
[INFO] [stdout] 0002	Push { val: 1 }
[INFO] [stdout] 0003	ObjAssign("'a-b'")
[INFO] [stdout] 0004	Yield
[INFO] [stdout] 0005	Halt
[INFO] [stdout] 0006	Transaction { txm: Read }
[INFO] [stdout] 0007	Jump { jmp: 1 }
[INFO] [stdout] 
[INFO] [stdout] 
[INFO] [stdout] thread 'literals__lit_object_string_key' (2463) panicked at tests/conformance.rs:205:9:
[INFO] [stdout] literals::lit-object-string-key — step 0: result mismatch
[INFO] [stdout]     expected: [{"a-b":1}]
[INFO] [stdout]     actual:   [{"'a-b'":1}]
[INFO] [stdout] stack backtrace:
[INFO] [stdout]    0:     0x60cb06def211 - <<std[617be2ca0a6fd877]::sys::backtrace::BacktraceLock>::print::DisplayBacktrace as core[a373ad73a504971]::fmt::Display>::fmt
[INFO] [stdout]    1:     0x60cb06e05daa - core[a373ad73a504971]::fmt::write
[INFO] [stdout]    2:     0x60cb06df368c - <alloc[2e1b2a31b91974c5]::vec::Vec<u8> as core[a373ad73a504971]::io::write::Write>::write_fmt
[INFO] [stdout]    3:     0x60cb06dc98f6 - std[617be2ca0a6fd877]::panicking::default_hook::{closure#0}
[INFO] [stdout]    4:     0x60cb06de6979 - std[617be2ca0a6fd877]::panicking::default_hook
[INFO] [stdout]    5:     0x60cb06cc3490 - test[aada8e7e76ba119b]::test_main_inner::{closure#0}
[INFO] [stdout]    6:     0x60cb06de6b32 - std[617be2ca0a6fd877]::panicking::panic_with_hook
[INFO] [stdout]    7:     0x60cb06dc99a2 - std[617be2ca0a6fd877]::panicking::panic_handler::{closure#0}
[INFO] [stdout]    8:     0x60cb06dc2409 - std[617be2ca0a6fd877]::sys::backtrace::__rust_end_short_backtrace::<std[617be2ca0a6fd877]::panicking::panic_handler::{closure#0}, !>
[INFO] [stdout]    9:     0x60cb06dca5ad - __rustc[ea4f61d10b84890b]::rust_begin_unwind
[INFO] [stdout]   10:     0x60cb06e064dc - core[a373ad73a504971]::panicking::panic_fmt
[INFO] [stdout]   11:     0x60cb06c8f671 - conformance[b3381075427d5174]::run_case
[INFO] [stdout]   12:     0x60cb06c935e1 - <conformance[b3381075427d5174]::literals__lit_object_string_key::{closure#0} as core[a373ad73a504971]::ops::function::FnOnce<()>>::call_once
[INFO] [stdout]   13:     0x60cb06cb68db - test[aada8e7e76ba119b]::__rust_begin_short_backtrace::<core[a373ad73a504971]::result::Result<(), alloc[2e1b2a31b91974c5]::string::String>, fn() -> core[a373ad73a504971]::result::Result<(), alloc[2e1b2a31b91974c5]::string::String>>
[INFO] [stdout]   14:     0x60cb06cc3ab5 - test[aada8e7e76ba119b]::run_test::{closure#0}
[INFO] [stdout]   15:     0x60cb06cbd3a4 - std[617be2ca0a6fd877]::sys::backtrace::__rust_begin_short_backtrace::<test[aada8e7e76ba119b]::run_test::{closure#1}, ()>
[INFO] [stdout]   16:     0x60cb06cc6b42 - <std[617be2ca0a6fd877]::thread::lifecycle::spawn_unchecked<test[aada8e7e76ba119b]::run_test::{closure#1}, ()>::{closure#1} as core[a373ad73a504971]::ops::function::FnOnce<()>>::call_once::{shim:vtable#0}
[INFO] [stdout]   17:     0x60cb06dee70f - <std[617be2ca0a6fd877]::sys::thread::unix::Thread>::new::thread_start
[INFO] [stdout]   18:     0x70cfb0d16dfa - <unknown>
[INFO] [stdout]   19:     0x70cfb0daa3d4 - clone
[INFO] [stdout]   20:                0x0 - <unknown>
[INFO] [stdout] 
[INFO] [stdout] ---- select_clause__select_expr_object stdout ----
[INFO] [stdout] 
[INFO] [stdout] thread 'select_clause__select_expr_object' (2600) panicked at tests/conformance.rs:205:9:
[INFO] [stdout] select-clause::select-expr-object — step 1: unexpected error: SyntaxError(Hint { message: "unrecognized token", location: 0, expected: ["\"clear\"", "\"copy\"", "\"create\"", "\"delete\"", "\"drop\"", "\"insert\"", "\"pivot\"", "\"select\""] })
[INFO] [stdout] stack backtrace:
[INFO] [stdout]    0:     0x60cb06def211 - <<std[617be2ca0a6fd877]::sys::backtrace::BacktraceLock>::print::DisplayBacktrace as core[a373ad73a504971]::fmt::Display>::fmt
[INFO] [stdout]    1:     0x60cb06e05daa - core[a373ad73a504971]::fmt::write
[INFO] [stdout]    2:     0x60cb06df368c - <alloc[2e1b2a31b91974c5]::vec::Vec<u8> as core[a373ad73a504971]::io::write::Write>::write_fmt
[INFO] [stdout]    3:     0x60cb06dc98f6 - std[617be2ca0a6fd877]::panicking::default_hook::{closure#0}
[INFO] [stdout]    4:     0x60cb06de6979 - std[617be2ca0a6fd877]::panicking::default_hook
[INFO] [stdout]    5:     0x60cb06cc3490 - test[aada8e7e76ba119b]::test_main_inner::{closure#0}
[INFO] [stdout]    6:     0x60cb06de6b32 - std[617be2ca0a6fd877]::panicking::panic_with_hook
[INFO] [stdout]    7:     0x60cb06dc99a2 - std[617be2ca0a6fd877]::panicking::panic_handler::{closure#0}
[INFO] [stdout]    8:     0x60cb06dc2409 - std[617be2ca0a6fd877]::sys::backtrace::__rust_end_short_backtrace::<std[617be2ca0a6fd877]::panicking::panic_handler::{closure#0}, !>
[INFO] [stdout]    9:     0x60cb06dca5ad - __rustc[ea4f61d10b84890b]::rust_begin_unwind
[INFO] [stdout]   10:     0x60cb06e064dc - core[a373ad73a504971]::panicking::panic_fmt
[INFO] [stdout]   11:     0x60cb06c8f671 - conformance[b3381075427d5174]::run_case
[INFO] [stdout]   12:     0x60cb06c93e51 - <conformance[b3381075427d5174]::select_clause__select_expr_object::{closure#0} as core[a373ad73a504971]::ops::function::FnOnce<()>>::call_once
[INFO] [stdout]   13:     0x60cb06cb68db - test[aada8e7e76ba119b]::__rust_begin_short_backtrace::<core[a373ad73a504971]::result::Result<(), alloc[2e1b2a31b91974c5]::string::String>, fn() -> core[a373ad73a504971]::result::Result<(), alloc[2e1b2a31b91974c5]::string::String>>
[INFO] [stdout]   14:     0x60cb06cc3ab5 - test[aada8e7e76ba119b]::run_test::{closure#0}
[INFO] [stdout]   15:     0x60cb06cbd3a4 - std[617be2ca0a6fd877]::sys::backtrace::__rust_begin_short_backtrace::<test[aada8e7e76ba119b]::run_test::{closure#1}, ()>
[INFO] [stdout]   16:     0x60cb06cc6b42 - <std[617be2ca0a6fd877]::thread::lifecycle::spawn_unchecked<test[aada8e7e76ba119b]::run_test::{closure#1}, ()>::{closure#1} as core[a373ad73a504971]::ops::function::FnOnce<()>>::call_once::{shim:vtable#0}
[INFO] [stdout]   17:     0x60cb06dee70f - <std[617be2ca0a6fd877]::sys::thread::unix::Thread>::new::thread_start
[INFO] [stdout]   18:     0x70cfb0d16dfa - <unknown>
[INFO] [stdout]   19:     0x70cfb0daa3d4 - clone
[INFO] [stdout]   20:                0x0 - <unknown>
[INFO] [stdout] 
[INFO] [stdout] ---- subquery__subquery_in_having stdout ----
[INFO] [stdout] 
[INFO] [stdout] addr	operation
[INFO] [stdout] ----	---------
[INFO] [stdout] 0000	Init { jmp: 87 }
[INFO] [stdout] 0001	AggInit { slot: 0, kind: First }
[INFO] [stdout] 0002	AggInit { slot: 1, kind: First }
[INFO] [stdout] 0003	AggInit { slot: 2, kind: Count }
[INFO] [stdout] 0004	Arr
[INFO] [stdout] 0005	Open { csr: 0, tbl: 1 }
[INFO] [stdout] 0006	Scan { csr: 0, jmp: 18 }
[INFO] [stdout] 0007	Arr
[INFO] [stdout] 0008	LoadVal { csr: 0 }
[INFO] [stdout] 0009	Jpk("g")
[INFO] [stdout] 0010	OrderKey { dirs: [false] }
[INFO] [stdout] 0011	ArrPush
[INFO] [stdout] 0012	Obj
[INFO] [stdout] 0013	LoadVal { csr: 0 }
[INFO] [stdout] 0014	ObjAssign("t")
[INFO] [stdout] 0015	ArrPush
[INFO] [stdout] 0016	ArrPush
[INFO] [stdout] 0017	Next { csr: 0, jmp: 7 }
[INFO] [stdout] 0018	Close { csr: 0 }
[INFO] [stdout] 0019	Sort
[INFO] [stdout] 0020	Iter { csr: 1, jmp: 86 }
[INFO] [stdout] 0021	LoadVal { csr: 1 }
[INFO] [stdout] 0022	Jpi(0)
[INFO] [stdout] 0023	GroupBreak { slot: 0, jmp: 51 }
[INFO] [stdout] 0024	AggFinal { slot: 1, kind: First }
[INFO] [stdout] 0025	SetVal { csr: 2 }
[INFO] [stdout] 0026	LoadVal { csr: 2 }
[INFO] [stdout] 0027	Jpk("t")
[INFO] [stdout] 0028	SetVal { csr: 0 }
[INFO] [stdout] 0029	AggFinal { slot: 2, kind: Count }
[INFO] [stdout] 0030	Arr
[INFO] [stdout] 0031	AggInit { slot: 3, kind: Count }
[INFO] [stdout] 0032	Open { csr: 1, tbl: 2 }
[INFO] [stdout] 0033	Scan { csr: 1, jmp: 37 }
[INFO] [stdout] 0034	Push { val: true }
[INFO] [stdout] 0035	AggStep { slot: 3, kind: Count }
[INFO] [stdout] 0036	Next { csr: 1, jmp: 34 }
[INFO] [stdout] 0037	AggFinal { slot: 3, kind: Count }
[INFO] [stdout] 0038	ArrPush
[INFO] [stdout] 0039	Scalar
[INFO] [stdout] 0040	Ge
[INFO] [stdout] 0041	IfNot(49)
[INFO] [stdout] 0042	Obj
[INFO] [stdout] 0043	LoadVal { csr: 0 }
[INFO] [stdout] 0044	Jpk("g")
[INFO] [stdout] 0045	ObjAssign("g")
[INFO] [stdout] 0046	AggFinal { slot: 2, kind: Count }
[INFO] [stdout] 0047	ObjAssign("n")
[INFO] [stdout] 0048	Yield
[INFO] [stdout] 0049	AggInit { slot: 1, kind: First }
[INFO] [stdout] 0050	AggInit { slot: 2, kind: Count }
[INFO] [stdout] 0051	LoadVal { csr: 1 }
[INFO] [stdout] 0052	Jpi(1)
[INFO] [stdout] 0053	Jpk("t")
[INFO] [stdout] 0054	SetVal { csr: 0 }
[INFO] [stdout] 0055	LoadVal { csr: 1 }
[INFO] [stdout] 0056	Jpi(1)
[INFO] [stdout] 0057	AggStep { slot: 1, kind: First }
[INFO] [stdout] 0058	Push { val: true }
[INFO] [stdout] 0059	AggStep { slot: 2, kind: Count }
[INFO] [stdout] 0060	Next { csr: 1, jmp: 21 }
[INFO] [stdout] 0061	AggFinal { slot: 1, kind: First }
[INFO] [stdout] 0062	SetVal { csr: 2 }
[INFO] [stdout] 0063	LoadVal { csr: 2 }
[INFO] [stdout] 0064	Jpk("t")
[INFO] [stdout] 0065	SetVal { csr: 0 }
[INFO] [stdout] 0066	AggFinal { slot: 2, kind: Count }
[INFO] [stdout] 0067	Arr
[INFO] [stdout] 0068	AggInit { slot: 4, kind: Count }
[INFO] [stdout] 0069	Open { csr: 1, tbl: 2 }
[INFO] [stdout] 0070	Scan { csr: 1, jmp: 74 }
[INFO] [stdout] 0071	Push { val: true }
[INFO] [stdout] 0072	AggStep { slot: 4, kind: Count }
[INFO] [stdout] 0073	Next { csr: 1, jmp: 71 }
[INFO] [stdout] 0074	AggFinal { slot: 4, kind: Count }
[INFO] [stdout] 0075	ArrPush
[INFO] [stdout] 0076	Scalar
[INFO] [stdout] 0077	Ge
[INFO] [stdout] 0078	IfNot(86)
[INFO] [stdout] 0079	Obj
[INFO] [stdout] 0080	LoadVal { csr: 0 }
[INFO] [stdout] 0081	Jpk("g")
[INFO] [stdout] 0082	ObjAssign("g")
[INFO] [stdout] 0083	AggFinal { slot: 2, kind: Count }
[INFO] [stdout] 0084	ObjAssign("n")
[INFO] [stdout] 0085	Yield
[INFO] [stdout] 0086	Halt
[INFO] [stdout] 0087	Transaction { txm: Read }
[INFO] [stdout] 0088	Jump { jmp: 1 }
[INFO] [stdout] 
[INFO] [stdout] 
[INFO] [stdout] thread 'subquery__subquery_in_having' (2650) panicked at tests/conformance.rs:205:9:
[INFO] [stdout] subquery::subquery-in-having — step 2: error during scan: InternalError("load on unpositioned cursor")
[INFO] [stdout] stack backtrace:
[INFO] [stdout]    0:     0x60cb06def211 - <<std[617be2ca0a6fd877]::sys::backtrace::BacktraceLock>::print::DisplayBacktrace as core[a373ad73a504971]::fmt::Display>::fmt
[INFO] [stdout]    1:     0x60cb06e05daa - core[a373ad73a504971]::fmt::write
[INFO] [stdout]    2:     0x60cb06df368c - <alloc[2e1b2a31b91974c5]::vec::Vec<u8> as core[a373ad73a504971]::io::write::Write>::write_fmt
[INFO] [stdout]    3:     0x60cb06dc98f6 - std[617be2ca0a6fd877]::panicking::default_hook::{closure#0}
[INFO] [stdout]    4:     0x60cb06de6979 - std[617be2ca0a6fd877]::panicking::default_hook
[INFO] [stdout]    5:     0x60cb06cc3490 - test[aada8e7e76ba119b]::test_main_inner::{closure#0}
[INFO] [stdout]    6:     0x60cb06de6b32 - std[617be2ca0a6fd877]::panicking::panic_with_hook
[INFO] [stdout]    7:     0x60cb06dc99a2 - std[617be2ca0a6fd877]::panicking::panic_handler::{closure#0}
[INFO] [stdout]    8:     0x60cb06dc2409 - std[617be2ca0a6fd877]::sys::backtrace::__rust_end_short_backtrace::<std[617be2ca0a6fd877]::panicking::panic_handler::{closure#0}, !>
[INFO] [stdout]    9:     0x60cb06dca5ad - __rustc[ea4f61d10b84890b]::rust_begin_unwind
[INFO] [stdout]   10:     0x60cb06e064dc - core[a373ad73a504971]::panicking::panic_fmt
[INFO] [stdout]   11:     0x60cb06c8f671 - conformance[b3381075427d5174]::run_case
[INFO] [stdout]   12:     0x60cb06c92ad1 - <conformance[b3381075427d5174]::subquery__subquery_in_having::{closure#0} as core[a373ad73a504971]::ops::function::FnOnce<()>>::call_once
[INFO] [stdout]   13:     0x60cb06cb68db - test[aada8e7e76ba119b]::__rust_begin_short_backtrace::<core[a373ad73a504971]::result::Result<(), alloc[2e1b2a31b91974c5]::string::String>, fn() -> core[a373ad73a504971]::result::Result<(), alloc[2e1b2a31b91974c5]::string::String>>
[INFO] [stdout]   14:     0x60cb06cc3ab5 - test[aada8e7e76ba119b]::run_test::{closure#0}
[INFO] [stdout]   15:     0x60cb06cbd3a4 - std[617be2ca0a6fd877]::sys::backtrace::__rust_begin_short_backtrace::<test[aada8e7e76ba119b]::run_test::{closure#1}, ()>
[INFO] [stdout]   16:     0x60cb06cc6b42 - <std[617be2ca0a6fd877]::thread::lifecycle::spawn_unchecked<test[aada8e7e76ba119b]::run_test::{closure#1}, ()>::{closure#1} as core[a373ad73a504971]::ops::function::FnOnce<()>>::call_once::{shim:vtable#0}
[INFO] [stdout]   17:     0x60cb06dee70f - <std[617be2ca0a6fd877]::sys::thread::unix::Thread>::new::thread_start
[INFO] [stdout]   18:     0x70cfb0d16dfa - <unknown>
[INFO] [stdout]   19:     0x70cfb0daa3d4 - clone
[INFO] [stdout]   20:                0x0 - <unknown>
[INFO] [stdout] 
[INFO] [stdout] ---- subquery__subquery_in_grouped_projection stdout ----
[INFO] [stdout] 
[INFO] [stdout] addr	operation
[INFO] [stdout] ----	---------
[INFO] [stdout] 0000	Init { jmp: 83 }
[INFO] [stdout] 0001	AggInit { slot: 0, kind: First }
[INFO] [stdout] 0002	AggInit { slot: 1, kind: First }
[INFO] [stdout] 0003	AggInit { slot: 2, kind: Count }
[INFO] [stdout] 0004	Arr
[INFO] [stdout] 0005	Open { csr: 0, tbl: 1 }
[INFO] [stdout] 0006	Scan { csr: 0, jmp: 18 }
[INFO] [stdout] 0007	Arr
[INFO] [stdout] 0008	LoadVal { csr: 0 }
[INFO] [stdout] 0009	Jpk("g")
[INFO] [stdout] 0010	OrderKey { dirs: [false] }
[INFO] [stdout] 0011	ArrPush
[INFO] [stdout] 0012	Obj
[INFO] [stdout] 0013	LoadVal { csr: 0 }
[INFO] [stdout] 0014	ObjAssign("t")
[INFO] [stdout] 0015	ArrPush
[INFO] [stdout] 0016	ArrPush
[INFO] [stdout] 0017	Next { csr: 0, jmp: 7 }
[INFO] [stdout] 0018	Close { csr: 0 }
[INFO] [stdout] 0019	Sort
[INFO] [stdout] 0020	Iter { csr: 1, jmp: 82 }
[INFO] [stdout] 0021	LoadVal { csr: 1 }
[INFO] [stdout] 0022	Jpi(0)
[INFO] [stdout] 0023	GroupBreak { slot: 0, jmp: 49 }
[INFO] [stdout] 0024	AggFinal { slot: 1, kind: First }
[INFO] [stdout] 0025	SetVal { csr: 2 }
[INFO] [stdout] 0026	LoadVal { csr: 2 }
[INFO] [stdout] 0027	Jpk("t")
[INFO] [stdout] 0028	SetVal { csr: 0 }
[INFO] [stdout] 0029	Obj
[INFO] [stdout] 0030	LoadVal { csr: 0 }
[INFO] [stdout] 0031	Jpk("g")
[INFO] [stdout] 0032	ObjAssign("g")
[INFO] [stdout] 0033	AggFinal { slot: 2, kind: Count }
[INFO] [stdout] 0034	ObjAssign("n")
[INFO] [stdout] 0035	Arr
[INFO] [stdout] 0036	AggInit { slot: 3, kind: Count }
[INFO] [stdout] 0037	Open { csr: 1, tbl: 2 }
[INFO] [stdout] 0038	Scan { csr: 1, jmp: 42 }
[INFO] [stdout] 0039	Push { val: true }
[INFO] [stdout] 0040	AggStep { slot: 3, kind: Count }
[INFO] [stdout] 0041	Next { csr: 1, jmp: 39 }
[INFO] [stdout] 0042	AggFinal { slot: 3, kind: Count }
[INFO] [stdout] 0043	ArrPush
[INFO] [stdout] 0044	Scalar
[INFO] [stdout] 0045	ObjAssign("d")
[INFO] [stdout] 0046	Yield
[INFO] [stdout] 0047	AggInit { slot: 1, kind: First }
[INFO] [stdout] 0048	AggInit { slot: 2, kind: Count }
[INFO] [stdout] 0049	LoadVal { csr: 1 }
[INFO] [stdout] 0050	Jpi(1)
[INFO] [stdout] 0051	Jpk("t")
[INFO] [stdout] 0052	SetVal { csr: 0 }
[INFO] [stdout] 0053	LoadVal { csr: 1 }
[INFO] [stdout] 0054	Jpi(1)
[INFO] [stdout] 0055	AggStep { slot: 1, kind: First }
[INFO] [stdout] 0056	Push { val: true }
[INFO] [stdout] 0057	AggStep { slot: 2, kind: Count }
[INFO] [stdout] 0058	Next { csr: 1, jmp: 21 }
[INFO] [stdout] 0059	AggFinal { slot: 1, kind: First }
[INFO] [stdout] 0060	SetVal { csr: 2 }
[INFO] [stdout] 0061	LoadVal { csr: 2 }
[INFO] [stdout] 0062	Jpk("t")
[INFO] [stdout] 0063	SetVal { csr: 0 }
[INFO] [stdout] 0064	Obj
[INFO] [stdout] 0065	LoadVal { csr: 0 }
[INFO] [stdout] 0066	Jpk("g")
[INFO] [stdout] 0067	ObjAssign("g")
[INFO] [stdout] 0068	AggFinal { slot: 2, kind: Count }
[INFO] [stdout] 0069	ObjAssign("n")
[INFO] [stdout] 0070	Arr
[INFO] [stdout] 0071	AggInit { slot: 4, kind: Count }
[INFO] [stdout] 0072	Open { csr: 1, tbl: 2 }
[INFO] [stdout] 0073	Scan { csr: 1, jmp: 77 }
[INFO] [stdout] 0074	Push { val: true }
[INFO] [stdout] 0075	AggStep { slot: 4, kind: Count }
[INFO] [stdout] 0076	Next { csr: 1, jmp: 74 }
[INFO] [stdout] 0077	AggFinal { slot: 4, kind: Count }
[INFO] [stdout] 0078	ArrPush
[INFO] [stdout] 0079	Scalar
[INFO] [stdout] 0080	ObjAssign("d")
[INFO] [stdout] 0081	Yield
[INFO] [stdout] 0082	Halt
[INFO] [stdout] 0083	Transaction { txm: Read }
[INFO] [stdout] 0084	Jump { jmp: 1 }
[INFO] [stdout] 
[INFO] [stdout] 
[INFO] [stdout] thread 'subquery__subquery_in_grouped_projection' (2649) panicked at tests/conformance.rs:205:9:
[INFO] [stdout] subquery::subquery-in-grouped-projection — step 2: error during scan: InternalError("load on unpositioned cursor")
[INFO] [stdout] stack backtrace:
[INFO] [stdout]    0:     0x60cb06def211 - <<std[617be2ca0a6fd877]::sys::backtrace::BacktraceLock>::print::DisplayBacktrace as core[a373ad73a504971]::fmt::Display>::fmt
[INFO] [stdout]    1:     0x60cb06e05daa - core[a373ad73a504971]::fmt::write
[INFO] [stdout]    2:     0x60cb06df368c - <alloc[2e1b2a31b91974c5]::vec::Vec<u8> as core[a373ad73a504971]::io::write::Write>::write_fmt
[INFO] [stdout]    3:     0x60cb06dc98f6 - std[617be2ca0a6fd877]::panicking::default_hook::{closure#0}
[INFO] [stdout]    4:     0x60cb06de6979 - std[617be2ca0a6fd877]::panicking::default_hook
[INFO] [stdout]    5:     0x60cb06cc3490 - test[aada8e7e76ba119b]::test_main_inner::{closure#0}
[INFO] [stdout]    6:     0x60cb06de6b32 - std[617be2ca0a6fd877]::panicking::panic_with_hook
[INFO] [stdout]    7:     0x60cb06dc99a2 - std[617be2ca0a6fd877]::panicking::panic_handler::{closure#0}
[INFO] [stdout]    8:     0x60cb06dc2409 - std[617be2ca0a6fd877]::sys::backtrace::__rust_end_short_backtrace::<std[617be2ca0a6fd877]::panicking::panic_handler::{closure#0}, !>
[INFO] [stdout]    9:     0x60cb06dca5ad - __rustc[ea4f61d10b84890b]::rust_begin_unwind
[INFO] [stdout]   10:     0x60cb06e064dc - core[a373ad73a504971]::panicking::panic_fmt
[INFO] [stdout]   11:     0x60cb06c8f671 - conformance[b3381075427d5174]::run_case
[INFO] [stdout]   12:     0x60cb06c94ed1 - <conformance[b3381075427d5174]::subquery__subquery_in_grouped_projection::{closure#0} as core[a373ad73a504971]::ops::function::FnOnce<()>>::call_once
[INFO] [stdout]   13:     0x60cb06cb68db - test[aada8e7e76ba119b]::__rust_begin_short_backtrace::<core[a373ad73a504971]::result::Result<(), alloc[2e1b2a31b91974c5]::string::String>, fn() -> core[a373ad73a504971]::result::Result<(), alloc[2e1b2a31b91974c5]::string::String>>
[INFO] [stdout]   14:     0x60cb06cc3ab5 - test[aada8e7e76ba119b]::run_test::{closure#0}
[INFO] [stdout]   15:     0x60cb06cbd3a4 - std[617be2ca0a6fd877]::sys::backtrace::__rust_begin_short_backtrace::<test[aada8e7e76ba119b]::run_test::{closure#1}, ()>
[INFO] [stdout]   16:     0x60cb06cc6b42 - <std[617be2ca0a6fd877]::thread::lifecycle::spawn_unchecked<test[aada8e7e76ba119b]::run_test::{closure#1}, ()>::{closure#1} as core[a373ad73a504971]::ops::function::FnOnce<()>>::call_once::{shim:vtable#0}
[INFO] [stdout]   17:     0x60cb06dee70f - <std[617be2ca0a6fd877]::sys::thread::unix::Thread>::new::thread_start
[INFO] [stdout]   18:     0x70cfb0d16dfa - <unknown>
[INFO] [stdout]   19:     0x70cfb0daa3d4 - clone
[INFO] [stdout]   20:                0x0 - <unknown>
[INFO] [stdout] 
[INFO] [stdout] 
[INFO] [stdout] failures:
[INFO] [stdout]     copy__copy_query_to_jsonl
[INFO] [stdout]     copy__copy_round_trip_csv
[INFO] [stdout]     literals__lex_keywords_case_insensitive
[INFO] [stdout]     literals__lit_object_string_key
[INFO] [stdout]     literals__lit_string_escaped_quote
[INFO] [stdout]     select_clause__select_expr_object
[INFO] [stdout]     subquery__subquery_in_grouped_projection
[INFO] [stdout]     subquery__subquery_in_having
[INFO] [stdout] 
[INFO] [stdout] test result: FAILED. 440 passed; 8 failed; 0 ignored; 0 measured; 0 filtered out; finished in 0.77s
[INFO] [stdout] 
[INFO] [stderr] error: test failed, to rerun pass `--test conformance`
[INFO] running `Command { std: "docker" "inspect" "d0151123d71a6f797b823a35cb757273bc962d7a7d1ab3e24c57cbe5507683d0", kill_on_drop: false }`
[INFO] running `Command { std: "docker" "rm" "-f" "d0151123d71a6f797b823a35cb757273bc962d7a7d1ab3e24c57cbe5507683d0", kill_on_drop: false }`
[INFO] [stdout] d0151123d71a6f797b823a35cb757273bc962d7a7d1ab3e24c57cbe5507683d0
