[INFO] fetching crate monaco-sdk 1.0.82...
[INFO] testing monaco-sdk-1.0.82 against 1.100.0-beta.1+cargoflags=--release for beta-release-1.100-2
[INFO] extracting crate monaco-sdk 1.0.82 into /workspace/builds/worker-1-tc2/source
[INFO] started tweaking crates.io crate monaco-sdk 1.0.82
[INFO] removed 0 missing tests
[INFO] finished tweaking crates.io crate monaco-sdk 1.0.82
[INFO] tweaked toml for crates.io crate monaco-sdk 1.0.82 written to /workspace/builds/worker-1-tc2/source/Cargo.toml
[INFO] validating manifest of crates.io crate monaco-sdk 1.0.82 on toolchain 1.100.0-beta.1
[INFO] running `Command { std: CARGO_HOME="/workspace/cargo-home" RUSTUP_HOME="/workspace/rustup-home" "/workspace/cargo-home/bin/cargo" "+1.100.0-beta.1" "metadata" "--manifest-path" "Cargo.toml" "--no-deps", kill_on_drop: false }`
[INFO] crate crates.io crate monaco-sdk 1.0.82 already has a lockfile, it will not be regenerated
[INFO] running `Command { std: CARGO_HOME="/workspace/cargo-home" RUSTUP_HOME="/workspace/rustup-home" "/workspace/cargo-home/bin/cargo" "+1.100.0-beta.1" "fetch" "--manifest-path" "Cargo.toml", kill_on_drop: false }`
[INFO] running `Command { std: "docker" "create" "-v" "/var/lib/crater-agent-workspace/builds/worker-1-tc2/source:/opt/rustwide/workdir:ro,Z" "-v" "/var/lib/crater-agent-workspace/builds/worker-1-tc2/target:/opt/rustwide/target:rw,Z" "-v" "/var/lib/crater-agent-workspace/cargo-home:/opt/rustwide/cargo-home:ro,Z" "-v" "/var/lib/crater-agent-workspace/rustup-home:/opt/rustwide/rustup-home:ro,Z" "-m" "1610612736" "--network" "none" "ghcr.io/rust-lang/crates-build-env/linux@sha256:77db811e55d90add9212f6832c23229e3de5f1c1f9905e8cb07319ea15df73ac" "sleep" "infinity", kill_on_drop: false }`
[INFO] [stdout] 377ec6184ce37e5502b934ff4276d38914b3bcb51c9ccfbc49916020a8a0de24
[INFO] running `Command { std: "docker" "start" "377ec6184ce37e5502b934ff4276d38914b3bcb51c9ccfbc49916020a8a0de24", kill_on_drop: false }`
[INFO] running `Command { std: "docker" "inspect" "377ec6184ce37e5502b934ff4276d38914b3bcb51c9ccfbc49916020a8a0de24", kill_on_drop: false }`
[INFO] running `Command { std: "docker" "exec" "-e" "SOURCE_DIR=/opt/rustwide/workdir" "-e" "CARGO_HOME=/opt/rustwide/cargo-home" "-e" "RUSTUP_HOME=/opt/rustwide/rustup-home" "-e" "CARGO_TARGET_DIR=/opt/rustwide/target" "-w" "/opt/rustwide/workdir" "--user" "0:0" "377ec6184ce37e5502b934ff4276d38914b3bcb51c9ccfbc49916020a8a0de24" "/opt/rustwide/cargo-home/bin/cargo" "+1.100.0-beta.1" "metadata" "--no-deps" "--format-version=1", kill_on_drop: false }`
[INFO] running `Command { std: "docker" "inspect" "377ec6184ce37e5502b934ff4276d38914b3bcb51c9ccfbc49916020a8a0de24", kill_on_drop: false }`
[INFO] running `Command { std: "docker" "exec" "-e" "SOURCE_DIR=/opt/rustwide/workdir" "-e" "CARGO_HOME=/opt/rustwide/cargo-home" "-e" "RUSTUP_HOME=/opt/rustwide/rustup-home" "-e" "CARGO_TARGET_DIR=/opt/rustwide/target" "-e" "CARGO_INCREMENTAL=0" "-e" "RUST_BACKTRACE=full" "-e" "RUSTFLAGS=--cap-lints=warn" "-e" "RUSTDOCFLAGS=--cap-lints=warn" "-w" "/opt/rustwide/workdir" "--user" "0:0" "377ec6184ce37e5502b934ff4276d38914b3bcb51c9ccfbc49916020a8a0de24" "/opt/rustwide/cargo-home/bin/cargo" "+1.100.0-beta.1" "build" "--frozen" "--message-format=json" "--release", kill_on_drop: false }`
[INFO] [stderr]    Compiling quote v1.0.46
[INFO] [stderr]    Compiling serde_core v1.0.228
[INFO] [stderr]    Compiling itoa v1.0.18
[INFO] [stderr]    Compiling stable_deref_trait v1.2.1
[INFO] [stderr]    Compiling serde_json v1.0.150
[INFO] [stderr]    Compiling memchr v2.8.3
[INFO] [stderr]    Compiling autocfg v1.5.1
[INFO] [stderr]    Compiling bytes v1.12.1
[INFO] [stderr]    Compiling serde v1.0.228
[INFO] [stderr]    Compiling libc v0.2.186
[INFO] [stderr]    Compiling zmij v1.0.21
[INFO] [stderr]    Compiling futures-core v0.3.34
[INFO] [stderr]    Compiling pin-project-lite v0.2.17
[INFO] [stderr]    Compiling equivalent v1.0.2
[INFO] [stderr]    Compiling litemap v0.8.2
[INFO] [stderr]    Compiling writeable v0.6.3
[INFO] [stderr]    Compiling find-msvc-tools v0.1.9
[INFO] [stderr]    Compiling utf8_iter v1.0.4
[INFO] [stderr]    Compiling shlex v2.0.1
[INFO] [stderr]    Compiling smallvec v1.16.2
[INFO] [stderr]    Compiling icu_properties_data v2.2.0
[INFO] [stderr]    Compiling icu_normalizer_data v2.2.0
[INFO] [stderr]    Compiling vcpkg v0.2.15
[INFO] [stderr]    Compiling pkg-config v0.3.33
[INFO] [stderr]    Compiling mio v1.2.1
[INFO] [stderr]    Compiling socket2 v0.6.4
[INFO] [stderr]    Compiling percent-encoding v2.3.2
[INFO] [stderr]    Compiling cc v1.2.66
[INFO] [stderr]    Compiling syn v2.0.119
[INFO] [stderr]    Compiling allocator-api2 v0.2.21
[INFO] [stderr]    Compiling foldhash v0.2.0
[INFO] [stderr]    Compiling schemars v0.8.22
[INFO] [stderr]    Compiling log v0.4.33
[INFO] [stderr]    Compiling num-traits v0.2.19
[INFO] [stderr]    Compiling thiserror v2.0.18
[INFO] [stderr]    Compiling slab v0.4.12
[INFO] [stderr]    Compiling dyn-clone v1.0.20
[INFO] [stderr]    Compiling version_check v0.9.5
[INFO] [stderr]    Compiling uuid v1.23.4
[INFO] [stderr]    Compiling futures-task v0.3.32
[INFO] [stderr]    Compiling futures-util v0.3.32
[INFO] [stderr]    Compiling form_urlencoded v1.2.2
[INFO] [stderr]    Compiling http v1.4.2
[INFO] [stderr]    Compiling hashbrown v0.16.1
[INFO] [stderr]    Compiling tokio v1.52.3
[INFO] [stderr]    Compiling generic-array v0.14.9
[INFO] [stderr]    Compiling httparse v1.10.1
[INFO] [stderr]    Compiling ryu v1.0.23
[INFO] [stderr]    Compiling once_cell v1.21.4
[INFO] [stderr]    Compiling hashbrown v0.17.1
[INFO] [stderr]    Compiling heck v0.5.0
[INFO] [stderr]    Compiling tower-service v0.3.3
[INFO] [stderr]    Compiling try-lock v0.2.5
[INFO] [stderr]    Compiling tracing-core v0.1.36
[INFO] [stderr]    Compiling want v0.3.1
[INFO] [stderr]    Compiling chrono v0.4.45
[INFO] [stderr]    Compiling http-body v1.0.1
[INFO] [stderr]    Compiling regress v0.11.1
[INFO] [stderr]    Compiling aho-corasick v1.1.4
[INFO] [stderr]    Compiling sync_wrapper v1.0.2
[INFO] [stderr]    Compiling futures-channel v0.3.32
[INFO] [stderr]    Compiling atomic-waker v1.1.2
[INFO] [stderr]    Compiling tower-layer v0.3.3
[INFO] [stderr]    Compiling typenum v1.20.1
[INFO] [stderr]    Compiling regex-syntax v0.8.11
[INFO] [stderr]    Compiling foreign-types-shared v0.1.1
[INFO] [stderr]    Compiling bitflags v2.13.0
[INFO] [stderr]    Compiling openssl v0.10.81
[INFO] [stderr]    Compiling foreign-types v0.3.2
[INFO] [stderr]    Compiling tracing v0.1.44
[INFO] [stderr]    Compiling base64 v0.22.1
[INFO] [stderr]    Compiling openssl-sys v0.9.117
[INFO] [stderr]    Compiling native-tls v0.2.18
[INFO] [stderr]    Compiling ipnet v2.12.0
[INFO] [stderr]    Compiling futures-sink v0.3.32
[INFO] [stderr]    Compiling http-body-util v0.1.3
[INFO] [stderr]    Compiling unsafe-libyaml v0.2.11
[INFO] [stderr]    Compiling zeroize v1.9.0
[INFO] [stderr]    Compiling openssl-probe v0.2.1
[INFO] [stderr]    Compiling prettyplease v0.3.0
[INFO] [stderr]    Compiling crypto-common v0.1.6
[INFO] [stderr]    Compiling block-buffer v0.10.4
[INFO] [stderr]    Compiling syn v3.0.4
[INFO] [stderr]    Compiling digest v0.10.7
[INFO] [stderr]    Compiling semver v1.0.28
[INFO] [stderr]    Compiling indexmap v2.14.0
[INFO] [stderr]    Compiling getrandom v0.4.3
[INFO] [stderr]    Compiling rustc_version v0.4.1
[INFO] [stderr]    Compiling cpufeatures v0.2.17
[INFO] [stderr]    Compiling rustls-pki-types v1.15.0
[INFO] [stderr]    Compiling signature v2.2.0
[INFO] [stderr]    Compiling subtle v2.6.1
[INFO] [stderr]    Compiling curve25519-dalek v4.1.3
[INFO] [stderr]    Compiling ed25519 v2.2.3
[INFO] [stderr]    Compiling sha2 v0.10.9
[INFO] [stderr]    Compiling hex v0.4.3
[INFO] [stderr]    Compiling regex-automata v0.4.15
[INFO] [stderr]    Compiling tower v0.5.3
[INFO] [stderr]    Compiling hyper v1.10.1
[INFO] [stderr]    Compiling tokio-util v0.7.18
[INFO] [stderr]    Compiling regress v0.10.5
[INFO] [stderr]    Compiling synstructure v0.13.2
[INFO] [stderr]    Compiling serde_derive_internals v0.29.1
[INFO] [stderr]    Compiling zerofrom-derive v0.1.7
[INFO] [stderr]    Compiling yoke-derive v0.8.2
[INFO] [stderr]    Compiling zerovec-derive v0.11.3
[INFO] [stderr]    Compiling displaydoc v0.2.6
[INFO] [stderr]    Compiling serde_derive v1.0.228
[INFO] [stderr]    Compiling schemars_derive v0.8.22
[INFO] [stderr]    Compiling thiserror-impl v2.0.18
[INFO] [stderr]    Compiling openssl-macros v0.1.1
[INFO] [stderr]    Compiling hyper-util v0.1.20
[INFO] [stderr]    Compiling regex v1.13.0
[INFO] [stderr]    Compiling zerofrom v0.1.8
[INFO] [stderr]    Compiling yoke v0.8.3
[INFO] [stderr]    Compiling zerotrie v0.2.4
[INFO] [stderr]    Compiling zerovec v0.11.6
[INFO] [stderr]    Compiling curve25519-dalek-derive v0.1.1
[INFO] [stderr]    Compiling tinystr v0.8.3
[INFO] [stderr]    Compiling potential_utf v0.1.5
[INFO] [stderr]    Compiling icu_collections v2.2.0
[INFO] [stderr]    Compiling icu_locale_core v2.2.0
[INFO] [stderr]    Compiling icu_provider v2.2.0
[INFO] [stderr]    Compiling icu_properties v2.2.0
[INFO] [stderr]    Compiling icu_normalizer v2.2.0
[INFO] [stderr]    Compiling ed25519-dalek v2.2.0
[INFO] [stderr]    Compiling serde_tokenstream v0.2.3
[INFO] [stderr]    Compiling serde_urlencoded v0.7.1
[INFO] [stderr]    Compiling openapiv3 v2.2.0
[INFO] [stderr]    Compiling serde_yaml v0.9.34+deprecated
[INFO] [stderr]    Compiling idna_adapter v1.2.2
[INFO] [stderr]    Compiling idna v1.1.0
[INFO] [stderr]    Compiling url v2.5.8
[INFO] [stderr]    Compiling typify-impl v0.6.2
[INFO] [stderr]    Compiling tokio-native-tls v0.3.1
[INFO] [stderr]    Compiling hyper-tls v0.6.0
[INFO] [stderr]    Compiling tower-http v0.6.11
[INFO] [stderr]    Compiling reqwest v0.13.4
[INFO] [stderr]    Compiling progenitor-client v0.13.0
[INFO] [stderr]    Compiling typify-macro v0.6.2
[INFO] [stderr]    Compiling typify v0.6.2
[INFO] [stderr]    Compiling progenitor-impl v0.13.0
[INFO] [stderr]    Compiling progenitor-macro v0.13.0
[INFO] [stderr]    Compiling progenitor v0.13.0
[INFO] [stderr]    Compiling monaco-sdk v1.0.82 (/opt/rustwide/workdir)
[INFO] [stderr]     Finished `release` profile [optimized] target(s) in 2m 07s
[INFO] running `Command { std: "docker" "inspect" "377ec6184ce37e5502b934ff4276d38914b3bcb51c9ccfbc49916020a8a0de24", kill_on_drop: false }`
[INFO] running `Command { std: "docker" "exec" "-e" "SOURCE_DIR=/opt/rustwide/workdir" "-e" "CARGO_HOME=/opt/rustwide/cargo-home" "-e" "RUSTUP_HOME=/opt/rustwide/rustup-home" "-e" "CARGO_TARGET_DIR=/opt/rustwide/target" "-e" "CARGO_INCREMENTAL=0" "-e" "RUST_BACKTRACE=full" "-e" "RUSTFLAGS=--cap-lints=warn" "-e" "RUSTDOCFLAGS=--cap-lints=warn" "-w" "/opt/rustwide/workdir" "--user" "0:0" "377ec6184ce37e5502b934ff4276d38914b3bcb51c9ccfbc49916020a8a0de24" "/opt/rustwide/cargo-home/bin/cargo" "+1.100.0-beta.1" "test" "--frozen" "--no-run" "--message-format=json" "--release", kill_on_drop: false }`
[INFO] [stderr]    Compiling libc v0.2.186
[INFO] [stderr]    Compiling serde_core v1.0.228
[INFO] [stderr]    Compiling serde v1.0.228
[INFO] [stderr]    Compiling typenum v1.20.1
[INFO] [stderr]    Compiling subtle v2.6.1
[INFO] [stderr]    Compiling const-oid v0.9.6
[INFO] [stderr]    Compiling generic-array v0.14.9
[INFO] [stderr]    Compiling unicode-segmentation v1.13.3
[INFO] [stderr]    Compiling unicode-xid v0.2.6
[INFO] [stderr]    Compiling paste v1.0.15
[INFO] [stderr]    Compiling ruint-macro v1.2.1
[INFO] [stderr]    Compiling syn v2.0.119
[INFO] [stderr]    Compiling base16ct v0.2.0
[INFO] [stderr]    Compiling arrayvec v0.7.8
[INFO] [stderr]    Compiling der v0.7.10
[INFO] [stderr]    Compiling serde_json v1.0.150
[INFO] [stderr]    Compiling keccak v0.2.0
[INFO] [stderr]    Compiling rustc-hash v2.1.3
[INFO] [stderr]    Compiling memchr v2.8.3
[INFO] [stderr]    Compiling cfg-if v1.0.4
[INFO] [stderr]    Compiling cpufeatures v0.2.17
[INFO] [stderr]    Compiling winnow v1.0.3
[INFO] [stderr]    Compiling proc-macro-error-attr2 v2.0.0
[INFO] [stderr]    Compiling dunce v1.0.5
[INFO] [stderr]    Compiling ident_case v1.0.1
[INFO] [stderr]    Compiling strsim v0.11.1
[INFO] [stderr]    Compiling futures-channel v0.3.32
[INFO] [stderr]    Compiling crc-catalog v2.5.0
[INFO] [stderr]    Compiling bitflags v2.13.0
[INFO] [stderr]    Compiling crc v3.4.0
[INFO] [stderr]    Compiling zerocopy v0.8.54
[INFO] [stderr]    Compiling convert_case v0.10.0
[INFO] [stderr]    Compiling ring v0.17.14
[INFO] [stderr]    Compiling futures-utils-wasm v0.1.0
[INFO] [stderr]    Compiling getrandom v0.3.4
[INFO] [stderr]    Compiling untrusted v0.9.0
[INFO] [stderr]    Compiling rustls v0.23.45
[INFO] [stderr]    Compiling rustversion v1.0.23
[INFO] [stderr]    Compiling siphasher v1.0.3
[INFO] [stderr]    Compiling webpki-roots v1.0.8
[INFO] [stderr]    Compiling rustix v1.1.4
[INFO] [stderr]    Compiling bimap v0.6.3
[INFO] [stderr]    Compiling spki v0.7.3
[INFO] [stderr]    Compiling phf_shared v0.14.0
[INFO] [stderr]    Compiling hybrid-array v0.4.13
[INFO] [stderr]    Compiling pkcs8 v0.10.2
[INFO] [stderr]    Compiling utf-8 v0.7.6
[INFO] [stderr]    Compiling data-encoding v2.11.0
[INFO] [stderr]    Compiling phf v0.14.0
[INFO] [stderr]    Compiling webpki-roots v0.26.11
[INFO] [stderr]    Compiling crossbeam-utils v0.8.22
[INFO] [stderr]    Compiling crypto-common v0.2.2
[INFO] [stderr]    Compiling block-buffer v0.12.1
[INFO] [stderr]    Compiling doctest-file v1.1.1
[INFO] [stderr]    Compiling linux-raw-sys v0.12.1
[INFO] [stderr]    Compiling fastrand v2.4.1
[INFO] [stderr]    Compiling block-buffer v0.10.4
[INFO] [stderr]    Compiling crypto-common v0.1.6
[INFO] [stderr]    Compiling digest v0.10.7
[INFO] [stderr]    Compiling indexmap v2.14.0
[INFO] [stderr]    Compiling const-hex v1.19.1
[INFO] [stderr]    Compiling sha2 v0.10.9
[INFO] [stderr]    Compiling hmac v0.12.1
[INFO] [stderr]    Compiling getrandom v0.2.17
[INFO] [stderr]    Compiling rfc6979 v0.4.0
[INFO] [stderr]    Compiling ruint v1.19.0
[INFO] [stderr]    Compiling errno v0.3.14
[INFO] [stderr]    Compiling mio v1.2.1
[INFO] [stderr]    Compiling rand_core v0.6.4
[INFO] [stderr]    Compiling signal-hook-registry v1.4.8
[INFO] [stderr]    Compiling socket2 v0.6.4
[INFO] [stderr]    Compiling signature v2.2.0
[INFO] [stderr]    Compiling ff v0.13.1
[INFO] [stderr]    Compiling crypto-bigint v0.5.5
[INFO] [stderr]    Compiling group v0.13.0
[INFO] [stderr]    Compiling digest v0.11.3
[INFO] [stderr]    Compiling semver v1.0.28
[INFO] [stderr]    Compiling openssl-sys v0.9.117
[INFO] [stderr]    Compiling sha3 v0.11.0
[INFO] [stderr]    Compiling getrandom v0.4.3
[INFO] [stderr]    Compiling rand_core v0.9.5
[INFO] [stderr]    Compiling sha1 v0.10.6
[INFO] [stderr]    Compiling rustc_version v0.4.1
[INFO] [stderr]    Compiling hashbrown v0.17.1
[INFO] [stderr]    Compiling dyn-clone v1.0.20
[INFO] [stderr]    Compiling curve25519-dalek v4.1.3
[INFO] [stderr]    Compiling lru v0.16.4
[INFO] [stderr]    Compiling ed25519 v2.2.3
[INFO] [stderr]    Compiling uuid v1.23.4
[INFO] [stderr]    Compiling regress v0.10.5
[INFO] [stderr]    Compiling dotenvy v0.15.7
[INFO] [stderr]    Compiling synstructure v0.13.2
[INFO] [stderr]    Compiling macro-string v0.2.0
[INFO] [stderr]    Compiling syn-solidity v1.6.0
[INFO] [stderr]    Compiling proc-macro-error2 v2.0.1
[INFO] [stderr]    Compiling serde_derive_internals v0.29.1
[INFO] [stderr]    Compiling serde_derive v1.0.228
[INFO] [stderr]    Compiling zerofrom-derive v0.1.7
[INFO] [stderr]    Compiling derive_more-impl v2.1.1
[INFO] [stderr]    Compiling yoke-derive v0.8.2
[INFO] [stderr]    Compiling thiserror-impl v2.0.18
[INFO] [stderr]    Compiling zerovec-derive v0.11.3
[INFO] [stderr]    Compiling alloy-rlp-derive v0.3.16
[INFO] [stderr]    Compiling displaydoc v0.2.6
[INFO] [stderr]    Compiling tracing-attributes v0.1.31
[INFO] [stderr]    Compiling auto_impl v1.3.0
[INFO] [stderr]    Compiling tokio-macros v2.7.0
[INFO] [stderr]    Compiling futures-macro v0.3.32
[INFO] [stderr]    Compiling ppv-lite86 v0.2.21
[INFO] [stderr]    Compiling openssl-macros v0.1.1
[INFO] [stderr]    Compiling schemars_derive v0.8.22
[INFO] [stderr]    Compiling num_enum_derive v0.7.6
[INFO] [stderr]    Compiling openssl v0.10.81
[INFO] [stderr]    Compiling async-trait v0.1.89
[INFO] [stderr]    Compiling tracing v0.1.44
[INFO] [stderr]    Compiling futures-util v0.3.32
[INFO] [stderr]    Compiling rand_chacha v0.9.0
[INFO] [stderr]    Compiling zerofrom v0.1.8
[INFO] [stderr]    Compiling thiserror v2.0.18
[INFO] [stderr]    Compiling yoke v0.8.3
[INFO] [stderr]    Compiling rand_chacha v0.3.1
[INFO] [stderr]    Compiling zerovec v0.11.6
[INFO] [stderr]    Compiling zerotrie v0.2.4
[INFO] [stderr]    Compiling rand v0.9.4
[INFO] [stderr]    Compiling num_enum v0.7.6
[INFO] [stderr]    Compiling pin-project-internal v1.1.13
[INFO] [stderr]    Compiling rand v0.8.6
[INFO] [stderr]    Compiling tempfile v3.27.0
[INFO] [stderr]    Compiling async-stream-impl v0.3.6
[INFO] [stderr]    Compiling curve25519-dalek-derive v0.1.1
[INFO] [stderr]    Compiling tinystr v0.8.3
[INFO] [stderr]    Compiling potential_utf v0.1.5
[INFO] [stderr]    Compiling icu_collections v2.2.0
[INFO] [stderr]    Compiling icu_locale_core v2.2.0
[INFO] [stderr]    Compiling pin-project v1.1.13
[INFO] [stderr]    Compiling async-stream v0.3.6
[INFO] [stderr]    Compiling derive_more v2.1.1
[INFO] [stderr]    Compiling icu_provider v2.2.0
[INFO] [stderr]    Compiling ed25519-dalek v2.2.0
[INFO] [stderr]    Compiling bytes v1.12.1
[INFO] [stderr]    Compiling smallvec v1.16.2
[INFO] [stderr]    Compiling serdect v0.2.0
[INFO] [stderr]    Compiling alloy-sol-type-parser v1.6.0
[INFO] [stderr]    Compiling sec1 v0.7.3
[INFO] [stderr]    Compiling darling_core v0.23.0
[INFO] [stderr]    Compiling parking_lot_core v0.9.12
[INFO] [stderr]    Compiling either v1.16.0
[INFO] [stderr]    Compiling icu_normalizer v2.2.0
[INFO] [stderr]    Compiling icu_properties v2.2.0
[INFO] [stderr]    Compiling elliptic-curve v0.13.8
[INFO] [stderr]    Compiling parking_lot v0.12.5
[INFO] [stderr]    Compiling itertools v0.14.0
[INFO] [stderr]    Compiling schemars v0.8.22
[INFO] [stderr]    Compiling alloy-primitives v1.6.0
[INFO] [stderr]    Compiling ecdsa v0.16.9
[INFO] [stderr]    Compiling http v1.4.2
[INFO] [stderr]    Compiling alloy-rlp v0.3.16
[INFO] [stderr]    Compiling tokio v1.52.3
[INFO] [stderr]    Compiling k256 v0.13.4
[INFO] [stderr]    Compiling idna_adapter v1.2.2
[INFO] [stderr]    Compiling futures-executor v0.3.32
[INFO] [stderr]    Compiling idna v1.1.0
[INFO] [stderr]    Compiling http-body v1.0.1
[INFO] [stderr]    Compiling futures v0.3.32
[INFO] [stderr]    Compiling typify-impl v0.6.2
[INFO] [stderr]    Compiling serde_tokenstream v0.2.3
[INFO] [stderr]    Compiling serde_urlencoded v0.7.1
[INFO] [stderr]    Compiling url v2.5.8
[INFO] [stderr]    Compiling native-tls v0.2.18
[INFO] [stderr]    Compiling http-body-util v0.1.3
[INFO] [stderr]    Compiling hyper v1.10.1
[INFO] [stderr]    Compiling alloy-json-abi v1.6.0
[INFO] [stderr]    Compiling nybbles v0.4.8
[INFO] [stderr]    Compiling tower-http v0.6.11
[INFO] [stderr]    Compiling tokio-util v0.7.18
[INFO] [stderr]    Compiling openapiv3 v2.2.0
[INFO] [stderr]    Compiling serde_yaml v0.9.34+deprecated
[INFO] [stderr]    Compiling dashmap v6.2.1
[INFO] [stderr]    Compiling alloy-sol-macro-input v1.6.0
[INFO] [stderr]    Compiling hyper-util v0.1.20
[INFO] [stderr]    Compiling alloy-sol-macro-expander v1.6.0
[INFO] [stderr]    Compiling chrono v0.4.45
[INFO] [stderr]    Compiling darling_macro v0.23.0
[INFO] [stderr]    Compiling darling v0.23.0
[INFO] [stderr]    Compiling serde_with_macros v3.21.0
[INFO] [stderr]    Compiling alloy-tx-macros v2.1.1
[INFO] [stderr]    Compiling alloy-eip2124 v0.2.0
[INFO] [stderr]    Compiling alloy-eip7702 v0.6.3
[INFO] [stderr]    Compiling alloy-serde v2.1.1
[INFO] [stderr]    Compiling serde_with v3.21.0
[INFO] [stderr]    Compiling alloy-eip2930 v0.2.3
[INFO] [stderr]    Compiling alloy-eip7928 v0.4.5
[INFO] [stderr]    Compiling alloy-trie v0.9.5
[INFO] [stderr]    Compiling rustls-webpki v0.103.15
[INFO] [stderr]    Compiling alloy-signer v2.1.1
[INFO] [stderr]    Compiling reqwest v0.13.4
[INFO] [stderr]    Compiling alloy-chains v0.2.35
[INFO] [stderr]    Compiling alloy-hardforks v0.2.13
[INFO] [stderr]    Compiling typify-macro v0.6.2
[INFO] [stderr]    Compiling alloy-sol-macro v1.6.0
[INFO] [stderr]    Compiling alloy-sol-types v1.6.0
[INFO] [stderr]    Compiling progenitor-client v0.13.0
[INFO] [stderr]    Compiling typify v0.6.2
[INFO] [stderr]    Compiling progenitor-impl v0.13.0
[INFO] [stderr]    Compiling alloy-eips v2.1.1
[INFO] [stderr]    Compiling alloy-rpc-types-debug v2.1.1
[INFO] [stderr]    Compiling tower v0.5.3
[INFO] [stderr]    Compiling tokio-native-tls v0.3.1
[INFO] [stderr]    Compiling interprocess v2.4.2
[INFO] [stderr]    Compiling tokio-stream v0.1.18
[INFO] [stderr]    Compiling alloy-consensus v2.1.1
[INFO] [stderr]    Compiling alloy-json-rpc v2.1.1
[INFO] [stderr]    Compiling alloy-genesis v2.1.1
[INFO] [stderr]    Compiling alloy-dyn-abi v1.6.0
[INFO] [stderr]    Compiling progenitor-macro v0.13.0
[INFO] [stderr]    Compiling alloy-transport v2.1.1
[INFO] [stderr]    Compiling alloy-core v1.6.0
[INFO] [stderr]    Compiling hyper-tls v0.6.0
[INFO] [stderr]    Compiling alloy-pubsub v2.1.1
[INFO] [stderr]    Compiling tungstenite v0.28.0
[INFO] [stderr]    Compiling tokio-rustls v0.26.4
[INFO] [stderr]    Compiling alloy-transport-ipc v2.1.1
[INFO] [stderr]    Compiling tokio-tungstenite v0.28.0
[INFO] [stderr]    Compiling alloy-network-primitives v2.1.1
[INFO] [stderr]    Compiling alloy-consensus-any v2.1.1
[INFO] [stderr]    Compiling alloy-transport-ws v2.1.1
[INFO] [stderr]    Compiling progenitor v0.13.0
[INFO] [stderr]    Compiling monaco-sdk v1.0.82 (/opt/rustwide/workdir)
[INFO] [stderr]    Compiling alloy-rpc-types-eth v2.1.1
[INFO] [stderr]    Compiling alloy-transport-http v2.1.1
[INFO] [stderr]    Compiling alloy-rpc-client v2.1.1
[INFO] [stderr]    Compiling alloy-rpc-types-any v2.1.1
[INFO] [stderr]    Compiling alloy-rpc-types-txpool v2.1.1
[INFO] [stderr]    Compiling alloy-rpc-types-trace v2.1.1
[INFO] [stderr]    Compiling alloy-rpc-types-anvil v2.1.1
[INFO] [stderr]    Compiling alloy-network v2.1.1
[INFO] [stderr]    Compiling alloy-signer-local v2.1.1
[INFO] [stderr]    Compiling alloy-node-bindings v2.1.1
[INFO] [stderr]    Compiling alloy-provider v2.1.1
[INFO] [stderr]    Compiling alloy-rpc-types v2.1.1
[INFO] [stderr]    Compiling alloy-contract v2.1.1
[INFO] [stderr]    Compiling alloy v2.1.1
[INFO] [stderr]     Finished `release` profile [optimized] target(s) in 4m 04s
[INFO] [stderr] warning: the following packages contain code that will be rejected by a future version of Rust: proc-macro-error2 v2.0.1
[INFO] [stderr] note: to see what the problems were, use the option `--future-incompat-report`, or run `cargo report future-incompatibilities --id 1`
[INFO] running `Command { std: "docker" "inspect" "377ec6184ce37e5502b934ff4276d38914b3bcb51c9ccfbc49916020a8a0de24", kill_on_drop: false }`
[INFO] running `Command { std: "docker" "exec" "-e" "SOURCE_DIR=/opt/rustwide/workdir" "-e" "CARGO_HOME=/opt/rustwide/cargo-home" "-e" "RUSTUP_HOME=/opt/rustwide/rustup-home" "-e" "CARGO_TARGET_DIR=/opt/rustwide/target" "-e" "CARGO_INCREMENTAL=0" "-e" "RUST_BACKTRACE=full" "-e" "RUSTFLAGS=--cap-lints=warn" "-e" "RUSTDOCFLAGS=--cap-lints=warn" "-w" "/opt/rustwide/workdir" "--user" "0:0" "377ec6184ce37e5502b934ff4276d38914b3bcb51c9ccfbc49916020a8a0de24" "/opt/rustwide/cargo-home/bin/cargo" "+1.100.0-beta.1" "test" "--frozen" "--release", kill_on_drop: false }`
[INFO] [stderr]     Finished `release` profile [optimized] target(s) in 0.77s
[INFO] [stderr] warning: the following packages contain code that will be rejected by a future version of Rust: proc-macro-error2 v2.0.1
[INFO] [stderr] note: to see what the problems were, use the option `--future-incompat-report`, or run `cargo report future-incompatibilities --id 1`
[INFO] [stderr]      Running unittests src/lib.rs (/opt/rustwide/target/release/build/monaco-sdk/9dc6b8fc0f8a70d8/out/monaco_sdk-9dc6b8fc0f8a70d8)
[INFO] [stdout] 
[INFO] [stdout] running 1 test
[INFO] [stdout] test signing::tests::generated_auth_classification_covers_margin_positions_and_conditionals ... ok
[INFO] [stdout] 
[INFO] [stdout] test result: ok. 1 passed; 0 failed; 0 ignored; 0 measured; 0 filtered out; finished in 0.00s
[INFO] [stdout] 
[INFO] [stderr]      Running tests/lib.rs (/opt/rustwide/target/release/build/monaco-sdk/db38fcf288aa0a25/out/lib-db38fcf288aa0a25)
[INFO] [stdout] 
[INFO] [stdout] running 37 tests
[INFO] [stdout] test integration::accounts_test::get_balances ... ignored, requires running API server
[INFO] [stdout] test integration::accounts_test::get_movements ... ignored, requires running API server
[INFO] [stdout] test integration::accounts_test::simulate_fees ... ignored, requires running API server
[INFO] [stdout] test integration::auth_test::auth_flow_and_profile ... ignored, requires running API server
[INFO] [stdout] test integration::auth_test::unauthenticated_profile_call_is_rejected ... ignored, requires running API server
[INFO] [stdout] test integration::faucet_test::fresh_wallet_consumes_rate_limit_slot ... ignored, requires running API server
[INFO] [stdout] test integration::faucet_test::mint_tokens_returns_tx_hashes ... ignored, requires running API server
[INFO] [stdout] test integration::orders_test::batch_create_and_cancel ... ignored, requires running API server
[INFO] [stdout] test integration::orders_test::list_orders ... ignored, requires running API server
[INFO] [stdout] test integration::orders_test::order_lifecycle ... ignored, requires running API server
[INFO] [stdout] test integration::packaging_regressions_test::vendored_openapi_spec_exists_inside_crate ... ok
[INFO] [stdout] test integration::public_test::default_mode_fixture_is_spot ... ignored, requires running API server
[INFO] [stdout] test integration::public_test::get_candles ... ignored, requires running API server
[INFO] [stdout] test integration::public_test::get_market_metadata ... ignored, requires running API server
[INFO] [stdout] test integration::public_test::get_orderbook ... ignored, requires running API server
[INFO] [stdout] test integration::public_test::get_trades ... ignored, requires running API server
[INFO] [stdout] test integration::public_test::get_trading_pair_by_id ... ignored, requires running API server
[INFO] [stdout] test integration::public_test::health_check ... ignored, requires running API server
[INFO] [stdout] test integration::public_test::list_trading_pairs ... ignored, requires running API server
[INFO] [stdout] test integration::release_smoke_test::fresh_wallet_onboarding_journey ... ignored, requires running API server
[INFO] [stdout] test integration::release_smoke_test::funded_wallet_order_journey ... ignored, requires running API server and funded PRIVATE_KEY
[INFO] [stdout] test integration::sub_accounts_test::fresh_wallet_has_no_sub_accounts ... ignored, requires running API server
[INFO] [stdout] test integration::sub_accounts_test::get_limits_for_unknown_sub_account_rejects ... ignored, requires running API server
[INFO] [stdout] test integration::positions_test::position_reads_decode_lifetime_totals_status ... ok
[INFO] [stdout] test integration::packaging_regressions_test::vendored_spec_has_no_fallback_operation_ids ... ok
[INFO] [stdout] test integration::packaging_regressions_test::readme_authenticated_example_includes_chain_id_fields ... ok
[INFO] [stdout] test integration::packaging_regressions_test::vendored_spec_includes_margin_and_perp_surface ... ok
[INFO] [stdout] test integration::packaging_regressions_test::vendored_spec_uses_refresh_session_not_refresh_token ... ok
[INFO] [stdout] test integration::packaging_regressions_test::cargo_toml_uses_tls_enabled_reqwest ... FAILED
[INFO] [stdout] test integration::positions_test::position_reads_accept_an_absent_lifetime_totals_status ... ok
[INFO] [stdout] test integration::http_signatures_test::signs_independent_vectors_without_changing_request_bytes ... ok
[INFO] [stdout] test integration::http_signatures_test::public_client_imports_remain_compatible ... ok
[INFO] [stdout] test integration::http_signatures_test::authenticated_client_leaves_public_operations_unsigned ... ok
[INFO] [stdout] test integration::http_signatures_test::rejects_streaming_bodies_and_negative_timestamps_without_headers ... ok
[INFO] [stdout] test integration::http_signatures_test::rfc_creation_time_respects_structured_field_integer_limit ... ok
[INFO] [stdout] test integration::http_signatures_test::generated_client_signs_the_final_request_and_preserves_plain_constructors ... ok
[INFO] [stdout] test integration::http_signatures_test::legacy_signer_and_header_rejection_preserve_the_migration_boundary ... ok
[INFO] [stdout] 
[INFO] [stdout] failures:
[INFO] [stdout] 
[INFO] [stdout] ---- integration::packaging_regressions_test::cargo_toml_uses_tls_enabled_reqwest stdout ----
[INFO] [stdout] 
[INFO] [stdout] thread 'integration::packaging_regressions_test::cargo_toml_uses_tls_enabled_reqwest' (7876) panicked at tests/integration/packaging_regressions_test.rs:56:5:
[INFO] [stdout] assertion failed: manifest.contains("reqwest = { version = \"0.13\"")
[INFO] [stdout] stack backtrace:
[INFO] [stdout]    0:     0x5c421721fdc1 - <<std[617be2ca0a6fd877]::sys::backtrace::BacktraceLock>::print::DisplayBacktrace as core[a373ad73a504971]::fmt::Display>::fmt
[INFO] [stdout]    1:     0x5c4217236fba - core[a373ad73a504971]::fmt::write
[INFO] [stdout]    2:     0x5c421722499c - <alloc[2e1b2a31b91974c5]::vec::Vec<u8> as core[a373ad73a504971]::io::write::Write>::write_fmt
[INFO] [stdout]    3:     0x5c42171fabd6 - std[617be2ca0a6fd877]::panicking::default_hook::{closure#0}
[INFO] [stdout]    4:     0x5c4217217b89 - std[617be2ca0a6fd877]::panicking::default_hook
[INFO] [stdout]    5:     0x5c421706a230 - test[aada8e7e76ba119b]::test_main_inner::{closure#0}
[INFO] [stdout]    6:     0x5c4217217eb2 - std[617be2ca0a6fd877]::panicking::panic_with_hook
[INFO] [stdout]    7:     0x5c42171facb4 - std[617be2ca0a6fd877]::panicking::panic_handler::{closure#0}
[INFO] [stdout]    8:     0x5c42171f3679 - std[617be2ca0a6fd877]::sys::backtrace::__rust_end_short_backtrace::<std[617be2ca0a6fd877]::panicking::panic_handler::{closure#0}, !>
[INFO] [stdout]    9:     0x5c42171fbb1d - __rustc[ea4f61d10b84890b]::rust_begin_unwind
[INFO] [stdout]   10:     0x5c421723771c - core[a373ad73a504971]::panicking::panic_fmt
[INFO] [stdout]   11:     0x5c42172376e2 - core[a373ad73a504971]::panicking::panic
[INFO] [stdout]   12:     0x5c421702c31b - <lib[73c0a4a86e023607]::integration::packaging_regressions_test::cargo_toml_uses_tls_enabled_reqwest::{closure#0} as core[a373ad73a504971]::ops::function::FnOnce<()>>::call_once
[INFO] [stdout]   13:     0x5c421705d67b - test[aada8e7e76ba119b]::__rust_begin_short_backtrace::<core[a373ad73a504971]::result::Result<(), alloc[2e1b2a31b91974c5]::string::String>, fn() -> core[a373ad73a504971]::result::Result<(), alloc[2e1b2a31b91974c5]::string::String>>
[INFO] [stdout]   14:     0x5c421706a855 - test[aada8e7e76ba119b]::run_test::{closure#0}
[INFO] [stdout]   15:     0x5c4217064144 - std[617be2ca0a6fd877]::sys::backtrace::__rust_begin_short_backtrace::<test[aada8e7e76ba119b]::run_test::{closure#1}, ()>
[INFO] [stdout]   16:     0x5c421706d8e2 - <std[617be2ca0a6fd877]::thread::lifecycle::spawn_unchecked<test[aada8e7e76ba119b]::run_test::{closure#1}, ()>::{closure#1} as core[a373ad73a504971]::ops::function::FnOnce<()>>::call_once::{shim:vtable#0}
[INFO] [stdout]   17:     0x5c421721f26f - <std[617be2ca0a6fd877]::sys::thread::unix::Thread>::new::thread_start
[INFO] [stdout]   18:     0x7892ad4eedfa - <unknown>
[INFO] [stdout]   19:     0x7892ad5823d4 - clone
[INFO] [stdout]   20:                0x0 - <unknown>
[INFO] [stdout] 
[INFO] [stdout] 
[INFO] [stdout] failures:
[INFO] [stdout]     integration::packaging_regressions_test::cargo_toml_uses_tls_enabled_reqwest
[INFO] [stdout] 
[INFO] [stdout] test result: FAILED. 14 passed; 1 failed; 22 ignored; 0 measured; 0 filtered out; finished in 0.63s
[INFO] [stdout] 
[INFO] [stderr] error: test failed, to rerun pass `--test lib`
[INFO] running `Command { std: "docker" "inspect" "377ec6184ce37e5502b934ff4276d38914b3bcb51c9ccfbc49916020a8a0de24", kill_on_drop: false }`
[INFO] running `Command { std: "docker" "rm" "-f" "377ec6184ce37e5502b934ff4276d38914b3bcb51c9ccfbc49916020a8a0de24", kill_on_drop: false }`
[INFO] [stdout] 377ec6184ce37e5502b934ff4276d38914b3bcb51c9ccfbc49916020a8a0de24
