[INFO] fetching crate molo-skills 0.6.0...
[INFO] testing molo-skills-0.6.0 against 1.100.0-beta.1+cargoflags=--release for beta-release-1.100-2
[INFO] extracting crate molo-skills 0.6.0 into /workspace/builds/worker-4-tc2/source
[INFO] started tweaking crates.io crate molo-skills 0.6.0
[INFO] finished tweaking crates.io crate molo-skills 0.6.0
[INFO] tweaked toml for crates.io crate molo-skills 0.6.0 written to /workspace/builds/worker-4-tc2/source/Cargo.toml
[INFO] validating manifest of crates.io crate molo-skills 0.6.0 on toolchain 1.100.0-beta.1
[INFO] running `Command { std: CARGO_HOME="/workspace/cargo-home" RUSTUP_HOME="/workspace/rustup-home" "/workspace/cargo-home/bin/cargo" "+1.100.0-beta.1" "metadata" "--manifest-path" "Cargo.toml" "--no-deps", kill_on_drop: false }`
[INFO] crate crates.io crate molo-skills 0.6.0 already has a lockfile, it will not be regenerated
[INFO] running `Command { std: CARGO_HOME="/workspace/cargo-home" RUSTUP_HOME="/workspace/rustup-home" "/workspace/cargo-home/bin/cargo" "+1.100.0-beta.1" "fetch" "--manifest-path" "Cargo.toml", kill_on_drop: false }`
[INFO] running `Command { std: "docker" "create" "-v" "/var/lib/crater-agent-workspace/builds/worker-4-tc2/source:/opt/rustwide/workdir:ro,Z" "-v" "/var/lib/crater-agent-workspace/builds/worker-4-tc2/target:/opt/rustwide/target:rw,Z" "-v" "/var/lib/crater-agent-workspace/cargo-home:/opt/rustwide/cargo-home:ro,Z" "-v" "/var/lib/crater-agent-workspace/rustup-home:/opt/rustwide/rustup-home:ro,Z" "-m" "1610612736" "--network" "none" "ghcr.io/rust-lang/crates-build-env/linux@sha256:77db811e55d90add9212f6832c23229e3de5f1c1f9905e8cb07319ea15df73ac" "sleep" "infinity", kill_on_drop: false }`
[INFO] [stdout] de21b00280084c07b63ed645edec156a020f759b3f2d880e5c342ef7c91cccc4
[INFO] running `Command { std: "docker" "start" "de21b00280084c07b63ed645edec156a020f759b3f2d880e5c342ef7c91cccc4", kill_on_drop: false }`
[INFO] running `Command { std: "docker" "inspect" "de21b00280084c07b63ed645edec156a020f759b3f2d880e5c342ef7c91cccc4", kill_on_drop: false }`
[INFO] running `Command { std: "docker" "exec" "-e" "SOURCE_DIR=/opt/rustwide/workdir" "-e" "CARGO_HOME=/opt/rustwide/cargo-home" "-e" "RUSTUP_HOME=/opt/rustwide/rustup-home" "-e" "CARGO_TARGET_DIR=/opt/rustwide/target" "-w" "/opt/rustwide/workdir" "--user" "0:0" "de21b00280084c07b63ed645edec156a020f759b3f2d880e5c342ef7c91cccc4" "/opt/rustwide/cargo-home/bin/cargo" "+1.100.0-beta.1" "metadata" "--no-deps" "--format-version=1", kill_on_drop: false }`
[INFO] running `Command { std: "docker" "inspect" "de21b00280084c07b63ed645edec156a020f759b3f2d880e5c342ef7c91cccc4", kill_on_drop: false }`
[INFO] running `Command { std: "docker" "exec" "-e" "SOURCE_DIR=/opt/rustwide/workdir" "-e" "CARGO_HOME=/opt/rustwide/cargo-home" "-e" "RUSTUP_HOME=/opt/rustwide/rustup-home" "-e" "CARGO_TARGET_DIR=/opt/rustwide/target" "-e" "CARGO_INCREMENTAL=0" "-e" "RUST_BACKTRACE=full" "-e" "RUSTFLAGS=--cap-lints=warn" "-e" "RUSTDOCFLAGS=--cap-lints=warn" "-w" "/opt/rustwide/workdir" "--user" "0:0" "de21b00280084c07b63ed645edec156a020f759b3f2d880e5c342ef7c91cccc4" "/opt/rustwide/cargo-home/bin/cargo" "+1.100.0-beta.1" "build" "--frozen" "--message-format=json" "--release", kill_on_drop: false }`
[INFO] [stderr]    Compiling proc-macro2 v1.0.107
[INFO] [stderr]    Compiling quote v1.0.47
[INFO] [stderr]    Compiling unicode-ident v1.0.24
[INFO] [stderr]    Compiling pin-project-lite v0.2.17
[INFO] [stderr]    Compiling futures-core v0.3.33
[INFO] [stderr]    Compiling futures-sink v0.3.33
[INFO] [stderr]    Compiling memchr v2.8.3
[INFO] [stderr]    Compiling serde_core v1.0.229
[INFO] [stderr]    Compiling zmij v1.0.23
[INFO] [stderr]    Compiling serde_json v1.0.151
[INFO] [stderr]    Compiling serde v1.0.229
[INFO] [stderr]    Compiling futures-task v0.3.33
[INFO] [stderr]    Compiling futures-io v0.3.33
[INFO] [stderr]    Compiling slab v0.4.12
[INFO] [stderr]    Compiling thiserror v2.0.19
[INFO] [stderr]    Compiling itoa v1.0.18
[INFO] [stderr]    Compiling bytes v1.12.1
[INFO] [stderr]    Compiling ref-cast v1.0.26
[INFO] [stderr]    Compiling dyn-clone v1.0.20
[INFO] [stderr]    Compiling futures-channel v0.3.33
[INFO] [stderr]    Compiling syn v3.0.3
[INFO] [stderr]    Compiling syn v2.0.119
[INFO] [stderr]    Compiling serde_derive_internals v0.30.0
[INFO] [stderr]    Compiling futures-macro v0.3.33
[INFO] [stderr]    Compiling async-stream-impl v0.3.6
[INFO] [stderr]    Compiling async-stream v0.3.6
[INFO] [stderr]    Compiling serde_derive v1.0.229
[INFO] [stderr]    Compiling tokio-macros v2.7.2
[INFO] [stderr]    Compiling thiserror-impl v2.0.19
[INFO] [stderr]    Compiling ref-cast-impl v1.0.26
[INFO] [stderr]    Compiling async-trait v0.1.91
[INFO] [stderr]    Compiling schemars_derive v1.2.2
[INFO] [stderr]    Compiling futures-util v0.3.33
[INFO] [stderr]    Compiling tokio v1.53.1
[INFO] [stderr]    Compiling futures-executor v0.3.33
[INFO] [stderr]    Compiling futures v0.3.33
[INFO] [stderr]    Compiling schemars v1.2.2
[INFO] [stderr]    Compiling tokio-util v0.7.19
[INFO] [stderr]    Compiling molo-core v0.6.0
[INFO] [stderr]    Compiling molo-agent v0.6.0
[INFO] [stderr]    Compiling molo-skills v0.6.0 (/opt/rustwide/workdir)
[INFO] [stderr]     Finished `release` profile [optimized] target(s) in 38.19s
[INFO] running `Command { std: "docker" "inspect" "de21b00280084c07b63ed645edec156a020f759b3f2d880e5c342ef7c91cccc4", kill_on_drop: false }`
[INFO] running `Command { std: "docker" "exec" "-e" "SOURCE_DIR=/opt/rustwide/workdir" "-e" "CARGO_HOME=/opt/rustwide/cargo-home" "-e" "RUSTUP_HOME=/opt/rustwide/rustup-home" "-e" "CARGO_TARGET_DIR=/opt/rustwide/target" "-e" "CARGO_INCREMENTAL=0" "-e" "RUST_BACKTRACE=full" "-e" "RUSTFLAGS=--cap-lints=warn" "-e" "RUSTDOCFLAGS=--cap-lints=warn" "-w" "/opt/rustwide/workdir" "--user" "0:0" "de21b00280084c07b63ed645edec156a020f759b3f2d880e5c342ef7c91cccc4" "/opt/rustwide/cargo-home/bin/cargo" "+1.100.0-beta.1" "test" "--frozen" "--no-run" "--message-format=json" "--release", kill_on_drop: false }`
[INFO] [stderr]    Compiling tokio v1.53.1
[INFO] [stderr]    Compiling tokio-util v0.7.19
[INFO] [stderr]    Compiling molo-core v0.6.0
[INFO] [stderr]    Compiling molo-agent v0.6.0
[INFO] [stderr]    Compiling molo-skills v0.6.0 (/opt/rustwide/workdir)
[INFO] [stderr]     Finished `release` profile [optimized] target(s) in 23.25s
[INFO] running `Command { std: "docker" "inspect" "de21b00280084c07b63ed645edec156a020f759b3f2d880e5c342ef7c91cccc4", kill_on_drop: false }`
[INFO] running `Command { std: "docker" "exec" "-e" "SOURCE_DIR=/opt/rustwide/workdir" "-e" "CARGO_HOME=/opt/rustwide/cargo-home" "-e" "RUSTUP_HOME=/opt/rustwide/rustup-home" "-e" "CARGO_TARGET_DIR=/opt/rustwide/target" "-e" "CARGO_INCREMENTAL=0" "-e" "RUST_BACKTRACE=full" "-e" "RUSTFLAGS=--cap-lints=warn" "-e" "RUSTDOCFLAGS=--cap-lints=warn" "-w" "/opt/rustwide/workdir" "--user" "0:0" "de21b00280084c07b63ed645edec156a020f759b3f2d880e5c342ef7c91cccc4" "/opt/rustwide/cargo-home/bin/cargo" "+1.100.0-beta.1" "test" "--frozen" "--release", kill_on_drop: false }`
[INFO] [stderr]     Finished `release` profile [optimized] target(s) in 0.08s
[INFO] [stderr]      Running unittests src/lib.rs (/opt/rustwide/target/release/build/molo-skills/dd8cb912984f1c02/out/molo_skills-dd8cb912984f1c02)
[INFO] [stdout] 
[INFO] [stdout] running 52 tests
[INFO] [stdout] test skill::tests::frontmatter_underscore_keys_tolerated_into_metadata ... ok
[INFO] [stdout] test skill::tests::allowed_tool_permits_rules ... ok
[INFO] [stdout] test skill::tests::load_skill_not_found ... ok
[INFO] [stdout] test skill::tests::from_dirs_empty_list ... ok
[INFO] [stdout] test skill::tests::from_dir_rejects_symlinked_skill_md ... ok
[INFO] [stdout] test skill::tests::load_skill_not_enabled ... ok
[INFO] [stdout] test skill::tests::load_skill_deduplicates_activations ... ok
[INFO] [stdout] test skill::tests::load_skill_missing_name_argument ... ok
[INFO] [stdout] test skill::tests::from_dir_missing_skill_md ... ok
[INFO] [stdout] test skill::tests::from_dirs_merges_with_later_override ... FAILED
[INFO] [stdout] test skill::tests::load_reference_allows_internal_symlink ... ok
[INFO] [stdout] test skill::tests::from_dir_ok_with_resources ... ok
[INFO] [stdout] test skill::tests::load_skill_content_lists_resources ... ok
[INFO] [stdout] test skill::tests::from_dir_name_mismatch ... ok
[INFO] [stdout] test skill::tests::load_reference_ok ... ok
[INFO] [stdout] test skill::tests::load_reference_rejects_symlink_escape ... ok
[INFO] [stdout] test skill::tests::load_reference_missing_or_invalid ... ok
[INFO] [stdout] test skill::tests::load_skill_reference_requires_active_skill_and_references_path ... ok
[INFO] [stdout] test skill::tests::load_skill_returns_wrapped_body ... ok
[INFO] [stdout] test skill::tests::load_skill_schema_enum_lists_enabled_skills ... ok
[INFO] [stdout] test skill::tests::parse_allowed_tools_flow_list_form ... ok
[INFO] [stdout] test skill::tests::parse_allowed_tools_flow_list_unbalanced_brackets_rejected ... ok
[INFO] [stdout] test skill::tests::parse_allowed_tools_string_form ... ok
[INFO] [stdout] test skill::tests::parse_body_with_blank_line_after_delimiter ... ok
[INFO] [stdout] test skill::tests::parse_invalid_descriptions ... ok
[INFO] [stdout] test skill::tests::parse_metadata_inline_value_rejected ... ok
[INFO] [stdout] test skill::tests::parse_metadata_nested_rejected ... ok
[INFO] [stdout] test skill::tests::parse_minimal ... ok
[INFO] [stdout] test skill::tests::parse_missing_end_delimiter ... ok
[INFO] [stdout] test skill::tests::parse_missing_frontmatter ... ok
[INFO] [stdout] test skill::tests::parse_quoted_values_stripped ... ok
[INFO] [stdout] test skill::tests::parse_bom_and_leading_blank_lines_tolerated ... ok
[INFO] [stdout] test skill::tests::parse_invalid_names ... ok
[INFO] [stdout] test skill::tests::parse_empty_body_allowed ... ok
[INFO] [stdout] test skill::tests::parse_comments_and_blank_lines_ignored ... ok
[INFO] [stdout] test skill::tests::registry_hot_swap_add_remove ... ok
[INFO] [stdout] test skill::tests::skill_layer_inline_embeds_bodies_without_loader ... ok
[INFO] [stdout] test skill::tests::skill_layer_shared_activation_deduplicates_loader_and_menu ... ok
[INFO] [stdout] test skill::tests::parse_full_fields ... ok
[INFO] [stdout] test skill::tests::parse_invalid_allowed_tool_entries ... ok
[INFO] [stdout] test skill::tests::parse_unknown_field_empty_value ... ok
[INFO] [stdout] test skill::tests::parse_duplicate_field_last_wins ... ok
[INFO] [stdout] test skill::tests::parse_compatibility_too_long ... ok
[INFO] [stdout] test skill::tests::registry_add_get_remove ... ok
[INFO] [stdout] test skill::tests::registry_add_duplicate_replaces_in_place ... ok
[INFO] [stdout] test skill::tests::registry_from_iter_and_extend_keep_add_semantics ... ok
[INFO] [stdout] test skill::tests::parse_missing_name ... ok
[INFO] [stdout] test skill::tests::registry_from_dir_root_io_error ... ok
[INFO] [stdout] test skill::tests::registry_menu_format ... ok
[INFO] [stdout] test skill::tests::skill_layer_progressive_assembles_menu_and_loader ... ok
[INFO] [stdout] test skill::tests::from_dirs_skips_missing_sources ... ok
[INFO] [stdout] test skill::tests::registry_from_dir_skips_bad_skills ... ok
[INFO] [stdout] 
[INFO] [stdout] failures:
[INFO] [stdout] 
[INFO] [stdout] ---- skill::tests::from_dirs_merges_with_later_override stdout ----
[INFO] [stdout] 
[INFO] [stdout] thread 'skill::tests::from_dirs_merges_with_later_override' (1249) panicked at src/skill/mod.rs:2531:9:
[INFO] [stdout] assertion `left == right` failed
[INFO] [stdout]   left: ["user-only", "greet", "project-only"]
[INFO] [stdout]  right: ["greet", "user-only", "project-only"]
[INFO] [stdout] stack backtrace:
[INFO] [stdout]    0:     0x5f850e77a521 - <<std[617be2ca0a6fd877]::sys::backtrace::BacktraceLock>::print::DisplayBacktrace as core[a373ad73a504971]::fmt::Display>::fmt
[INFO] [stdout]    1:     0x5f850e78ec1a - core[a373ad73a504971]::fmt::write
[INFO] [stdout]    2:     0x5f850e77ea2c - <alloc[2e1b2a31b91974c5]::vec::Vec<u8> as core[a373ad73a504971]::io::write::Write>::write_fmt
[INFO] [stdout]    3:     0x5f850e754396 - std[617be2ca0a6fd877]::panicking::default_hook::{closure#0}
[INFO] [stdout]    4:     0x5f850e771b49 - std[617be2ca0a6fd877]::panicking::default_hook
[INFO] [stdout]    5:     0x5f850e6de250 - test[aada8e7e76ba119b]::test_main_inner::{closure#0}
[INFO] [stdout]    6:     0x5f850e771d02 - std[617be2ca0a6fd877]::panicking::panic_with_hook
[INFO] [stdout]    7:     0x5f850e754442 - std[617be2ca0a6fd877]::panicking::panic_handler::{closure#0}
[INFO] [stdout]    8:     0x5f850e74cda9 - std[617be2ca0a6fd877]::sys::backtrace::__rust_end_short_backtrace::<std[617be2ca0a6fd877]::panicking::panic_handler::{closure#0}, !>
[INFO] [stdout]    9:     0x5f850e75513d - __rustc[ea4f61d10b84890b]::rust_begin_unwind
[INFO] [stdout]   10:     0x5f850e78f37c - core[a373ad73a504971]::panicking::panic_fmt
[INFO] [stdout]   11:     0x5f850e78f293 - core[a373ad73a504971]::panicking::assert_failed_inner
[INFO] [stdout]   12:     0x5f850e6c05d1 - core[a373ad73a504971]::panicking::assert_failed::<alloc[2e1b2a31b91974c5]::vec::Vec<alloc[2e1b2a31b91974c5]::string::String>, alloc[2e1b2a31b91974c5]::vec::Vec<&str>>
[INFO] [stdout]   13:     0x5f850e69c6ff - molo_skills[e633066ad2d3479d]::skill::tests::from_dirs_merges_with_later_override::{closure#0}
[INFO] [stdout]   14:     0x5f850e6bceb3 - <tokio[b3baa0628b8e7259]::runtime::scheduler::current_thread::Context>::enter::<core[a373ad73a504971]::task::poll::Poll<()>, <tokio[b3baa0628b8e7259]::runtime::scheduler::current_thread::CoreGuard>::block_on<core[a373ad73a504971]::pin::Pin<&mut core[a373ad73a504971]::pin::Pin<&mut dyn core[a373ad73a504971]::future::future::Future<Output = ()>>>>::{closure#0}::{closure#0}>
[INFO] [stdout]   15:     0x5f850e6b9b3c - <tokio[b3baa0628b8e7259]::runtime::context::scoped::Scoped<tokio[b3baa0628b8e7259]::runtime::scheduler::Context>>::set::<<tokio[b3baa0628b8e7259]::runtime::scheduler::current_thread::CoreGuard>::enter<<tokio[b3baa0628b8e7259]::runtime::scheduler::current_thread::CoreGuard>::block_on<core[a373ad73a504971]::pin::Pin<&mut core[a373ad73a504971]::pin::Pin<&mut dyn core[a373ad73a504971]::future::future::Future<Output = ()>>>>::{closure#0}, core[a373ad73a504971]::option::Option<()>>::{closure#0}, (alloc[2e1b2a31b91974c5]::boxed::Box<tokio[b3baa0628b8e7259]::runtime::scheduler::current_thread::Core>, core[a373ad73a504971]::option::Option<()>)>
[INFO] [stdout]   16:     0x5f850e6bd327 - <tokio[b3baa0628b8e7259]::runtime::scheduler::current_thread::CoreGuard>::block_on::<core[a373ad73a504971]::pin::Pin<&mut core[a373ad73a504971]::pin::Pin<&mut dyn core[a373ad73a504971]::future::future::Future<Output = ()>>>>
[INFO] [stdout]   17:     0x5f850e6c6fa6 - tokio[b3baa0628b8e7259]::runtime::context::runtime::enter_runtime::<<tokio[b3baa0628b8e7259]::runtime::scheduler::current_thread::CurrentThread>::block_on<core[a373ad73a504971]::pin::Pin<&mut dyn core[a373ad73a504971]::future::future::Future<Output = ()>>>::{closure#0}, ()>
[INFO] [stdout]   18:     0x5f850e6c62a6 - <tokio[b3baa0628b8e7259]::runtime::runtime::Runtime>::block_on::<core[a373ad73a504971]::pin::Pin<&mut dyn core[a373ad73a504971]::future::future::Future<Output = ()>>>
[INFO] [stdout]   19:     0x5f850e6a5c5c - <molo_skills[e633066ad2d3479d]::skill::tests::from_dirs_merges_with_later_override::{closure#0} as core[a373ad73a504971]::ops::function::FnOnce<()>>::call_once
[INFO] [stdout]   20:     0x5f850e6d169b - test[aada8e7e76ba119b]::__rust_begin_short_backtrace::<core[a373ad73a504971]::result::Result<(), alloc[2e1b2a31b91974c5]::string::String>, fn() -> core[a373ad73a504971]::result::Result<(), alloc[2e1b2a31b91974c5]::string::String>>
[INFO] [stdout]   21:     0x5f850e6de875 - test[aada8e7e76ba119b]::run_test::{closure#0}
[INFO] [stdout]   22:     0x5f850e6d8164 - std[617be2ca0a6fd877]::sys::backtrace::__rust_begin_short_backtrace::<test[aada8e7e76ba119b]::run_test::{closure#1}, ()>
[INFO] [stdout]   23:     0x5f850e6e1902 - <std[617be2ca0a6fd877]::thread::lifecycle::spawn_unchecked<test[aada8e7e76ba119b]::run_test::{closure#1}, ()>::{closure#1} as core[a373ad73a504971]::ops::function::FnOnce<()>>::call_once::{shim:vtable#0}
[INFO] [stdout]   24:     0x5f850e77983f - <std[617be2ca0a6fd877]::sys::thread::unix::Thread>::new::thread_start
[INFO] [stdout]   25:     0x76ecd8edfdfa - <unknown>
[INFO] [stdout]   26:     0x76ecd8f733d4 - clone
[INFO] [stdout]   27:                0x0 - <unknown>
[INFO] [stdout] 
[INFO] [stdout] 
[INFO] [stdout] failures:
[INFO] [stdout]     skill::tests::from_dirs_merges_with_later_override
[INFO] [stdout] 
[INFO] [stdout] test result: FAILED. 51 passed; 1 failed; 0 ignored; 0 measured; 0 filtered out; finished in 0.06s
[INFO] [stdout] 
[INFO] [stderr] error: test failed, to rerun pass `--lib`
[INFO] running `Command { std: "docker" "inspect" "de21b00280084c07b63ed645edec156a020f759b3f2d880e5c342ef7c91cccc4", kill_on_drop: false }`
[INFO] running `Command { std: "docker" "rm" "-f" "de21b00280084c07b63ed645edec156a020f759b3f2d880e5c342ef7c91cccc4", kill_on_drop: false }`
[INFO] [stdout] de21b00280084c07b63ed645edec156a020f759b3f2d880e5c342ef7c91cccc4
