[INFO] fetching crate molio 0.4.2...
[INFO] testing molio-0.4.2 against 1.99.0-beta.8+cargoflags=--release for beta-release-1.100-2
[INFO] extracting crate molio 0.4.2 into /workspace/builds/worker-7-tc1/source
[INFO] started tweaking crates.io crate molio 0.4.2
[INFO] finished tweaking crates.io crate molio 0.4.2
[INFO] tweaked toml for crates.io crate molio 0.4.2 written to /workspace/builds/worker-7-tc1/source/Cargo.toml
[INFO] validating manifest of crates.io crate molio 0.4.2 on toolchain 1.99.0-beta.8
[INFO] running `Command { std: CARGO_HOME="/workspace/cargo-home" RUSTUP_HOME="/workspace/rustup-home" "/workspace/cargo-home/bin/cargo" "+1.99.0-beta.8" "metadata" "--manifest-path" "Cargo.toml" "--no-deps", kill_on_drop: false }`
[INFO] crate crates.io crate molio 0.4.2 already has a lockfile, it will not be regenerated
[INFO] running `Command { std: CARGO_HOME="/workspace/cargo-home" RUSTUP_HOME="/workspace/rustup-home" "/workspace/cargo-home/bin/cargo" "+1.99.0-beta.8" "fetch" "--manifest-path" "Cargo.toml", kill_on_drop: false }`
[INFO] [stderr]     Updating crates.io index
[INFO] [stderr]  Downloading crates ...
[INFO] [stderr]   Downloaded hybrid-array v0.4.13
[INFO] [stderr]   Downloaded cc v1.3.0
[INFO] [stderr]   Downloaded phf_macros v0.14.0
[INFO] [stderr]   Downloaded simba v0.10.0
[INFO] [stderr]   Downloaded mendeleev v0.8.4
[INFO] [stderr]   Downloaded netcdf3 v0.6.1
[INFO] [stderr]   Downloaded safe_arch v1.1.0
[INFO] [stderr]   Downloaded tng-rs v0.2.1
[INFO] [stderr]   Downloaded yowl v0.4.0
[INFO] [stderr]   Downloaded wide v1.5.0
[INFO] [stderr]   Downloaded clap v4.6.3
[INFO] [stderr]   Downloaded assert_approx_eq v1.1.0
[INFO] [stderr]   Downloaded nalgebra v0.35.0
[INFO] [stderr]   Downloaded glam v0.33.2
[INFO] running `Command { std: "docker" "create" "-v" "/var/lib/crater-agent-workspace/builds/worker-7-tc1/source:/opt/rustwide/workdir:ro,Z" "-v" "/var/lib/crater-agent-workspace/builds/worker-7-tc1/target:/opt/rustwide/target:rw,Z" "-v" "/var/lib/crater-agent-workspace/cargo-home:/opt/rustwide/cargo-home:ro,Z" "-v" "/var/lib/crater-agent-workspace/rustup-home:/opt/rustwide/rustup-home:ro,Z" "-m" "1610612736" "--network" "none" "ghcr.io/rust-lang/crates-build-env/linux@sha256:77db811e55d90add9212f6832c23229e3de5f1c1f9905e8cb07319ea15df73ac" "sleep" "infinity", kill_on_drop: false }`
[INFO] [stdout] 2fdd8420e3ea70a16e76f03a17aecdeb460606285d850e2a95845faf74496bb1
[INFO] running `Command { std: "docker" "start" "2fdd8420e3ea70a16e76f03a17aecdeb460606285d850e2a95845faf74496bb1", kill_on_drop: false }`
[INFO] running `Command { std: "docker" "inspect" "2fdd8420e3ea70a16e76f03a17aecdeb460606285d850e2a95845faf74496bb1", kill_on_drop: false }`
[INFO] running `Command { std: "docker" "exec" "-e" "SOURCE_DIR=/opt/rustwide/workdir" "-e" "CARGO_HOME=/opt/rustwide/cargo-home" "-e" "RUSTUP_HOME=/opt/rustwide/rustup-home" "-e" "CARGO_TARGET_DIR=/opt/rustwide/target" "-w" "/opt/rustwide/workdir" "--user" "0:0" "2fdd8420e3ea70a16e76f03a17aecdeb460606285d850e2a95845faf74496bb1" "/opt/rustwide/cargo-home/bin/cargo" "+1.99.0-beta.8" "metadata" "--no-deps" "--format-version=1", kill_on_drop: false }`
[INFO] running `Command { std: "docker" "inspect" "2fdd8420e3ea70a16e76f03a17aecdeb460606285d850e2a95845faf74496bb1", kill_on_drop: false }`
[INFO] running `Command { std: "docker" "exec" "-e" "SOURCE_DIR=/opt/rustwide/workdir" "-e" "CARGO_HOME=/opt/rustwide/cargo-home" "-e" "RUSTUP_HOME=/opt/rustwide/rustup-home" "-e" "CARGO_TARGET_DIR=/opt/rustwide/target" "-e" "CARGO_INCREMENTAL=0" "-e" "RUST_BACKTRACE=full" "-e" "RUSTFLAGS=--cap-lints=warn" "-e" "RUSTDOCFLAGS=--cap-lints=warn" "-w" "/opt/rustwide/workdir" "--user" "0:0" "2fdd8420e3ea70a16e76f03a17aecdeb460606285d850e2a95845faf74496bb1" "/opt/rustwide/cargo-home/bin/cargo" "+1.99.0-beta.8" "build" "--frozen" "--message-format=json" "--release", kill_on_drop: false }`
[INFO] [stderr]    Compiling proc-macro2 v1.0.107
[INFO] [stderr]    Compiling quote v1.0.47
[INFO] [stderr]    Compiling unicode-ident v1.0.24
[INFO] [stderr]    Compiling autocfg v1.5.1
[INFO] [stderr]    Compiling typenum v1.20.1
[INFO] [stderr]    Compiling cfg-if v1.0.4
[INFO] [stderr]    Compiling bytemuck v1.25.2
[INFO] [stderr]    Compiling siphasher v1.0.3
[INFO] [stderr]    Compiling libc v0.2.188
[INFO] [stderr]    Compiling thiserror v2.0.19
[INFO] [stderr]    Compiling crc32fast v1.5.0
[INFO] [stderr]    Compiling safe_arch v1.1.0
[INFO] [stderr]    Compiling phf_shared v0.14.0
[INFO] [stderr]    Compiling const-oid v0.10.2
[INFO] [stderr]    Compiling zerocopy v0.8.55
[INFO] [stderr]    Compiling num-traits v0.2.19
[INFO] [stderr]    Compiling matrixmultiply v0.3.11
[INFO] [stderr]    Compiling getrandom v0.4.3
[INFO] [stderr]    Compiling rustix v1.1.4
[INFO] [stderr]    Compiling fastrand v2.5.0
[INFO] [stderr]    Compiling simd-adler32 v0.3.10
[INFO] [stderr]    Compiling adler2 v2.0.1
[INFO] [stderr]    Compiling phf_generator v0.14.0
[INFO] [stderr]    Compiling miniz_oxide v0.8.9
[INFO] [stderr]    Compiling bitflags v2.13.1
[INFO] [stderr]    Compiling wide v1.5.0
[INFO] [stderr]    Compiling linux-raw-sys v0.12.1
[INFO] [stderr]    Compiling memchr v2.8.3
[INFO] [stderr]    Compiling hybrid-array v0.4.13
[INFO] [stderr]    Compiling syn v2.0.119
[INFO] [stderr]    Compiling syn v3.0.2
[INFO] [stderr]    Compiling num-integer v0.1.46
[INFO] [stderr]    Compiling num-complex v0.4.6
[INFO] [stderr]    Compiling block-buffer v0.12.1
[INFO] [stderr]    Compiling crypto-common v0.2.2
[INFO] [stderr]    Compiling approx v0.5.1
[INFO] [stderr]    Compiling rawpointer v0.2.1
[INFO] [stderr]    Compiling num-rational v0.4.2
[INFO] [stderr]    Compiling nom v8.0.0
[INFO] [stderr]    Compiling digest v0.11.3
[INFO] [stderr]    Compiling md-5 v0.11.0
[INFO] [stderr]    Compiling flate2 v1.1.9
[INFO] [stderr]    Compiling mendeleev v0.8.4
[INFO] [stderr]    Compiling once_cell v1.21.4
[INFO] [stderr]    Compiling byteorder v1.5.0
[INFO] [stderr]    Compiling log v0.4.33
[INFO] [stderr]    Compiling assert_approx_eq v1.1.0
[INFO] [stderr]    Compiling thiserror-impl v2.0.19
[INFO] [stderr]    Compiling zerocopy-derive v0.8.55
[INFO] [stderr]    Compiling nalgebra-macros v0.3.0
[INFO] [stderr]    Compiling phf_macros v0.14.0
[INFO] [stderr]    Compiling tempfile v3.27.0
[INFO] [stderr]    Compiling phf v0.14.0
[INFO] [stderr]    Compiling yowl v0.4.0
[INFO] [stderr]    Compiling simba v0.10.0
[INFO] [stderr]    Compiling netcdf3 v0.6.1
[INFO] [stderr]    Compiling tng-rs v0.2.1
[INFO] [stderr]    Compiling nalgebra v0.35.0
[INFO] [stderr]    Compiling molio v0.4.2 (/opt/rustwide/workdir)
[INFO] [stdout] warning: use of deprecated constant `std::f64::EPSILON`: replaced by the `EPSILON` associated constant on `f64`
[INFO] [stdout]    --> src/unit_cell.rs:227:48
[INFO] [stdout]     |
[INFO] [stdout] 227 |             .all(|(a, b)| (a - b).abs() < f64::EPSILON)
[INFO] [stdout]     |                                                ^^^^^^^
[INFO] [stdout]     |
[INFO] [stdout]     = note: `#[warn(deprecated)]` on by default
[INFO] [stdout] 
[INFO] [stdout] 
[INFO] [stderr]     Finished `release` profile [optimized] target(s) in 1m 43s
[INFO] running `Command { std: "docker" "inspect" "2fdd8420e3ea70a16e76f03a17aecdeb460606285d850e2a95845faf74496bb1", kill_on_drop: false }`
[INFO] running `Command { std: "docker" "exec" "-e" "SOURCE_DIR=/opt/rustwide/workdir" "-e" "CARGO_HOME=/opt/rustwide/cargo-home" "-e" "RUSTUP_HOME=/opt/rustwide/rustup-home" "-e" "CARGO_TARGET_DIR=/opt/rustwide/target" "-e" "CARGO_INCREMENTAL=0" "-e" "RUST_BACKTRACE=full" "-e" "RUSTFLAGS=--cap-lints=warn" "-e" "RUSTDOCFLAGS=--cap-lints=warn" "-w" "/opt/rustwide/workdir" "--user" "0:0" "2fdd8420e3ea70a16e76f03a17aecdeb460606285d850e2a95845faf74496bb1" "/opt/rustwide/cargo-home/bin/cargo" "+1.99.0-beta.8" "test" "--frozen" "--no-run" "--message-format=json" "--release", kill_on_drop: false }`
[INFO] [stderr]    Compiling num-traits v0.2.19
[INFO] [stderr]    Compiling cfg-if v1.0.4
[INFO] [stderr]    Compiling zerocopy v0.8.55
[INFO] [stderr]    Compiling typenum v1.20.1
[INFO] [stderr]    Compiling crossbeam-utils v0.8.22
[INFO] [stderr]    Compiling serde_core v1.0.229
[INFO] [stderr]    Compiling libc v0.2.188
[INFO] [stderr]    Compiling memchr v2.8.3
[INFO] [stderr]    Compiling crossbeam-epoch v0.9.20
[INFO] [stderr]    Compiling serde v1.0.229
[INFO] [stderr]    Compiling shlex v2.0.1
[INFO] [stderr]    Compiling find-msvc-tools v0.1.9
[INFO] [stderr]    Compiling crossbeam-deque v0.8.7
[INFO] [stderr]    Compiling zmij v1.0.23
[INFO] [stderr]    Compiling bytemuck v1.25.2
[INFO] [stderr]    Compiling safe_arch v1.1.0
[INFO] [stderr]    Compiling hybrid-array v0.4.13
[INFO] [stderr]    Compiling cc v1.3.0
[INFO] [stderr]    Compiling serde_derive v1.0.229
[INFO] [stderr]    Compiling const-oid v0.10.2
[INFO] [stderr]    Compiling either v1.16.0
[INFO] [stderr]    Compiling rayon-core v1.13.0
[INFO] [stderr]    Compiling simd-adler32 v0.3.10
[INFO] [stderr]    Compiling adler2 v2.0.1
[INFO] [stderr]    Compiling block-buffer v0.12.1
[INFO] [stderr]    Compiling crypto-common v0.2.2
[INFO] [stderr]    Compiling serde_json v1.0.151
[INFO] [stderr]    Compiling miniz_oxide v0.8.9
[INFO] [stderr]    Compiling wide v1.5.0
[INFO] [stderr]    Compiling thiserror v2.0.19
[INFO] [stderr]    Compiling num-complex v0.4.6
[INFO] [stderr]    Compiling alloca v0.4.0
[INFO] [stderr]    Compiling digest v0.11.3
[INFO] [stderr]    Compiling num-integer v0.1.46
[INFO] [stderr]    Compiling approx v0.5.1
[INFO] [stderr]    Compiling crc32fast v1.5.0
[INFO] [stderr]    Compiling ciborium-io v0.2.2
[INFO] [stderr]    Compiling plotters-backend v0.3.7
[INFO] [stderr]    Compiling linux-raw-sys v0.12.1
[INFO] [stderr]    Compiling itoa v1.0.18
[INFO] [stderr]    Compiling siphasher v1.0.3
[INFO] [stderr]    Compiling clap_lex v1.1.0
[INFO] [stderr]    Compiling rawpointer v0.2.1
[INFO] [stderr]    Compiling bitflags v2.13.1
[INFO] [stderr]    Compiling regex-syntax v0.8.11
[INFO] [stderr]    Compiling anstyle v1.0.14
[INFO] [stderr]    Compiling rustix v1.1.4
[INFO] [stderr]    Compiling clap_builder v4.6.2
[INFO] [stderr]    Compiling plotters-svg v0.3.7
[INFO] [stderr]    Compiling matrixmultiply v0.3.11
[INFO] [stderr]    Compiling phf_shared v0.14.0
[INFO] [stderr]    Compiling num-rational v0.4.2
[INFO] [stderr]    Compiling regex-automata v0.4.16
[INFO] [stderr]    Compiling half v2.7.1
[INFO] [stderr]    Compiling flate2 v1.1.9
[INFO] [stderr]    Compiling ciborium-ll v0.2.2
[INFO] [stderr]    Compiling md-5 v0.11.0
[INFO] [stderr]    Compiling getrandom v0.4.3
[INFO] [stderr]    Compiling itertools v0.13.0
[INFO] [stderr]    Compiling simba v0.10.0
[INFO] [stderr]    Compiling nom v8.0.0
[INFO] [stderr]    Compiling mendeleev v0.8.4
[INFO] [stderr]    Compiling once_cell v1.21.4
[INFO] [stderr]    Compiling fastrand v2.5.0
[INFO] [stderr]    Compiling log v0.4.33
[INFO] [stderr]    Compiling same-file v1.0.6
[INFO] [stderr]    Compiling byteorder v1.5.0
[INFO] [stderr]    Compiling cast v0.3.0
[INFO] [stderr]    Compiling walkdir v2.5.0
[INFO] [stderr]    Compiling tng-rs v0.2.1
[INFO] [stderr]    Compiling criterion-plot v0.8.2
[INFO] [stderr]    Compiling tempfile v3.27.0
[INFO] [stderr]    Compiling yowl v0.4.0
[INFO] [stderr]    Compiling regex v1.13.1
[INFO] [stderr]    Compiling rayon v1.12.0
[INFO] [stderr]    Compiling phf v0.14.0
[INFO] [stderr]    Compiling ciborium v0.2.2
[INFO] [stderr]    Compiling clap v4.6.3
[INFO] [stderr]    Compiling tinytemplate v1.2.1
[INFO] [stderr]    Compiling netcdf3 v0.6.1
[INFO] [stderr]    Compiling plotters v0.3.7
[INFO] [stderr]    Compiling page_size v0.6.0
[INFO] [stderr]    Compiling anes v0.1.6
[INFO] [stderr]    Compiling assert_approx_eq v1.1.0
[INFO] [stderr]    Compiling oorandom v11.1.5
[INFO] [stderr]    Compiling nalgebra v0.35.0
[INFO] [stderr]    Compiling criterion v0.8.2
[INFO] [stderr]    Compiling molio v0.4.2 (/opt/rustwide/workdir)
[INFO] [stdout] warning: use of deprecated constant `std::f64::EPSILON`: replaced by the `EPSILON` associated constant on `f64`
[INFO] [stdout]    --> src/unit_cell.rs:227:48
[INFO] [stdout]     |
[INFO] [stdout] 227 |             .all(|(a, b)| (a - b).abs() < f64::EPSILON)
[INFO] [stdout]     |                                                ^^^^^^^
[INFO] [stdout]     |
[INFO] [stdout]     = note: `#[warn(deprecated)]` on by default
[INFO] [stdout] 
[INFO] [stdout] 
[INFO] [stdout] warning: use of deprecated constant `std::f64::NAN`: replaced by the `NAN` associated constant on `f64`
[INFO] [stdout]    --> src/property.rs:501:42
[INFO] [stdout]     |
[INFO] [stdout] 501 |         assert_ne!(Property::Double(f64::NAN), Property::Double(f64::NAN));
[INFO] [stdout]     |                                          ^^^
[INFO] [stdout]     |
[INFO] [stdout]     = note: `#[warn(deprecated)]` on by default
[INFO] [stdout] 
[INFO] [stdout] 
[INFO] [stdout] warning: use of deprecated constant `std::f64::NAN`: replaced by the `NAN` associated constant on `f64`
[INFO] [stdout]    --> src/property.rs:501:70
[INFO] [stdout]     |
[INFO] [stdout] 501 |         assert_ne!(Property::Double(f64::NAN), Property::Double(f64::NAN));
[INFO] [stdout]     |                                                                      ^^^
[INFO] [stdout] 
[INFO] [stdout] 
[INFO] [stdout] warning: use of deprecated constant `std::f64::INFINITY`: replaced by the `INFINITY` associated constant on `f64`
[INFO] [stdout]    --> src/property.rs:503:35
[INFO] [stdout]     |
[INFO] [stdout] 503 |             Property::Double(f64::INFINITY),
[INFO] [stdout]     |                                   ^^^^^^^^
[INFO] [stdout] 
[INFO] [stdout] 
[INFO] [stdout] warning: use of deprecated constant `std::f64::INFINITY`: replaced by the `INFINITY` associated constant on `f64`
[INFO] [stdout]    --> src/property.rs:504:35
[INFO] [stdout]     |
[INFO] [stdout] 504 |             Property::Double(f64::INFINITY)
[INFO] [stdout]     |                                   ^^^^^^^^
[INFO] [stdout] 
[INFO] [stdout] 
[INFO] [stdout] warning: use of deprecated constant `std::f64::NEG_INFINITY`: replaced by the `NEG_INFINITY` associated constant on `f64`
[INFO] [stdout]    --> src/property.rs:507:35
[INFO] [stdout]     |
[INFO] [stdout] 507 |             Property::Double(f64::NEG_INFINITY),
[INFO] [stdout]     |                                   ^^^^^^^^^^^^
[INFO] [stdout] 
[INFO] [stdout] 
[INFO] [stdout] warning: use of deprecated constant `std::f64::NEG_INFINITY`: replaced by the `NEG_INFINITY` associated constant on `f64`
[INFO] [stdout]    --> src/property.rs:508:35
[INFO] [stdout]     |
[INFO] [stdout] 508 |             Property::Double(f64::NEG_INFINITY)
[INFO] [stdout]     |                                   ^^^^^^^^^^^^
[INFO] [stdout] 
[INFO] [stdout] 
[INFO] [stdout] warning: use of deprecated constant `std::f64::EPSILON`: replaced by the `EPSILON` associated constant on `f64`
[INFO] [stdout]    --> src/unit_cell.rs:227:48
[INFO] [stdout]     |
[INFO] [stdout] 227 |             .all(|(a, b)| (a - b).abs() < f64::EPSILON)
[INFO] [stdout]     |                                                ^^^^^^^
[INFO] [stdout] 
[INFO] [stdout] 
[INFO] [stdout] warning: use of deprecated constant `std::f64::NAN`: replaced by the `NAN` associated constant on `f64`
[INFO] [stdout]    --> src/unit_cell.rs:461:40
[INFO] [stdout]     |
[INFO] [stdout] 461 |         let angles = [90.0, 90.0, f64::NAN];
[INFO] [stdout]     |                                        ^^^
[INFO] [stdout] 
[INFO] [stdout] 
[INFO] [stderr]     Finished `release` profile [optimized] target(s) in 3m 01s
[INFO] running `Command { std: "docker" "inspect" "2fdd8420e3ea70a16e76f03a17aecdeb460606285d850e2a95845faf74496bb1", kill_on_drop: false }`
[INFO] running `Command { std: "docker" "exec" "-e" "SOURCE_DIR=/opt/rustwide/workdir" "-e" "CARGO_HOME=/opt/rustwide/cargo-home" "-e" "RUSTUP_HOME=/opt/rustwide/rustup-home" "-e" "CARGO_TARGET_DIR=/opt/rustwide/target" "-e" "CARGO_INCREMENTAL=0" "-e" "RUST_BACKTRACE=full" "-e" "RUSTFLAGS=--cap-lints=warn" "-e" "RUSTDOCFLAGS=--cap-lints=warn" "-w" "/opt/rustwide/workdir" "--user" "0:0" "2fdd8420e3ea70a16e76f03a17aecdeb460606285d850e2a95845faf74496bb1" "/opt/rustwide/cargo-home/bin/cargo" "+1.99.0-beta.8" "test" "--frozen" "--release", kill_on_drop: false }`
[INFO] [stderr] warning: use of deprecated constant `std::f64::EPSILON`: replaced by the `EPSILON` associated constant on `f64`
[INFO] [stderr]    --> src/unit_cell.rs:227:48
[INFO] [stderr]     |
[INFO] [stderr] 227 |             .all(|(a, b)| (a - b).abs() < f64::EPSILON)
[INFO] [stderr]     |                                                ^^^^^^^
[INFO] [stderr]     |
[INFO] [stderr]     = note: `#[warn(deprecated)]` on by default
[INFO] [stderr] 
[INFO] [stderr] warning: `molio` (lib) generated 1 warning
[INFO] [stderr] warning: use of deprecated constant `std::f64::NAN`: replaced by the `NAN` associated constant on `f64`
[INFO] [stderr]    --> src/property.rs:501:42
[INFO] [stderr]     |
[INFO] [stderr] 501 |         assert_ne!(Property::Double(f64::NAN), Property::Double(f64::NAN));
[INFO] [stderr]     |                                          ^^^
[INFO] [stderr]     |
[INFO] [stderr]     = note: `#[warn(deprecated)]` on by default
[INFO] [stderr] 
[INFO] [stderr] warning: use of deprecated constant `std::f64::NAN`: replaced by the `NAN` associated constant on `f64`
[INFO] [stderr]    --> src/property.rs:501:70
[INFO] [stderr]     |
[INFO] [stderr] 501 |         assert_ne!(Property::Double(f64::NAN), Property::Double(f64::NAN));
[INFO] [stderr]     |                                                                      ^^^
[INFO] [stderr] 
[INFO] [stderr] warning: use of deprecated constant `std::f64::INFINITY`: replaced by the `INFINITY` associated constant on `f64`
[INFO] [stderr]    --> src/property.rs:503:35
[INFO] [stderr]     |
[INFO] [stderr] 503 |             Property::Double(f64::INFINITY),
[INFO] [stderr]     |                                   ^^^^^^^^
[INFO] [stderr] 
[INFO] [stderr] warning: use of deprecated constant `std::f64::INFINITY`: replaced by the `INFINITY` associated constant on `f64`
[INFO] [stderr]    --> src/property.rs:504:35
[INFO] [stderr]     |
[INFO] [stderr] 504 |             Property::Double(f64::INFINITY)
[INFO] [stderr]     |                                   ^^^^^^^^
[INFO] [stderr] 
[INFO] [stderr] warning: use of deprecated constant `std::f64::NEG_INFINITY`: replaced by the `NEG_INFINITY` associated constant on `f64`
[INFO] [stderr]    --> src/property.rs:507:35
[INFO] [stderr]     |
[INFO] [stderr] 507 |             Property::Double(f64::NEG_INFINITY),
[INFO] [stderr]     |                                   ^^^^^^^^^^^^
[INFO] [stderr] 
[INFO] [stderr] warning: use of deprecated constant `std::f64::NEG_INFINITY`: replaced by the `NEG_INFINITY` associated constant on `f64`
[INFO] [stderr]    --> src/property.rs:508:35
[INFO] [stderr]     |
[INFO] [stderr] 508 |             Property::Double(f64::NEG_INFINITY)
[INFO] [stderr]     |                                   ^^^^^^^^^^^^
[INFO] [stderr] 
[INFO] [stderr] warning: use of deprecated constant `std::f64::EPSILON`: replaced by the `EPSILON` associated constant on `f64`
[INFO] [stderr]    --> src/unit_cell.rs:227:48
[INFO] [stderr]     |
[INFO] [stderr] 227 |             .all(|(a, b)| (a - b).abs() < f64::EPSILON)
[INFO] [stderr]     |                                                ^^^^^^^
[INFO] [stderr] 
[INFO] [stderr] warning: use of deprecated constant `std::f64::NAN`: replaced by the `NAN` associated constant on `f64`
[INFO] [stderr]    --> src/unit_cell.rs:461:40
[INFO] [stderr]     |
[INFO] [stderr] 461 |         let angles = [90.0, 90.0, f64::NAN];
[INFO] [stderr]     |                                        ^^^
[INFO] [stderr] 
[INFO] [stderr] warning: `molio` (lib test) generated 8 warnings
[INFO] [stderr]     Finished `release` profile [optimized] target(s) in 0.13s
[INFO] [stderr]      Running unittests src/lib.rs (/opt/rustwide/target/release/deps/molio-7444dbd0406ee0dd)
[INFO] [stdout] 
[INFO] [stdout] running 166 tests
[INFO] [stdout] test angle::tests::test_angle_creation ... ok
[INFO] [stdout] test angle::tests::test_angle_equality ... ok
[INFO] [stdout] test angle::tests::test_angle_index_out_of_bounds - should panic ... ok
[INFO] [stdout] test angle::tests::test_angle_with_duplicate_atoms_i_j - should panic ... ok
[INFO] [stdout] test connectivity::tests::test_add_bond ... ok
[INFO] [stdout] test connectivity::tests::test_angles_generation ... ok
[INFO] [stdout] test connectivity::tests::test_bond_order ... ok
[INFO] [stdout] test connectivity::tests::test_impropers_generation ... ok
[INFO] [stdout] test dihedral::tests::test_dihedral_equality ... ok
[INFO] [stdout] test dihedral::tests::test_dihedral_index_out_of_bounds - should panic ... ok
[INFO] [stdout] test dihedral::tests::test_dihedral_with_linked_duplicate_i_j - should panic ... ok
[INFO] [stdout] test connectivity::tests::test_dihedrals_generation ... ok
[INFO] [stdout] test extendedxyzparser::tests::simple_flags_and_values ... ok
[INFO] [stdout] test connectivity::tests::test_remove_bond ... ok
[INFO] [stdout] test dihedral::tests::test_dihedral_with_distant_duplicate_i_k - should panic ... ok
[INFO] [stdout] test formats::amber::tests::no_cell ... FAILED
[INFO] [stdout] test formats::amber::tests::read_files_in_netcdf_format ... FAILED
[INFO] [stdout] test formats::amber::tests::read_more_than_one_frame ... FAILED
[INFO] [stdout] test formats::amber::tests::append_to_new_file ... ok
[INFO] [stdout] test formats::amber::tests::append_to_existing_file ... ok
[INFO] [stdout] test formats::amber::tests::read_topology ... FAILED
[INFO] [stdout] test formats::amber::tests::read_topology_no_atomic_number ... FAILED
[INFO] [stdout] test formats::amber::tests::scale_factor ... FAILED
[INFO] [stdout] test formats::amber::tests::rst_water ... FAILED
[INFO] [stdout] test dihedral::tests::test_dihedral_creation ... ok
[INFO] [stdout] test formats::pdb::tests::bug_in_1avg ... FAILED
[INFO] [stdout] test formats::pdb::tests::bug_in_1htq ... FAILED
[INFO] [stdout] test formats::pdb::tests::check_nsteps ... FAILED
[INFO] [stdout] test formats::pdb::tests::decode_bad4 - should panic ... ok
[INFO] [stdout] test formats::pdb::tests::file_by_ase ... FAILED
[INFO] [stdout] test formats::pdb::tests::handle_multiple_ter_records ... FAILED
[INFO] [stdout] test formats::pdb::tests::atom_id_starts_at_0 ... FAILED
[INFO] [stdout] test formats::pdb::tests::hybrid_encode_decode ... ok
[INFO] [stdout] test formats::pdb::tests::multiple_model_without_end ... FAILED
[INFO] [stdout] test formats::pdb::tests::decode_bad1 - should panic ... ok
[INFO] [stdout] test formats::pdb::tests::decode_bad2 - should panic ... ok
[INFO] [stdout] test formats::pdb::tests::multiple_end_records ... FAILED
[INFO] [stdout] test formats::amber::tests::write_files_in_netcdf_format ... ok
[INFO] [stdout] test formats::pdb::tests::decode_bad3 - should panic ... ok
[INFO] [stdout] test formats::pdb::tests::file_generated_by_crystal_maker ... FAILED
[INFO] [stdout] test formats::pdb::tests::read_residue_information ... FAILED
[INFO] [stdout] test formats::pdb::tests::multiple_residues_with_the_same_id ... FAILED
[INFO] [stdout] test formats::pdb::tests::odd_pdb_numbering ... FAILED
[INFO] [stdout] test formats::pdb::tests::read_atom_hetatm_information ... FAILED
[INFO] [stdout] test formats::pdb::tests::read_atomic_insertion_codes ... FAILED
[INFO] [stdout] test formats::pdb::tests::read_bonds ... FAILED
[INFO] [stdout] test formats::pdb::tests::read_nucleic_residues ... FAILED
[INFO] [stdout] test formats::sdf::tests::bad_counts_line - should panic ... FAILED
[INFO] [stdout] test formats::sdf::tests::check_nsteps_kinases ... FAILED
[INFO] [stdout] test formats::pdb::tests::short_atom_record ... FAILED
[INFO] [stdout] test formats::sdf::tests::count_line_too_short - should panic ... FAILED
[INFO] [stdout] test formats::pdb::tests::short_cryst1_record ... FAILED
[INFO] [stdout] test formats::sdf::tests::read_specific_step ... FAILED
[INFO] [stdout] test formats::pdb::tests::secondary_structure_with_insertion_code_test ... FAILED
[INFO] [stdout] test formats::sdf::tests::check_nsteps_aspirin ... FAILED
[INFO] [stdout] test formats::sdf::tests::read_charges ... FAILED
[INFO] [stdout] test formats::sdf::tests::read_various_file_properties ... FAILED
[INFO] [stdout] test formats::pdb::tests::read_protein_residues ... FAILED
[INFO] [stdout] test formats::pdb::tests::sanity_check ... FAILED
[INFO] [stdout] test formats::pdb::tests::write_file ... ok
[INFO] [stdout] test formats::sdf::tests::read_whole_file ... FAILED
[INFO] [stdout] test formats::sdf::tests::read_next_step ... FAILED
[INFO] [stdout] test formats::sdf::tests::too_small_atom_line - should panic ... FAILED
[INFO] [stdout] test formats::smi::tests::bad_element - should panic ... FAILED
[INFO] [stdout] test formats::smi::tests::check_nsteps_with_newlines ... FAILED
[INFO] [stdout] test formats::smi::tests::bad_paren - should panic ... FAILED
[INFO] [stdout] test formats::smi::tests::bad_symbol - should panic ... FAILED
[INFO] [stdout] test formats::smi::tests::bad_ring - should panic ... FAILED
[INFO] [stdout] test formats::smi::tests::bad_percentage - should panic ... FAILED
[INFO] [stdout] test formats::smi::tests::chirality ... FAILED
[INFO] [stdout] test formats::smi::tests::check_nsteps ... FAILED
[INFO] [stdout] test formats::smi::tests::misplaced_property - should panic ... FAILED
[INFO] [stdout] test formats::smi::tests::check_parsing_results ... FAILED
[INFO] [stdout] test formats::sdf::tests::write_files ... ok
[INFO] [stdout] test formats::smi::tests::issue_303 ... FAILED
[INFO] [stdout] test formats::smi::tests::rdkit_problems ... FAILED
[INFO] [stdout] test formats::smi::tests::read_entire_file ... FAILED
[INFO] [stdout] test formats::smi::tests::read_next_frame ... FAILED
[INFO] [stdout] test formats::smi::tests::read_specific_step ... FAILED
[INFO] [stdout] test formats::tng::tests::non_consecutive_frame_indices ... FAILED
[INFO] [stdout] test formats::smi::tests::read_specific_step_with_whitespace ... FAILED
[INFO] [stdout] test formats::smi::tests::ugly_smiles_strings ... FAILED
[INFO] [stdout] test formats::smi::tests::write_smi_file ... ok
[INFO] [stdout] test formats::tng::tests::read_triclinic_cell ... FAILED
[INFO] [stdout] test formats::tng::tests::read_files ... FAILED
[INFO] [stdout] test formats::tng::tests::read_topology ... FAILED
[INFO] [stdout] test formats::tng::tests::read_cell ... FAILED
[INFO] [stdout] test formats::smi::tests::other_tests ... FAILED
[INFO] [stdout] test formats::tng::tests::read_velocities ... FAILED
[INFO] [stdout] test formats::xyz::tests::check_nsteps ... FAILED
[INFO] [stdout] test formats::xyz::tests::extended_xyz ... FAILED
[INFO] [stdout] test formats::xyz::tests::read_bad_files2 - should panic ... FAILED
[INFO] [stdout] test formats::xyz::tests::read_bad_files8 - should panic ... FAILED
[INFO] [stdout] test formats::xyz::tests::read_whole_file ... FAILED
[INFO] [stdout] test formats::xyz::tests::read_bad_files3 - should panic ... FAILED
[INFO] [stdout] test formats::xyz::tests::read_bad_files1 - should panic ... FAILED
[INFO] [stdout] test formats::xyz::tests::read_bad_files0 - should panic ... FAILED
[INFO] [stdout] test formats::xyz::tests::read_bad_files5 - should panic ... FAILED
[INFO] [stdout] test formats::xyz::tests::read_bad_files7 - should panic ... FAILED
[INFO] [stdout] test formats::xyz::tests::various_files_formatting ... FAILED
[INFO] [stdout] test frame::tests::test_frame_indexing ... ok
[INFO] [stdout] test frame::tests::test_frame_indexing_out_of_bounds - should panic ... ok
[INFO] [stdout] test improper::tests::test_improper_creation ... ok
[INFO] [stdout] test improper::tests::test_improper_equality ... ok
[INFO] [stdout] test improper::tests::test_improper_index_out_of_bounds - should panic ... ok
[INFO] [stdout] test improper::tests::test_improper_with_duplicate_central - should panic ... ok
[INFO] [stdout] test improper::tests::test_improper_with_duplicate_outer - should panic ... ok
[INFO] [stdout] test property::tests::test_bool_property ... ok
[INFO] [stdout] test property::tests::test_double_property ... ok
[INFO] [stdout] test property::tests::test_expect_bool_panic - should panic ... ok
[INFO] [stdout] test formats::xyz::tests::read_bad_files4 - should panic ... FAILED
[INFO] [stdout] test formats::xyz::tests::read_bad_files6 - should panic ... FAILED
[INFO] [stdout] test property::tests::test_expect_double_panic - should panic ... ok
[INFO] [stdout] test property::tests::test_expect_matrix3x3_panic - should panic ... ok
[INFO] [stdout] test property::tests::test_expect_string_panic - should panic ... ok
[INFO] [stdout] test property::tests::test_expect_vector3d_panic - should panic ... ok
[INFO] [stdout] test property::tests::test_matrix3x3_property ... ok
[INFO] [stdout] test property::tests::test_matrix_direct_comparison ... ok
[INFO] [stdout] test property::tests::test_parse_bool ... ok
[INFO] [stdout] test property::tests::test_parse_double ... ok
[INFO] [stdout] test property::tests::test_parse_matrix3x3 ... ok
[INFO] [stdout] test property::tests::test_parse_value ... ok
[INFO] [stdout] test formats::xyz::tests::test_xyz_file_contents ... ok
[INFO] [stdout] test property::tests::test_parse_vector3d ... ok
[INFO] [stdout] test property::tests::test_parse_vectorxd ... ok
[INFO] [stdout] test property::tests::test_properties_container ... ok
[INFO] [stdout] test property::tests::test_properties_iter ... ok
[INFO] [stdout] test property::tests::test_vector3d_property ... ok
[INFO] [stdout] test property::tests::test_vector_xd_property ... ok
[INFO] [stdout] test topology::tests::add_bond ... ok
[INFO] [stdout] test topology::tests::add_residue ... ok
[INFO] [stdout] test topology::tests::are_linked ... ok
[INFO] [stdout] test topology::tests::check_resize_with_bonds ... ok
[INFO] [stdout] test topology::tests::check_size ... ok
[INFO] [stdout] test property::tests::test_property_equality ... ok
[INFO] [stdout] test property::tests::test_string_property ... ok
[INFO] [stdout] test topology::tests::remove_bond ... ok
[INFO] [stdout] test trajectory::tests::test_read_frame ... FAILED
[INFO] [stdout] test trajectory::tests::test_trajectory_open ... FAILED
[INFO] [stdout] test formats::xyz::tests::triclinic_cell_with_negative_values ... ok
[INFO] [stdout] test unit_cell::tests::test_cell_matrix_from_lengths_angles_triclinic ... ok
[INFO] [stdout] test unit_cell::tests::from_lengths_angles ... ok
[INFO] [stdout] test unit_cell::tests::test_cell_matrix_from_lengths_angles_valid ... ok
[INFO] [stdout] test trajectory::tests::test_invalid_frame_index ... FAILED
[INFO] [stdout] test trajectory::tests::test_read_at ... FAILED
[INFO] [stdout] test trajectory::tests::test_trajectory_with_format ... FAILED
[INFO] [stdout] test unit_cell::tests::test_check_angles_valid_non_orthogonal ... ok
[INFO] [stdout] test unit_cell::tests::test_check_lengths_valid ... ok
[INFO] [stdout] test unit_cell::tests::test_is_diagonal ... ok
[INFO] [stdout] test topology::tests::residue_for_atom ... ok
[INFO] [stdout] test unit_cell::tests::test_check_angles_invalid_180_and_greater - should panic ... ok
[INFO] [stdout] test topology::tests::resize_success ... ok
[INFO] [stdout] test unit_cell::tests::test_is_infinite ... ok
[INFO] [stdout] test unit_cell::tests::test_check_angles_invalid_negative - should panic ... ok
[INFO] [stdout] test unit_cell::tests::test_check_angles_invalid_zero - should panic ... ok
[INFO] [stdout] test unit_cell::tests::test_check_angles_valid ... ok
[INFO] [stdout] test unit_cell::tests::test_is_orthorhombic ... ok
[INFO] [stdout] test unit_cell::tests::test_is_orthorhombic_with_nan ... ok
[INFO] [stdout] test unit_cell::tests::test_check_lengths_invalid_first_negative - should panic ... ok
[INFO] [stdout] test unit_cell::tests::test_unit_cell_from_lengths_angles ... ok
[INFO] [stdout] test unit_cell::tests::test_unit_cell_new ... ok
[INFO] [stdout] test unit_cell::tests::test_unit_cell_from_matrix ... ok
[INFO] [stdout] test unit_cell::tests::test_unit_cell_lengths ... ok
[INFO] [stdout] test unit_cell::tests::test_is_not_diagonal ... ok
[INFO] [stdout] test unit_cell::tests::test_unit_cell_angles ... ok
[INFO] [stdout] test unit_cell::tests::test_unit_cell_from_lengths ... ok
[INFO] [stdout] 
[INFO] [stdout] failures:
[INFO] [stdout] 
[INFO] [stdout] ---- formats::amber::tests::no_cell stdout ----
[INFO] [stdout] 
[INFO] [stdout] thread 'formats::amber::tests::no_cell' (1907) panicked at src/formats/amber.rs:1816:53:
[INFO] [stdout] called `Result::unwrap()` on an `Err` value: GenericError("IOErrorKind(NotFound)")
[INFO] [stdout] stack backtrace:
[INFO] [stdout]    0:     0x5cda172ca6d5 - <unknown>
[INFO] [stdout]    1:     0x5cda1728baaa - <unknown>
[INFO] [stdout]    2:     0x5cda172c9d6b - <unknown>
[INFO] [stdout]    3:     0x5cda172c984f - <unknown>
[INFO] [stdout]    4:     0x5cda172c947a - <unknown>
[INFO] [stdout]    5:     0x5cda172c8fb2 - <unknown>
[INFO] [stdout]    6:     0x5cda172efcf1 - <unknown>
[INFO] [stdout]    7:     0x5cda172efca9 - <unknown>
[INFO] [stdout]    8:     0x5cda172f01bc - <unknown>
[INFO] [stdout]    9:     0x5cda1728b93b - <unknown>
[INFO] [stdout]   10:     0x5cda1728f321 - <unknown>
[INFO] [stdout]   11:     0x5cda17288844 - <unknown>
[INFO] [stdout]   12:     0x5cda1730a65b - <unknown>
[INFO] [stdout]   13:     0x5cda17305c6f - <unknown>
[INFO] [stdout]   14:     0x5cda173056ec - <unknown>
[INFO] [stdout]   15:     0x5cda173225dc - <unknown>
[INFO] [stdout]   16:     0x5cda172f1622 - <unknown>
[INFO] [stdout]   17:     0x7776877b7dfa - <unknown>
[INFO] [stdout]   18:     0x77768784b3d4 - clone
[INFO] [stdout]   19:                0x0 - <unknown>
[INFO] [stdout] 
[INFO] [stdout] ---- formats::amber::tests::read_files_in_netcdf_format stdout ----
[INFO] [stdout] 
[INFO] [stdout] thread 'formats::amber::tests::read_files_in_netcdf_format' (1908) panicked at src/formats/amber.rs:1748:53:
[INFO] [stdout] called `Result::unwrap()` on an `Err` value: GenericError("IOErrorKind(NotFound)")
[INFO] [stdout] stack backtrace:
[INFO] [stdout]    0:     0x5cda172ca6d5 - <unknown>
[INFO] [stdout]    1:     0x5cda1728baaa - <unknown>
[INFO] [stdout]    2:     0x5cda172c9d6b - <unknown>
[INFO] [stdout]    3:     0x5cda172c984f - <unknown>
[INFO] [stdout]    4:     0x5cda172c947a - <unknown>
[INFO] [stdout]    5:     0x5cda172c8fb2 - <unknown>
[INFO] [stdout]    6:     0x5cda172efcf1 - <unknown>
[INFO] [stdout]    7:     0x5cda172efca9 - <unknown>
[INFO] [stdout]    8:     0x5cda172f01bc - <unknown>
[INFO] [stdout]    9:     0x5cda1728b93b - <unknown>
[INFO] [stdout]   10:     0x5cda1728f321 - <unknown>
[INFO] [stdout]   11:     0x5cda1728749e - <unknown>
[INFO] [stdout]   12:     0x5cda1730a65b - <unknown>
[INFO] [stdout]   13:     0x5cda17305c6f - <unknown>
[INFO] [stdout]   14:     0x5cda173056ec - <unknown>
[INFO] [stdout]   15:     0x5cda173225dc - <unknown>
[INFO] [stdout]   16:     0x5cda172f1622 - <unknown>
[INFO] [stdout]   17:     0x7776877b7dfa - <unknown>
[INFO] [stdout]   18:     0x77768784b3d4 - clone
[INFO] [stdout]   19:                0x0 - <unknown>
[INFO] [stdout] 
[INFO] [stdout] ---- formats::amber::tests::read_more_than_one_frame stdout ----
[INFO] [stdout] 
[INFO] [stdout] thread 'formats::amber::tests::read_more_than_one_frame' (1909) panicked at src/formats/amber.rs:1773:53:
[INFO] [stdout] called `Result::unwrap()` on an `Err` value: GenericError("IOErrorKind(NotFound)")
[INFO] [stdout] stack backtrace:
[INFO] [stdout]    0:     0x5cda172ca6d5 - <unknown>
[INFO] [stdout]    1:     0x5cda1728baaa - <unknown>
[INFO] [stdout]    2:     0x5cda172c9d6b - <unknown>
[INFO] [stdout]    3:     0x5cda172c984f - <unknown>
[INFO] [stdout]    4:     0x5cda172c947a - <unknown>
[INFO] [stdout]    5:     0x5cda172c8fb2 - <unknown>
[INFO] [stdout]    6:     0x5cda172efcf1 - <unknown>
[INFO] [stdout]    7:     0x5cda172efca9 - <unknown>
[INFO] [stdout]    8:     0x5cda172f01bc - <unknown>
[INFO] [stdout]    9:     0x5cda1728b93b - <unknown>
[INFO] [stdout]   10:     0x5cda1728f321 - <unknown>
[INFO] [stdout]   11:     0x5cda17286a0f - <unknown>
[INFO] [stdout]   12:     0x5cda1730a65b - <unknown>
[INFO] [stdout]   13:     0x5cda17305c6f - <unknown>
[INFO] [stdout]   14:     0x5cda173056ec - <unknown>
[INFO] [stdout]   15:     0x5cda173225dc - <unknown>
[INFO] [stdout]   16:     0x5cda172f1622 - <unknown>
[INFO] [stdout]   17:     0x7776877b7dfa - <unknown>
[INFO] [stdout]   18:     0x77768784b3d4 - clone
[INFO] [stdout]   19:                0x0 - <unknown>
[INFO] [stdout] 
[INFO] [stdout] ---- formats::amber::tests::read_topology stdout ----
[INFO] [stdout] 
[INFO] [stdout] thread 'formats::amber::tests::read_topology' (1910) panicked at src/formats/amber.rs:1830:53:
[INFO] [stdout] called `Result::unwrap()` on an `Err` value: GenericError("IOErrorKind(NotFound)")
[INFO] [stdout] stack backtrace:
[INFO] [stdout]    0:     0x5cda172ca6d5 - <unknown>
[INFO] [stdout]    1:     0x5cda1728baaa - <unknown>
[INFO] [stdout]    2:     0x5cda172c9d6b - <unknown>
[INFO] [stdout]    3:     0x5cda172c984f - <unknown>
[INFO] [stdout]    4:     0x5cda172c947a - <unknown>
[INFO] [stdout]    5:     0x5cda172c8fb2 - <unknown>
[INFO] [stdout]    6:     0x5cda172efcf1 - <unknown>
[INFO] [stdout]    7:     0x5cda172efca9 - <unknown>
[INFO] [stdout]    8:     0x5cda172f01bc - <unknown>
[INFO] [stdout]    9:     0x5cda1728b93b - <unknown>
[INFO] [stdout]   10:     0x5cda1728f321 - <unknown>
[INFO] [stdout]   11:     0x5cda17284bd8 - <unknown>
[INFO] [stdout]   12:     0x5cda1730a65b - <unknown>
[INFO] [stdout]   13:     0x5cda17305c6f - <unknown>
[INFO] [stdout]   14:     0x5cda173056ec - <unknown>
[INFO] [stdout]   15:     0x5cda173225dc - <unknown>
[INFO] [stdout]   16:     0x5cda172f1622 - <unknown>
[INFO] [stdout]   17:     0x7776877b7dfa - <unknown>
[INFO] [stdout]   18:     0x77768784b3d4 - clone
[INFO] [stdout]   19:                0x0 - <unknown>
[INFO] [stdout] 
[INFO] [stdout] ---- formats::amber::tests::read_topology_no_atomic_number stdout ----
[INFO] [stdout] 
[INFO] [stdout] thread 'formats::amber::tests::read_topology_no_atomic_number' (1911) panicked at src/formats/amber.rs:1890:53:
[INFO] [stdout] called `Result::unwrap()` on an `Err` value: GenericError("IOErrorKind(NotFound)")
[INFO] [stdout] stack backtrace:
[INFO] [stdout]    0:     0x5cda172ca6d5 - <unknown>
[INFO] [stdout]    1:     0x5cda1728baaa - <unknown>
[INFO] [stdout]    2:     0x5cda172c9d6b - <unknown>
[INFO] [stdout]    3:     0x5cda172c984f - <unknown>
[INFO] [stdout]    4:     0x5cda172c947a - <unknown>
[INFO] [stdout]    5:     0x5cda172c8fb2 - <unknown>
[INFO] [stdout]    6:     0x5cda172efcf1 - <unknown>
[INFO] [stdout]    7:     0x5cda172efca9 - <unknown>
[INFO] [stdout]    8:     0x5cda172f01bc - <unknown>
[INFO] [stdout]    9:     0x5cda1728b93b - <unknown>
[INFO] [stdout]   10:     0x5cda1728f321 - <unknown>
[INFO] [stdout]   11:     0x5cda17288276 - <unknown>
[INFO] [stdout]   12:     0x5cda1730a65b - <unknown>
[INFO] [stdout]   13:     0x5cda17305c6f - <unknown>
[INFO] [stdout]   14:     0x5cda173056ec - <unknown>
[INFO] [stdout]   15:     0x5cda173225dc - <unknown>
[INFO] [stdout]   16:     0x5cda172f1622 - <unknown>
[INFO] [stdout]   17:     0x7776877b7dfa - <unknown>
[INFO] [stdout]   18:     0x77768784b3d4 - clone
[INFO] [stdout]   19:                0x0 - <unknown>
[INFO] [stdout] 
[INFO] [stdout] ---- formats::amber::tests::scale_factor stdout ----
[INFO] [stdout] 
[INFO] [stdout] thread 'formats::amber::tests::scale_factor' (1913) panicked at src/formats/amber.rs:1914:53:
[INFO] [stdout] called `Result::unwrap()` on an `Err` value: GenericError("IOErrorKind(NotFound)")
[INFO] [stdout] stack backtrace:
[INFO] [stdout]    0:     0x5cda172ca6d5 - <unknown>
[INFO] [stdout]    1:     0x5cda1728baaa - <unknown>
[INFO] [stdout]    2:     0x5cda172c9d6b - <unknown>
[INFO] [stdout]    3:     0x5cda172c984f - <unknown>
[INFO] [stdout]    4:     0x5cda172c947a - <unknown>
[INFO] [stdout]    5:     0x5cda172c8fb2 - <unknown>
[INFO] [stdout]    6:     0x5cda172efcf1 - <unknown>
[INFO] [stdout]    7:     0x5cda172efca9 - <unknown>
[INFO] [stdout]    8:     0x5cda172f01bc - <unknown>
[INFO] [stdout]    9:     0x5cda1728b93b - <unknown>
[INFO] [stdout]   10:     0x5cda1728f321 - <unknown>
[INFO] [stdout]   11:     0x5cda17283be9 - <unknown>
[INFO] [stdout]   12:     0x5cda1730a65b - <unknown>
[INFO] [stdout]   13:     0x5cda17305c6f - <unknown>
[INFO] [stdout]   14:     0x5cda173056ec - <unknown>
[INFO] [stdout]   15:     0x5cda173225dc - <unknown>
[INFO] [stdout]   16:     0x5cda172f1622 - <unknown>
[INFO] [stdout]   17:     0x7776877b7dfa - <unknown>
[INFO] [stdout]   18:     0x77768784b3d4 - clone
[INFO] [stdout]   19:                0x0 - <unknown>
[INFO] [stdout] 
[INFO] [stdout] ---- formats::amber::tests::rst_water stdout ----
[INFO] [stdout] 
[INFO] [stdout] thread 'formats::amber::tests::rst_water' (1912) panicked at src/formats/amber.rs:2088:53:
[INFO] [stdout] called `Result::unwrap()` on an `Err` value: GenericError("IOErrorKind(NotFound)")
[INFO] [stdout] stack backtrace:
[INFO] [stdout]    0:     0x5cda172ca6d5 - <unknown>
[INFO] [stdout]    1:     0x5cda1728baaa - <unknown>
[INFO] [stdout]    2:     0x5cda172c9d6b - <unknown>
[INFO] [stdout]    3:     0x5cda172c984f - <unknown>
[INFO] [stdout]    4:     0x5cda172c947a - <unknown>
[INFO] [stdout]    5:     0x5cda172c8fb2 - <unknown>
[INFO] [stdout]    6:     0x5cda172efcf1 - <unknown>
[INFO] [stdout]    7:     0x5cda172efca9 - <unknown>
[INFO] [stdout]    8:     0x5cda172f01bc - <unknown>
[INFO] [stdout]    9:     0x5cda1728b93b - <unknown>
[INFO] [stdout]   10:     0x5cda1728f321 - <unknown>
[INFO] [stdout]   11:     0x5cda17288c7b - <unknown>
[INFO] [stdout]   12:     0x5cda1730a65b - <unknown>
[INFO] [stdout]   13:     0x5cda17305c6f - <unknown>
[INFO] [stdout]   14:     0x5cda173056ec - <unknown>
[INFO] [stdout]   15:     0x5cda173225dc - <unknown>
[INFO] [stdout]   16:     0x5cda172f1622 - <unknown>
[INFO] [stdout]   17:     0x7776877b7dfa - <unknown>
[INFO] [stdout]   18:     0x77768784b3d4 - clone
[INFO] [stdout]   19:                0x0 - <unknown>
[INFO] [stdout] 
[INFO] [stdout] ---- formats::pdb::tests::bug_in_1avg stdout ----
[INFO] [stdout] 
[INFO] [stdout] thread 'formats::pdb::tests::bug_in_1avg' (1916) panicked at src/formats/pdb.rs:2039:53:
[INFO] [stdout] called `Result::unwrap()` on an `Err` value: IoError(Os { code: 2, kind: NotFound, message: "No such file or directory" })
[INFO] [stdout] stack backtrace:
[INFO] [stdout]    0:     0x5cda172ca6d5 - <unknown>
[INFO] [stdout]    1:     0x5cda1728baaa - <unknown>
[INFO] [stdout]    2:     0x5cda172c9d6b - <unknown>
[INFO] [stdout]    3:     0x5cda172c984f - <unknown>
[INFO] [stdout]    4:     0x5cda172c947a - <unknown>
[INFO] [stdout]    5:     0x5cda172c8fb2 - <unknown>
[INFO] [stdout]    6:     0x5cda172efcf1 - <unknown>
[INFO] [stdout]    7:     0x5cda172efca9 - <unknown>
[INFO] [stdout]    8:     0x5cda172f01bc - <unknown>
[INFO] [stdout]    9:     0x5cda1728b93b - <unknown>
[INFO] [stdout]   10:     0x5cda1728f321 - <unknown>
[INFO] [stdout]   11:     0x5cda17262cc0 - <unknown>
[INFO] [stdout]   12:     0x5cda1730a65b - <unknown>
[INFO] [stdout]   13:     0x5cda17305c6f - <unknown>
[INFO] [stdout]   14:     0x5cda173056ec - <unknown>
[INFO] [stdout]   15:     0x5cda173225dc - <unknown>
[INFO] [stdout]   16:     0x5cda172f1622 - <unknown>
[INFO] [stdout]   17:     0x7776877b7dfa - <unknown>
[INFO] [stdout]   18:     0x77768784b3d4 - clone
[INFO] [stdout]   19:                0x0 - <unknown>
[INFO] [stdout] 
[INFO] [stdout] ---- formats::pdb::tests::bug_in_1htq stdout ----
[INFO] [stdout] 
[INFO] [stdout] thread 'formats::pdb::tests::bug_in_1htq' (1917) panicked at src/formats/pdb.rs:1981:53:
[INFO] [stdout] called `Result::unwrap()` on an `Err` value: IoError(Os { code: 2, kind: NotFound, message: "No such file or directory" })
[INFO] [stdout] stack backtrace:
[INFO] [stdout]    0:     0x5cda172ca6d5 - <unknown>
[INFO] [stdout]    1:     0x5cda1728baaa - <unknown>
[INFO] [stdout]    2:     0x5cda172c9d6b - <unknown>
[INFO] [stdout]    3:     0x5cda172c984f - <unknown>
[INFO] [stdout]    4:     0x5cda172c947a - <unknown>
[INFO] [stdout]    5:     0x5cda172c8fb2 - <unknown>
[INFO] [stdout]    6:     0x5cda172efcf1 - <unknown>
[INFO] [stdout]    7:     0x5cda172efca9 - <unknown>
[INFO] [stdout]    8:     0x5cda172f01bc - <unknown>
[INFO] [stdout]    9:     0x5cda1728b93b - <unknown>
[INFO] [stdout]   10:     0x5cda1728f321 - <unknown>
[INFO] [stdout]   11:     0x5cda17263f6d - <unknown>
[INFO] [stdout]   12:     0x5cda1730a65b - <unknown>
[INFO] [stdout]   13:     0x5cda17305c6f - <unknown>
[INFO] [stdout]   14:     0x5cda173056ec - <unknown>
[INFO] [stdout]   15:     0x5cda173225dc - <unknown>
[INFO] [stdout]   16:     0x5cda172f1622 - <unknown>
[INFO] [stdout]   17:     0x7776877b7dfa - <unknown>
[INFO] [stdout]   18:     0x77768784b3d4 - clone
[INFO] [stdout]   19:                0x0 - <unknown>
[INFO] [stdout] 
[INFO] [stdout] ---- formats::pdb::tests::check_nsteps stdout ----
[INFO] [stdout] 
[INFO] [stdout] thread 'formats::pdb::tests::check_nsteps' (1918) panicked at src/formats/pdb.rs:1336:49:
[INFO] [stdout] called `Result::unwrap()` on an `Err` value: IoError(Os { code: 2, kind: NotFound, message: "No such file or directory" })
[INFO] [stdout] stack backtrace:
[INFO] [stdout]    0:     0x5cda172ca6d5 - <unknown>
[INFO] [stdout]    1:     0x5cda1728baaa - <unknown>
[INFO] [stdout]    2:     0x5cda172c9d6b - <unknown>
[INFO] [stdout]    3:     0x5cda172c984f - <unknown>
[INFO] [stdout]    4:     0x5cda172c947a - <unknown>
[INFO] [stdout]    5:     0x5cda172c8fb2 - <unknown>
[INFO] [stdout]    6:     0x5cda172efcf1 - <unknown>
[INFO] [stdout]    7:     0x5cda172efca9 - <unknown>
[INFO] [stdout]    8:     0x5cda172f01bc - <unknown>
[INFO] [stdout]    9:     0x5cda1728b93b - <unknown>
[INFO] [stdout]   10:     0x5cda1728f321 - <unknown>
[INFO] [stdout]   11:     0x5cda172649c6 - <unknown>
[INFO] [stdout]   12:     0x5cda1730a65b - <unknown>
[INFO] [stdout]   13:     0x5cda17305c6f - <unknown>
[INFO] [stdout]   14:     0x5cda173056ec - <unknown>
[INFO] [stdout]   15:     0x5cda173225dc - <unknown>
[INFO] [stdout]   16:     0x5cda172f1622 - <unknown>
[INFO] [stdout]   17:     0x7776877b7dfa - <unknown>
[INFO] [stdout]   18:     0x77768784b3d4 - clone
[INFO] [stdout]   19:                0x0 - <unknown>
[INFO] [stdout] 
[INFO] [stdout] ---- formats::pdb::tests::file_by_ase stdout ----
[INFO] [stdout] 
[INFO] [stdout] thread 'formats::pdb::tests::file_by_ase' (1923) panicked at src/formats/pdb.rs:2105:49:
[INFO] [stdout] called `Result::unwrap()` on an `Err` value: IoError(Os { code: 2, kind: NotFound, message: "No such file or directory" })
[INFO] [stdout] stack backtrace:
[INFO] [stdout]    0:     0x5cda172ca6d5 - <unknown>
[INFO] [stdout]    1:     0x5cda1728baaa - <unknown>
[INFO] [stdout]    2:     0x5cda172c9d6b - <unknown>
[INFO] [stdout]    3:     0x5cda172c984f - <unknown>
[INFO] [stdout]    4:     0x5cda172c947a - <unknown>
[INFO] [stdout]    5:     0x5cda172c8fb2 - <unknown>
[INFO] [stdout]    6:     0x5cda172efcf1 - <unknown>
[INFO] [stdout]    7:     0x5cda172efca9 - <unknown>
[INFO] [stdout]    8:     0x5cda172f01bc - <unknown>
[INFO] [stdout]    9:     0x5cda1728b93b - <unknown>
[INFO] [stdout]   10:     0x5cda1728f321 - <unknown>
[INFO] [stdout]   11:     0x5cda1726483a - <unknown>
[INFO] [stdout]   12:     0x5cda1730a65b - <unknown>
[INFO] [stdout]   13:     0x5cda17305c6f - <unknown>
[INFO] [stdout]   14:     0x5cda173056ec - <unknown>
[INFO] [stdout]   15:     0x5cda173225dc - <unknown>
[INFO] [stdout]   16:     0x5cda172f1622 - <unknown>
[INFO] [stdout]   17:     0x7776877b7dfa - <unknown>
[INFO] [stdout]   18:     0x77768784b3d4 - clone
[INFO] [stdout]   19:                0x0 - <unknown>
[INFO] [stdout] 
[INFO] [stdout] ---- formats::pdb::tests::handle_multiple_ter_records stdout ----
[INFO] [stdout] 
[INFO] [stdout] thread 'formats::pdb::tests::handle_multiple_ter_records' (1925) panicked at src/formats/pdb.rs:1606:53:
[INFO] [stdout] called `Result::unwrap()` on an `Err` value: IoError(Os { code: 2, kind: NotFound, message: "No such file or directory" })
[INFO] [stdout] stack backtrace:
[INFO] [stdout]    0:     0x5cda172ca6d5 - <unknown>
[INFO] [stdout]    1:     0x5cda1728baaa - <unknown>
[INFO] [stdout]    2:     0x5cda172c9d6b - <unknown>
[INFO] [stdout]    3:     0x5cda172c984f - <unknown>
[INFO] [stdout]    4:     0x5cda172c947a - <unknown>
[INFO] [stdout]    5:     0x5cda172c8fb2 - <unknown>
[INFO] [stdout]    6:     0x5cda172efcf1 - <unknown>
[INFO] [stdout]    7:     0x5cda172efca9 - <unknown>
[INFO] [stdout]    8:     0x5cda172f01bc - <unknown>
[INFO] [stdout]    9:     0x5cda1728b93b - <unknown>
[INFO] [stdout]   10:     0x5cda1728f321 - <unknown>
[INFO] [stdout]   11:     0x5cda17268c09 - <unknown>
[INFO] [stdout]   12:     0x5cda1730a65b - <unknown>
[INFO] [stdout]   13:     0x5cda17305c6f - <unknown>
[INFO] [stdout]   14:     0x5cda173056ec - <unknown>
[INFO] [stdout]   15:     0x5cda173225dc - <unknown>
[INFO] [stdout]   16:     0x5cda172f1622 - <unknown>
[INFO] [stdout]   17:     0x7776877b7dfa - <unknown>
[INFO] [stdout]   18:     0x77768784b3d4 - clone
[INFO] [stdout]   19:                0x0 - <unknown>
[INFO] [stdout] 
[INFO] [stdout] ---- formats::pdb::tests::atom_id_starts_at_0 stdout ----
[INFO] [stdout] 
[INFO] [stdout] thread 'formats::pdb::tests::atom_id_starts_at_0' (1915) panicked at src/formats/pdb.rs:1900:53:
[INFO] [stdout] called `Result::unwrap()` on an `Err` value: IoError(Os { code: 2, kind: NotFound, message: "No such file or directory" })
[INFO] [stdout] stack backtrace:
[INFO] [stdout]    0:     0x5cda172ca6d5 - <unknown>
[INFO] [stdout]    1:     0x5cda1728baaa - <unknown>
[INFO] [stdout]    2:     0x5cda172c9d6b - <unknown>
[INFO] [stdout]    3:     0x5cda172c984f - <unknown>
[INFO] [stdout]    4:     0x5cda172c947a - <unknown>
[INFO] [stdout]    5:     0x5cda172c8fb2 - <unknown>
[INFO] [stdout]    6:     0x5cda172efcf1 - <unknown>
[INFO] [stdout]    7:     0x5cda172efca9 - <unknown>
[INFO] [stdout]    8:     0x5cda172f01bc - <unknown>
[INFO] [stdout]    9:     0x5cda1728b93b - <unknown>
[INFO] [stdout]   10:     0x5cda1728f321 - <unknown>
[INFO] [stdout]   11:     0x5cda172665cd - <unknown>
[INFO] [stdout]   12:     0x5cda1730a65b - <unknown>
[INFO] [stdout]   13:     0x5cda17305c6f - <unknown>
[INFO] [stdout]   14:     0x5cda173056ec - <unknown>
[INFO] [stdout]   15:     0x5cda173225dc - <unknown>
[INFO] [stdout]   16:     0x5cda172f1622 - <unknown>
[INFO] [stdout]   17:     0x7776877b7dfa - <unknown>
[INFO] [stdout]   18:     0x77768784b3d4 - clone
[INFO] [stdout]   19:                0x0 - <unknown>
[INFO] [stdout] 
[INFO] [stdout] ---- formats::pdb::tests::multiple_model_without_end stdout ----
[INFO] [stdout] 
[INFO] [stdout] thread 'formats::pdb::tests::multiple_model_without_end' (1928) panicked at src/formats/pdb.rs:1928:53:
[INFO] [stdout] called `Result::unwrap()` on an `Err` value: IoError(Os { code: 2, kind: NotFound, message: "No such file or directory" })
[INFO] [stdout] stack backtrace:
[INFO] [stdout]    0:     0x5cda172ca6d5 - <unknown>
[INFO] [stdout]    1:     0x5cda1728baaa - <unknown>
[INFO] [stdout]    2:     0x5cda172c9d6b - <unknown>
[INFO] [stdout]    3:     0x5cda172c984f - <unknown>
[INFO] [stdout]    4:     0x5cda172c947a - <unknown>
[INFO] [stdout]    5:     0x5cda172c8fb2 - <unknown>
[INFO] [stdout]    6:     0x5cda172efcf1 - <unknown>
[INFO] [stdout]    7:     0x5cda172efca9 - <unknown>
[INFO] [stdout]    8:     0x5cda172f01bc - <unknown>
[INFO] [stdout]    9:     0x5cda1728b93b - <unknown>
[INFO] [stdout]   10:     0x5cda1728f321 - <unknown>
[INFO] [stdout]   11:     0x5cda1726854d - <unknown>
[INFO] [stdout]   12:     0x5cda1730a65b - <unknown>
[INFO] [stdout]   13:     0x5cda17305c6f - <unknown>
[INFO] [stdout]   14:     0x5cda173056ec - <unknown>
[INFO] [stdout]   15:     0x5cda173225dc - <unknown>
[INFO] [stdout]   16:     0x5cda172f1622 - <unknown>
[INFO] [stdout]   17:     0x7776877b7dfa - <unknown>
[INFO] [stdout]   18:     0x77768784b3d4 - clone
[INFO] [stdout]   19:                0x0 - <unknown>
[INFO] [stdout] 
[INFO] [stdout] ---- formats::pdb::tests::multiple_end_records stdout ----
[INFO] [stdout] 
[INFO] [stdout] thread 'formats::pdb::tests::multiple_end_records' (1927) panicked at src/formats/pdb.rs:1915:53:
[INFO] [stdout] called `Result::unwrap()` on an `Err` value: IoError(Os { code: 2, kind: NotFound, message: "No such file or directory" })
[INFO] [stdout] stack backtrace:
[INFO] [stdout]    0:     0x5cda172ca6d5 - <unknown>
[INFO] [stdout]    1:     0x5cda1728baaa - <unknown>
[INFO] [stdout]    2:     0x5cda172c9d6b - <unknown>
[INFO] [stdout]    3:     0x5cda172c984f - <unknown>
[INFO] [stdout]    4:     0x5cda172c947a - <unknown>
[INFO] [stdout]    5:     0x5cda172c8fb2 - <unknown>
[INFO] [stdout]    6:     0x5cda172efcf1 - <unknown>
[INFO] [stdout]    7:     0x5cda172efca9 - <unknown>
[INFO] [stdout]    8:     0x5cda172f01bc - <unknown>
[INFO] [stdout]    9:     0x5cda1728b93b - <unknown>
[INFO] [stdout]   10:     0x5cda1728f321 - <unknown>
[INFO] [stdout]   11:     0x5cda17266ab9 - <unknown>
[INFO] [stdout]   12:     0x5cda1730a65b - <unknown>
[INFO] [stdout]   13:     0x5cda17305c6f - <unknown>
[INFO] [stdout]   14:     0x5cda173056ec - <unknown>
[INFO] [stdout]   15:     0x5cda173225dc - <unknown>
[INFO] [stdout]   16:     0x5cda172f1622 - <unknown>
[INFO] [stdout]   17:     0x7776877b7dfa - <unknown>
[INFO] [stdout]   18:     0x77768784b3d4 - clone
[INFO] [stdout]   19:                0x0 - <unknown>
[INFO] [stdout] 
[INFO] [stdout] ---- formats::pdb::tests::file_generated_by_crystal_maker stdout ----
[INFO] [stdout] 
[INFO] [stdout] thread 'formats::pdb::tests::file_generated_by_crystal_maker' (1924) panicked at src/formats/pdb.rs:1941:53:
[INFO] [stdout] called `Result::unwrap()` on an `Err` value: IoError(Os { code: 2, kind: NotFound, message: "No such file or directory" })
[INFO] [stdout] stack backtrace:
[INFO] [stdout]    0:     0x5cda172ca6d5 - <unknown>
[INFO] [stdout]    1:     0x5cda1728baaa - <unknown>
[INFO] [stdout]    2:     0x5cda172c9d6b - <unknown>
[INFO] [stdout]    3:     0x5cda172c984f - <unknown>
[INFO] [stdout]    4:     0x5cda172c947a - <unknown>
[INFO] [stdout]    5:     0x5cda172c8fb2 - <unknown>
[INFO] [stdout]    6:     0x5cda172efcf1 - <unknown>
[INFO] [stdout]    7:     0x5cda172efca9 - <unknown>
[INFO] [stdout]    8:     0x5cda172f01bc - <unknown>
[INFO] [stdout]    9:     0x5cda1728b93b - <unknown>
[INFO] [stdout]   10:     0x5cda1728f321 - <unknown>
[INFO] [stdout]   11:     0x5cda1726a494 - <unknown>
[INFO] [stdout]   12:     0x5cda1730a65b - <unknown>
[INFO] [stdout]   13:     0x5cda17305c6f - <unknown>
[INFO] [stdout]   14:     0x5cda173056ec - <unknown>
[INFO] [stdout]   15:     0x5cda173225dc - <unknown>
[INFO] [stdout]   16:     0x5cda172f1622 - <unknown>
[INFO] [stdout]   17:     0x7776877b7dfa - <unknown>
[INFO] [stdout]   18:     0x77768784b3d4 - clone
[INFO] [stdout]   19:                0x0 - <unknown>
[INFO] [stdout] 
[INFO] [stdout] ---- formats::pdb::tests::read_residue_information stdout ----
[INFO] [stdout] 
[INFO] [stdout] thread 'formats::pdb::tests::read_residue_information' (1936) panicked at src/formats/pdb.rs:1556:53:
[INFO] [stdout] called `Result::unwrap()` on an `Err` value: IoError(Os { code: 2, kind: NotFound, message: "No such file or directory" })
[INFO] [stdout] stack backtrace:
[INFO] [stdout]    0:     0x5cda172ca6d5 - <unknown>
[INFO] [stdout]    1:     0x5cda1728baaa - <unknown>
[INFO] [stdout]    2:     0x5cda172c9d6b - <unknown>
[INFO] [stdout]    3:     0x5cda172c984f - <unknown>
[INFO] [stdout]    4:     0x5cda172c947a - <unknown>
[INFO] [stdout]    5:     0x5cda172c8fb2 - <unknown>
[INFO] [stdout]    6:     0x5cda172efcf1 - <unknown>
[INFO] [stdout]    7:     0x5cda172efca9 - <unknown>
[INFO] [stdout]    8:     0x5cda172f01bc - <unknown>
[INFO] [stdout]    9:     0x5cda1728b93b - <unknown>
[INFO] [stdout]   10:     0x5cda1728f321 - <unknown>
[INFO] [stdout]   11:     0x5cda17267e6d - <unknown>
[INFO] [stdout]   12:     0x5cda1730a65b - <unknown>
[INFO] [stdout]   13:     0x5cda17305c6f - <unknown>
[INFO] [stdout]   14:     0x5cda173056ec - <unknown>
[INFO] [stdout]   15:     0x5cda173225dc - <unknown>
[INFO] [stdout]   16:     0x5cda172f1622 - <unknown>
[INFO] [stdout]   17:     0x7776877b7dfa - <unknown>
[INFO] [stdout]   18:     0x77768784b3d4 - clone
[INFO] [stdout]   19:                0x0 - <unknown>
[INFO] [stdout] 
[INFO] [stdout] ---- formats::pdb::tests::multiple_residues_with_the_same_id stdout ----
[INFO] [stdout] 
[INFO] [stdout] thread 'formats::pdb::tests::multiple_residues_with_the_same_id' (1929) panicked at src/formats/pdb.rs:1850:53:
[INFO] [stdout] called `Result::unwrap()` on an `Err` value: IoError(Os { code: 2, kind: NotFound, message: "No such file or directory" })
[INFO] [stdout] stack backtrace:
[INFO] [stdout]    0:     0x5cda172ca6d5 - <unknown>
[INFO] [stdout]    1:     0x5cda1728baaa - <unknown>
[INFO] [stdout]    2:     0x5cda172c9d6b - <unknown>
[INFO] [stdout]    3:     0x5cda172c984f - <unknown>
[INFO] [stdout]    4:     0x5cda172c947a - <unknown>
[INFO] [stdout]    5:     0x5cda172c8fb2 - <unknown>
[INFO] [stdout]    6:     0x5cda172efcf1 - <unknown>
[INFO] [stdout]    7:     0x5cda172efca9 - <unknown>
[INFO] [stdout]    8:     0x5cda172f01bc - <unknown>
[INFO] [stdout]    9:     0x5cda1728b93b - <unknown>
[INFO] [stdout]   10:     0x5cda1728f321 - <unknown>
[INFO] [stdout]   11:     0x5cda1726acd4 - <unknown>
[INFO] [stdout]   12:     0x5cda1730a65b - <unknown>
[INFO] [stdout]   13:     0x5cda17305c6f - <unknown>
[INFO] [stdout]   14:     0x5cda173056ec - <unknown>
[INFO] [stdout]   15:     0x5cda173225dc - <unknown>
[INFO] [stdout]   16:     0x5cda172f1622 - <unknown>
[INFO] [stdout]   17:     0x7776877b7dfa - <unknown>
[INFO] [stdout]   18:     0x77768784b3d4 - clone
[INFO] [stdout]   19:                0x0 - <unknown>
[INFO] [stdout] 
[INFO] [stdout] ---- formats::pdb::tests::odd_pdb_numbering stdout ----
[INFO] [stdout] 
[INFO] [stdout] thread 'formats::pdb::tests::odd_pdb_numbering' (1930) panicked at src/formats/pdb.rs:1881:53:
[INFO] [stdout] called `Result::unwrap()` on an `Err` value: IoError(Os { code: 2, kind: NotFound, message: "No such file or directory" })
[INFO] [stdout] stack backtrace:
[INFO] [stdout]    0:     0x5cda172ca6d5 - <unknown>
[INFO] [stdout]    1:     0x5cda1728baaa - <unknown>
[INFO] [stdout]    2:     0x5cda172c9d6b - <unknown>
[INFO] [stdout]    3:     0x5cda172c984f - <unknown>
[INFO] [stdout]    4:     0x5cda172c947a - <unknown>
[INFO] [stdout]    5:     0x5cda172c8fb2 - <unknown>
[INFO] [stdout]    6:     0x5cda172efcf1 - <unknown>
[INFO] [stdout]    7:     0x5cda172efca9 - <unknown>
[INFO] [stdout]    8:     0x5cda172f01bc - <unknown>
[INFO] [stdout]    9:     0x5cda1728b93b - <unknown>
[INFO] [stdout]   10:     0x5cda1728f321 - <unknown>
[INFO] [stdout]   11:     0x5cda17265ae6 - <unknown>
[INFO] [stdout]   12:     0x5cda1730a65b - <unknown>
[INFO] [stdout]   13:     0x5cda17305c6f - <unknown>
[INFO] [stdout]   14:     0x5cda173056ec - <unknown>
[INFO] [stdout]   15:     0x5cda173225dc - <unknown>
[INFO] [stdout]   16:     0x5cda172f1622 - <unknown>
[INFO] [stdout]   17:     0x7776877b7dfa - <unknown>
[INFO] [stdout]   18:     0x77768784b3d4 - clone
[INFO] [stdout]   19:                0x0 - <unknown>
[INFO] [stdout] 
[INFO] [stdout] ---- formats::pdb::tests::read_atom_hetatm_information stdout ----
[INFO] [stdout] 
[INFO] [stdout] thread 'formats::pdb::tests::read_atom_hetatm_information' (1931) panicked at src/formats/pdb.rs:1591:53:
[INFO] [stdout] called `Result::unwrap()` on an `Err` value: IoError(Os { code: 2, kind: NotFound, message: "No such file or directory" })
[INFO] [stdout] stack backtrace:
[INFO] [stdout]    0:     0x5cda172ca6d5 - <unknown>
[INFO] [stdout]    1:     0x5cda1728baaa - <unknown>
[INFO] [stdout]    2:     0x5cda172c9d6b - <unknown>
[INFO] [stdout]    3:     0x5cda172c984f - <unknown>
[INFO] [stdout]    4:     0x5cda172c947a - <unknown>
[INFO] [stdout]    5:     0x5cda172c8fb2 - <unknown>
[INFO] [stdout]    6:     0x5cda172efcf1 - <unknown>
[INFO] [stdout]    7:     0x5cda172efca9 - <unknown>
[INFO] [stdout]    8:     0x5cda172f01bc - <unknown>
[INFO] [stdout]    9:     0x5cda1728b93b - <unknown>
[INFO] [stdout]   10:     0x5cda1728f321 - <unknown>
[INFO] [stdout]   11:     0x5cda1726a0c6 - <unknown>
[INFO] [stdout]   12:     0x5cda1730a65b - <unknown>
[INFO] [stdout]   13:     0x5cda17305c6f - <unknown>
[INFO] [stdout]   14:     0x5cda173056ec - <unknown>
[INFO] [stdout]   15:     0x5cda173225dc - <unknown>
[INFO] [stdout]   16:     0x5cda172f1622 - <unknown>
[INFO] [stdout]   17:     0x7776877b7dfa - <unknown>
[INFO] [stdout]   18:     0x77768784b3d4 - clone
[INFO] [stdout]   19:                0x0 - <unknown>
[INFO] [stdout] 
[INFO] [stdout] ---- formats::pdb::tests::read_atomic_insertion_codes stdout ----
[INFO] [stdout] 
[INFO] [stdout] thread 'formats::pdb::tests::read_atomic_insertion_codes' (1932) panicked at src/formats/pdb.rs:1812:53:
[INFO] [stdout] called `Result::unwrap()` on an `Err` value: IoError(Os { code: 2, kind: NotFound, message: "No such file or directory" })
[INFO] [stdout] stack backtrace:
[INFO] [stdout]    0:     0x5cda172ca6d5 - <unknown>
[INFO] [stdout]    1:     0x5cda1728baaa - <unknown>
[INFO] [stdout]    2:     0x5cda172c9d6b - <unknown>
[INFO] [stdout]    3:     0x5cda172c984f - <unknown>
[INFO] [stdout]    4:     0x5cda172c947a - <unknown>
[INFO] [stdout]    5:     0x5cda172c8fb2 - <unknown>
[INFO] [stdout]    6:     0x5cda172efcf1 - <unknown>
[INFO] [stdout]    7:     0x5cda172efca9 - <unknown>
[INFO] [stdout]    8:     0x5cda172f01bc - <unknown>
[INFO] [stdout]    9:     0x5cda1728b93b - <unknown>
[INFO] [stdout]   10:     0x5cda1728f321 - <unknown>
[INFO] [stdout]   11:     0x5cda1726983d - <unknown>
[INFO] [stdout]   12:     0x5cda1730a65b - <unknown>
[INFO] [stdout]   13:     0x5cda17305c6f - <unknown>
[INFO] [stdout]   14:     0x5cda173056ec - <unknown>
[INFO] [stdout]   15:     0x5cda173225dc - <unknown>
[INFO] [stdout]   16:     0x5cda172f1622 - <unknown>
[INFO] [stdout]   17:     0x7776877b7dfa - <unknown>
[INFO] [stdout]   18:     0x77768784b3d4 - clone
[INFO] [stdout]   19:                0x0 - <unknown>
[INFO] [stdout] 
[INFO] [stdout] ---- formats::pdb::tests::read_bonds stdout ----
[INFO] [stdout] 
[INFO] [stdout] thread 'formats::pdb::tests::read_bonds' (1933) panicked at src/formats/pdb.rs:1386:53:
[INFO] [stdout] called `Result::unwrap()` on an `Err` value: IoError(Os { code: 2, kind: NotFound, message: "No such file or directory" })
[INFO] [stdout] stack backtrace:
[INFO] [stdout]    0:     0x5cda172ca6d5 - <unknown>
[INFO] [stdout]    1:     0x5cda1728baaa - <unknown>
[INFO] [stdout]    2:     0x5cda172c9d6b - <unknown>
[INFO] [stdout]    3:     0x5cda172c984f - <unknown>
[INFO] [stdout]    4:     0x5cda172c947a - <unknown>
[INFO] [stdout]    5:     0x5cda172c8fb2 - <unknown>
[INFO] [stdout]    6:     0x5cda172efcf1 - <unknown>
[INFO] [stdout]    7:     0x5cda172efca9 - <unknown>
[INFO] [stdout]    8:     0x5cda172f01bc - <unknown>
[INFO] [stdout]    9:     0x5cda1728b93b - <unknown>
[INFO] [stdout]   10:     0x5cda1728f321 - <unknown>
[INFO] [stdout]   11:     0x5cda1725e7fd - <unknown>
[INFO] [stdout]   12:     0x5cda1730a65b - <unknown>
[INFO] [stdout]   13:     0x5cda17305c6f - <unknown>
[INFO] [stdout]   14:     0x5cda173056ec - <unknown>
[INFO] [stdout]   15:     0x5cda173225dc - <unknown>
[INFO] [stdout]   16:     0x5cda172f1622 - <unknown>
[INFO] [stdout]   17:     0x7776877b7dfa - <unknown>
[INFO] [stdout]   18:     0x77768784b3d4 - clone
[INFO] [stdout]   19:                0x0 - <unknown>
[INFO] [stdout] 
[INFO] [stdout] ---- formats::pdb::tests::read_nucleic_residues stdout ----
[INFO] [stdout] 
[INFO] [stdout] thread 'formats::pdb::tests::read_nucleic_residues' (1934) panicked at src/formats/pdb.rs:1799:53:
[INFO] [stdout] called `Result::unwrap()` on an `Err` value: IoError(Os { code: 2, kind: NotFound, message: "No such file or directory" })
[INFO] [stdout] stack backtrace:
[INFO] [stdout]    0:     0x5cda172ca6d5 - <unknown>
[INFO] [stdout]    1:     0x5cda1728baaa - <unknown>
[INFO] [stdout]    2:     0x5cda172c9d6b - <unknown>
[INFO] [stdout]    3:     0x5cda172c984f - <unknown>
[INFO] [stdout]    4:     0x5cda172c947a - <unknown>
[INFO] [stdout]    5:     0x5cda172c8fb2 - <unknown>
[INFO] [stdout]    6:     0x5cda172efcf1 - <unknown>
[INFO] [stdout]    7:     0x5cda172efca9 - <unknown>
[INFO] [stdout]    8:     0x5cda172f01bc - <unknown>
[INFO] [stdout]    9:     0x5cda1728b93b - <unknown>
[INFO] [stdout]   10:     0x5cda1728f321 - <unknown>
[INFO] [stdout]   11:     0x5cda17266ef1 - <unknown>
[INFO] [stdout]   12:     0x5cda1730a65b - <unknown>
[INFO] [stdout]   13:     0x5cda17305c6f - <unknown>
[INFO] [stdout]   14:     0x5cda173056ec - <unknown>
[INFO] [stdout]   15:     0x5cda173225dc - <unknown>
[INFO] [stdout]   16:     0x5cda172f1622 - <unknown>
[INFO] [stdout]   17:     0x7776877b7dfa - <unknown>
[INFO] [stdout]   18:     0x77768784b3d4 - clone
[INFO] [stdout]   19:                0x0 - <unknown>
[INFO] [stdout] 
[INFO] [stdout] ---- formats::sdf::tests::bad_counts_line stdout ----
[INFO] [stdout] 
[INFO] [stdout] thread 'formats::sdf::tests::bad_counts_line' (1942) panicked at src/formats/sdf.rs:500:50:
[INFO] [stdout] called `Result::unwrap()` on an `Err` value: IoError(Os { code: 2, kind: NotFound, message: "No such file or directory" })
[INFO] [stdout] stack backtrace:
[INFO] [stdout]    0:     0x5cda172ca6d5 - <unknown>
[INFO] [stdout]    1:     0x5cda1728baaa - <unknown>
[INFO] [stdout]    2:     0x5cda172c9d6b - <unknown>
[INFO] [stdout]    3:     0x5cda172c984f - <unknown>
[INFO] [stdout]    4:     0x5cda172c947a - <unknown>
[INFO] [stdout]    5:     0x5cda172c8fb2 - <unknown>
[INFO] [stdout]    6:     0x5cda172efcf1 - <unknown>
[INFO] [stdout]    7:     0x5cda172efca9 - <unknown>
[INFO] [stdout]    8:     0x5cda172f01bc - <unknown>
[INFO] [stdout]    9:     0x5cda1728b93b - <unknown>
[INFO] [stdout]   10:     0x5cda1728f321 - <unknown>
[INFO] [stdout]   11:     0x5cda1726ebb9 - <unknown>
[INFO] [stdout]   12:     0x5cda1730a65b - <unknown>
[INFO] [stdout]   13:     0x5cda17305c6f - <unknown>
[INFO] [stderr] error: test failed, to rerun pass `--lib`
[INFO] [stdout]   14:     0x5cda173056ec - <unknown>
[INFO] [stdout]   15:     0x5cda173225dc - <unknown>
[INFO] [stdout]   16:     0x5cda172f1622 - <unknown>
[INFO] [stdout]   17:     0x7776877b7dfa - <unknown>
[INFO] [stdout]   18:     0x77768784b3d4 - clone
[INFO] [stdout]   19:                0x0 - <unknown>
[INFO] [stdout] note: panic did not contain expected string
[INFO] [stdout]       panic message: "called `Result::unwrap()` on an `Err` value: IoError(Os { code: 2, kind: NotFound, message: \"No such file or directory\" })"
[INFO] [stdout]  expected substring: "could not parse bond count"
[INFO] [stdout] ---- formats::sdf::tests::check_nsteps_kinases stdout ----
[INFO] [stdout] 
[INFO] [stdout] thread 'formats::sdf::tests::check_nsteps_kinases' (1944) panicked at src/formats/sdf.rs:377:49:
[INFO] [stdout] called `Result::unwrap()` on an `Err` value: IoError(Os { code: 2, kind: NotFound, message: "No such file or directory" })
[INFO] [stdout] stack backtrace:
[INFO] [stdout]    0:     0x5cda172ca6d5 - <unknown>
[INFO] [stdout]    1:     0x5cda1728baaa - <unknown>
[INFO] [stdout]    2:     0x5cda172c9d6b - <unknown>
[INFO] [stdout]    3:     0x5cda172c984f - <unknown>
[INFO] [stdout]    4:     0x5cda172c947a - <unknown>
[INFO] [stdout]    5:     0x5cda172c8fb2 - <unknown>
[INFO] [stdout]    6:     0x5cda172efcf1 - <unknown>
[INFO] [stdout]    7:     0x5cda172efca9 - <unknown>
[INFO] [stdout]    8:     0x5cda172f01bc - <unknown>
[INFO] [stdout]    9:     0x5cda1728b93b - <unknown>
[INFO] [stdout]   10:     0x5cda1728f321 - <unknown>
[INFO] [stdout]   11:     0x5cda172701d8 - <unknown>
[INFO] [stdout]   12:     0x5cda1730a65b - <unknown>
[INFO] [stdout]   13:     0x5cda17305c6f - <unknown>
[INFO] [stdout]   14:     0x5cda173056ec - <unknown>
[INFO] [stdout]   15:     0x5cda173225dc - <unknown>
[INFO] [stdout]   16:     0x5cda172f1622 - <unknown>
[INFO] [stdout]   17:     0x7776877b7dfa - <unknown>
[INFO] [stdout]   18:     0x77768784b3d4 - clone
[INFO] [stdout]   19:                0x0 - <unknown>
[INFO] [stdout] 
[INFO] [stdout] ---- formats::pdb::tests::short_atom_record stdout ----
[INFO] [stdout] 
[INFO] [stdout] thread 'formats::pdb::tests::short_atom_record' (1939) panicked at src/formats/pdb.rs:1958:53:
[INFO] [stdout] called `Result::unwrap()` on an `Err` value: IoError(Os { code: 2, kind: NotFound, message: "No such file or directory" })
[INFO] [stdout] stack backtrace:
[INFO] [stdout]    0:     0x5cda172ca6d5 - <unknown>
[INFO] [stdout]    1:     0x5cda1728baaa - <unknown>
[INFO] [stdout]    2:     0x5cda172c9d6b - <unknown>
[INFO] [stdout]    3:     0x5cda172c984f - <unknown>
[INFO] [stdout]    4:     0x5cda172c947a - <unknown>
[INFO] [stdout]    5:     0x5cda172c8fb2 - <unknown>
[INFO] [stdout]    6:     0x5cda172efcf1 - <unknown>
[INFO] [stdout]    7:     0x5cda172efca9 - <unknown>
[INFO] [stdout]    8:     0x5cda172f01bc - <unknown>
[INFO] [stdout]    9:     0x5cda1728b93b - <unknown>
[INFO] [stdout]   10:     0x5cda1728f321 - <unknown>
[INFO] [stdout]   11:     0x5cda17266141 - <unknown>
[INFO] [stdout]   12:     0x5cda1730a65b - <unknown>
[INFO] [stdout]   13:     0x5cda17305c6f - <unknown>
[INFO] [stdout]   14:     0x5cda173056ec - <unknown>
[INFO] [stdout]   15:     0x5cda173225dc - <unknown>
[INFO] [stdout]   16:     0x5cda172f1622 - <unknown>
[INFO] [stdout]   17:     0x7776877b7dfa - <unknown>
[INFO] [stdout]   18:     0x77768784b3d4 - clone
[INFO] [stdout]   19:                0x0 - <unknown>
[INFO] [stdout] 
[INFO] [stdout] ---- formats::sdf::tests::count_line_too_short stdout ----
[INFO] [stdout] 
[INFO] [stdout] thread 'formats::sdf::tests::count_line_too_short' (1945) panicked at src/formats/sdf.rs:507:50:
[INFO] [stdout] called `Result::unwrap()` on an `Err` value: IoError(Os { code: 2, kind: NotFound, message: "No such file or directory" })
[INFO] [stdout] stack backtrace:
[INFO] [stdout]    0:     0x5cda172ca6d5 - <unknown>
[INFO] [stdout]    1:     0x5cda1728baaa - <unknown>
[INFO] [stdout]    2:     0x5cda172c9d6b - <unknown>
[INFO] [stdout]    3:     0x5cda172c984f - <unknown>
[INFO] [stdout]    4:     0x5cda172c947a - <unknown>
[INFO] [stdout]    5:     0x5cda172c8fb2 - <unknown>
[INFO] [stdout]    6:     0x5cda172efcf1 - <unknown>
[INFO] [stdout]    7:     0x5cda172efca9 - <unknown>
[INFO] [stdout]    8:     0x5cda172f01bc - <unknown>
[INFO] [stdout]    9:     0x5cda1728b93b - <unknown>
[INFO] [stdout]   10:     0x5cda1728f321 - <unknown>
[INFO] [stdout]   11:     0x5cda172702f9 - <unknown>
[INFO] [stdout]   12:     0x5cda1730a65b - <unknown>
[INFO] [stdout]   13:     0x5cda17305c6f - <unknown>
[INFO] [stdout]   14:     0x5cda173056ec - <unknown>
[INFO] [stdout]   15:     0x5cda173225dc - <unknown>
[INFO] [stdout]   16:     0x5cda172f1622 - <unknown>
[INFO] [stdout]   17:     0x7776877b7dfa - <unknown>
[INFO] [stdout]   18:     0x77768784b3d4 - clone
[INFO] [stdout]   19:                0x0 - <unknown>
[INFO] [stdout] note: panic did not contain expected string
[INFO] [stdout]       panic message: "called `Result::unwrap()` on an `Err` value: IoError(Os { code: 2, kind: NotFound, message: \"No such file or directory\" })"
[INFO] [stdout]  expected substring: "counts line must have at least 10 characters"
[INFO] [stdout] ---- formats::pdb::tests::short_cryst1_record stdout ----
[INFO] [stdout] 
[INFO] [stdout] thread 'formats::pdb::tests::short_cryst1_record' (1940) panicked at src/formats/pdb.rs:1951:49:
[INFO] [stdout] called `Result::unwrap()` on an `Err` value: IoError(Os { code: 2, kind: NotFound, message: "No such file or directory" })
[INFO] [stdout] stack backtrace:
[INFO] [stdout]    0:     0x5cda172ca6d5 - <unknown>
[INFO] [stdout]    1:     0x5cda1728baaa - <unknown>
[INFO] [stdout]    2:     0x5cda172c9d6b - <unknown>
[INFO] [stdout]    3:     0x5cda172c984f - <unknown>
[INFO] [stdout]    4:     0x5cda172c947a - <unknown>
[INFO] [stdout]    5:     0x5cda172c8fb2 - <unknown>
[INFO] [stdout]    6:     0x5cda172efcf1 - <unknown>
[INFO] [stdout]    7:     0x5cda172efca9 - <unknown>
[INFO] [stdout]    8:     0x5cda172f01bc - <unknown>
[INFO] [stdout]    9:     0x5cda1728b93b - <unknown>
[INFO] [stdout]   10:     0x5cda1728f321 - <unknown>
[INFO] [stdout]   11:     0x5cda172667d8 - <unknown>
[INFO] [stdout]   12:     0x5cda1730a65b - <unknown>
[INFO] [stdout]   13:     0x5cda17305c6f - <unknown>
[INFO] [stdout]   14:     0x5cda173056ec - <unknown>
[INFO] [stdout]   15:     0x5cda173225dc - <unknown>
[INFO] [stdout]   16:     0x5cda172f1622 - <unknown>
[INFO] [stdout]   17:     0x7776877b7dfa - <unknown>
[INFO] [stdout]   18:     0x77768784b3d4 - clone
[INFO] [stdout]   19:                0x0 - <unknown>
[INFO] [stdout] 
[INFO] [stdout] ---- formats::sdf::tests::read_specific_step stdout ----
[INFO] [stdout] 
[INFO] [stdout] thread 'formats::sdf::tests::read_specific_step' (1948) panicked at src/formats/sdf.rs:408:53:
[INFO] [stdout] called `Result::unwrap()` on an `Err` value: IoError(Os { code: 2, kind: NotFound, message: "No such file or directory" })
[INFO] [stdout] stack backtrace:
[INFO] [stdout]    0:     0x5cda172ca6d5 - <unknown>
[INFO] [stdout]    1:     0x5cda1728baaa - <unknown>
[INFO] [stdout]    2:     0x5cda172c9d6b - <unknown>
[INFO] [stdout]    3:     0x5cda172c984f - <unknown>
[INFO] [stdout]    4:     0x5cda172c947a - <unknown>
[INFO] [stdout]    5:     0x5cda172c8fb2 - <unknown>
[INFO] [stdout]    6:     0x5cda172efcf1 - <unknown>
[INFO] [stdout]    7:     0x5cda172efca9 - <unknown>
[INFO] [stdout]    8:     0x5cda172f01bc - <unknown>
[INFO] [stdout]    9:     0x5cda1728b93b - <unknown>
[INFO] [stdout]   10:     0x5cda1728f321 - <unknown>
[INFO] [stdout]   11:     0x5cda1726f92c - <unknown>
[INFO] [stdout]   12:     0x5cda1730a65b - <unknown>
[INFO] [stdout]   13:     0x5cda17305c6f - <unknown>
[INFO] [stdout]   14:     0x5cda173056ec - <unknown>
[INFO] [stdout]   15:     0x5cda173225dc - <unknown>
[INFO] [stdout]   16:     0x5cda172f1622 - <unknown>
[INFO] [stdout]   17:     0x7776877b7dfa - <unknown>
[INFO] [stdout]   18:     0x77768784b3d4 - clone
[INFO] [stdout]   19:                0x0 - <unknown>
[INFO] [stdout] 
[INFO] [stdout] ---- formats::pdb::tests::secondary_structure_with_insertion_code_test stdout ----
[INFO] [stdout] 
[INFO] [stdout] thread 'formats::pdb::tests::secondary_structure_with_insertion_code_test' (1938) panicked at src/formats/pdb.rs:1629:53:
[INFO] [stdout] called `Result::unwrap()` on an `Err` value: IoError(Os { code: 2, kind: NotFound, message: "No such file or directory" })
[INFO] [stdout] stack backtrace:
[INFO] [stdout]    0:     0x5cda172ca6d5 - <unknown>
[INFO] [stdout]    1:     0x5cda1728baaa - <unknown>
[INFO] [stdout]    2:     0x5cda172c9d6b - <unknown>
[INFO] [stdout]    3:     0x5cda172c984f - <unknown>
[INFO] [stdout]    4:     0x5cda172c947a - <unknown>
[INFO] [stdout]    5:     0x5cda172c8fb2 - <unknown>
[INFO] [stdout]    6:     0x5cda172efcf1 - <unknown>
[INFO] [stdout]    7:     0x5cda172efca9 - <unknown>
[INFO] [stdout]    8:     0x5cda172f01bc - <unknown>
[INFO] [stdout]    9:     0x5cda1728b93b - <unknown>
[INFO] [stdout]   10:     0x5cda1728f321 - <unknown>
[INFO] [stdout]   11:     0x5cda1726c94e - <unknown>
[INFO] [stdout]   12:     0x5cda1730a65b - <unknown>
[INFO] [stdout]   13:     0x5cda17305c6f - <unknown>
[INFO] [stdout]   14:     0x5cda173056ec - <unknown>
[INFO] [stdout]   15:     0x5cda173225dc - <unknown>
[INFO] [stdout]   16:     0x5cda172f1622 - <unknown>
[INFO] [stdout]   17:     0x7776877b7dfa - <unknown>
[INFO] [stdout]   18:     0x77768784b3d4 - clone
[INFO] [stdout]   19:                0x0 - <unknown>
[INFO] [stdout] 
[INFO] [stdout] ---- formats::sdf::tests::check_nsteps_aspirin stdout ----
[INFO] [stdout] 
[INFO] [stdout] thread 'formats::sdf::tests::check_nsteps_aspirin' (1943) panicked at src/formats/sdf.rs:369:49:
[INFO] [stdout] called `Result::unwrap()` on an `Err` value: IoError(Os { code: 2, kind: NotFound, message: "No such file or directory" })
[INFO] [stdout] stack backtrace:
[INFO] [stdout]    0:     0x5cda172ca6d5 - <unknown>
[INFO] [stdout]    1:     0x5cda1728baaa - <unknown>
[INFO] [stdout]    2:     0x5cda172c9d6b - <unknown>
[INFO] [stdout]    3:     0x5cda172c984f - <unknown>
[INFO] [stdout]    4:     0x5cda172c947a - <unknown>
[INFO] [stdout]    5:     0x5cda172c8fb2 - <unknown>
[INFO] [stdout]    6:     0x5cda172efcf1 - <unknown>
[INFO] [stdout]    7:     0x5cda172efca9 - <unknown>
[INFO] [stdout]    8:     0x5cda172f01bc - <unknown>
[INFO] [stdout]    9:     0x5cda1728b93b - <unknown>
[INFO] [stdout]   10:     0x5cda1728f321 - <unknown>
[INFO] [stdout]   11:     0x5cda172700a8 - <unknown>
[INFO] [stdout]   12:     0x5cda1730a65b - <unknown>
[INFO] [stdout]   13:     0x5cda17305c6f - <unknown>
[INFO] [stdout]   14:     0x5cda173056ec - <unknown>
[INFO] [stdout]   15:     0x5cda173225dc - <unknown>
[INFO] [stdout]   16:     0x5cda172f1622 - <unknown>
[INFO] [stdout]   17:     0x7776877b7dfa - <unknown>
[INFO] [stdout]   18:     0x77768784b3d4 - clone
[INFO] [stdout]   19:                0x0 - <unknown>
[INFO] [stdout] 
[INFO] [stdout] ---- formats::sdf::tests::read_charges stdout ----
[INFO] [stdout] 
[INFO] [stdout] thread 'formats::sdf::tests::read_charges' (1946) panicked at src/formats/sdf.rs:471:53:
[INFO] [stdout] called `Result::unwrap()` on an `Err` value: IoError(Os { code: 2, kind: NotFound, message: "No such file or directory" })
[INFO] [stdout] stack backtrace:
[INFO] [stdout]    0:     0x5cda172ca6d5 - <unknown>
[INFO] [stdout]    1:     0x5cda1728baaa - <unknown>
[INFO] [stdout]    2:     0x5cda172c9d6b - <unknown>
[INFO] [stdout]    3:     0x5cda172c984f - <unknown>
[INFO] [stdout]    4:     0x5cda172c947a - <unknown>
[INFO] [stdout]    5:     0x5cda172c8fb2 - <unknown>
[INFO] [stdout]    6:     0x5cda172efcf1 - <unknown>
[INFO] [stdout]    7:     0x5cda172efca9 - <unknown>
[INFO] [stdout]    8:     0x5cda172f01bc - <unknown>
[INFO] [stdout]    9:     0x5cda1728b93b - <unknown>
[INFO] [stdout]   10:     0x5cda1728f321 - <unknown>
[INFO] [stdout]   11:     0x5cda1726e148 - <unknown>
[INFO] [stdout]   12:     0x5cda1730a65b - <unknown>
[INFO] [stdout]   13:     0x5cda17305c6f - <unknown>
[INFO] [stdout]   14:     0x5cda173056ec - <unknown>
[INFO] [stdout]   15:     0x5cda173225dc - <unknown>
[INFO] [stdout]   16:     0x5cda172f1622 - <unknown>
[INFO] [stdout]   17:     0x7776877b7dfa - <unknown>
[INFO] [stdout]   18:     0x77768784b3d4 - clone
[INFO] [stdout]   19:                0x0 - <unknown>
[INFO] [stdout] 
[INFO] [stdout] ---- formats::sdf::tests::read_various_file_properties stdout ----
[INFO] [stdout] 
[INFO] [stdout] thread 'formats::sdf::tests::read_various_file_properties' (1949) panicked at src/formats/sdf.rs:458:53:
[INFO] [stdout] called `Result::unwrap()` on an `Err` value: IoError(Os { code: 2, kind: NotFound, message: "No such file or directory" })
[INFO] [stdout] stack backtrace:
[INFO] [stdout]    0:     0x5cda172ca6d5 - <unknown>
[INFO] [stdout]    1:     0x5cda1728baaa - <unknown>
[INFO] [stdout]    2:     0x5cda172c9d6b - <unknown>
[INFO] [stdout]    3:     0x5cda172c984f - <unknown>
[INFO] [stdout]    4:     0x5cda172c947a - <unknown>
[INFO] [stdout]    5:     0x5cda172c8fb2 - <unknown>
[INFO] [stdout]    6:     0x5cda172efcf1 - <unknown>
[INFO] [stdout]    7:     0x5cda172efca9 - <unknown>
[INFO] [stdout]    8:     0x5cda172f01bc - <unknown>
[INFO] [stdout]    9:     0x5cda1728b93b - <unknown>
[INFO] [stdout]   10:     0x5cda1728f321 - <unknown>
[INFO] [stdout]   11:     0x5cda17270827 - <unknown>
[INFO] [stdout]   12:     0x5cda1730a65b - <unknown>
[INFO] [stdout]   13:     0x5cda17305c6f - <unknown>
[INFO] [stdout]   14:     0x5cda173056ec - <unknown>
[INFO] [stdout]   15:     0x5cda173225dc - <unknown>
[INFO] [stdout]   16:     0x5cda172f1622 - <unknown>
[INFO] [stdout]   17:     0x7776877b7dfa - <unknown>
[INFO] [stdout]   18:     0x77768784b3d4 - clone
[INFO] [stdout]   19:                0x0 - <unknown>
[INFO] [stdout] 
[INFO] [stdout] ---- formats::pdb::tests::read_protein_residues stdout ----
[INFO] [stdout] 
[INFO] [stdout] thread 'formats::pdb::tests::read_protein_residues' (1935) panicked at src/formats/pdb.rs:1784:53:
[INFO] [stdout] called `Result::unwrap()` on an `Err` value: IoError(Os { code: 2, kind: NotFound, message: "No such file or directory" })
[INFO] [stdout] stack backtrace:
[INFO] [stdout]    0:     0x5cda172ca6d5 - <unknown>
[INFO] [stdout]    1:     0x5cda1728baaa - <unknown>
[INFO] [stdout]    2:     0x5cda172c9d6b - <unknown>
[INFO] [stdout]    3:     0x5cda172c984f - <unknown>
[INFO] [stdout]    4:     0x5cda172c947a - <unknown>
[INFO] [stdout]    5:     0x5cda172c8fb2 - <unknown>
[INFO] [stdout]    6:     0x5cda172efcf1 - <unknown>
[INFO] [stdout]    7:     0x5cda172efca9 - <unknown>
[INFO] [stdout]    8:     0x5cda172f01bc - <unknown>
[INFO] [stdout]    9:     0x5cda1728b93b - <unknown>
[INFO] [stdout]   10:     0x5cda1728f321 - <unknown>
[INFO] [stdout]   11:     0x5cda17267304 - <unknown>
[INFO] [stdout]   12:     0x5cda1730a65b - <unknown>
[INFO] [stdout]   13:     0x5cda17305c6f - <unknown>
[INFO] [stdout]   14:     0x5cda173056ec - <unknown>
[INFO] [stdout]   15:     0x5cda173225dc - <unknown>
[INFO] [stdout]   16:     0x5cda172f1622 - <unknown>
[INFO] [stdout]   17:     0x7776877b7dfa - <unknown>
[INFO] [stdout]   18:     0x77768784b3d4 - clone
[INFO] [stdout]   19:                0x0 - <unknown>
[INFO] [stdout] 
[INFO] [stdout] ---- formats::pdb::tests::sanity_check stdout ----
[INFO] [stdout] 
[INFO] [stdout] thread 'formats::pdb::tests::sanity_check' (1937) panicked at src/formats/pdb.rs:1347:53:
[INFO] [stdout] called `Result::unwrap()` on an `Err` value: IoError(Os { code: 2, kind: NotFound, message: "No such file or directory" })
[INFO] [stdout] stack backtrace:
[INFO] [stdout]    0:     0x5cda172ca6d5 - <unknown>
[INFO] [stdout]    1:     0x5cda1728baaa - <unknown>
[INFO] [stdout]    2:     0x5cda172c9d6b - <unknown>
[INFO] [stdout]    3:     0x5cda172c984f - <unknown>
[INFO] [stdout]    4:     0x5cda172c947a - <unknown>
[INFO] [stdout]    5:     0x5cda172c8fb2 - <unknown>
[INFO] [stdout]    6:     0x5cda172efcf1 - <unknown>
[INFO] [stdout]    7:     0x5cda172efca9 - <unknown>
[INFO] [stdout]    8:     0x5cda172f01bc - <unknown>
[INFO] [stdout]    9:     0x5cda1728b93b - <unknown>
[INFO] [stdout]   10:     0x5cda1728f321 - <unknown>
[INFO] [stdout]   11:     0x5cda1726516e - <unknown>
[INFO] [stdout]   12:     0x5cda1730a65b - <unknown>
[INFO] [stdout]   13:     0x5cda17305c6f - <unknown>
[INFO] [stdout]   14:     0x5cda173056ec - <unknown>
[INFO] [stdout]   15:     0x5cda173225dc - <unknown>
[INFO] [stdout]   16:     0x5cda172f1622 - <unknown>
[INFO] [stdout]   17:     0x7776877b7dfa - <unknown>
[INFO] [stdout]   18:     0x77768784b3d4 - clone
[INFO] [stdout]   19:                0x0 - <unknown>
[INFO] [stdout] 
[INFO] [stdout] ---- formats::sdf::tests::read_whole_file stdout ----
[INFO] [stdout] 
[INFO] [stdout] thread 'formats::sdf::tests::read_whole_file' (1950) panicked at src/formats/sdf.rs:437:53:
[INFO] [stdout] called `Result::unwrap()` on an `Err` value: IoError(Os { code: 2, kind: NotFound, message: "No such file or directory" })
[INFO] [stdout] stack backtrace:
[INFO] [stdout]    0:     0x5cda172ca6d5 - <unknown>
[INFO] [stdout]    1:     0x5cda1728baaa - <unknown>
[INFO] [stdout]    2:     0x5cda172c9d6b - <unknown>
[INFO] [stdout]    3:     0x5cda172c984f - <unknown>
[INFO] [stdout]    4:     0x5cda172c947a - <unknown>
[INFO] [stdout]    5:     0x5cda172c8fb2 - <unknown>
[INFO] [stdout]    6:     0x5cda172efcf1 - <unknown>
[INFO] [stdout]    7:     0x5cda172efca9 - <unknown>
[INFO] [stdout]    8:     0x5cda172f01bc - <unknown>
[INFO] [stdout]    9:     0x5cda1728b93b - <unknown>
[INFO] [stdout]   10:     0x5cda1728f321 - <unknown>
[INFO] [stdout]   11:     0x5cda1726f0dc - <unknown>
[INFO] [stdout]   12:     0x5cda1730a65b - <unknown>
[INFO] [stdout]   13:     0x5cda17305c6f - <unknown>
[INFO] [stdout]   14:     0x5cda173056ec - <unknown>
[INFO] [stdout]   15:     0x5cda173225dc - <unknown>
[INFO] [stdout]   16:     0x5cda172f1622 - <unknown>
[INFO] [stdout]   17:     0x7776877b7dfa - <unknown>
[INFO] [stdout]   18:     0x77768784b3d4 - clone
[INFO] [stdout]   19:                0x0 - <unknown>
[INFO] [stdout] 
[INFO] [stdout] ---- formats::sdf::tests::read_next_step stdout ----
[INFO] [stdout] 
[INFO] [stdout] thread 'formats::sdf::tests::read_next_step' (1947) panicked at src/formats/sdf.rs:385:53:
[INFO] [stdout] called `Result::unwrap()` on an `Err` value: IoError(Os { code: 2, kind: NotFound, message: "No such file or directory" })
[INFO] [stdout] stack backtrace:
[INFO] [stdout]    0:     0x5cda172ca6d5 - <unknown>
[INFO] [stdout]    1:     0x5cda1728baaa - <unknown>
[INFO] [stdout]    2:     0x5cda172c9d6b - <unknown>
[INFO] [stdout]    3:     0x5cda172c984f - <unknown>
[INFO] [stdout]    4:     0x5cda172c947a - <unknown>
[INFO] [stdout]    5:     0x5cda172c8fb2 - <unknown>
[INFO] [stdout]    6:     0x5cda172efcf1 - <unknown>
[INFO] [stdout]    7:     0x5cda172efca9 - <unknown>
[INFO] [stdout]    8:     0x5cda172f01bc - <unknown>
[INFO] [stdout]    9:     0x5cda1728b93b - <unknown>
[INFO] [stdout]   10:     0x5cda1728f321 - <unknown>
[INFO] [stdout]   11:     0x5cda1726e8a4 - <unknown>
[INFO] [stdout]   12:     0x5cda1730a65b - <unknown>
[INFO] [stdout]   13:     0x5cda17305c6f - <unknown>
[INFO] [stdout]   14:     0x5cda173056ec - <unknown>
[INFO] [stdout]   15:     0x5cda173225dc - <unknown>
[INFO] [stdout]   16:     0x5cda172f1622 - <unknown>
[INFO] [stdout]   17:     0x7776877b7dfa - <unknown>
[INFO] [stdout]   18:     0x77768784b3d4 - clone
[INFO] [stdout]   19:                0x0 - <unknown>
[INFO] [stdout] 
[INFO] [stdout] ---- formats::sdf::tests::too_small_atom_line stdout ----
[INFO] [stdout] 
[INFO] [stdout] thread 'formats::sdf::tests::too_small_atom_line' (1951) panicked at src/formats/sdf.rs:492:53:
[INFO] [stdout] called `Result::unwrap()` on an `Err` value: IoError(Os { code: 2, kind: NotFound, message: "No such file or directory" })
[INFO] [stdout] stack backtrace:
[INFO] [stdout]    0:     0x5cda172ca6d5 - <unknown>
[INFO] [stdout]    1:     0x5cda1728baaa - <unknown>
[INFO] [stdout]    2:     0x5cda172c9d6b - <unknown>
[INFO] [stdout]    3:     0x5cda172c984f - <unknown>
[INFO] [stdout]    4:     0x5cda172c947a - <unknown>
[INFO] [stdout]    5:     0x5cda172c8fb2 - <unknown>
[INFO] [stdout]    6:     0x5cda172efcf1 - <unknown>
[INFO] [stdout]    7:     0x5cda172efca9 - <unknown>
[INFO] [stdout]    8:     0x5cda172f01bc - <unknown>
[INFO] [stdout]    9:     0x5cda1728b93b - <unknown>
[INFO] [stdout]   10:     0x5cda1728f321 - <unknown>
[INFO] [stdout]   11:     0x5cda1726ff02 - <unknown>
[INFO] [stdout]   12:     0x5cda1730a65b - <unknown>
[INFO] [stdout]   13:     0x5cda17305c6f - <unknown>
[INFO] [stdout]   14:     0x5cda173056ec - <unknown>
[INFO] [stdout]   15:     0x5cda173225dc - <unknown>
[INFO] [stdout]   16:     0x5cda172f1622 - <unknown>
[INFO] [stdout]   17:     0x7776877b7dfa - <unknown>
[INFO] [stdout]   18:     0x77768784b3d4 - clone
[INFO] [stdout]   19:                0x0 - <unknown>
[INFO] [stdout] note: panic did not contain expected string
[INFO] [stdout]       panic message: "called `Result::unwrap()` on an `Err` value: IoError(Os { code: 2, kind: NotFound, message: \"No such file or directory\" })"
[INFO] [stdout]  expected substring: "atom line is too small for SDF"
[INFO] [stdout] ---- formats::smi::tests::bad_element stdout ----
[INFO] [stdout] 
[INFO] [stdout] thread 'formats::smi::tests::bad_element' (1953) panicked at src/formats/smi.rs:1052:53:
[INFO] [stdout] called `Result::unwrap()` on an `Err` value: IoError(Os { code: 2, kind: NotFound, message: "No such file or directory" })
[INFO] [stdout] stack backtrace:
[INFO] [stdout]    0:     0x5cda172ca6d5 - <unknown>
[INFO] [stdout]    1:     0x5cda1728baaa - <unknown>
[INFO] [stdout]    2:     0x5cda172c9d6b - <unknown>
[INFO] [stdout]    3:     0x5cda172c984f - <unknown>
[INFO] [stdout]    4:     0x5cda172c947a - <unknown>
[INFO] [stdout]    5:     0x5cda172c8fb2 - <unknown>
[INFO] [stdout]    6:     0x5cda172efcf1 - <unknown>
[INFO] [stdout]    7:     0x5cda172efca9 - <unknown>
[INFO] [stdout]    8:     0x5cda172f01bc - <unknown>
[INFO] [stdout]    9:     0x5cda1728b93b - <unknown>
[INFO] [stdout]   10:     0x5cda1728f321 - <unknown>
[INFO] [stdout]   11:     0x5cda17270d42 - <unknown>
[INFO] [stdout]   12:     0x5cda1730a65b - <unknown>
[INFO] [stdout]   13:     0x5cda17305c6f - <unknown>
[INFO] [stdout]   14:     0x5cda173056ec - <unknown>
[INFO] [stdout]   15:     0x5cda173225dc - <unknown>
[INFO] [stdout]   16:     0x5cda172f1622 - <unknown>
[INFO] [stdout]   17:     0x7776877b7dfa - <unknown>
[INFO] [stdout]   18:     0x77768784b3d4 - clone
[INFO] [stdout]   19:                0x0 - <unknown>
[INFO] [stdout] note: panic did not contain expected string
[INFO] [stdout]       panic message: "called `Result::unwrap()` on an `Err` value: IoError(Os { code: 2, kind: NotFound, message: \"No such file or directory\" })"
[INFO] [stdout]  expected substring: "Character(2)"
[INFO] [stdout] ---- formats::smi::tests::check_nsteps_with_newlines stdout ----
[INFO] [stdout] 
[INFO] [stdout] thread 'formats::smi::tests::check_nsteps_with_newlines' (1959) panicked at src/formats/smi.rs:745:49:
[INFO] [stdout] called `Result::unwrap()` on an `Err` value: IoError(Os { code: 2, kind: NotFound, message: "No such file or directory" })
[INFO] [stdout] stack backtrace:
[INFO] [stdout]    0:     0x5cda172ca6d5 - <unknown>
[INFO] [stdout]    1:     0x5cda1728baaa - <unknown>
[INFO] [stdout]    2:     0x5cda172c9d6b - <unknown>
[INFO] [stdout]    3:     0x5cda172c984f - <unknown>
[INFO] [stdout]    4:     0x5cda172c947a - <unknown>
[INFO] [stdout]    5:     0x5cda172c8fb2 - <unknown>
[INFO] [stdout]    6:     0x5cda172efcf1 - <unknown>
[INFO] [stdout]    7:     0x5cda172efca9 - <unknown>
[INFO] [stdout]    8:     0x5cda172f01bc - <unknown>
[INFO] [stdout]    9:     0x5cda1728b93b - <unknown>
[INFO] [stdout]   10:     0x5cda1728f321 - <unknown>
[INFO] [stdout]   11:     0x5cda17274e78 - <unknown>
[INFO] [stdout]   12:     0x5cda1730a65b - <unknown>
[INFO] [stdout]   13:     0x5cda17305c6f - <unknown>
[INFO] [stdout]   14:     0x5cda173056ec - <unknown>
[INFO] [stdout]   15:     0x5cda173225dc - <unknown>
[INFO] [stdout]   16:     0x5cda172f1622 - <unknown>
[INFO] [stdout]   17:     0x7776877b7dfa - <unknown>
[INFO] [stdout]   18:     0x77768784b3d4 - clone
[INFO] [stdout]   19:                0x0 - <unknown>
[INFO] [stdout] 
[INFO] [stdout] ---- formats::smi::tests::bad_paren stdout ----
[INFO] [stdout] 
[INFO] [stdout] thread 'formats::smi::tests::bad_paren' (1954) panicked at src/formats/smi.rs:1060:53:
[INFO] [stdout] called `Result::unwrap()` on an `Err` value: IoError(Os { code: 2, kind: NotFound, message: "No such file or directory" })
[INFO] [stdout] stack backtrace:
[INFO] [stdout]    0:     0x5cda172ca6d5 - <unknown>
[INFO] [stdout]    1:     0x5cda1728baaa - <unknown>
[INFO] [stdout]    2:     0x5cda172c9d6b - <unknown>
[INFO] [stdout]    3:     0x5cda172c984f - <unknown>
[INFO] [stdout]    4:     0x5cda172c947a - <unknown>
[INFO] [stdout]    5:     0x5cda172c8fb2 - <unknown>
[INFO] [stdout]    6:     0x5cda172efcf1 - <unknown>
[INFO] [stdout]    7:     0x5cda172efca9 - <unknown>
[INFO] [stdout]    8:     0x5cda172f01bc - <unknown>
[INFO] [stdout]    9:     0x5cda1728b93b - <unknown>
[INFO] [stdout]   10:     0x5cda1728f321 - <unknown>
[INFO] [stdout]   11:     0x5cda17276102 - <unknown>
[INFO] [stdout]   12:     0x5cda1730a65b - <unknown>
[INFO] [stdout]   13:     0x5cda17305c6f - <unknown>
[INFO] [stdout]   14:     0x5cda173056ec - <unknown>
[INFO] [stdout]   15:     0x5cda173225dc - <unknown>
[INFO] [stdout]   16:     0x5cda172f1622 - <unknown>
[INFO] [stdout]   17:     0x7776877b7dfa - <unknown>
[INFO] [stdout]   18:     0x77768784b3d4 - clone
[INFO] [stdout]   19:                0x0 - <unknown>
[INFO] [stdout] note: panic did not contain expected string
[INFO] [stdout]       panic message: "called `Result::unwrap()` on an `Err` value: IoError(Os { code: 2, kind: NotFound, message: \"No such file or directory\" })"
[INFO] [stdout]  expected substring: "Character(2)"
[INFO] [stdout] ---- formats::smi::tests::bad_symbol stdout ----
[INFO] [stdout] 
[INFO] [stdout] thread 'formats::smi::tests::bad_symbol' (1957) panicked at src/formats/smi.rs:1084:53:
[INFO] [stdout] called `Result::unwrap()` on an `Err` value: IoError(Os { code: 2, kind: NotFound, message: "No such file or directory" })
[INFO] [stdout] stack backtrace:
[INFO] [stdout]    0:     0x5cda172ca6d5 - <unknown>
[INFO] [stdout]    1:     0x5cda1728baaa - <unknown>
[INFO] [stdout]    2:     0x5cda172c9d6b - <unknown>
[INFO] [stdout]    3:     0x5cda172c984f - <unknown>
[INFO] [stdout]    4:     0x5cda172c947a - <unknown>
[INFO] [stdout]    5:     0x5cda172c8fb2 - <unknown>
[INFO] [stdout]    6:     0x5cda172efcf1 - <unknown>
[INFO] [stdout]    7:     0x5cda172efca9 - <unknown>
[INFO] [stdout]    8:     0x5cda172f01bc - <unknown>
[INFO] [stdout]    9:     0x5cda1728b93b - <unknown>
[INFO] [stdout]   10:     0x5cda1728f321 - <unknown>
[INFO] [stdout]   11:     0x5cda17270b02 - <unknown>
[INFO] [stdout]   12:     0x5cda1730a65b - <unknown>
[INFO] [stdout]   13:     0x5cda17305c6f - <unknown>
[INFO] [stdout]   14:     0x5cda173056ec - <unknown>
[INFO] [stdout]   15:     0x5cda173225dc - <unknown>
[INFO] [stdout]   16:     0x5cda172f1622 - <unknown>
[INFO] [stdout]   17:     0x7776877b7dfa - <unknown>
[INFO] [stdout]   18:     0x77768784b3d4 - clone
[INFO] [stdout]   19:                0x0 - <unknown>
[INFO] [stdout] note: panic did not contain expected string
[INFO] [stdout]       panic message: "called `Result::unwrap()` on an `Err` value: IoError(Os { code: 2, kind: NotFound, message: \"No such file or directory\" })"
[INFO] [stdout]  expected substring: "Character(3)"
[INFO] [stdout] ---- formats::smi::tests::bad_ring stdout ----
[INFO] [stdout] 
[INFO] [stdout] thread 'formats::smi::tests::bad_ring' (1956) panicked at src/formats/smi.rs:1076:53:
[INFO] [stdout] called `Result::unwrap()` on an `Err` value: IoError(Os { code: 2, kind: NotFound, message: "No such file or directory" })
[INFO] [stdout] stack backtrace:
[INFO] [stdout]    0:     0x5cda172ca6d5 - <unknown>
[INFO] [stdout]    1:     0x5cda1728baaa - <unknown>
[INFO] [stdout]    2:     0x5cda172c9d6b - <unknown>
[INFO] [stdout]    3:     0x5cda172c984f - <unknown>
[INFO] [stdout]    4:     0x5cda172c947a - <unknown>
[INFO] [stdout]    5:     0x5cda172c8fb2 - <unknown>
[INFO] [stdout]    6:     0x5cda172efcf1 - <unknown>
[INFO] [stdout]    7:     0x5cda172efca9 - <unknown>
[INFO] [stdout]    8:     0x5cda172f01bc - <unknown>
[INFO] [stdout]    9:     0x5cda1728b93b - <unknown>
[INFO] [stdout]   10:     0x5cda1728f321 - <unknown>
[INFO] [stdout]   11:     0x5cda17275ec2 - <unknown>
[INFO] [stdout]   12:     0x5cda1730a65b - <unknown>
[INFO] [stdout]   13:     0x5cda17305c6f - <unknown>
[INFO] [stdout]   14:     0x5cda173056ec - <unknown>
[INFO] [stdout]   15:     0x5cda173225dc - <unknown>
[INFO] [stdout]   16:     0x5cda172f1622 - <unknown>
[INFO] [stdout]   17:     0x7776877b7dfa - <unknown>
[INFO] [stdout]   18:     0x77768784b3d4 - clone
[INFO] [stdout]   19:                0x0 - <unknown>
[INFO] [stdout] note: panic did not contain expected string
[INFO] [stdout]       panic message: "called `Result::unwrap()` on an `Err` value: IoError(Os { code: 2, kind: NotFound, message: \"No such file or directory\" })"
[INFO] [stdout]  expected substring: "Character(2)"
[INFO] [stdout] ---- formats::smi::tests::bad_percentage stdout ----
[INFO] [stdout] 
[INFO] [stdout] thread 'formats::smi::tests::bad_percentage' (1955) panicked at src/formats/smi.rs:1068:53:
[INFO] [stdout] called `Result::unwrap()` on an `Err` value: IoError(Os { code: 2, kind: NotFound, message: "No such file or directory" })
[INFO] [stdout] stack backtrace:
[INFO] [stdout]    0:     0x5cda172ca6d5 - <unknown>
[INFO] [stdout]    1:     0x5cda1728baaa - <unknown>
[INFO] [stdout]    2:     0x5cda172c9d6b - <unknown>
[INFO] [stdout]    3:     0x5cda172c984f - <unknown>
[INFO] [stdout]    4:     0x5cda172c947a - <unknown>
[INFO] [stdout]    5:     0x5cda172c8fb2 - <unknown>
[INFO] [stdout]    6:     0x5cda172efcf1 - <unknown>
[INFO] [stdout]    7:     0x5cda172efca9 - <unknown>
[INFO] [stdout]    8:     0x5cda172f01bc - <unknown>
[INFO] [stdout]    9:     0x5cda1728b93b - <unknown>
[INFO] [stdout]   10:     0x5cda1728f321 - <unknown>
[INFO] [stdout]   11:     0x5cda172719b2 - <unknown>
[INFO] [stdout]   12:     0x5cda1730a65b - <unknown>
[INFO] [stdout]   13:     0x5cda17305c6f - <unknown>
[INFO] [stdout]   14:     0x5cda173056ec - <unknown>
[INFO] [stdout]   15:     0x5cda173225dc - <unknown>
[INFO] [stdout]   16:     0x5cda172f1622 - <unknown>
[INFO] [stdout]   17:     0x7776877b7dfa - <unknown>
[INFO] [stdout]   18:     0x77768784b3d4 - clone
[INFO] [stdout]   19:                0x0 - <unknown>
[INFO] [stdout] note: panic did not contain expected string
[INFO] [stdout]       panic message: "called `Result::unwrap()` on an `Err` value: IoError(Os { code: 2, kind: NotFound, message: \"No such file or directory\" })"
[INFO] [stdout]  expected substring: "EndOfLine"
[INFO] [stdout] ---- formats::smi::tests::chirality stdout ----
[INFO] [stdout] 
[INFO] [stdout] thread 'formats::smi::tests::chirality' (1961) panicked at src/formats/smi.rs:964:53:
[INFO] [stdout] called `Result::unwrap()` on an `Err` value: IoError(Os { code: 2, kind: NotFound, message: "No such file or directory" })
[INFO] [stdout] stack backtrace:
[INFO] [stdout]    0:     0x5cda172ca6d5 - <unknown>
[INFO] [stdout]    1:     0x5cda1728baaa - <unknown>
[INFO] [stdout]    2:     0x5cda172c9d6b - <unknown>
[INFO] [stdout]    3:     0x5cda172c984f - <unknown>
[INFO] [stdout]    4:     0x5cda172c947a - <unknown>
[INFO] [stdout]    5:     0x5cda172c8fb2 - <unknown>
[INFO] [stdout]    6:     0x5cda172efcf1 - <unknown>
[INFO] [stdout]    7:     0x5cda172efca9 - <unknown>
[INFO] [stdout]    8:     0x5cda172f01bc - <unknown>
[INFO] [stdout]    9:     0x5cda1728b93b - <unknown>
[INFO] [stdout]   10:     0x5cda1728f321 - <unknown>
[INFO] [stdout]   11:     0x5cda172770aa - <unknown>
[INFO] [stdout]   12:     0x5cda1730a65b - <unknown>
[INFO] [stdout]   13:     0x5cda17305c6f - <unknown>
[INFO] [stdout]   14:     0x5cda173056ec - <unknown>
[INFO] [stdout]   15:     0x5cda173225dc - <unknown>
[INFO] [stdout]   16:     0x5cda172f1622 - <unknown>
[INFO] [stdout]   17:     0x7776877b7dfa - <unknown>
[INFO] [stdout]   18:     0x77768784b3d4 - clone
[INFO] [stdout]   19:                0x0 - <unknown>
[INFO] [stdout] 
[INFO] [stdout] ---- formats::smi::tests::check_nsteps stdout ----
[INFO] [stdout] 
[INFO] [stdout] thread 'formats::smi::tests::check_nsteps' (1958) panicked at src/formats/smi.rs:738:49:
[INFO] [stdout] called `Result::unwrap()` on an `Err` value: IoError(Os { code: 2, kind: NotFound, message: "No such file or directory" })
[INFO] [stdout] stack backtrace:
[INFO] [stdout]    0:     0x5cda172ca6d5 - <unknown>
[INFO] [stdout]    1:     0x5cda1728baaa - <unknown>
[INFO] [stdout]    2:     0x5cda172c9d6b - <unknown>
[INFO] [stdout]    3:     0x5cda172c984f - <unknown>
[INFO] [stdout]    4:     0x5cda172c947a - <unknown>
[INFO] [stdout]    5:     0x5cda172c8fb2 - <unknown>
[INFO] [stdout]    6:     0x5cda172efcf1 - <unknown>
[INFO] [stdout]    7:     0x5cda172efca9 - <unknown>
[INFO] [stdout]    8:     0x5cda172f01bc - <unknown>
[INFO] [stdout]    9:     0x5cda1728b93b - <unknown>
[INFO] [stdout]   10:     0x5cda1728f321 - <unknown>
[INFO] [stdout]   11:     0x5cda172717e8 - <unknown>
[INFO] [stdout]   12:     0x5cda1730a65b - <unknown>
[INFO] [stdout]   13:     0x5cda17305c6f - <unknown>
[INFO] [stdout]   14:     0x5cda173056ec - <unknown>
[INFO] [stdout]   15:     0x5cda173225dc - <unknown>
[INFO] [stdout]   16:     0x5cda172f1622 - <unknown>
[INFO] [stdout]   17:     0x7776877b7dfa - <unknown>
[INFO] [stdout]   18:     0x77768784b3d4 - clone
[INFO] [stdout]   19:                0x0 - <unknown>
[INFO] [stdout] 
[INFO] [stdout] ---- formats::smi::tests::misplaced_property stdout ----
[INFO] [stdout] 
[INFO] [stdout] thread 'formats::smi::tests::misplaced_property' (1963) panicked at src/formats/smi.rs:1092:53:
[INFO] [stdout] called `Result::unwrap()` on an `Err` value: IoError(Os { code: 2, kind: NotFound, message: "No such file or directory" })
[INFO] [stdout] stack backtrace:
[INFO] [stdout]    0:     0x5cda172ca6d5 - <unknown>
[INFO] [stdout]    1:     0x5cda1728baaa - <unknown>
[INFO] [stdout]    2:     0x5cda172c9d6b - <unknown>
[INFO] [stdout]    3:     0x5cda172c984f - <unknown>
[INFO] [stdout]    4:     0x5cda172c947a - <unknown>
[INFO] [stdout]    5:     0x5cda172c8fb2 - <unknown>
[INFO] [stdout]    6:     0x5cda172efcf1 - <unknown>
[INFO] [stdout]    7:     0x5cda172efca9 - <unknown>
[INFO] [stdout]    8:     0x5cda172f01bc - <unknown>
[INFO] [stdout]    9:     0x5cda1728b93b - <unknown>
[INFO] [stdout]   10:     0x5cda1728f321 - <unknown>
[INFO] [stdout]   11:     0x5cda17273912 - <unknown>
[INFO] [stdout]   12:     0x5cda1730a65b - <unknown>
[INFO] [stdout]   13:     0x5cda17305c6f - <unknown>
[INFO] [stdout]   14:     0x5cda173056ec - <unknown>
[INFO] [stdout]   15:     0x5cda173225dc - <unknown>
[INFO] [stdout]   16:     0x5cda172f1622 - <unknown>
[INFO] [stdout]   17:     0x7776877b7dfa - <unknown>
[INFO] [stdout]   18:     0x77768784b3d4 - clone
[INFO] [stdout]   19:                0x0 - <unknown>
[INFO] [stdout] note: panic did not contain expected string
[INFO] [stdout]       panic message: "called `Result::unwrap()` on an `Err` value: IoError(Os { code: 2, kind: NotFound, message: \"No such file or directory\" })"
[INFO] [stdout]  expected substring: "Character(2)"
[INFO] [stdout] ---- formats::smi::tests::check_parsing_results stdout ----
[INFO] [stdout] 
[INFO] [stdout] thread 'formats::smi::tests::check_parsing_results' (1960) panicked at src/formats/smi.rs:856:53:
[INFO] [stdout] called `Result::unwrap()` on an `Err` value: IoError(Os { code: 2, kind: NotFound, message: "No such file or directory" })
[INFO] [stdout] stack backtrace:
[INFO] [stdout]    0:     0x5cda172ca6d5 - <unknown>
[INFO] [stdout]    1:     0x5cda1728baaa - <unknown>
[INFO] [stdout]    2:     0x5cda172c9d6b - <unknown>
[INFO] [stdout]    3:     0x5cda172c984f - <unknown>
[INFO] [stdout]    4:     0x5cda172c947a - <unknown>
[INFO] [stdout]    5:     0x5cda172c8fb2 - <unknown>
[INFO] [stdout]    6:     0x5cda172efcf1 - <unknown>
[INFO] [stdout]    7:     0x5cda172efca9 - <unknown>
[INFO] [stdout]    8:     0x5cda172f01bc - <unknown>
[INFO] [stdout]    9:     0x5cda1728b93b - <unknown>
[INFO] [stdout]   10:     0x5cda1728f321 - <unknown>
[INFO] [stdout]   11:     0x5cda17274c3b - <unknown>
[INFO] [stdout]   12:     0x5cda1730a65b - <unknown>
[INFO] [stdout]   13:     0x5cda17305c6f - <unknown>
[INFO] [stdout]   14:     0x5cda173056ec - <unknown>
[INFO] [stdout]   15:     0x5cda173225dc - <unknown>
[INFO] [stdout]   16:     0x5cda172f1622 - <unknown>
[INFO] [stdout]   17:     0x7776877b7dfa - <unknown>
[INFO] [stdout]   18:     0x77768784b3d4 - clone
[INFO] [stdout]   19:                0x0 - <unknown>
[INFO] [stdout] 
[INFO] [stdout] ---- formats::smi::tests::issue_303 stdout ----
[INFO] [stdout] 
[INFO] [stdout] thread 'formats::smi::tests::issue_303' (1962) panicked at src/formats/smi.rs:1024:53:
[INFO] [stdout] called `Result::unwrap()` on an `Err` value: IoError(Os { code: 2, kind: NotFound, message: "No such file or directory" })
[INFO] [stdout] stack backtrace:
[INFO] [stdout]    0:     0x5cda172ca6d5 - <unknown>
[INFO] [stdout]    1:     0x5cda1728baaa - <unknown>
[INFO] [stdout]    2:     0x5cda172c9d6b - <unknown>
[INFO] [stdout]    3:     0x5cda172c984f - <unknown>
[INFO] [stdout]    4:     0x5cda172c947a - <unknown>
[INFO] [stdout]    5:     0x5cda172c8fb2 - <unknown>
[INFO] [stdout]    6:     0x5cda172efcf1 - <unknown>
[INFO] [stdout]    7:     0x5cda172efca9 - <unknown>
[INFO] [stdout]    8:     0x5cda172f01bc - <unknown>
[INFO] [stdout]    9:     0x5cda1728b93b - <unknown>
[INFO] [stdout]   10:     0x5cda1728f321 - <unknown>
[INFO] [stdout]   11:     0x5cda17277fb6 - <unknown>
[INFO] [stdout]   12:     0x5cda1730a65b - <unknown>
[INFO] [stdout]   13:     0x5cda17305c6f - <unknown>
[INFO] [stdout]   14:     0x5cda173056ec - <unknown>
[INFO] [stdout]   15:     0x5cda173225dc - <unknown>
[INFO] [stdout]   16:     0x5cda172f1622 - <unknown>
[INFO] [stdout]   17:     0x7776877b7dfa - <unknown>
[INFO] [stdout]   18:     0x77768784b3d4 - clone
[INFO] [stdout]   19:                0x0 - <unknown>
[INFO] [stdout] 
[INFO] [stdout] ---- formats::smi::tests::rdkit_problems stdout ----
[INFO] [stdout] 
[INFO] [stdout] thread 'formats::smi::tests::rdkit_problems' (1965) panicked at src/formats/smi.rs:919:53:
[INFO] [stdout] called `Result::unwrap()` on an `Err` value: IoError(Os { code: 2, kind: NotFound, message: "No such file or directory" })
[INFO] [stdout] stack backtrace:
[INFO] [stdout]    0:     0x5cda172ca6d5 - <unknown>
[INFO] [stdout]    1:     0x5cda1728baaa - <unknown>
[INFO] [stdout]    2:     0x5cda172c9d6b - <unknown>
[INFO] [stdout]    3:     0x5cda172c984f - <unknown>
[INFO] [stdout]    4:     0x5cda172c947a - <unknown>
[INFO] [stdout]    5:     0x5cda172c8fb2 - <unknown>
[INFO] [stdout]    6:     0x5cda172efcf1 - <unknown>
[INFO] [stdout]    7:     0x5cda172efca9 - <unknown>
[INFO] [stdout]    8:     0x5cda172f01bc - <unknown>
[INFO] [stdout]    9:     0x5cda1728b93b - <unknown>
[INFO] [stdout]   10:     0x5cda1728f321 - <unknown>
[INFO] [stdout]   11:     0x5cda1727235c - <unknown>
[INFO] [stdout]   12:     0x5cda1730a65b - <unknown>
[INFO] [stdout]   13:     0x5cda17305c6f - <unknown>
[INFO] [stdout]   14:     0x5cda173056ec - <unknown>
[INFO] [stdout]   15:     0x5cda173225dc - <unknown>
[INFO] [stdout]   16:     0x5cda172f1622 - <unknown>
[INFO] [stdout]   17:     0x7776877b7dfa - <unknown>
[INFO] [stdout]   18:     0x77768784b3d4 - clone
[INFO] [stdout]   19:                0x0 - <unknown>
[INFO] [stdout] 
[INFO] [stdout] ---- formats::smi::tests::read_entire_file stdout ----
[INFO] [stdout] 
[INFO] [stdout] thread 'formats::smi::tests::read_entire_file' (1966) panicked at src/formats/smi.rs:841:53:
[INFO] [stdout] called `Result::unwrap()` on an `Err` value: IoError(Os { code: 2, kind: NotFound, message: "No such file or directory" })
[INFO] [stdout] stack backtrace:
[INFO] [stdout]    0:     0x5cda172ca6d5 - <unknown>
[INFO] [stdout]    1:     0x5cda1728baaa - <unknown>
[INFO] [stdout]    2:     0x5cda172c9d6b - <unknown>
[INFO] [stdout]    3:     0x5cda172c984f - <unknown>
[INFO] [stdout]    4:     0x5cda172c947a - <unknown>
[INFO] [stdout]    5:     0x5cda172c8fb2 - <unknown>
[INFO] [stdout]    6:     0x5cda172efcf1 - <unknown>
[INFO] [stdout]    7:     0x5cda172efca9 - <unknown>
[INFO] [stdout]    8:     0x5cda172f01bc - <unknown>
[INFO] [stdout]    9:     0x5cda1728b93b - <unknown>
[INFO] [stdout]   10:     0x5cda1728f321 - <unknown>
[INFO] [stdout]   11:     0x5cda17273698 - <unknown>
[INFO] [stdout]   12:     0x5cda1730a65b - <unknown>
[INFO] [stdout]   13:     0x5cda17305c6f - <unknown>
[INFO] [stdout]   14:     0x5cda173056ec - <unknown>
[INFO] [stdout]   15:     0x5cda173225dc - <unknown>
[INFO] [stdout]   16:     0x5cda172f1622 - <unknown>
[INFO] [stdout]   17:     0x7776877b7dfa - <unknown>
[INFO] [stdout]   18:     0x77768784b3d4 - clone
[INFO] [stdout]   19:                0x0 - <unknown>
[INFO] [stdout] 
[INFO] [stdout] ---- formats::smi::tests::read_next_frame stdout ----
[INFO] [stdout] 
[INFO] [stdout] thread 'formats::smi::tests::read_next_frame' (1967) panicked at src/formats/smi.rs:752:53:
[INFO] [stdout] called `Result::unwrap()` on an `Err` value: IoError(Os { code: 2, kind: NotFound, message: "No such file or directory" })
[INFO] [stdout] stack backtrace:
[INFO] [stdout]    0:     0x5cda172ca6d5 - <unknown>
[INFO] [stdout]    1:     0x5cda1728baaa - <unknown>
[INFO] [stdout]    2:     0x5cda172c9d6b - <unknown>
[INFO] [stdout]    3:     0x5cda172c984f - <unknown>
[INFO] [stdout]    4:     0x5cda172c947a - <unknown>
[INFO] [stdout]    5:     0x5cda172c8fb2 - <unknown>
[INFO] [stdout]    6:     0x5cda172efcf1 - <unknown>
[INFO] [stdout]    7:     0x5cda172efca9 - <unknown>
[INFO] [stdout]    8:     0x5cda172f01bc - <unknown>
[INFO] [stdout]    9:     0x5cda1728b93b - <unknown>
[INFO] [stdout]   10:     0x5cda1728f321 - <unknown>
[INFO] [stdout]   11:     0x5cda17272ea5 - <unknown>
[INFO] [stdout]   12:     0x5cda1730a65b - <unknown>
[INFO] [stdout]   13:     0x5cda17305c6f - <unknown>
[INFO] [stdout]   14:     0x5cda173056ec - <unknown>
[INFO] [stdout]   15:     0x5cda173225dc - <unknown>
[INFO] [stdout]   16:     0x5cda172f1622 - <unknown>
[INFO] [stdout]   17:     0x7776877b7dfa - <unknown>
[INFO] [stdout]   18:     0x77768784b3d4 - clone
[INFO] [stdout]   19:                0x0 - <unknown>
[INFO] [stdout] 
[INFO] [stdout] ---- formats::smi::tests::read_specific_step stdout ----
[INFO] [stdout] 
[INFO] [stdout] thread 'formats::smi::tests::read_specific_step' (1968) panicked at src/formats/smi.rs:783:53:
[INFO] [stdout] called `Result::unwrap()` on an `Err` value: IoError(Os { code: 2, kind: NotFound, message: "No such file or directory" })
[INFO] [stdout] stack backtrace:
[INFO] [stdout]    0:     0x5cda172ca6d5 - <unknown>
[INFO] [stdout]    1:     0x5cda1728baaa - <unknown>
[INFO] [stdout]    2:     0x5cda172c9d6b - <unknown>
[INFO] [stdout]    3:     0x5cda172c984f - <unknown>
[INFO] [stdout]    4:     0x5cda172c947a - <unknown>
[INFO] [stdout]    5:     0x5cda172c8fb2 - <unknown>
[INFO] [stdout]    6:     0x5cda172efcf1 - <unknown>
[INFO] [stdout]    7:     0x5cda172efca9 - <unknown>
[INFO] [stdout]    8:     0x5cda172f01bc - <unknown>
[INFO] [stdout]    9:     0x5cda1728b93b - <unknown>
[INFO] [stdout]   10:     0x5cda1728f321 - <unknown>
[INFO] [stdout]   11:     0x5cda17273c84 - <unknown>
[INFO] [stdout]   12:     0x5cda1730a65b - <unknown>
[INFO] [stdout]   13:     0x5cda17305c6f - <unknown>
[INFO] [stdout]   14:     0x5cda173056ec - <unknown>
[INFO] [stdout]   15:     0x5cda173225dc - <unknown>
[INFO] [stdout]   16:     0x5cda172f1622 - <unknown>
[INFO] [stdout]   17:     0x7776877b7dfa - <unknown>
[INFO] [stdout]   18:     0x77768784b3d4 - clone
[INFO] [stdout]   19:                0x0 - <unknown>
[INFO] [stdout] 
[INFO] [stdout] ---- formats::tng::tests::non_consecutive_frame_indices stdout ----
[INFO] [stdout] Cannot open file ./src/tests-data/tng/cobrotoxin.tng. /opt/rustwide/cargo-home/registry/src/index.crates.io-1949cf8c6b5b557f/tng-rs-0.2.1/src/trajectory.rs:657
[INFO] [stdout] 
[INFO] [stdout] thread 'formats::tng::tests::non_consecutive_frame_indices' (1972) panicked at /opt/rustwide/cargo-home/registry/src/index.crates.io-1949cf8c6b5b557f/tng-rs-0.2.1/src/trajectory.rs:659:17:
[INFO] [stdout] explicit panic
[INFO] [stdout] stack backtrace:
[INFO] [stdout]    0:     0x5cda172ca6d5 - <unknown>
[INFO] [stdout]    1:     0x5cda1728baaa - <unknown>
[INFO] [stdout]    2:     0x5cda172c9d6b - <unknown>
[INFO] [stdout]    3:     0x5cda172c984f - <unknown>
[INFO] [stdout]    4:     0x5cda172c947a - <unknown>
[INFO] [stdout]    5:     0x5cda172c8fb2 - <unknown>
[INFO] [stdout]    6:     0x5cda172efd22 - <unknown>
[INFO] [stdout]    7:     0x5cda172efca9 - <unknown>
[INFO] [stdout]    8:     0x5cda172f01bc - <unknown>
[INFO] [stdout]    9:     0x5cda1728b93b - <unknown>
[INFO] [stdout]   10:     0x5cda1728d931 - <unknown>
[INFO] [stdout]   11:     0x5cda17350e2d - <unknown>
[INFO] [stdout]   12:     0x5cda1720771d - <unknown>
[INFO] [stdout]   13:     0x5cda171dd7be - <unknown>
[INFO] [stdout]   14:     0x5cda1727be2f - <unknown>
[INFO] [stdout]   15:     0x5cda1730a65b - <unknown>
[INFO] [stdout]   16:     0x5cda17305c6f - <unknown>
[INFO] [stdout]   17:     0x5cda173056ec - <unknown>
[INFO] [stdout]   18:     0x5cda173225dc - <unknown>
[INFO] [stdout]   19:     0x5cda172f1622 - <unknown>
[INFO] [stdout]   20:     0x7776877b7dfa - <unknown>
[INFO] [stdout]   21:     0x77768784b3d4 - clone
[INFO] [stdout]   22:                0x0 - <unknown>
[INFO] [stdout] 
[INFO] [stdout] ---- formats::smi::tests::read_specific_step_with_whitespace stdout ----
[INFO] [stdout] 
[INFO] [stdout] thread 'formats::smi::tests::read_specific_step_with_whitespace' (1969) panicked at src/formats/smi.rs:802:53:
[INFO] [stdout] called `Result::unwrap()` on an `Err` value: IoError(Os { code: 2, kind: NotFound, message: "No such file or directory" })
[INFO] [stdout] stack backtrace:
[INFO] [stdout]    0:     0x5cda172ca6d5 - <unknown>
[INFO] [stdout]    1:     0x5cda1728baaa - <unknown>
[INFO] [stdout]    2:     0x5cda172c9d6b - <unknown>
[INFO] [stdout]    3:     0x5cda172c984f - <unknown>
[INFO] [stdout]    4:     0x5cda172c947a - <unknown>
[INFO] [stdout]    5:     0x5cda172c8fb2 - <unknown>
[INFO] [stdout]    6:     0x5cda172efcf1 - <unknown>
[INFO] [stdout]    7:     0x5cda172efca9 - <unknown>
[INFO] [stdout]    8:     0x5cda172f01bc - <unknown>
[INFO] [stdout]    9:     0x5cda1728b93b - <unknown>
[INFO] [stdout]   10:     0x5cda1728f321 - <unknown>
[INFO] [stdout]   11:     0x5cda1727567a - <unknown>
[INFO] [stdout]   12:     0x5cda1730a65b - <unknown>
[INFO] [stdout]   13:     0x5cda17305c6f - <unknown>
[INFO] [stdout]   14:     0x5cda173056ec - <unknown>
[INFO] [stdout]   15:     0x5cda173225dc - <unknown>
[INFO] [stdout]   16:     0x5cda172f1622 - <unknown>
[INFO] [stdout]   17:     0x7776877b7dfa - <unknown>
[INFO] [stdout]   18:     0x77768784b3d4 - clone
[INFO] [stdout]   19:                0x0 - <unknown>
[INFO] [stdout] 
[INFO] [stdout] ---- formats::smi::tests::ugly_smiles_strings stdout ----
[INFO] [stdout] 
[INFO] [stdout] thread 'formats::smi::tests::ugly_smiles_strings' (1970) panicked at src/formats/smi.rs:870:53:
[INFO] [stdout] called `Result::unwrap()` on an `Err` value: IoError(Os { code: 2, kind: NotFound, message: "No such file or directory" })
[INFO] [stdout] stack backtrace:
[INFO] [stdout]    0:     0x5cda172ca6d5 - <unknown>
[INFO] [stdout]    1:     0x5cda1728baaa - <unknown>
[INFO] [stdout]    2:     0x5cda172c9d6b - <unknown>
[INFO] [stdout]    3:     0x5cda172c984f - <unknown>
[INFO] [stdout]    4:     0x5cda172c947a - <unknown>
[INFO] [stdout]    5:     0x5cda172c8fb2 - <unknown>
[INFO] [stdout]    6:     0x5cda172efcf1 - <unknown>
[INFO] [stdout]    7:     0x5cda172efca9 - <unknown>
[INFO] [stdout]    8:     0x5cda172f01bc - <unknown>
[INFO] [stdout]    9:     0x5cda1728b93b - <unknown>
[INFO] [stdout]   10:     0x5cda1728f321 - <unknown>
[INFO] [stdout]   11:     0x5cda1727460a - <unknown>
[INFO] [stdout]   12:     0x5cda1730a65b - <unknown>
[INFO] [stdout]   13:     0x5cda17305c6f - <unknown>
[INFO] [stdout]   14:     0x5cda173056ec - <unknown>
[INFO] [stdout]   15:     0x5cda173225dc - <unknown>
[INFO] [stdout]   16:     0x5cda172f1622 - <unknown>
[INFO] [stdout]   17:     0x7776877b7dfa - <unknown>
[INFO] [stdout]   18:     0x77768784b3d4 - clone
[INFO] [stdout]   19:                0x0 - <unknown>
[INFO] [stdout] 
[INFO] [stdout] ---- formats::tng::tests::read_triclinic_cell stdout ----
[INFO] [stdout] Cannot open file ./src/tests-data/tng/1vln-triclinic.tng. /opt/rustwide/cargo-home/registry/src/index.crates.io-1949cf8c6b5b557f/tng-rs-0.2.1/src/trajectory.rs:657
[INFO] [stdout] 
[INFO] [stdout] thread 'formats::tng::tests::read_triclinic_cell' (1976) panicked at /opt/rustwide/cargo-home/registry/src/index.crates.io-1949cf8c6b5b557f/tng-rs-0.2.1/src/trajectory.rs:659:17:
[INFO] [stdout] explicit panic
[INFO] [stdout] stack backtrace:
[INFO] [stdout]    0:     0x5cda172ca6d5 - <unknown>
[INFO] [stdout]    1:     0x5cda1728baaa - <unknown>
[INFO] [stdout]    2:     0x5cda172c9d6b - <unknown>
[INFO] [stdout]    3:     0x5cda172c984f - <unknown>
[INFO] [stdout]    4:     0x5cda172c947a - <unknown>
[INFO] [stdout]    5:     0x5cda172c8fb2 - <unknown>
[INFO] [stdout]    6:     0x5cda172efd22 - <unknown>
[INFO] [stdout]    7:     0x5cda172efca9 - <unknown>
[INFO] [stdout]    8:     0x5cda172f01bc - <unknown>
[INFO] [stdout]    9:     0x5cda1728b93b - <unknown>
[INFO] [stdout]   10:     0x5cda1728d931 - <unknown>
[INFO] [stdout]   11:     0x5cda17350e2d - <unknown>
[INFO] [stdout]   12:     0x5cda1720771d - <unknown>
[INFO] [stdout]   13:     0x5cda171dd7be - <unknown>
[INFO] [stdout]   14:     0x5cda1727b64c - <unknown>
[INFO] [stdout]   15:     0x5cda1730a65b - <unknown>
[INFO] [stdout]   16:     0x5cda17305c6f - <unknown>
[INFO] [stdout]   17:     0x5cda173056ec - <unknown>
[INFO] [stdout]   18:     0x5cda173225dc - <unknown>
[INFO] [stdout]   19:     0x5cda172f1622 - <unknown>
[INFO] [stdout]   20:     0x7776877b7dfa - <unknown>
[INFO] [stdout]   21:     0x77768784b3d4 - clone
[INFO] [stdout]   22:                0x0 - <unknown>
[INFO] [stdout] 
[INFO] [stdout] ---- formats::tng::tests::read_files stdout ----
[INFO] [stdout] Cannot open file ./src/tests-data/tng/example.tng. /opt/rustwide/cargo-home/registry/src/index.crates.io-1949cf8c6b5b557f/tng-rs-0.2.1/src/trajectory.rs:657
[INFO] [stdout] 
[INFO] [stdout] thread 'formats::tng::tests::read_files' (1974) panicked at /opt/rustwide/cargo-home/registry/src/index.crates.io-1949cf8c6b5b557f/tng-rs-0.2.1/src/trajectory.rs:659:17:
[INFO] [stdout] explicit panic
[INFO] [stdout] stack backtrace:
[INFO] [stdout]    0:     0x5cda172ca6d5 - <unknown>
[INFO] [stdout]    1:     0x5cda1728baaa - <unknown>
[INFO] [stdout]    2:     0x5cda172c9d6b - <unknown>
[INFO] [stdout]    3:     0x5cda172c984f - <unknown>
[INFO] [stdout]    4:     0x5cda172c947a - <unknown>
[INFO] [stdout]    5:     0x5cda172c8fb2 - <unknown>
[INFO] [stdout]    6:     0x5cda172efd22 - <unknown>
[INFO] [stdout]    7:     0x5cda172efca9 - <unknown>
[INFO] [stdout]    8:     0x5cda172f01bc - <unknown>
[INFO] [stdout]    9:     0x5cda1728b93b - <unknown>
[INFO] [stdout]   10:     0x5cda1728d931 - <unknown>
[INFO] [stdout]   11:     0x5cda17350e2d - <unknown>
[INFO] [stdout]   12:     0x5cda1720771d - <unknown>
[INFO] [stdout]   13:     0x5cda171dd7be - <unknown>
[INFO] [stdout]   14:     0x5cda172784cc - <unknown>
[INFO] [stdout]   15:     0x5cda1730a65b - <unknown>
[INFO] [stdout]   16:     0x5cda17305c6f - <unknown>
[INFO] [stdout]   17:     0x5cda173056ec - <unknown>
[INFO] [stdout]   18:     0x5cda173225dc - <unknown>
[INFO] [stdout]   19:     0x5cda172f1622 - <unknown>
[INFO] [stdout]   20:     0x7776877b7dfa - <unknown>
[INFO] [stdout]   21:     0x77768784b3d4 - clone
[INFO] [stdout]   22:                0x0 - <unknown>
[INFO] [stdout] 
[INFO] [stdout] ---- formats::tng::tests::read_topology stdout ----
[INFO] [stdout] Cannot open file ./src/tests-data/tng/example.tng. /opt/rustwide/cargo-home/registry/src/index.crates.io-1949cf8c6b5b557f/tng-rs-0.2.1/src/trajectory.rs:657
[INFO] [stdout] 
[INFO] [stdout] thread 'formats::tng::tests::read_topology' (1975) panicked at /opt/rustwide/cargo-home/registry/src/index.crates.io-1949cf8c6b5b557f/tng-rs-0.2.1/src/trajectory.rs:659:17:
[INFO] [stdout] explicit panic
[INFO] [stdout] stack backtrace:
[INFO] [stdout]    0:     0x5cda172ca6d5 - <unknown>
[INFO] [stdout]    1:     0x5cda1728baaa - <unknown>
[INFO] [stdout]    2:     0x5cda172c9d6b - <unknown>
[INFO] [stdout]    3:     0x5cda172c984f - <unknown>
[INFO] [stdout]    4:     0x5cda172c947a - <unknown>
[INFO] [stdout]    5:     0x5cda172c8fb2 - <unknown>
[INFO] [stdout]    6:     0x5cda172efd22 - <unknown>
[INFO] [stdout]    7:     0x5cda172efca9 - <unknown>
[INFO] [stdout]    8:     0x5cda172f01bc - <unknown>
[INFO] [stdout]    9:     0x5cda1728b93b - <unknown>
[INFO] [stdout]   10:     0x5cda1728d931 - <unknown>
[INFO] [stdout]   11:     0x5cda17350e2d - <unknown>
[INFO] [stdout]   12:     0x5cda1720771d - <unknown>
[INFO] [stdout]   13:     0x5cda171dd7be - <unknown>
[INFO] [stdout]   14:     0x5cda17278f8d - <unknown>
[INFO] [stdout]   15:     0x5cda1730a65b - <unknown>
[INFO] [stdout]   16:     0x5cda17305c6f - <unknown>
[INFO] [stdout]   17:     0x5cda173056ec - <unknown>
[INFO] [stdout]   18:     0x5cda173225dc - <unknown>
[INFO] [stdout]   19:     0x5cda172f1622 - <unknown>
[INFO] [stdout]   20:     0x7776877b7dfa - <unknown>
[INFO] [stdout]   21:     0x77768784b3d4 - clone
[INFO] [stdout]   22:                0x0 - <unknown>
[INFO] [stdout] 
[INFO] [stdout] ---- formats::tng::tests::read_cell stdout ----
[INFO] [stdout] Cannot open file ./src/tests-data/tng/water.tng. /opt/rustwide/cargo-home/registry/src/index.crates.io-1949cf8c6b5b557f/tng-rs-0.2.1/src/trajectory.rs:657
[INFO] [stdout] 
[INFO] [stdout] thread 'formats::tng::tests::read_cell' (1973) panicked at /opt/rustwide/cargo-home/registry/src/index.crates.io-1949cf8c6b5b557f/tng-rs-0.2.1/src/trajectory.rs:659:17:
[INFO] [stdout] explicit panic
[INFO] [stdout] stack backtrace:
[INFO] [stdout]    0:     0x5cda172ca6d5 - <unknown>
[INFO] [stdout]    1:     0x5cda1728baaa - <unknown>
[INFO] [stdout]    2:     0x5cda172c9d6b - <unknown>
[INFO] [stdout]    3:     0x5cda172c984f - <unknown>
[INFO] [stdout]    4:     0x5cda172c947a - <unknown>
[INFO] [stdout]    5:     0x5cda172c8fb2 - <unknown>
[INFO] [stdout]    6:     0x5cda172efd22 - <unknown>
[INFO] [stdout]    7:     0x5cda172efca9 - <unknown>
[INFO] [stdout]    8:     0x5cda172f01bc - <unknown>
[INFO] [stdout]    9:     0x5cda1728b93b - <unknown>
[INFO] [stdout]   10:     0x5cda1728d931 - <unknown>
[INFO] [stdout]   11:     0x5cda17350e2d - <unknown>
[INFO] [stdout]   12:     0x5cda1720771d - <unknown>
[INFO] [stdout]   13:     0x5cda171dd7be - <unknown>
[INFO] [stdout]   14:     0x5cda1727d2f3 - <unknown>
[INFO] [stdout]   15:     0x5cda1730a65b - <unknown>
[INFO] [stdout]   16:     0x5cda17305c6f - <unknown>
[INFO] [stdout]   17:     0x5cda173056ec - <unknown>
[INFO] [stdout]   18:     0x5cda173225dc - <unknown>
[INFO] [stdout]   19:     0x5cda172f1622 - <unknown>
[INFO] [stdout]   20:     0x7776877b7dfa - <unknown>
[INFO] [stdout]   21:     0x77768784b3d4 - clone
[INFO] [stdout]   22:                0x0 - <unknown>
[INFO] [stdout] 
[INFO] [stdout] ---- formats::smi::tests::other_tests stdout ----
[INFO] [stdout] 
[INFO] [stdout] thread 'formats::smi::tests::other_tests' (1964) panicked at src/formats/smi.rs:1001:53:
[INFO] [stdout] called `Result::unwrap()` on an `Err` value: IoError(Os { code: 2, kind: NotFound, message: "No such file or directory" })
[INFO] [stdout] stack backtrace:
[INFO] [stdout]    0:     0x5cda172ca6d5 - <unknown>
[INFO] [stdout]    1:     0x5cda1728baaa - <unknown>
[INFO] [stdout]    2:     0x5cda172c9d6b - <unknown>
[INFO] [stdout]    3:     0x5cda172c984f - <unknown>
[INFO] [stdout]    4:     0x5cda172c947a - <unknown>
[INFO] [stdout]    5:     0x5cda172c8fb2 - <unknown>
[INFO] [stdout]    6:     0x5cda172efcf1 - <unknown>
[INFO] [stdout]    7:     0x5cda172efca9 - <unknown>
[INFO] [stdout]    8:     0x5cda172f01bc - <unknown>
[INFO] [stdout]    9:     0x5cda1728b93b - <unknown>
[INFO] [stdout]   10:     0x5cda1728f321 - <unknown>
[INFO] [stdout]   11:     0x5cda17271477 - <unknown>
[INFO] [stdout]   12:     0x5cda1730a65b - <unknown>
[INFO] [stdout]   13:     0x5cda17305c6f - <unknown>
[INFO] [stdout]   14:     0x5cda173056ec - <unknown>
[INFO] [stdout]   15:     0x5cda173225dc - <unknown>
[INFO] [stdout]   16:     0x5cda172f1622 - <unknown>
[INFO] [stdout]   17:     0x7776877b7dfa - <unknown>
[INFO] [stdout]   18:     0x77768784b3d4 - clone
[INFO] [stdout]   19:                0x0 - <unknown>
[INFO] [stdout] 
[INFO] [stdout] ---- formats::tng::tests::read_velocities stdout ----
[INFO] [stdout] Cannot open file ./src/tests-data/tng/1aki.tng. /opt/rustwide/cargo-home/registry/src/index.crates.io-1949cf8c6b5b557f/tng-rs-0.2.1/src/trajectory.rs:657
[INFO] [stdout] 
[INFO] [stdout] thread 'formats::tng::tests::read_velocities' (1977) panicked at /opt/rustwide/cargo-home/registry/src/index.crates.io-1949cf8c6b5b557f/tng-rs-0.2.1/src/trajectory.rs:659:17:
[INFO] [stdout] explicit panic
[INFO] [stdout] stack backtrace:
[INFO] [stdout]    0:     0x5cda172ca6d5 - <unknown>
[INFO] [stdout]    1:     0x5cda1728baaa - <unknown>
[INFO] [stdout]    2:     0x5cda172c9d6b - <unknown>
[INFO] [stdout]    3:     0x5cda172c984f - <unknown>
[INFO] [stdout]    4:     0x5cda172c947a - <unknown>
[INFO] [stdout]    5:     0x5cda172c8fb2 - <unknown>
[INFO] [stdout]    6:     0x5cda172efd22 - <unknown>
[INFO] [stdout]    7:     0x5cda172efca9 - <unknown>
[INFO] [stdout]    8:     0x5cda172f01bc - <unknown>
[INFO] [stdout]    9:     0x5cda1728b93b - <unknown>
[INFO] [stdout]   10:     0x5cda1728d931 - <unknown>
[INFO] [stdout]   11:     0x5cda17350e2d - <unknown>
[INFO] [stdout]   12:     0x5cda1720771d - <unknown>
[INFO] [stdout]   13:     0x5cda171dd7be - <unknown>
[INFO] [stdout]   14:     0x5cda1727a26f - <unknown>
[INFO] [stdout]   15:     0x5cda1730a65b - <unknown>
[INFO] [stdout]   16:     0x5cda17305c6f - <unknown>
[INFO] [stdout]   17:     0x5cda173056ec - <unknown>
[INFO] [stdout]   18:     0x5cda173225dc - <unknown>
[INFO] [stdout]   19:     0x5cda172f1622 - <unknown>
[INFO] [stdout]   20:     0x7776877b7dfa - <unknown>
[INFO] [stdout]   21:     0x77768784b3d4 - clone
[INFO] [stdout]   22:                0x0 - <unknown>
[INFO] [stdout] 
[INFO] [stdout] ---- formats::xyz::tests::check_nsteps stdout ----
[INFO] [stdout] 
[INFO] [stdout] thread 'formats::xyz::tests::check_nsteps' (1978) panicked at src/formats/xyz.rs:498:49:
[INFO] [stdout] called `Result::unwrap()` on an `Err` value: IoError(Os { code: 2, kind: NotFound, message: "No such file or directory" })
[INFO] [stdout] stack backtrace:
[INFO] [stdout]    0:     0x5cda172ca6d5 - <unknown>
[INFO] [stdout]    1:     0x5cda1728baaa - <unknown>
[INFO] [stdout]    2:     0x5cda172c9d6b - <unknown>
[INFO] [stdout]    3:     0x5cda172c984f - <unknown>
[INFO] [stdout]    4:     0x5cda172c947a - <unknown>
[INFO] [stdout]    5:     0x5cda172c8fb2 - <unknown>
[INFO] [stdout]    6:     0x5cda172efcf1 - <unknown>
[INFO] [stdout]    7:     0x5cda172efca9 - <unknown>
[INFO] [stdout]    8:     0x5cda172f01bc - <unknown>
[INFO] [stdout]    9:     0x5cda1728b93b - <unknown>
[INFO] [stdout]   10:     0x5cda1728f321 - <unknown>
[INFO] [stdout]   11:     0x5cda1727d907 - <unknown>
[INFO] [stdout]   12:     0x5cda1730a65b - <unknown>
[INFO] [stdout]   13:     0x5cda17305c6f - <unknown>
[INFO] [stdout]   14:     0x5cda173056ec - <unknown>
[INFO] [stdout]   15:     0x5cda173225dc - <unknown>
[INFO] [stdout]   16:     0x5cda172f1622 - <unknown>
[INFO] [stdout]   17:     0x7776877b7dfa - <unknown>
[INFO] [stdout]   18:     0x77768784b3d4 - clone
[INFO] [stdout]   19:                0x0 - <unknown>
[INFO] [stdout] 
[INFO] [stdout] ---- formats::xyz::tests::extended_xyz stdout ----
[INFO] [stdout] 
[INFO] [stdout] thread 'formats::xyz::tests::extended_xyz' (1979) panicked at src/formats/xyz.rs:517:53:
[INFO] [stdout] called `Result::unwrap()` on an `Err` value: IoError(Os { code: 2, kind: NotFound, message: "No such file or directory" })
[INFO] [stdout] stack backtrace:
[INFO] [stdout]    0:     0x5cda172ca6d5 - <unknown>
[INFO] [stdout]    1:     0x5cda1728baaa - <unknown>
[INFO] [stdout]    2:     0x5cda172c9d6b - <unknown>
[INFO] [stdout]    3:     0x5cda172c984f - <unknown>
[INFO] [stdout]    4:     0x5cda172c947a - <unknown>
[INFO] [stdout]    5:     0x5cda172c8fb2 - <unknown>
[INFO] [stdout]    6:     0x5cda172efcf1 - <unknown>
[INFO] [stdout]    7:     0x5cda172efca9 - <unknown>
[INFO] [stdout]    8:     0x5cda172f01bc - <unknown>
[INFO] [stdout]    9:     0x5cda1728b93b - <unknown>
[INFO] [stdout]   10:     0x5cda1728f321 - <unknown>
[INFO] [stdout]   11:     0x5cda1727f736 - <unknown>
[INFO] [stdout]   12:     0x5cda1730a65b - <unknown>
[INFO] [stdout]   13:     0x5cda17305c6f - <unknown>
[INFO] [stdout]   14:     0x5cda173056ec - <unknown>
[INFO] [stdout]   15:     0x5cda173225dc - <unknown>
[INFO] [stdout]   16:     0x5cda172f1622 - <unknown>
[INFO] [stdout]   17:     0x7776877b7dfa - <unknown>
[INFO] [stdout]   18:     0x77768784b3d4 - clone
[INFO] [stdout]   19:                0x0 - <unknown>
[INFO] [stdout] 
[INFO] [stdout] ---- formats::xyz::tests::read_bad_files2 stdout ----
[INFO] [stdout] 
[INFO] [stdout] thread 'formats::xyz::tests::read_bad_files2' (1982) panicked at src/formats/xyz.rs:662:9:
[INFO] [stdout] called `Result::unwrap()` on an `Err` value: IoError(Os { code: 2, kind: NotFound, message: "No such file or directory" })
[INFO] [stdout] stack backtrace:
[INFO] [stdout]    0:     0x5cda172ca6d5 - <unknown>
[INFO] [stdout]    1:     0x5cda1728baaa - <unknown>
[INFO] [stdout]    2:     0x5cda172c9d6b - <unknown>
[INFO] [stdout]    3:     0x5cda172c984f - <unknown>
[INFO] [stdout]    4:     0x5cda172c947a - <unknown>
[INFO] [stdout]    5:     0x5cda172c8fb2 - <unknown>
[INFO] [stdout]    6:     0x5cda172efcf1 - <unknown>
[INFO] [stdout]    7:     0x5cda172efca9 - <unknown>
[INFO] [stdout]    8:     0x5cda172f01bc - <unknown>
[INFO] [stdout]    9:     0x5cda1728b93b - <unknown>
[INFO] [stdout]   10:     0x5cda1728f321 - <unknown>
[INFO] [stdout]   11:     0x5cda1728113b - <unknown>
[INFO] [stdout]   12:     0x5cda1730a65b - <unknown>
[INFO] [stdout]   13:     0x5cda17305c6f - <unknown>
[INFO] [stdout]   14:     0x5cda173056ec - <unknown>
[INFO] [stdout]   15:     0x5cda173225dc - <unknown>
[INFO] [stdout]   16:     0x5cda172f1622 - <unknown>
[INFO] [stdout]   17:     0x7776877b7dfa - <unknown>
[INFO] [stdout]   18:     0x77768784b3d4 - clone
[INFO] [stdout]   19:                0x0 - <unknown>
[INFO] [stdout] note: panic did not contain expected string
[INFO] [stdout]       panic message: "called `Result::unwrap()` on an `Err` value: IoError(Os { code: 2, kind: NotFound, message: \"No such file or directory\" })"
[INFO] [stdout]  expected substring: "MissingToken"
[INFO] [stdout] ---- formats::xyz::tests::read_bad_files8 stdout ----
[INFO] [stdout] 
[INFO] [stdout] thread 'formats::xyz::tests::read_bad_files8' (1988) panicked at src/formats/xyz.rs:692:9:
[INFO] [stdout] called `Result::unwrap()` on an `Err` value: IoError(Os { code: 2, kind: NotFound, message: "No such file or directory" })
[INFO] [stdout] stack backtrace:
[INFO] [stdout]    0:     0x5cda172ca6d5 - <unknown>
[INFO] [stdout]    1:     0x5cda1728baaa - <unknown>
[INFO] [stdout]    2:     0x5cda172c9d6b - <unknown>
[INFO] [stdout]    3:     0x5cda172c984f - <unknown>
[INFO] [stdout]    4:     0x5cda172c947a - <unknown>
[INFO] [stdout]    5:     0x5cda172c8fb2 - <unknown>
[INFO] [stdout]    6:     0x5cda172efcf1 - <unknown>
[INFO] [stdout]    7:     0x5cda172efca9 - <unknown>
[INFO] [stdout]    8:     0x5cda172f01bc - <unknown>
[INFO] [stdout]    9:     0x5cda1728b93b - <unknown>
[INFO] [stdout]   10:     0x5cda1728f321 - <unknown>
[INFO] [stdout]   11:     0x5cda172821bb - <unknown>
[INFO] [stdout]   12:     0x5cda1730a65b - <unknown>
[INFO] [stdout]   13:     0x5cda17305c6f - <unknown>
[INFO] [stdout]   14:     0x5cda173056ec - <unknown>
[INFO] [stdout]   15:     0x5cda173225dc - <unknown>
[INFO] [stdout]   16:     0x5cda172f1622 - <unknown>
[INFO] [stdout]   17:     0x7776877b7dfa - <unknown>
[INFO] [stdout]   18:     0x77768784b3d4 - clone
[INFO] [stdout]   19:                0x0 - <unknown>
[INFO] [stdout] note: panic did not contain expected string
[INFO] [stdout]       panic message: "called `Result::unwrap()` on an `Err` value: IoError(Os { code: 2, kind: NotFound, message: \"No such file or directory\" })"
[INFO] [stdout]  expected substring: "MissingToken"
[INFO] [stdout] ---- formats::xyz::tests::read_whole_file stdout ----
[INFO] [stdout] 
[INFO] [stdout] thread 'formats::xyz::tests::read_whole_file' (1989) panicked at src/formats/xyz.rs:610:53:
[INFO] [stdout] called `Result::unwrap()` on an `Err` value: IoError(Os { code: 2, kind: NotFound, message: "No such file or directory" })
[INFO] [stdout] stack backtrace:
[INFO] [stdout]    0:     0x5cda172ca6d5 - <unknown>
[INFO] [stdout]    1:     0x5cda1728baaa - <unknown>
[INFO] [stdout]    2:     0x5cda172c9d6b - <unknown>
[INFO] [stdout]    3:     0x5cda172c984f - <unknown>
[INFO] [stdout]    4:     0x5cda172c947a - <unknown>
[INFO] [stdout]    5:     0x5cda172c8fb2 - <unknown>
[INFO] [stdout]    6:     0x5cda172efcf1 - <unknown>
[INFO] [stdout]    7:     0x5cda172efca9 - <unknown>
[INFO] [stdout]    8:     0x5cda172f01bc - <unknown>
[INFO] [stdout]    9:     0x5cda1728b93b - <unknown>
[INFO] [stdout]   10:     0x5cda1728f321 - <unknown>
[INFO] [stdout]   11:     0x5cda1728277c - <unknown>
[INFO] [stdout]   12:     0x5cda1730a65b - <unknown>
[INFO] [stdout]   13:     0x5cda17305c6f - <unknown>
[INFO] [stdout]   14:     0x5cda173056ec - <unknown>
[INFO] [stdout]   15:     0x5cda173225dc - <unknown>
[INFO] [stdout]   16:     0x5cda172f1622 - <unknown>
[INFO] [stdout]   17:     0x7776877b7dfa - <unknown>
[INFO] [stdout]   18:     0x77768784b3d4 - clone
[INFO] [stdout]   19:                0x0 - <unknown>
[INFO] [stdout] 
[INFO] [stdout] ---- formats::xyz::tests::read_bad_files3 stdout ----
[INFO] [stdout] 
[INFO] [stdout] thread 'formats::xyz::tests::read_bad_files3' (1983) panicked at src/formats/xyz.rs:667:9:
[INFO] [stdout] called `Result::unwrap()` on an `Err` value: IoError(Os { code: 2, kind: NotFound, message: "No such file or directory" })
[INFO] [stdout] stack backtrace:
[INFO] [stdout]    0:     0x5cda172ca6d5 - <unknown>
[INFO] [stdout]    1:     0x5cda1728baaa - <unknown>
[INFO] [stdout]    2:     0x5cda172c9d6b - <unknown>
[INFO] [stdout]    3:     0x5cda172c984f - <unknown>
[INFO] [stdout]    4:     0x5cda172c947a - <unknown>
[INFO] [stdout]    5:     0x5cda172c8fb2 - <unknown>
[INFO] [stdout]    6:     0x5cda172efcf1 - <unknown>
[INFO] [stdout]    7:     0x5cda172efca9 - <unknown>
[INFO] [stdout]    8:     0x5cda172f01bc - <unknown>
[INFO] [stdout]    9:     0x5cda1728b93b - <unknown>
[INFO] [stdout]   10:     0x5cda1728f321 - <unknown>
[INFO] [stdout]   11:     0x5cda172813fb - <unknown>
[INFO] [stdout]   12:     0x5cda1730a65b - <unknown>
[INFO] [stdout]   13:     0x5cda17305c6f - <unknown>
[INFO] [stdout]   14:     0x5cda173056ec - <unknown>
[INFO] [stdout]   15:     0x5cda173225dc - <unknown>
[INFO] [stdout]   16:     0x5cda172f1622 - <unknown>
[INFO] [stdout]   17:     0x7776877b7dfa - <unknown>
[INFO] [stdout]   18:     0x77768784b3d4 - clone
[INFO] [stdout]   19:                0x0 - <unknown>
[INFO] [stdout] note: panic did not contain expected string
[INFO] [stdout]       panic message: "called `Result::unwrap()` on an `Err` value: IoError(Os { code: 2, kind: NotFound, message: \"No such file or directory\" })"
[INFO] [stdout]  expected substring: "Failed to parse number"
[INFO] [stdout] ---- formats::xyz::tests::read_bad_files1 stdout ----
[INFO] [stdout] 
[INFO] [stdout] thread 'formats::xyz::tests::read_bad_files1' (1981) panicked at src/formats/xyz.rs:657:9:
[INFO] [stdout] called `Result::unwrap()` on an `Err` value: IoError(Os { code: 2, kind: NotFound, message: "No such file or directory" })
[INFO] [stdout] stack backtrace:
[INFO] [stdout]    0:     0x5cda172ca6d5 - <unknown>
[INFO] [stdout]    1:     0x5cda1728baaa - <unknown>
[INFO] [stdout]    2:     0x5cda172c9d6b - <unknown>
[INFO] [stdout]    3:     0x5cda172c984f - <unknown>
[INFO] [stdout]    4:     0x5cda172c947a - <unknown>
[INFO] [stdout]    5:     0x5cda172c8fb2 - <unknown>
[INFO] [stdout]    6:     0x5cda172efcf1 - <unknown>
[INFO] [stdout]    7:     0x5cda172efca9 - <unknown>
[INFO] [stdout]    8:     0x5cda172f01bc - <unknown>
[INFO] [stdout]    9:     0x5cda1728b93b - <unknown>
[INFO] [stdout]   10:     0x5cda1728f321 - <unknown>
[INFO] [stdout]   11:     0x5cda17280e7b - <unknown>
[INFO] [stdout]   12:     0x5cda1730a65b - <unknown>
[INFO] [stdout]   13:     0x5cda17305c6f - <unknown>
[INFO] [stdout]   14:     0x5cda173056ec - <unknown>
[INFO] [stdout]   15:     0x5cda173225dc - <unknown>
[INFO] [stdout]   16:     0x5cda172f1622 - <unknown>
[INFO] [stdout]   17:     0x7776877b7dfa - <unknown>
[INFO] [stdout]   18:     0x77768784b3d4 - clone
[INFO] [stdout]   19:                0x0 - <unknown>
[INFO] [stdout] note: panic did not contain expected string
[INFO] [stdout]       panic message: "called `Result::unwrap()` on an `Err` value: IoError(Os { code: 2, kind: NotFound, message: \"No such file or directory\" })"
[INFO] [stdout]  expected substring: "Failed to parse number"
[INFO] [stdout] ---- formats::xyz::tests::read_bad_files0 stdout ----
[INFO] [stdout] 
[INFO] [stdout] thread 'formats::xyz::tests::read_bad_files0' (1980) panicked at src/formats/xyz.rs:652:9:
[INFO] [stdout] called `Result::unwrap()` on an `Err` value: IoError(Os { code: 2, kind: NotFound, message: "No such file or directory" })
[INFO] [stdout] stack backtrace:
[INFO] [stdout]    0:     0x5cda172ca6d5 - <unknown>
[INFO] [stdout]    1:     0x5cda1728baaa - <unknown>
[INFO] [stdout]    2:     0x5cda172c9d6b - <unknown>
[INFO] [stdout]    3:     0x5cda172c984f - <unknown>
[INFO] [stdout]    4:     0x5cda172c947a - <unknown>
[INFO] [stdout]    5:     0x5cda172c8fb2 - <unknown>
[INFO] [stdout]    6:     0x5cda172efcf1 - <unknown>
[INFO] [stdout]    7:     0x5cda172efca9 - <unknown>
[INFO] [stdout]    8:     0x5cda172f01bc - <unknown>
[INFO] [stdout]    9:     0x5cda1728b93b - <unknown>
[INFO] [stdout]   10:     0x5cda1728f321 - <unknown>
[INFO] [stdout]   11:     0x5cda17280bc8 - <unknown>
[INFO] [stdout]   12:     0x5cda1730a65b - <unknown>
[INFO] [stdout]   13:     0x5cda17305c6f - <unknown>
[INFO] [stdout]   14:     0x5cda173056ec - <unknown>
[INFO] [stdout]   15:     0x5cda173225dc - <unknown>
[INFO] [stdout]   16:     0x5cda172f1622 - <unknown>
[INFO] [stdout]   17:     0x7776877b7dfa - <unknown>
[INFO] [stdout]   18:     0x77768784b3d4 - clone
[INFO] [stdout]   19:                0x0 - <unknown>
[INFO] [stdout] note: panic did not contain expected string
[INFO] [stdout]       panic message: "called `Result::unwrap()` on an `Err` value: IoError(Os { code: 2, kind: NotFound, message: \"No such file or directory\" })"
[INFO] [stdout]  expected substring: "MissingToken"
[INFO] [stdout] ---- formats::xyz::tests::read_bad_files5 stdout ----
[INFO] [stdout] 
[INFO] [stdout] thread 'formats::xyz::tests::read_bad_files5' (1985) panicked at src/formats/xyz.rs:677:9:
[INFO] [stdout] called `Result::unwrap()` on an `Err` value: IoError(Os { code: 2, kind: NotFound, message: "No such file or directory" })
[INFO] [stdout] stack backtrace:
[INFO] [stdout]    0:     0x5cda172ca6d5 - <unknown>
[INFO] [stdout]    1:     0x5cda1728baaa - <unknown>
[INFO] [stdout]    2:     0x5cda172c9d6b - <unknown>
[INFO] [stdout]    3:     0x5cda172c984f - <unknown>
[INFO] [stdout]    4:     0x5cda172c947a - <unknown>
[INFO] [stdout]    5:     0x5cda172c8fb2 - <unknown>
[INFO] [stdout]    6:     0x5cda172efcf1 - <unknown>
[INFO] [stdout]    7:     0x5cda172efca9 - <unknown>
[INFO] [stdout]    8:     0x5cda172f01bc - <unknown>
[INFO] [stdout]    9:     0x5cda1728b93b - <unknown>
[INFO] [stdout]   10:     0x5cda1728f321 - <unknown>
[INFO] [stdout]   11:     0x5cda1728197b - <unknown>
[INFO] [stdout]   12:     0x5cda1730a65b - <unknown>
[INFO] [stdout]   13:     0x5cda17305c6f - <unknown>
[INFO] [stdout]   14:     0x5cda173056ec - <unknown>
[INFO] [stdout]   15:     0x5cda173225dc - <unknown>
[INFO] [stdout]   16:     0x5cda172f1622 - <unknown>
[INFO] [stdout]   17:     0x7776877b7dfa - <unknown>
[INFO] [stdout]   18:     0x77768784b3d4 - clone
[INFO] [stdout]   19:                0x0 - <unknown>
[INFO] [stdout] note: panic did not contain expected string
[INFO] [stdout]       panic message: "called `Result::unwrap()` on an `Err` value: IoError(Os { code: 2, kind: NotFound, message: \"No such file or directory\" })"
[INFO] [stdout]  expected substring: "Failed to parse z component"
[INFO] [stdout] ---- formats::xyz::tests::read_bad_files7 stdout ----
[INFO] [stdout] 
[INFO] [stdout] thread 'formats::xyz::tests::read_bad_files7' (1987) panicked at src/formats/xyz.rs:687:9:
[INFO] [stdout] called `Result::unwrap()` on an `Err` value: IoError(Os { code: 2, kind: NotFound, message: "No such file or directory" })
[INFO] [stdout] stack backtrace:
[INFO] [stdout]    0:     0x5cda172ca6d5 - <unknown>
[INFO] [stdout]    1:     0x5cda1728baaa - <unknown>
[INFO] [stdout]    2:     0x5cda172c9d6b - <unknown>
[INFO] [stdout]    3:     0x5cda172c984f - <unknown>
[INFO] [stdout]    4:     0x5cda172c947a - <unknown>
[INFO] [stdout]    5:     0x5cda172c8fb2 - <unknown>
[INFO] [stdout]    6:     0x5cda172efcf1 - <unknown>
[INFO] [stdout]    7:     0x5cda172efca9 - <unknown>
[INFO] [stdout]    8:     0x5cda172f01bc - <unknown>
[INFO] [stdout]    9:     0x5cda1728b93b - <unknown>
[INFO] [stdout]   10:     0x5cda1728f321 - <unknown>
[INFO] [stdout]   11:     0x5cda17281efb - <unknown>
[INFO] [stdout]   12:     0x5cda1730a65b - <unknown>
[INFO] [stdout]   13:     0x5cda17305c6f - <unknown>
[INFO] [stdout]   14:     0x5cda173056ec - <unknown>
[INFO] [stdout]   15:     0x5cda173225dc - <unknown>
[INFO] [stdout]   16:     0x5cda172f1622 - <unknown>
[INFO] [stdout]   17:     0x7776877b7dfa - <unknown>
[INFO] [stdout]   18:     0x77768784b3d4 - clone
[INFO] [stdout]   19:                0x0 - <unknown>
[INFO] [stdout] note: panic did not contain expected string
[INFO] [stdout]       panic message: "called `Result::unwrap()` on an `Err` value: IoError(Os { code: 2, kind: NotFound, message: \"No such file or directory\" })"
[INFO] [stdout]  expected substring: "Invalid boolean value: ok"
[INFO] [stdout] ---- formats::xyz::tests::various_files_formatting stdout ----
[INFO] [stdout] 
[INFO] [stdout] thread 'formats::xyz::tests::various_files_formatting' (1992) panicked at src/formats/xyz.rs:629:53:
[INFO] [stdout] called `Result::unwrap()` on an `Err` value: IoError(Os { code: 2, kind: NotFound, message: "No such file or directory" })
[INFO] [stdout] stack backtrace:
[INFO] [stdout]    0:     0x5cda172ca6d5 - <unknown>
[INFO] [stdout]    1:     0x5cda1728baaa - <unknown>
[INFO] [stdout]    2:     0x5cda172c9d6b - <unknown>
[INFO] [stdout]    3:     0x5cda172c984f - <unknown>
[INFO] [stdout]    4:     0x5cda172c947a - <unknown>
[INFO] [stdout]    5:     0x5cda172c8fb2 - <unknown>
[INFO] [stdout]    6:     0x5cda172efcf1 - <unknown>
[INFO] [stdout]    7:     0x5cda172efca9 - <unknown>
[INFO] [stdout]    8:     0x5cda172f01bc - <unknown>
[INFO] [stdout]    9:     0x5cda1728b93b - <unknown>
[INFO] [stdout]   10:     0x5cda1728f321 - <unknown>
[INFO] [stdout]   11:     0x5cda17282c0b - <unknown>
[INFO] [stdout]   12:     0x5cda1730a65b - <unknown>
[INFO] [stdout]   13:     0x5cda17305c6f - <unknown>
[INFO] [stdout]   14:     0x5cda173056ec - <unknown>
[INFO] [stdout]   15:     0x5cda173225dc - <unknown>
[INFO] [stdout]   16:     0x5cda172f1622 - <unknown>
[INFO] [stdout]   17:     0x7776877b7dfa - <unknown>
[INFO] [stdout]   18:     0x77768784b3d4 - clone
[INFO] [stdout]   19:                0x0 - <unknown>
[INFO] [stdout] 
[INFO] [stdout] ---- formats::xyz::tests::read_bad_files4 stdout ----
[INFO] [stdout] 
[INFO] [stdout] thread 'formats::xyz::tests::read_bad_files4' (1984) panicked at src/formats/xyz.rs:672:9:
[INFO] [stdout] called `Result::unwrap()` on an `Err` value: IoError(Os { code: 2, kind: NotFound, message: "No such file or directory" })
[INFO] [stdout] stack backtrace:
[INFO] [stdout]    0:     0x5cda172ca6d5 - <unknown>
[INFO] [stdout]    1:     0x5cda1728baaa - <unknown>
[INFO] [stdout]    2:     0x5cda172c9d6b - <unknown>
[INFO] [stdout]    3:     0x5cda172c984f - <unknown>
[INFO] [stdout]    4:     0x5cda172c947a - <unknown>
[INFO] [stdout]    5:     0x5cda172c8fb2 - <unknown>
[INFO] [stdout]    6:     0x5cda172efcf1 - <unknown>
[INFO] [stdout]    7:     0x5cda172efca9 - <unknown>
[INFO] [stdout]    8:     0x5cda172f01bc - <unknown>
[INFO] [stdout]    9:     0x5cda1728b93b - <unknown>
[INFO] [stdout]   10:     0x5cda1728f321 - <unknown>
[INFO] [stdout]   11:     0x5cda172816bb - <unknown>
[INFO] [stdout]   12:     0x5cda1730a65b - <unknown>
[INFO] [stdout]   13:     0x5cda17305c6f - <unknown>
[INFO] [stdout]   14:     0x5cda173056ec - <unknown>
[INFO] [stdout]   15:     0x5cda173225dc - <unknown>
[INFO] [stdout]   16:     0x5cda172f1622 - <unknown>
[INFO] [stdout]   17:     0x7776877b7dfa - <unknown>
[INFO] [stdout]   18:     0x77768784b3d4 - clone
[INFO] [stdout]   19:                0x0 - <unknown>
[INFO] [stdout] note: panic did not contain expected string
[INFO] [stdout]       panic message: "called `Result::unwrap()` on an `Err` value: IoError(Os { code: 2, kind: NotFound, message: \"No such file or directory\" })"
[INFO] [stdout]  expected substring: "MissingToken"
[INFO] [stdout] ---- formats::xyz::tests::read_bad_files6 stdout ----
[INFO] [stdout] 
[INFO] [stdout] thread 'formats::xyz::tests::read_bad_files6' (1986) panicked at src/formats/xyz.rs:682:9:
[INFO] [stdout] called `Result::unwrap()` on an `Err` value: IoError(Os { code: 2, kind: NotFound, message: "No such file or directory" })
[INFO] [stdout] stack backtrace:
[INFO] [stdout]    0:     0x5cda172ca6d5 - <unknown>
[INFO] [stdout]    1:     0x5cda1728baaa - <unknown>
[INFO] [stdout]    2:     0x5cda172c9d6b - <unknown>
[INFO] [stdout]    3:     0x5cda172c984f - <unknown>
[INFO] [stdout]    4:     0x5cda172c947a - <unknown>
[INFO] [stdout]    5:     0x5cda172c8fb2 - <unknown>
[INFO] [stdout]    6:     0x5cda172efcf1 - <unknown>
[INFO] [stdout]    7:     0x5cda172efca9 - <unknown>
[INFO] [stdout]    8:     0x5cda172f01bc - <unknown>
[INFO] [stdout]    9:     0x5cda1728b93b - <unknown>
[INFO] [stdout]   10:     0x5cda1728f321 - <unknown>
[INFO] [stdout]   11:     0x5cda17281c3b - <unknown>
[INFO] [stdout]   12:     0x5cda1730a65b - <unknown>
[INFO] [stdout]   13:     0x5cda17305c6f - <unknown>
[INFO] [stdout]   14:     0x5cda173056ec - <unknown>
[INFO] [stdout]   15:     0x5cda173225dc - <unknown>
[INFO] [stdout]   16:     0x5cda172f1622 - <unknown>
[INFO] [stdout]   17:     0x7776877b7dfa - <unknown>
[INFO] [stdout]   18:     0x77768784b3d4 - clone
[INFO] [stdout]   19:                0x0 - <unknown>
[INFO] [stdout] note: panic did not contain expected string
[INFO] [stdout]       panic message: "called `Result::unwrap()` on an `Err` value: IoError(Os { code: 2, kind: NotFound, message: \"No such file or directory\" })"
[INFO] [stdout]  expected substring: "MissingToken"
[INFO] [stdout] ---- trajectory::tests::test_read_frame stdout ----
[INFO] [stdout] 
[INFO] [stdout] thread 'trajectory::tests::test_read_frame' (2031) panicked at src/trajectory.rs:259:50:
[INFO] [stdout] called `Result::unwrap()` on an `Err` value: IoError(Os { code: 2, kind: NotFound, message: "No such file or directory" })
[INFO] [stdout] stack backtrace:
[INFO] [stdout]    0:     0x5cda172ca6d5 - <unknown>
[INFO] [stdout]    1:     0x5cda1728baaa - <unknown>
[INFO] [stdout]    2:     0x5cda172c9d6b - <unknown>
[INFO] [stdout]    3:     0x5cda172c984f - <unknown>
[INFO] [stdout]    4:     0x5cda172c947a - <unknown>
[INFO] [stdout]    5:     0x5cda172c8fb2 - <unknown>
[INFO] [stdout]    6:     0x5cda172efcf1 - <unknown>
[INFO] [stdout]    7:     0x5cda172efca9 - <unknown>
[INFO] [stdout]    8:     0x5cda172f01bc - <unknown>
[INFO] [stdout]    9:     0x5cda1728b93b - <unknown>
[INFO] [stdout]   10:     0x5cda1728f321 - <unknown>
[INFO] [stdout]   11:     0x5cda17250ea8 - <unknown>
[INFO] [stdout]   12:     0x5cda1730a65b - <unknown>
[INFO] [stdout]   13:     0x5cda17305c6f - <unknown>
[INFO] [stdout]   14:     0x5cda173056ec - <unknown>
[INFO] [stdout]   15:     0x5cda173225dc - <unknown>
[INFO] [stdout]   16:     0x5cda172f1622 - <unknown>
[INFO] [stdout]   17:     0x7776877b7dfa - <unknown>
[INFO] [stdout]   18:     0x77768784b3d4 - clone
[INFO] [stdout]   19:                0x0 - <unknown>
[INFO] [stdout] 
[INFO] [stdout] ---- trajectory::tests::test_trajectory_open stdout ----
[INFO] [stdout] 
[INFO] [stdout] thread 'trajectory::tests::test_trajectory_open' (2032) panicked at src/trajectory.rs:245:46:
[INFO] [stdout] called `Result::unwrap()` on an `Err` value: IoError(Os { code: 2, kind: NotFound, message: "No such file or directory" })
[INFO] [stdout] stack backtrace:
[INFO] [stdout]    0:     0x5cda172ca6d5 - <unknown>
[INFO] [stdout]    1:     0x5cda1728baaa - <unknown>
[INFO] [stdout]    2:     0x5cda172c9d6b - <unknown>
[INFO] [stdout]    3:     0x5cda172c984f - <unknown>
[INFO] [stdout]    4:     0x5cda172c947a - <unknown>
[INFO] [stdout]    5:     0x5cda172c8fb2 - <unknown>
[INFO] [stdout]    6:     0x5cda172efcf1 - <unknown>
[INFO] [stdout]    7:     0x5cda172efca9 - <unknown>
[INFO] [stdout]    8:     0x5cda172f01bc - <unknown>
[INFO] [stdout]    9:     0x5cda1728b93b - <unknown>
[INFO] [stdout]   10:     0x5cda1728f321 - <unknown>
[INFO] [stdout]   11:     0x5cda1725118a - <unknown>
[INFO] [stdout]   12:     0x5cda1730a65b - <unknown>
[INFO] [stdout]   13:     0x5cda17305c6f - <unknown>
[INFO] [stdout]   14:     0x5cda173056ec - <unknown>
[INFO] [stdout]   15:     0x5cda173225dc - <unknown>
[INFO] [stdout]   16:     0x5cda172f1622 - <unknown>
[INFO] [stdout]   17:     0x7776877b7dfa - <unknown>
[INFO] [stdout]   18:     0x77768784b3d4 - clone
[INFO] [stdout]   19:                0x0 - <unknown>
[INFO] [stdout] 
[INFO] [stdout] ---- trajectory::tests::test_invalid_frame_index stdout ----
[INFO] [stdout] 
[INFO] [stdout] thread 'trajectory::tests::test_invalid_frame_index' (2029) panicked at src/trajectory.rs:275:46:
[INFO] [stdout] called `Result::unwrap()` on an `Err` value: IoError(Os { code: 2, kind: NotFound, message: "No such file or directory" })
[INFO] [stdout] stack backtrace:
[INFO] [stdout]    0:     0x5cda172ca6d5 - <unknown>
[INFO] [stdout]    1:     0x5cda1728baaa - <unknown>
[INFO] [stdout]    2:     0x5cda172c9d6b - <unknown>
[INFO] [stdout]    3:     0x5cda172c984f - <unknown>
[INFO] [stdout]    4:     0x5cda172c947a - <unknown>
[INFO] [stdout]    5:     0x5cda172c8fb2 - <unknown>
[INFO] [stdout]    6:     0x5cda172efcf1 - <unknown>
[INFO] [stdout]    7:     0x5cda172efca9 - <unknown>
[INFO] [stdout]    8:     0x5cda172f01bc - <unknown>
[INFO] [stdout]    9:     0x5cda1728b93b - <unknown>
[INFO] [stdout]   10:     0x5cda1728f321 - <unknown>
[INFO] [stdout]   11:     0x5cda1725130a - <unknown>
[INFO] [stdout]   12:     0x5cda1730a65b - <unknown>
[INFO] [stdout]   13:     0x5cda17305c6f - <unknown>
[INFO] [stdout]   14:     0x5cda173056ec - <unknown>
[INFO] [stdout]   15:     0x5cda173225dc - <unknown>
[INFO] [stdout]   16:     0x5cda172f1622 - <unknown>
[INFO] [stdout]   17:     0x7776877b7dfa - <unknown>
[INFO] [stdout]   18:     0x77768784b3d4 - clone
[INFO] [stdout]   19:                0x0 - <unknown>
[INFO] [stdout] 
[INFO] [stdout] ---- trajectory::tests::test_read_at stdout ----
[INFO] [stdout] 
[INFO] [stdout] thread 'trajectory::tests::test_read_at' (2030) panicked at src/trajectory.rs:282:50:
[INFO] [stdout] called `Result::unwrap()` on an `Err` value: IoError(Os { code: 2, kind: NotFound, message: "No such file or directory" })
[INFO] [stdout] stack backtrace:
[INFO] [stdout]    0:     0x5cda172ca6d5 - <unknown>
[INFO] [stdout]    1:     0x5cda1728baaa - <unknown>
[INFO] [stdout]    2:     0x5cda172c9d6b - <unknown>
[INFO] [stdout]    3:     0x5cda172c984f - <unknown>
[INFO] [stdout]    4:     0x5cda172c947a - <unknown>
[INFO] [stdout]    5:     0x5cda172c8fb2 - <unknown>
[INFO] [stdout]    6:     0x5cda172efcf1 - <unknown>
[INFO] [stdout]    7:     0x5cda172efca9 - <unknown>
[INFO] [stdout]    8:     0x5cda172f01bc - <unknown>
[INFO] [stdout]    9:     0x5cda1728b93b - <unknown>
[INFO] [stdout]   10:     0x5cda1728f321 - <unknown>
[INFO] [stdout]   11:     0x5cda172508a6 - <unknown>
[INFO] [stdout]   12:     0x5cda1730a65b - <unknown>
[INFO] [stdout]   13:     0x5cda17305c6f - <unknown>
[INFO] [stdout]   14:     0x5cda173056ec - <unknown>
[INFO] [stdout]   15:     0x5cda173225dc - <unknown>
[INFO] [stdout]   16:     0x5cda172f1622 - <unknown>
[INFO] [stdout]   17:     0x7776877b7dfa - <unknown>
[INFO] [stdout]   18:     0x77768784b3d4 - clone
[INFO] [stdout]   19:                0x0 - <unknown>
[INFO] [stdout] 
[INFO] [stdout] ---- trajectory::tests::test_trajectory_with_format stdout ----
[INFO] [stdout] 
[INFO] [stdout] thread 'trajectory::tests::test_trajectory_with_format' (2033) panicked at src/trajectory.rs:252:75:
[INFO] [stdout] called `Result::unwrap()` on an `Err` value: IoError(Os { code: 2, kind: NotFound, message: "No such file or directory" })
[INFO] [stdout] stack backtrace:
[INFO] [stdout]    0:     0x5cda172ca6d5 - <unknown>
[INFO] [stdout]    1:     0x5cda1728baaa - <unknown>
[INFO] [stdout]    2:     0x5cda172c9d6b - <unknown>
[INFO] [stdout]    3:     0x5cda172c984f - <unknown>
[INFO] [stdout]    4:     0x5cda172c947a - <unknown>
[INFO] [stdout]    5:     0x5cda172c8fb2 - <unknown>
[INFO] [stdout]    6:     0x5cda172efcf1 - <unknown>
[INFO] [stdout]    7:     0x5cda172efca9 - <unknown>
[INFO] [stdout]    8:     0x5cda172f01bc - <unknown>
[INFO] [stdout]    9:     0x5cda1728b93b - <unknown>
[INFO] [stdout]   10:     0x5cda1728f321 - <unknown>
[INFO] [stdout]   11:     0x5cda17251487 - <unknown>
[INFO] [stdout]   12:     0x5cda1730a65b - <unknown>
[INFO] [stdout]   13:     0x5cda17305c6f - <unknown>
[INFO] [stdout]   14:     0x5cda173056ec - <unknown>
[INFO] [stdout]   15:     0x5cda173225dc - <unknown>
[INFO] [stdout]   16:     0x5cda172f1622 - <unknown>
[INFO] [stdout]   17:     0x7776877b7dfa - <unknown>
[INFO] [stdout]   18:     0x77768784b3d4 - clone
[INFO] [stdout]   19:                0x0 - <unknown>
[INFO] [stdout] 
[INFO] [stdout] 
[INFO] [stdout] failures:
[INFO] [stdout]     formats::amber::tests::no_cell
[INFO] [stdout]     formats::amber::tests::read_files_in_netcdf_format
[INFO] [stdout]     formats::amber::tests::read_more_than_one_frame
[INFO] [stdout]     formats::amber::tests::read_topology
[INFO] [stdout]     formats::amber::tests::read_topology_no_atomic_number
[INFO] [stdout]     formats::amber::tests::rst_water
[INFO] [stdout]     formats::amber::tests::scale_factor
[INFO] [stdout]     formats::pdb::tests::atom_id_starts_at_0
[INFO] [stdout]     formats::pdb::tests::bug_in_1avg
[INFO] [stdout]     formats::pdb::tests::bug_in_1htq
[INFO] [stdout]     formats::pdb::tests::check_nsteps
[INFO] [stdout]     formats::pdb::tests::file_by_ase
[INFO] [stdout]     formats::pdb::tests::file_generated_by_crystal_maker
[INFO] [stdout]     formats::pdb::tests::handle_multiple_ter_records
[INFO] [stdout]     formats::pdb::tests::multiple_end_records
[INFO] [stdout]     formats::pdb::tests::multiple_model_without_end
[INFO] [stdout]     formats::pdb::tests::multiple_residues_with_the_same_id
[INFO] [stdout]     formats::pdb::tests::odd_pdb_numbering
[INFO] [stdout]     formats::pdb::tests::read_atom_hetatm_information
[INFO] [stdout]     formats::pdb::tests::read_atomic_insertion_codes
[INFO] [stdout]     formats::pdb::tests::read_bonds
[INFO] [stdout]     formats::pdb::tests::read_nucleic_residues
[INFO] [stdout]     formats::pdb::tests::read_protein_residues
[INFO] [stdout]     formats::pdb::tests::read_residue_information
[INFO] [stdout]     formats::pdb::tests::sanity_check
[INFO] [stdout]     formats::pdb::tests::secondary_structure_with_insertion_code_test
[INFO] [stdout]     formats::pdb::tests::short_atom_record
[INFO] [stdout]     formats::pdb::tests::short_cryst1_record
[INFO] [stdout]     formats::sdf::tests::bad_counts_line
[INFO] [stdout]     formats::sdf::tests::check_nsteps_aspirin
[INFO] [stdout]     formats::sdf::tests::check_nsteps_kinases
[INFO] [stdout]     formats::sdf::tests::count_line_too_short
[INFO] [stdout]     formats::sdf::tests::read_charges
[INFO] [stdout]     formats::sdf::tests::read_next_step
[INFO] [stdout]     formats::sdf::tests::read_specific_step
[INFO] [stdout]     formats::sdf::tests::read_various_file_properties
[INFO] [stdout]     formats::sdf::tests::read_whole_file
[INFO] [stdout]     formats::sdf::tests::too_small_atom_line
[INFO] [stdout]     formats::smi::tests::bad_element
[INFO] [stdout]     formats::smi::tests::bad_paren
[INFO] [stdout]     formats::smi::tests::bad_percentage
[INFO] [stdout]     formats::smi::tests::bad_ring
[INFO] [stdout]     formats::smi::tests::bad_symbol
[INFO] [stdout]     formats::smi::tests::check_nsteps
[INFO] [stdout]     formats::smi::tests::check_nsteps_with_newlines
[INFO] [stdout]     formats::smi::tests::check_parsing_results
[INFO] [stdout]     formats::smi::tests::chirality
[INFO] [stdout]     formats::smi::tests::issue_303
[INFO] [stdout]     formats::smi::tests::misplaced_property
[INFO] [stdout]     formats::smi::tests::other_tests
[INFO] [stdout]     formats::smi::tests::rdkit_problems
[INFO] [stdout]     formats::smi::tests::read_entire_file
[INFO] [stdout]     formats::smi::tests::read_next_frame
[INFO] [stdout]     formats::smi::tests::read_specific_step
[INFO] [stdout]     formats::smi::tests::read_specific_step_with_whitespace
[INFO] [stdout]     formats::smi::tests::ugly_smiles_strings
[INFO] [stdout]     formats::tng::tests::non_consecutive_frame_indices
[INFO] [stdout]     formats::tng::tests::read_cell
[INFO] [stdout]     formats::tng::tests::read_files
[INFO] [stdout]     formats::tng::tests::read_topology
[INFO] [stdout]     formats::tng::tests::read_triclinic_cell
[INFO] [stdout]     formats::tng::tests::read_velocities
[INFO] [stdout]     formats::xyz::tests::check_nsteps
[INFO] [stdout]     formats::xyz::tests::extended_xyz
[INFO] [stdout]     formats::xyz::tests::read_bad_files0
[INFO] [stdout]     formats::xyz::tests::read_bad_files1
[INFO] [stdout]     formats::xyz::tests::read_bad_files2
[INFO] [stdout]     formats::xyz::tests::read_bad_files3
[INFO] [stdout]     formats::xyz::tests::read_bad_files4
[INFO] [stdout]     formats::xyz::tests::read_bad_files5
[INFO] [stdout]     formats::xyz::tests::read_bad_files6
[INFO] [stdout]     formats::xyz::tests::read_bad_files7
[INFO] [stdout]     formats::xyz::tests::read_bad_files8
[INFO] [stdout]     formats::xyz::tests::read_whole_file
[INFO] [stdout]     formats::xyz::tests::various_files_formatting
[INFO] [stdout]     trajectory::tests::test_invalid_frame_index
[INFO] [stdout]     trajectory::tests::test_read_at
[INFO] [stdout]     trajectory::tests::test_read_frame
[INFO] [stdout]     trajectory::tests::test_trajectory_open
[INFO] [stdout]     trajectory::tests::test_trajectory_with_format
[INFO] [stdout] 
[INFO] [stdout] test result: FAILED. 86 passed; 80 failed; 0 ignored; 0 measured; 0 filtered out; finished in 0.06s
[INFO] [stdout] 
[INFO] running `Command { std: "docker" "inspect" "2fdd8420e3ea70a16e76f03a17aecdeb460606285d850e2a95845faf74496bb1", kill_on_drop: false }`
[INFO] running `Command { std: "docker" "rm" "-f" "2fdd8420e3ea70a16e76f03a17aecdeb460606285d850e2a95845faf74496bb1", kill_on_drop: false }`
[INFO] [stdout] 2fdd8420e3ea70a16e76f03a17aecdeb460606285d850e2a95845faf74496bb1
