[INFO] fetching crate molar_ff 2.3.0...
[INFO] testing molar_ff-2.3.0 against 1.100.0-beta.1+cargoflags=--release for beta-release-1.100-2
[INFO] extracting crate molar_ff 2.3.0 into /workspace/builds/worker-7-tc2/source
[INFO] started tweaking crates.io crate molar_ff 2.3.0
[INFO] removed 0 missing tests
[INFO] finished tweaking crates.io crate molar_ff 2.3.0
[INFO] tweaked toml for crates.io crate molar_ff 2.3.0 written to /workspace/builds/worker-7-tc2/source/Cargo.toml
[INFO] validating manifest of crates.io crate molar_ff 2.3.0 on toolchain 1.100.0-beta.1
[INFO] running `Command { std: CARGO_HOME="/workspace/cargo-home" RUSTUP_HOME="/workspace/rustup-home" "/workspace/cargo-home/bin/cargo" "+1.100.0-beta.1" "metadata" "--manifest-path" "Cargo.toml" "--no-deps", kill_on_drop: false }`
[INFO] crate crates.io crate molar_ff 2.3.0 already has a lockfile, it will not be regenerated
[INFO] running `Command { std: CARGO_HOME="/workspace/cargo-home" RUSTUP_HOME="/workspace/rustup-home" "/workspace/cargo-home/bin/cargo" "+1.100.0-beta.1" "fetch" "--manifest-path" "Cargo.toml", kill_on_drop: false }`
[INFO] [stderr] warning: `package.homepage` is redundant with `package.repository`
[INFO] [stderr]   --> Cargo.toml:38:12
[INFO] [stderr]    |
[INFO] [stderr] 38 | homepage = "https://github.com/yesint/molar"
[INFO] [stderr]    |            ^^^^^^^^^^^^^^^^^^^^^^^^^^^^^^^^^
[INFO] [stderr] ...
[INFO] [stderr] 43 | repository = "https://github.com/yesint/molar"
[INFO] [stderr]    |              ---------------------------------
[INFO] [stderr]    |
[INFO] [stderr]    = note: `cargo::redundant_homepage` is set to `warn` by default
[INFO] [stderr] help: consider removing `package.homepage`
[INFO] [stderr] warning: `molar_ff` (manifest) generated 1 warning
[INFO] running `Command { std: "docker" "create" "-v" "/var/lib/crater-agent-workspace/builds/worker-7-tc2/source:/opt/rustwide/workdir:ro,Z" "-v" "/var/lib/crater-agent-workspace/builds/worker-7-tc2/target:/opt/rustwide/target:rw,Z" "-v" "/var/lib/crater-agent-workspace/cargo-home:/opt/rustwide/cargo-home:ro,Z" "-v" "/var/lib/crater-agent-workspace/rustup-home:/opt/rustwide/rustup-home:ro,Z" "-m" "1610612736" "--network" "none" "ghcr.io/rust-lang/crates-build-env/linux@sha256:77db811e55d90add9212f6832c23229e3de5f1c1f9905e8cb07319ea15df73ac" "sleep" "infinity", kill_on_drop: false }`
[INFO] [stdout] 4b54fb061cfb7cc5713b265e94bc8c226bd30a909f1ec6db7bab0bb352167811
[INFO] running `Command { std: "docker" "start" "4b54fb061cfb7cc5713b265e94bc8c226bd30a909f1ec6db7bab0bb352167811", kill_on_drop: false }`
[INFO] running `Command { std: "docker" "inspect" "4b54fb061cfb7cc5713b265e94bc8c226bd30a909f1ec6db7bab0bb352167811", kill_on_drop: false }`
[INFO] running `Command { std: "docker" "exec" "-e" "SOURCE_DIR=/opt/rustwide/workdir" "-e" "CARGO_HOME=/opt/rustwide/cargo-home" "-e" "RUSTUP_HOME=/opt/rustwide/rustup-home" "-e" "CARGO_TARGET_DIR=/opt/rustwide/target" "-w" "/opt/rustwide/workdir" "--user" "0:0" "4b54fb061cfb7cc5713b265e94bc8c226bd30a909f1ec6db7bab0bb352167811" "/opt/rustwide/cargo-home/bin/cargo" "+1.100.0-beta.1" "metadata" "--no-deps" "--format-version=1", kill_on_drop: false }`
[INFO] running `Command { std: "docker" "inspect" "4b54fb061cfb7cc5713b265e94bc8c226bd30a909f1ec6db7bab0bb352167811", kill_on_drop: false }`
[INFO] running `Command { std: "docker" "exec" "-e" "SOURCE_DIR=/opt/rustwide/workdir" "-e" "CARGO_HOME=/opt/rustwide/cargo-home" "-e" "RUSTUP_HOME=/opt/rustwide/rustup-home" "-e" "CARGO_TARGET_DIR=/opt/rustwide/target" "-e" "CARGO_INCREMENTAL=0" "-e" "RUST_BACKTRACE=full" "-e" "RUSTFLAGS=--cap-lints=warn" "-e" "RUSTDOCFLAGS=--cap-lints=warn" "-w" "/opt/rustwide/workdir" "--user" "0:0" "4b54fb061cfb7cc5713b265e94bc8c226bd30a909f1ec6db7bab0bb352167811" "/opt/rustwide/cargo-home/bin/cargo" "+1.100.0-beta.1" "build" "--frozen" "--message-format=json" "--release", kill_on_drop: false }`
[INFO] [stderr] warning: `package.homepage` is redundant with `package.repository`
[INFO] [stderr]   --> Cargo.toml:38:12
[INFO] [stderr]    |
[INFO] [stderr] 38 | homepage = "https://github.com/yesint/molar"
[INFO] [stderr]    |            ^^^^^^^^^^^^^^^^^^^^^^^^^^^^^^^^^
[INFO] [stderr] ...
[INFO] [stderr] 43 | repository = "https://github.com/yesint/molar"
[INFO] [stderr]    |              ---------------------------------
[INFO] [stderr]    |
[INFO] [stderr]    = note: `cargo::redundant_homepage` is set to `warn` by default
[INFO] [stderr] help: consider removing `package.homepage`
[INFO] [stderr] warning: `molar_ff` (manifest) generated 1 warning
[INFO] [stderr]    Compiling crossbeam-utils v0.8.22
[INFO] [stderr]    Compiling paste v1.0.15
[INFO] [stderr]    Compiling bytemuck v1.25.1
[INFO] [stderr]    Compiling num-traits v0.2.19
[INFO] [stderr]    Compiling matrixmultiply v0.3.10
[INFO] [stderr]    Compiling syn v2.0.118
[INFO] [stderr]    Compiling jobserver v0.1.35
[INFO] [stderr]    Compiling crossbeam-deque v0.8.7
[INFO] [stderr]    Compiling cfg-if v1.0.4
[INFO] [stderr]    Compiling libloading v0.8.9
[INFO] [stderr]    Compiling rawpointer v0.2.1
[INFO] [stderr]    Compiling safe_arch v0.7.4
[INFO] [stderr]    Compiling aho-corasick v1.1.4
[INFO] [stderr]    Compiling cc v1.2.67
[INFO] [stderr]    Compiling anyhow v1.0.103
[INFO] [stderr]    Compiling wide v0.7.33
[INFO] [stderr]    Compiling crossbeam-epoch v0.9.20
[INFO] [stderr]    Compiling regex-syntax v0.8.11
[INFO] [stderr]    Compiling approx v0.5.1
[INFO] [stderr]    Compiling num-complex v0.4.6
[INFO] [stderr]    Compiling num-integer v0.1.46
[INFO] [stderr]    Compiling num-rational v0.4.2
[INFO] [stderr]    Compiling either v1.16.0
[INFO] [stderr]    Compiling molar_gromacs v2.3.0
[INFO] [stderr]    Compiling peg-runtime v0.8.6
[INFO] [stderr]    Compiling rayon-core v1.13.0
[INFO] [stderr]    Compiling peg-macros v0.8.6
[INFO] [stderr]    Compiling simba v0.9.1
[INFO] [stderr]    Compiling regex-automata v0.4.15
[INFO] [stderr]    Compiling molar v2.3.0
[INFO] [stderr]    Compiling peg v0.8.6
[INFO] [stderr]    Compiling rayon v1.12.0
[INFO] [stderr]    Compiling nalgebra-macros v0.3.0
[INFO] [stderr]    Compiling thiserror-impl v2.0.18
[INFO] [stderr]    Compiling clap_derive v4.6.1
[INFO] [stderr]    Compiling serde_derive v1.0.228
[INFO] [stderr]    Compiling thiserror v2.0.18
[INFO] [stderr]    Compiling displaydoc v0.2.6
[INFO] [stderr]    Compiling tinystr v0.8.3
[INFO] [stderr]    Compiling itertools v0.14.0
[INFO] [stderr]    Compiling clap v4.6.1
[INFO] [stderr]    Compiling regex v1.13.0
[INFO] [stderr]    Compiling molly v0.7.0
[INFO] [stderr]    Compiling sorted-vec v0.8.10
[INFO] [stderr]    Compiling triomphe v0.1.16
[INFO] [stderr]    Compiling serde v1.0.228
[INFO] [stderr]    Compiling rustc-hash v2.1.3
[INFO] [stderr]    Compiling nalgebra v0.34.2
[INFO] [stderr]    Compiling powersasa v0.3.1
[INFO] [stderr]    Compiling molar_ff v2.3.0 (/opt/rustwide/workdir)
[INFO] [stderr]     Finished `release` profile [optimized] target(s) in 1m 54s
[INFO] running `Command { std: "docker" "inspect" "4b54fb061cfb7cc5713b265e94bc8c226bd30a909f1ec6db7bab0bb352167811", kill_on_drop: false }`
[INFO] running `Command { std: "docker" "exec" "-e" "SOURCE_DIR=/opt/rustwide/workdir" "-e" "CARGO_HOME=/opt/rustwide/cargo-home" "-e" "RUSTUP_HOME=/opt/rustwide/rustup-home" "-e" "CARGO_TARGET_DIR=/opt/rustwide/target" "-e" "CARGO_INCREMENTAL=0" "-e" "RUST_BACKTRACE=full" "-e" "RUSTFLAGS=--cap-lints=warn" "-e" "RUSTDOCFLAGS=--cap-lints=warn" "-w" "/opt/rustwide/workdir" "--user" "0:0" "4b54fb061cfb7cc5713b265e94bc8c226bd30a909f1ec6db7bab0bb352167811" "/opt/rustwide/cargo-home/bin/cargo" "+1.100.0-beta.1" "test" "--frozen" "--no-run" "--message-format=json" "--release", kill_on_drop: false }`
[INFO] [stderr] warning: `package.homepage` is redundant with `package.repository`
[INFO] [stderr]   --> Cargo.toml:38:12
[INFO] [stderr]    |
[INFO] [stderr] 38 | homepage = "https://github.com/yesint/molar"
[INFO] [stderr]    |            ^^^^^^^^^^^^^^^^^^^^^^^^^^^^^^^^^
[INFO] [stderr] ...
[INFO] [stderr] 43 | repository = "https://github.com/yesint/molar"
[INFO] [stderr]    |              ---------------------------------
[INFO] [stderr]    |
[INFO] [stderr]    = note: `cargo::redundant_homepage` is set to `warn` by default
[INFO] [stderr] help: consider removing `package.homepage`
[INFO] [stderr] warning: `molar_ff` (manifest) generated 1 warning
[INFO] [stderr]    Compiling serde_json v1.0.150
[INFO] [stderr]    Compiling molar_ff v2.3.0 (/opt/rustwide/workdir)
[INFO] [stderr]     Finished `release` profile [optimized] target(s) in 20.21s
[INFO] running `Command { std: "docker" "inspect" "4b54fb061cfb7cc5713b265e94bc8c226bd30a909f1ec6db7bab0bb352167811", kill_on_drop: false }`
[INFO] running `Command { std: "docker" "exec" "-e" "SOURCE_DIR=/opt/rustwide/workdir" "-e" "CARGO_HOME=/opt/rustwide/cargo-home" "-e" "RUSTUP_HOME=/opt/rustwide/rustup-home" "-e" "CARGO_TARGET_DIR=/opt/rustwide/target" "-e" "CARGO_INCREMENTAL=0" "-e" "RUST_BACKTRACE=full" "-e" "RUSTFLAGS=--cap-lints=warn" "-e" "RUSTDOCFLAGS=--cap-lints=warn" "-w" "/opt/rustwide/workdir" "--user" "0:0" "4b54fb061cfb7cc5713b265e94bc8c226bd30a909f1ec6db7bab0bb352167811" "/opt/rustwide/cargo-home/bin/cargo" "+1.100.0-beta.1" "test" "--frozen" "--release", kill_on_drop: false }`
[INFO] [stderr] warning: `package.homepage` is redundant with `package.repository`
[INFO] [stderr]   --> Cargo.toml:38:12
[INFO] [stderr]    |
[INFO] [stderr] 38 | homepage = "https://github.com/yesint/molar"
[INFO] [stderr]    |            ^^^^^^^^^^^^^^^^^^^^^^^^^^^^^^^^^
[INFO] [stderr] ...
[INFO] [stderr] 43 | repository = "https://github.com/yesint/molar"
[INFO] [stderr]    |              ---------------------------------
[INFO] [stderr]    |
[INFO] [stderr]    = note: `cargo::redundant_homepage` is set to `warn` by default
[INFO] [stderr] help: consider removing `package.homepage`
[INFO] [stderr] warning: `molar_ff` (manifest) generated 1 warning
[INFO] [stderr]     Finished `release` profile [optimized] target(s) in 0.10s
[INFO] [stderr]      Running unittests src/lib.rs (/opt/rustwide/target/release/build/molar_ff/988cac5ece4f66de/out/molar_ff-988cac5ece4f66de)
[INFO] [stdout] 
[INFO] [stdout] running 12 tests
[INFO] [stdout] test charge::tests::large_sparse_inference_smoke ... ignored, large release-mode performance check
[INFO] [stdout] test charge::tests::equilibration_is_affine_in_total_charge ... ok
[INFO] [stdout] test charge::tests::corpus_rmse_vs_reference ... FAILED
[INFO] [stdout] test charge::tests::aromatic_input_is_kekulized_not_rejected ... FAILED
[INFO] [stdout] test gaff::tests::imidazole_is_ar2 ... ok
[INFO] [stdout] test gaff::tests::naphthalene_two_six_rings ... ok
[INFO] [stdout] test gaff::tests::benzene_all_ar1 ... ok
[INFO] [stdout] test charge::tests::apply_charges_public_api ... FAILED
[INFO] [stdout] test gaff::tests::pyridine_ar1_with_n ... ok
[INFO] [stdout] test charge::tests::total_formal_charge_is_preserved ... FAILED
[INFO] [stdout] test charge::tests::fixed_kernel_matches_python_fixture ... ok
[INFO] [stdout] test gaff::tests::cyclohexane_all_ar5 ... ok
[INFO] [stdout] 
[INFO] [stdout] failures:
[INFO] [stdout] 
[INFO] [stdout] ---- charge::tests::corpus_rmse_vs_reference stdout ----
[INFO] [stdout] 
[INFO] [stdout] thread 'charge::tests::corpus_rmse_vs_reference' (1320) panicked at src/charge.rs:723:91:
[INFO] [stdout] called `Result::unwrap()` on an `Err` value: Os { code: 2, kind: NotFound, message: "No such file or directory" }
[INFO] [stdout] stack backtrace:
[INFO] [stdout]    0:     0x617c46c20be1 - <<std[617be2ca0a6fd877]::sys::backtrace::BacktraceLock>::print::DisplayBacktrace as core[a373ad73a504971]::fmt::Display>::fmt
[INFO] [stdout]    1:     0x617c46c37d8a - core[a373ad73a504971]::fmt::write
[INFO] [stdout]    2:     0x617c46c2514c - <alloc[2e1b2a31b91974c5]::vec::Vec<u8> as core[a373ad73a504971]::io::write::Write>::write_fmt
[INFO] [stdout]    3:     0x617c46bfc856 - std[617be2ca0a6fd877]::panicking::default_hook::{closure#0}
[INFO] [stdout]    4:     0x617c46c18d79 - std[617be2ca0a6fd877]::panicking::default_hook
[INFO] [stdout]    5:     0x617c46a8fd10 - test[aada8e7e76ba119b]::test_main_inner::{closure#0}
[INFO] [stdout]    6:     0x617c46c190a2 - std[617be2ca0a6fd877]::panicking::panic_with_hook
[INFO] [stdout]    7:     0x617c46bfc902 - std[617be2ca0a6fd877]::panicking::panic_handler::{closure#0}
[INFO] [stdout]    8:     0x617c46bf5489 - std[617be2ca0a6fd877]::sys::backtrace::__rust_end_short_backtrace::<std[617be2ca0a6fd877]::panicking::panic_handler::{closure#0}, !>
[INFO] [stdout]    9:     0x617c46bfd50d - __rustc[ea4f61d10b84890b]::rust_begin_unwind
[INFO] [stdout]   10:     0x617c46c3856c - core[a373ad73a504971]::panicking::panic_fmt
[INFO] [stdout]   11:     0x617c46c38342 - core[a373ad73a504971]::result::unwrap_failed
[INFO] [stdout]   12:     0x617c46a623d3 - <molar_ff[9df4cd3a381dcad0]::charge::tests::corpus_rmse_vs_reference::{closure#0} as core[a373ad73a504971]::ops::function::FnOnce<()>>::call_once
[INFO] [stdout]   13:     0x617c46a8315b - test[aada8e7e76ba119b]::__rust_begin_short_backtrace::<core[a373ad73a504971]::result::Result<(), alloc[2e1b2a31b91974c5]::string::String>, fn() -> core[a373ad73a504971]::result::Result<(), alloc[2e1b2a31b91974c5]::string::String>>
[INFO] [stdout]   14:     0x617c46a90335 - test[aada8e7e76ba119b]::run_test::{closure#0}
[INFO] [stdout]   15:     0x617c46a89c24 - std[617be2ca0a6fd877]::sys::backtrace::__rust_begin_short_backtrace::<test[aada8e7e76ba119b]::run_test::{closure#1}, ()>
[INFO] [stdout]   16:     0x617c46a933c2 - <std[617be2ca0a6fd877]::thread::lifecycle::spawn_unchecked<test[aada8e7e76ba119b]::run_test::{closure#1}, ()>::{closure#1} as core[a373ad73a504971]::ops::function::FnOnce<()>>::call_once::{shim:vtable#0}
[INFO] [stdout]   17:     0x617c46c200cf - <std[617be2ca0a6fd877]::sys::thread::unix::Thread>::new::thread_start
[INFO] [stdout]   18:     0x740000c79dfa - <unknown>
[INFO] [stdout]   19:     0x740000d0d3d4 - clone
[INFO] [stdout]   20:                0x0 - <unknown>
[INFO] [stdout] 
[INFO] [stdout] ---- charge::tests::aromatic_input_is_kekulized_not_rejected stdout ----
[INFO] [stdout] 
[INFO] [stdout] thread 'charge::tests::aromatic_input_is_kekulized_not_rejected' (1319) panicked at src/charge.rs:796:91:
[INFO] [stdout] called `Result::unwrap()` on an `Err` value: Os { code: 2, kind: NotFound, message: "No such file or directory" }
[INFO] [stdout] stack backtrace:
[INFO] [stdout]    0:     0x617c46c20be1 - <<std[617be2ca0a6fd877]::sys::backtrace::BacktraceLock>::print::DisplayBacktrace as core[a373ad73a504971]::fmt::Display>::fmt
[INFO] [stdout]    1:     0x617c46c37d8a - core[a373ad73a504971]::fmt::write
[INFO] [stdout]    2:     0x617c46c2514c - <alloc[2e1b2a31b91974c5]::vec::Vec<u8> as core[a373ad73a504971]::io::write::Write>::write_fmt
[INFO] [stdout]    3:     0x617c46bfc856 - std[617be2ca0a6fd877]::panicking::default_hook::{closure#0}
[INFO] [stdout]    4:     0x617c46c18d79 - std[617be2ca0a6fd877]::panicking::default_hook
[INFO] [stdout]    5:     0x617c46a8fd10 - test[aada8e7e76ba119b]::test_main_inner::{closure#0}
[INFO] [stdout]    6:     0x617c46c190a2 - std[617be2ca0a6fd877]::panicking::panic_with_hook
[INFO] [stdout]    7:     0x617c46bfc902 - std[617be2ca0a6fd877]::panicking::panic_handler::{closure#0}
[INFO] [stdout]    8:     0x617c46bf5489 - std[617be2ca0a6fd877]::sys::backtrace::__rust_end_short_backtrace::<std[617be2ca0a6fd877]::panicking::panic_handler::{closure#0}, !>
[INFO] [stdout]    9:     0x617c46bfd50d - __rustc[ea4f61d10b84890b]::rust_begin_unwind
[INFO] [stdout]   10:     0x617c46c3856c - core[a373ad73a504971]::panicking::panic_fmt
[INFO] [stdout]   11:     0x617c46c38342 - core[a373ad73a504971]::result::unwrap_failed
[INFO] [stdout]   12:     0x617c46a6073d - molar_ff[9df4cd3a381dcad0]::charge::tests::load_refs
[INFO] [stdout]   13:     0x617c46a6438f - <molar_ff[9df4cd3a381dcad0]::charge::tests::aromatic_input_is_kekulized_not_rejected::{closure#0} as core[a373ad73a504971]::ops::function::FnOnce<()>>::call_once
[INFO] [stdout]   14:     0x617c46a8315b - test[aada8e7e76ba119b]::__rust_begin_short_backtrace::<core[a373ad73a504971]::result::Result<(), alloc[2e1b2a31b91974c5]::string::String>, fn() -> core[a373ad73a504971]::result::Result<(), alloc[2e1b2a31b91974c5]::string::String>>
[INFO] [stdout]   15:     0x617c46a90335 - test[aada8e7e76ba119b]::run_test::{closure#0}
[INFO] [stdout]   16:     0x617c46a89c24 - std[617be2ca0a6fd877]::sys::backtrace::__rust_begin_short_backtrace::<test[aada8e7e76ba119b]::run_test::{closure#1}, ()>
[INFO] [stdout]   17:     0x617c46a933c2 - <std[617be2ca0a6fd877]::thread::lifecycle::spawn_unchecked<test[aada8e7e76ba119b]::run_test::{closure#1}, ()>::{closure#1} as core[a373ad73a504971]::ops::function::FnOnce<()>>::call_once::{shim:vtable#0}
[INFO] [stdout]   18:     0x617c46c200cf - <std[617be2ca0a6fd877]::sys::thread::unix::Thread>::new::thread_start
[INFO] [stdout]   19:     0x740000c79dfa - <unknown>
[INFO] [stdout]   20:     0x740000d0d3d4 - clone
[INFO] [stdout]   21:                0x0 - <unknown>
[INFO] [stdout] 
[INFO] [stdout] ---- charge::tests::apply_charges_public_api stdout ----
[INFO] [stdout] 
[INFO] [stdout] thread 'charge::tests::apply_charges_public_api' (1318) panicked at src/charge.rs:796:91:
[INFO] [stdout] called `Result::unwrap()` on an `Err` value: Os { code: 2, kind: NotFound, message: "No such file or directory" }
[INFO] [stdout] stack backtrace:
[INFO] [stdout]    0:     0x617c46c20be1 - <<std[617be2ca0a6fd877]::sys::backtrace::BacktraceLock>::print::DisplayBacktrace as core[a373ad73a504971]::fmt::Display>::fmt
[INFO] [stdout]    1:     0x617c46c37d8a - core[a373ad73a504971]::fmt::write
[INFO] [stdout]    2:     0x617c46c2514c - <alloc[2e1b2a31b91974c5]::vec::Vec<u8> as core[a373ad73a504971]::io::write::Write>::write_fmt
[INFO] [stdout]    3:     0x617c46bfc856 - std[617be2ca0a6fd877]::panicking::default_hook::{closure#0}
[INFO] [stdout]    4:     0x617c46c18d79 - std[617be2ca0a6fd877]::panicking::default_hook
[INFO] [stdout]    5:     0x617c46a8fd10 - test[aada8e7e76ba119b]::test_main_inner::{closure#0}
[INFO] [stdout]    6:     0x617c46c190a2 - std[617be2ca0a6fd877]::panicking::panic_with_hook
[INFO] [stdout]    7:     0x617c46bfc902 - std[617be2ca0a6fd877]::panicking::panic_handler::{closure#0}
[INFO] [stdout]    8:     0x617c46bf5489 - std[617be2ca0a6fd877]::sys::backtrace::__rust_end_short_backtrace::<std[617be2ca0a6fd877]::panicking::panic_handler::{closure#0}, !>
[INFO] [stdout]    9:     0x617c46bfd50d - __rustc[ea4f61d10b84890b]::rust_begin_unwind
[INFO] [stdout]   10:     0x617c46c3856c - core[a373ad73a504971]::panicking::panic_fmt
[INFO] [stdout]   11:     0x617c46c38342 - core[a373ad73a504971]::result::unwrap_failed
[INFO] [stdout]   12:     0x617c46a6073d - molar_ff[9df4cd3a381dcad0]::charge::tests::load_refs
[INFO] [stdout]   13:     0x617c46a609f0 - <molar_ff[9df4cd3a381dcad0]::charge::tests::apply_charges_public_api::{closure#0} as core[a373ad73a504971]::ops::function::FnOnce<()>>::call_once
[INFO] [stdout]   14:     0x617c46a8315b - test[aada8e7e76ba119b]::__rust_begin_short_backtrace::<core[a373ad73a504971]::result::Result<(), alloc[2e1b2a31b91974c5]::string::String>, fn() -> core[a373ad73a504971]::result::Result<(), alloc[2e1b2a31b91974c5]::string::String>>
[INFO] [stdout]   15:     0x617c46a90335 - test[aada8e7e76ba119b]::run_test::{closure#0}
[INFO] [stdout]   16:     0x617c46a89c24 - std[617be2ca0a6fd877]::sys::backtrace::__rust_begin_short_backtrace::<test[aada8e7e76ba119b]::run_test::{closure#1}, ()>
[INFO] [stdout]   17:     0x617c46a933c2 - <std[617be2ca0a6fd877]::thread::lifecycle::spawn_unchecked<test[aada8e7e76ba119b]::run_test::{closure#1}, ()>::{closure#1} as core[a373ad73a504971]::ops::function::FnOnce<()>>::call_once::{shim:vtable#0}
[INFO] [stdout]   18:     0x617c46c200cf - <std[617be2ca0a6fd877]::sys::thread::unix::Thread>::new::thread_start
[INFO] [stdout]   19:     0x740000c79dfa - <unknown>
[INFO] [stdout]   20:     0x740000d0d3d4 - clone
[INFO] [stdout]   21:                0x0 - <unknown>
[INFO] [stdout] 
[INFO] [stdout] ---- charge::tests::total_formal_charge_is_preserved stdout ----
[INFO] [stdout] 
[INFO] [stdout] thread 'charge::tests::total_formal_charge_is_preserved' (1323) panicked at src/charge.rs:796:91:
[INFO] [stdout] called `Result::unwrap()` on an `Err` value: Os { code: 2, kind: NotFound, message: "No such file or directory" }
[INFO] [stdout] stack backtrace:
[INFO] [stdout]    0:     0x617c46c20be1 - <<std[617be2ca0a6fd877]::sys::backtrace::BacktraceLock>::print::DisplayBacktrace as core[a373ad73a504971]::fmt::Display>::fmt
[INFO] [stdout]    1:     0x617c46c37d8a - core[a373ad73a504971]::fmt::write
[INFO] [stdout]    2:     0x617c46c2514c - <alloc[2e1b2a31b91974c5]::vec::Vec<u8> as core[a373ad73a504971]::io::write::Write>::write_fmt
[INFO] [stdout]    3:     0x617c46bfc856 - std[617be2ca0a6fd877]::panicking::default_hook::{closure#0}
[INFO] [stdout]    4:     0x617c46c18d79 - std[617be2ca0a6fd877]::panicking::default_hook
[INFO] [stdout]    5:     0x617c46a8fd10 - test[aada8e7e76ba119b]::test_main_inner::{closure#0}
[INFO] [stdout]    6:     0x617c46c190a2 - std[617be2ca0a6fd877]::panicking::panic_with_hook
[INFO] [stdout]    7:     0x617c46bfc902 - std[617be2ca0a6fd877]::panicking::panic_handler::{closure#0}
[INFO] [stdout]    8:     0x617c46bf5489 - std[617be2ca0a6fd877]::sys::backtrace::__rust_end_short_backtrace::<std[617be2ca0a6fd877]::panicking::panic_handler::{closure#0}, !>
[INFO] [stdout]    9:     0x617c46bfd50d - __rustc[ea4f61d10b84890b]::rust_begin_unwind
[INFO] [stdout]   10:     0x617c46c3856c - core[a373ad73a504971]::panicking::panic_fmt
[INFO] [stdout]   11:     0x617c46c38342 - core[a373ad73a504971]::result::unwrap_failed
[INFO] [stdout]   12:     0x617c46a6073d - molar_ff[9df4cd3a381dcad0]::charge::tests::load_refs
[INFO] [stdout]   13:     0x617c46a62a76 - <molar_ff[9df4cd3a381dcad0]::charge::tests::total_formal_charge_is_preserved::{closure#0} as core[a373ad73a504971]::ops::function::FnOnce<()>>::call_once
[INFO] [stdout]   14:     0x617c46a8315b - test[aada8e7e76ba119b]::__rust_begin_short_backtrace::<core[a373ad73a504971]::result::Result<(), alloc[2e1b2a31b91974c5]::string::String>, fn() -> core[a373ad73a504971]::result::Result<(), alloc[2e1b2a31b91974c5]::string::String>>
[INFO] [stdout]   15:     0x617c46a90335 - test[aada8e7e76ba119b]::run_test::{closure#0}
[INFO] [stdout]   16:     0x617c46a89c24 - std[617be2ca0a6fd877]::sys::backtrace::__rust_begin_short_backtrace::<test[aada8e7e76ba119b]::run_test::{closure#1}, ()>
[INFO] [stdout]   17:     0x617c46a933c2 - <std[617be2ca0a6fd877]::thread::lifecycle::spawn_unchecked<test[aada8e7e76ba119b]::run_test::{closure#1}, ()>::{closure#1} as core[a373ad73a504971]::ops::function::FnOnce<()>>::call_once::{shim:vtable#0}
[INFO] [stdout]   18:     0x617c46c200cf - <std[617be2ca0a6fd877]::sys::thread::unix::Thread>::new::thread_start
[INFO] [stdout]   19:     0x740000c79dfa - <unknown>
[INFO] [stdout]   20:     0x740000d0d3d4 - clone
[INFO] [stdout]   21:                0x0 - <unknown>
[INFO] [stdout] 
[INFO] [stdout] 
[INFO] [stdout] failures:
[INFO] [stdout]     charge::tests::apply_charges_public_api
[INFO] [stdout]     charge::tests::aromatic_input_is_kekulized_not_rejected
[INFO] [stdout]     charge::tests::corpus_rmse_vs_reference
[INFO] [stdout]     charge::tests::total_formal_charge_is_preserved
[INFO] [stdout] 
[INFO] [stdout] test result: FAILED. 7 passed; 4 failed; 1 ignored; 0 measured; 0 filtered out; finished in 0.00s
[INFO] [stdout] 
[INFO] [stderr] error: test failed, to rerun pass `--lib`
[INFO] running `Command { std: "docker" "inspect" "4b54fb061cfb7cc5713b265e94bc8c226bd30a909f1ec6db7bab0bb352167811", kill_on_drop: false }`
[INFO] running `Command { std: "docker" "rm" "-f" "4b54fb061cfb7cc5713b265e94bc8c226bd30a909f1ec6db7bab0bb352167811", kill_on_drop: false }`
[INFO] [stdout] 4b54fb061cfb7cc5713b265e94bc8c226bd30a909f1ec6db7bab0bb352167811
