[INFO] fetching crate moduforge-core 0.7.0...
[INFO] testing moduforge-core-0.7.0 against 1.99.0-beta.8+cargoflags=--release for beta-release-1.100-2
[INFO] extracting crate moduforge-core 0.7.0 into /workspace/builds/worker-7-tc1/source
[INFO] started tweaking crates.io crate moduforge-core 0.7.0
[INFO] finished tweaking crates.io crate moduforge-core 0.7.0
[INFO] tweaked toml for crates.io crate moduforge-core 0.7.0 written to /workspace/builds/worker-7-tc1/source/Cargo.toml
[INFO] validating manifest of crates.io crate moduforge-core 0.7.0 on toolchain 1.99.0-beta.8
[INFO] running `Command { std: CARGO_HOME="/workspace/cargo-home" RUSTUP_HOME="/workspace/rustup-home" "/workspace/cargo-home/bin/cargo" "+1.99.0-beta.8" "metadata" "--manifest-path" "Cargo.toml" "--no-deps", kill_on_drop: false }`
[INFO] crate crates.io crate moduforge-core 0.7.0 already has a lockfile, it will not be regenerated
[INFO] running `Command { std: CARGO_HOME="/workspace/cargo-home" RUSTUP_HOME="/workspace/rustup-home" "/workspace/cargo-home/bin/cargo" "+1.99.0-beta.8" "fetch" "--manifest-path" "Cargo.toml", kill_on_drop: false }`
[INFO] [stderr]     Updating crates.io index
[INFO] [stderr]     Blocking waiting for file lock on package cache
[INFO] [stderr]  Downloading crates ...
[INFO] [stderr]   Downloaded nu-ansi-term v0.50.1
[INFO] [stderr]   Downloaded wasm-bindgen-shared v0.2.103
[INFO] [stderr]   Downloaded deranged v0.5.3
[INFO] [stderr]   Downloaded wasm-bindgen v0.2.103
[INFO] [stderr]   Downloaded tracing-chrome v0.7.2
[INFO] [stderr]   Downloaded wasm-bindgen-futures v0.4.53
[INFO] [stderr]   Downloaded tokio_with_wasm_proc v0.8.7
[INFO] [stderr]   Downloaded windows-strings v0.5.0
[INFO] [stderr]   Downloaded windows-result v0.4.0
[INFO] [stderr]   Downloaded wasm-bindgen-macro v0.2.103
[INFO] [stderr]   Downloaded rustc-demangle v0.1.26
[INFO] [stderr]   Downloaded lru v0.14.0
[INFO] [stderr]   Downloaded archery v1.2.2
[INFO] [stderr]   Downloaded prost v0.12.6
[INFO] [stderr]   Downloaded thiserror-impl v2.0.16
[INFO] [stderr]   Downloaded base62 v2.2.3
[INFO] [stderr]   Downloaded wasm-bindgen-backend v0.2.103
[INFO] [stderr]   Downloaded prost-derive v0.12.6
[INFO] [stderr]   Downloaded thiserror v2.0.16
[INFO] [stderr]   Downloaded wasm-bindgen-macro-support v0.2.103
[INFO] [stderr]   Downloaded tokio_with_wasm v0.8.7
[INFO] [stderr]   Downloaded windows-core v0.62.0
[INFO] [stderr]   Downloaded bon v2.3.0
[INFO] [stderr]   Downloaded moduforge-transform v0.7.0
[INFO] [stderr]   Downloaded bon-macros v2.3.0
[INFO] [stderr]   Downloaded triomphe v0.1.15
[INFO] [stderr]   Downloaded socket2 v0.6.0
[INFO] [stderr]   Downloaded js-sys v0.3.80
[INFO] [stderr]   Downloaded moduforge-state v0.7.0
[INFO] [stderr]   Downloaded metrics v0.22.4
[INFO] [stderr]   Downloaded moduforge-model v0.7.0
[INFO] [stderr]   Downloaded rpds v1.2.0
[INFO] [stderr]   Downloaded cc v1.2.38
[INFO] [stderr]   Downloaded console-api v0.8.1
[INFO] [stderr]   Downloaded io-uring v0.7.10
[INFO] [stderr]   Downloaded indexmap v2.11.4
[INFO] [stderr]   Downloaded console-subscriber v0.4.1
[INFO] [stderr]   Downloaded ractor v0.15.8
[INFO] [stderr]   Downloaded regex v1.11.2
[INFO] [stderr]   Downloaded quick-xml v0.36.2
[INFO] [stderr]   Downloaded tracing-perfetto v0.1.5
[INFO] [stderr]   Downloaded regex-automata v0.4.10
[INFO] [stderr]   Downloaded web-sys v0.3.80
[INFO] [stderr]   Downloaded tokio v1.47.1
[INFO] [stderr]   Downloaded petgraph v0.8.2
[INFO] [stderr]   Downloaded windows-sys v0.61.0
[INFO] running `Command { std: "docker" "create" "-v" "/var/lib/crater-agent-workspace/builds/worker-7-tc1/source:/opt/rustwide/workdir:ro,Z" "-v" "/var/lib/crater-agent-workspace/builds/worker-7-tc1/target:/opt/rustwide/target:rw,Z" "-v" "/var/lib/crater-agent-workspace/cargo-home:/opt/rustwide/cargo-home:ro,Z" "-v" "/var/lib/crater-agent-workspace/rustup-home:/opt/rustwide/rustup-home:ro,Z" "-m" "1610612736" "--network" "none" "ghcr.io/rust-lang/crates-build-env/linux@sha256:77db811e55d90add9212f6832c23229e3de5f1c1f9905e8cb07319ea15df73ac" "sleep" "infinity", kill_on_drop: false }`
[INFO] [stdout] 7d4dc9fed4e4c8051f9500f11336222f3c3d4e219d613baad8e50fb6dce9681f
[INFO] running `Command { std: "docker" "start" "7d4dc9fed4e4c8051f9500f11336222f3c3d4e219d613baad8e50fb6dce9681f", kill_on_drop: false }`
[INFO] running `Command { std: "docker" "inspect" "7d4dc9fed4e4c8051f9500f11336222f3c3d4e219d613baad8e50fb6dce9681f", kill_on_drop: false }`
[INFO] running `Command { std: "docker" "exec" "-e" "SOURCE_DIR=/opt/rustwide/workdir" "-e" "CARGO_HOME=/opt/rustwide/cargo-home" "-e" "RUSTUP_HOME=/opt/rustwide/rustup-home" "-e" "CARGO_TARGET_DIR=/opt/rustwide/target" "-w" "/opt/rustwide/workdir" "--user" "0:0" "7d4dc9fed4e4c8051f9500f11336222f3c3d4e219d613baad8e50fb6dce9681f" "/opt/rustwide/cargo-home/bin/cargo" "+1.99.0-beta.8" "metadata" "--no-deps" "--format-version=1", kill_on_drop: false }`
[INFO] running `Command { std: "docker" "inspect" "7d4dc9fed4e4c8051f9500f11336222f3c3d4e219d613baad8e50fb6dce9681f", kill_on_drop: false }`
[INFO] running `Command { std: "docker" "exec" "-e" "SOURCE_DIR=/opt/rustwide/workdir" "-e" "CARGO_HOME=/opt/rustwide/cargo-home" "-e" "RUSTUP_HOME=/opt/rustwide/rustup-home" "-e" "CARGO_TARGET_DIR=/opt/rustwide/target" "-e" "CARGO_INCREMENTAL=0" "-e" "RUST_BACKTRACE=full" "-e" "RUSTFLAGS=--cap-lints=warn" "-e" "RUSTDOCFLAGS=--cap-lints=warn" "-w" "/opt/rustwide/workdir" "--user" "0:0" "7d4dc9fed4e4c8051f9500f11336222f3c3d4e219d613baad8e50fb6dce9681f" "/opt/rustwide/cargo-home/bin/cargo" "+1.99.0-beta.8" "build" "--frozen" "--message-format=json" "--release", kill_on_drop: false }`
[INFO] [stderr]    Compiling proc-macro2 v1.0.101
[INFO] [stderr]    Compiling unicode-ident v1.0.19
[INFO] [stderr]    Compiling libc v0.2.176
[INFO] [stderr]    Compiling cfg-if v1.0.3
[INFO] [stderr]    Compiling serde_core v1.0.228
[INFO] [stderr]    Compiling memchr v2.7.5
[INFO] [stderr]    Compiling serde v1.0.228
[INFO] [stderr]    Compiling pin-project-lite v0.2.16
[INFO] [stderr]    Compiling serde_json v1.0.145
[INFO] [stderr]    Compiling getrandom v0.3.3
[INFO] [stderr]    Compiling num-traits v0.2.19
[INFO] [stderr]    Compiling regex-syntax v0.8.6
[INFO] [stderr]    Compiling tracing-core v0.1.34
[INFO] [stderr]    Compiling zerocopy v0.8.27
[INFO] [stderr]    Compiling ahash v0.8.12
[INFO] [stderr]    Compiling futures-core v0.3.31
[INFO] [stderr]    Compiling rustversion v1.0.22
[INFO] [stderr]    Compiling hashbrown v0.15.5
[INFO] [stderr]    Compiling half v2.6.0
[INFO] [stderr]    Compiling hashbrown v0.14.5
[INFO] [stderr]    Compiling clap_lex v0.7.5
[INFO] [stderr]    Compiling futures-sink v0.3.31
[INFO] [stderr]    Compiling anstyle v1.0.11
[INFO] [stderr]    Compiling triomphe v0.1.15
[INFO] [stderr]    Compiling powerfmt v0.2.0
[INFO] [stderr]    Compiling futures-channel v0.3.31
[INFO] [stderr]    Compiling ciborium-ll v0.2.2
[INFO] [stderr]    Compiling clap_builder v4.5.48
[INFO] [stderr]    Compiling deranged v0.5.3
[INFO] [stderr]    Compiling itertools v0.10.5
[INFO] [stderr]    Compiling archery v1.2.2
[INFO] [stderr]    Compiling futures-io v0.3.31
[INFO] [stderr]    Compiling num-conv v0.1.0
[INFO] [stderr]    Compiling log v0.4.28
[INFO] [stderr]    Compiling time-core v0.1.6
[INFO] [stderr]    Compiling quote v1.0.40
[INFO] [stderr]    Compiling parking_lot_core v0.9.11
[INFO] [stderr]    Compiling futures-task v0.3.31
[INFO] [stderr]    Compiling pin-utils v0.1.0
[INFO] [stderr]    Compiling iana-time-zone v0.1.64
[INFO] [stderr]    Compiling uuid v1.18.1
[INFO] [stderr]    Compiling sharded-slab v0.1.7
[INFO] [stderr]    Compiling socket2 v0.6.0
[INFO] [stderr]    Compiling syn v2.0.106
[INFO] [stderr]    Compiling parking_lot v0.12.4
[INFO] [stderr]    Compiling dashmap v6.1.0
[INFO] [stderr]    Compiling chrono v0.4.42
[INFO] [stderr]    Compiling mio v1.0.4
[INFO] [stderr]    Compiling is-terminal v0.4.16
[INFO] [stderr]    Compiling signal-hook-registry v1.4.6
[INFO] [stderr]    Compiling lru v0.14.0
[INFO] [stderr]    Compiling tracing-log v0.2.0
[INFO] [stderr]    Compiling plotters v0.3.7
[INFO] [stderr]    Compiling thread_local v1.1.9
[INFO] [stderr]    Compiling concurrent-queue v2.5.0
[INFO] [stderr]    Compiling criterion-plot v0.5.0
[INFO] [stderr]    Compiling nu-ansi-term v0.50.1
[INFO] [stderr]    Compiling base62 v2.2.3
[INFO] [stderr]    Compiling hashbrown v0.16.0
[INFO] [stderr]    Compiling parking v2.2.1
[INFO] [stderr]    Compiling bytes v1.10.1
[INFO] [stderr]    Compiling thiserror v2.0.16
[INFO] [stderr]    Compiling event-listener v5.4.1
[INFO] [stderr]    Compiling time v0.3.44
[INFO] [stderr]    Compiling crossbeam-channel v0.5.15
[INFO] [stderr]    Compiling fixedbitset v0.5.7
[INFO] [stderr]    Compiling metrics v0.22.4
[INFO] [stderr]    Compiling sysinfo v0.37.2
[INFO] [stderr]    Compiling event-listener-strategy v0.5.4
[INFO] [stderr]    Compiling regex-automata v0.4.10
[INFO] [stderr]    Compiling async-channel v2.5.0
[INFO] [stderr]    Compiling clap v4.5.48
[INFO] [stderr]    Compiling num_cpus v1.17.0
[INFO] [stderr]    Compiling indexmap v2.11.4
[INFO] [stderr]    Compiling petgraph v0.8.2
[INFO] [stderr]    Compiling matchers v0.2.0
[INFO] [stderr]    Compiling regex v1.11.2
[INFO] [stderr]    Compiling darling_core v0.20.11
[INFO] [stderr]    Compiling serde_derive v1.0.228
[INFO] [stderr]    Compiling tracing-attributes v0.1.30
[INFO] [stderr]    Compiling futures-macro v0.3.31
[INFO] [stderr]    Compiling tokio-macros v2.5.0
[INFO] [stderr]    Compiling thiserror-impl v1.0.69
[INFO] [stderr]    Compiling async-trait v0.1.89
[INFO] [stderr]    Compiling thiserror-impl v2.0.16
[INFO] [stderr]    Compiling strum_macros v0.26.4
[INFO] [stderr]    Compiling tracing v0.1.41
[INFO] [stderr]    Compiling tokio v1.47.1
[INFO] [stderr]    Compiling futures-util v0.3.31
[INFO] [stderr]    Compiling thiserror v1.0.69
[INFO] [stderr]    Compiling darling_macro v0.20.11
[INFO] [stderr]    Compiling darling v0.20.11
[INFO] [stderr]    Compiling bon-macros v2.3.0
[INFO] [stderr]    Compiling strum v0.26.3
[INFO] [stderr]    Compiling bon v2.3.0
[INFO] [stderr]    Compiling ciborium v0.2.2
[INFO] [stderr]    Compiling rpds v1.2.0
[INFO] [stderr]    Compiling tracing-serde v0.2.0
[INFO] [stderr]    Compiling tinytemplate v1.2.1
[INFO] [stderr]    Compiling quick-xml v0.36.2
[INFO] [stderr]    Compiling tracing-subscriber v0.3.20
[INFO] [stderr]    Compiling criterion v0.5.1
[INFO] [stderr]    Compiling futures-executor v0.3.31
[INFO] [stderr]    Compiling moduforge-model v0.7.0
[INFO] [stderr]    Compiling futures v0.3.31
[INFO] [stderr]    Compiling tracing-appender v0.2.3
[INFO] [stderr]    Compiling ractor v0.15.8
[INFO] [stderr]    Compiling moduforge-transform v0.7.0
[INFO] [stderr]    Compiling moduforge-state v0.7.0
[INFO] [stderr]    Compiling moduforge-core v0.7.0 (/opt/rustwide/workdir)
[INFO] [stderr]     Finished `release` profile [optimized] target(s) in 1m 33s
[INFO] running `Command { std: "docker" "inspect" "7d4dc9fed4e4c8051f9500f11336222f3c3d4e219d613baad8e50fb6dce9681f", kill_on_drop: false }`
[INFO] running `Command { std: "docker" "exec" "-e" "SOURCE_DIR=/opt/rustwide/workdir" "-e" "CARGO_HOME=/opt/rustwide/cargo-home" "-e" "RUSTUP_HOME=/opt/rustwide/rustup-home" "-e" "CARGO_TARGET_DIR=/opt/rustwide/target" "-e" "CARGO_INCREMENTAL=0" "-e" "RUST_BACKTRACE=full" "-e" "RUSTFLAGS=--cap-lints=warn" "-e" "RUSTDOCFLAGS=--cap-lints=warn" "-w" "/opt/rustwide/workdir" "--user" "0:0" "7d4dc9fed4e4c8051f9500f11336222f3c3d4e219d613baad8e50fb6dce9681f" "/opt/rustwide/cargo-home/bin/cargo" "+1.99.0-beta.8" "test" "--frozen" "--no-run" "--message-format=json" "--release", kill_on_drop: false }`
[INFO] [stderr]    Compiling getrandom v0.2.16
[INFO] [stderr]    Compiling ppv-lite86 v0.2.21
[INFO] [stderr]    Compiling rand_core v0.6.4
[INFO] [stderr]    Compiling rand_chacha v0.3.1
[INFO] [stderr]    Compiling rand v0.8.5
[INFO] [stderr]    Compiling moduforge-core v0.7.0 (/opt/rustwide/workdir)
[INFO] [stdout] warning: unused import: `super::*`
[INFO] [stdout]   --> src/test_helpers.rs:60:9
[INFO] [stdout]    |
[INFO] [stdout] 60 |     use super::*;
[INFO] [stdout]    |         ^^^^^^^^
[INFO] [stdout]    |
[INFO] [stdout]    = note: `#[warn(unused_imports)]` (part of `#[warn(unused)]`) on by default
[INFO] [stdout] 
[INFO] [stdout] 
[INFO] [stderr]     Finished `release` profile [optimized] target(s) in 20.98s
[INFO] running `Command { std: "docker" "inspect" "7d4dc9fed4e4c8051f9500f11336222f3c3d4e219d613baad8e50fb6dce9681f", kill_on_drop: false }`
[INFO] running `Command { std: "docker" "exec" "-e" "SOURCE_DIR=/opt/rustwide/workdir" "-e" "CARGO_HOME=/opt/rustwide/cargo-home" "-e" "RUSTUP_HOME=/opt/rustwide/rustup-home" "-e" "CARGO_TARGET_DIR=/opt/rustwide/target" "-e" "CARGO_INCREMENTAL=0" "-e" "RUST_BACKTRACE=full" "-e" "RUSTFLAGS=--cap-lints=warn" "-e" "RUSTDOCFLAGS=--cap-lints=warn" "-w" "/opt/rustwide/workdir" "--user" "0:0" "7d4dc9fed4e4c8051f9500f11336222f3c3d4e219d613baad8e50fb6dce9681f" "/opt/rustwide/cargo-home/bin/cargo" "+1.99.0-beta.8" "test" "--frozen" "--release", kill_on_drop: false }`
[INFO] [stderr] warning: unused import: `super::*`
[INFO] [stdout] 
[INFO] [stderr]   --> src/test_helpers.rs:60:9
[INFO] [stdout] running 32 tests
[INFO] [stderr]    |
[INFO] [stdout] test history_manager::tests::test_insert_with_limit ... ok
[INFO] [stderr] 60 |     use super::*;
[INFO] [stdout] test history_manager::tests::test_jump_boundary_checks ... ok
[INFO] [stderr]    |         ^^^^^^^^
[INFO] [stdout] test history_manager::tests::test_jump_with_bounds ... ok
[INFO] [stderr]    |
[INFO] [stdout] test runtime::adaptive::tests::test_calc_queue_size ... ok
[INFO] [stderr]    = note: `#[warn(unused_imports)]` (part of `#[warn(unused)]`) on by default
[INFO] [stdout] test runtime::adaptive::tests::test_concurrent_tasks_calculation ... ok
[INFO] [stderr] 
[INFO] [stdout] test runtime::adaptive::tests::test_generate_config ... ok
[INFO] [stderr] warning: `moduforge-core` (lib test) generated 1 warning (run `cargo fix --lib -p moduforge-core --tests` to apply 1 suggestion)
[INFO] [stdout] test runtime::adaptive::tests::test_select_runtime ... ok
[INFO] [stderr]     Finished `release` profile [optimized] target(s) in 0.20s
[INFO] [stderr]      Running unittests src/lib.rs (/opt/rustwide/target/release/deps/mf_core-a3351632c3b97100)
[INFO] [stdout] test history_manager::tests::test_safe_access_methods ... ok
[INFO] [stdout] test actors::state_actor::tests::test_state_actor_basic_operations ... ok
[INFO] [stdout] test actors::transaction_processor::tests::test_transaction_processor_actor_creation ... ok
[INFO] [stdout] test runtime::async_utils::tests::test_sync_context_detection ... ok
[INFO] [stdout] test runtime::async_utils::tests::test_async_context_detection ... ok
[INFO] [stdout] test runtime::async_utils::tests::test_async_dropper ... ok
[INFO] [stdout] test actors::state_actor::tests::test_state_actor_history_operations ... ok
[INFO] [stdout] test error_helpers::tests::test_collection_helpers ... ok
[INFO] [stdout] test runtime::system_detector::tests::test_resource_tier ... ok
[INFO] [stdout] test error_helpers::tests::test_option_helpers ... ok
[INFO] [stdout] test history_manager::tests::test_can_undo_redo ... ok
[INFO] [stdout] test test_helpers::tests::test_assert_unwrap_macro ... ok
[INFO] [stdout] test test_helpers::tests::test_expect_ok_macro ... ok
[INFO] [stdout] test test_helpers::tests::test_unwrap_macro ... ok
[INFO] [stdout] test runtime::async_processor::tests::test_processor_auto_shutdown ... FAILED
[INFO] [stdout] test runtime::actor_runtime::tests::test_actor_runtime_creation ... ok
[INFO] [stdout] test runtime::async_processor::tests::test_processor_shutdown ... FAILED
[INFO] [stdout] test helpers::runtime_common::tests::test_extension_manager_helper_creation ... FAILED
[INFO] [stdout] test runtime::actor_runtime::tests::test_actor_runtime_api_compatibility ... ok
[INFO] [stdout] test schema_parser::parser::tests::test_parse_simple_schema ... FAILED
[INFO] [stdout] test runtime::system_detector::tests::test_tier_description ... ok
[INFO] [stdout] test runtime::async_utils::tests::test_run_async_in_sync ... ok
[INFO] [stdout] test runtime::async_utils::tests::test_run_blocking_in_async ... ok
[INFO] [stdout] test runtime::system_detector::tests::test_system_resources_detect ... ok
[INFO] [stdout] test runtime::async_processor::tests::test_async_processor ... FAILED
[INFO] [stdout] 
[INFO] [stdout] failures:
[INFO] [stdout] 
[INFO] [stdout] ---- runtime::async_processor::tests::test_processor_auto_shutdown stdout ----
[INFO] [stdout] 
[INFO] [stdout] thread 'runtime::async_processor::tests::test_processor_auto_shutdown' (2315) panicked at src/runtime/async_processor.rs:722:42:
[INFO] [stdout] called `Option::unwrap()` on a `None` value
[INFO] [stdout] stack backtrace:
[INFO] [stdout]    0:     0x5abe9b8a3bc1 - <<std[70759c8f55707aa4]::sys::backtrace::BacktraceLock>::print::DisplayBacktrace as core[df12db4294e9bfd3]::fmt::Display>::fmt
[INFO] [stdout]    1:     0x5abe9b8b9a0a - core[df12db4294e9bfd3]::fmt::write
[INFO] [stdout]    2:     0x5abe9b8a8a6c - <alloc[2182bb758b4b3781]::vec::Vec<u8> as core[df12db4294e9bfd3]::io::write::Write>::write_fmt
[INFO] [stdout]    3:     0x5abe9b87e6c6 - std[70759c8f55707aa4]::panicking::default_hook::{closure#0}
[INFO] [stdout]    4:     0x5abe9b89b7e9 - std[70759c8f55707aa4]::panicking::default_hook
[INFO] [stdout]    5:     0x5abe9b7962c0 - test[9d35eded1c95d3be]::test_main_inner::<test[9d35eded1c95d3be]::test_main_static::{closure#0}>::{closure#0}
[INFO] [stdout]    6:     0x5abe9b89bb12 - std[70759c8f55707aa4]::panicking::panic_with_hook
[INFO] [stdout]    7:     0x5abe9b87e7a4 - std[70759c8f55707aa4]::panicking::panic_handler::{closure#0}
[INFO] [stdout]    8:     0x5abe9b876d39 - std[70759c8f55707aa4]::sys::backtrace::__rust_end_short_backtrace::<std[70759c8f55707aa4]::panicking::panic_handler::{closure#0}, !>
[INFO] [stdout]    9:     0x5abe9b87f47d - __rustc[8fa7c3cbc660c2b3]::rust_begin_unwind
[INFO] [stdout]   10:     0x5abe9b8ba16c - core[df12db4294e9bfd3]::panicking::panic_fmt
[INFO] [stdout]   11:     0x5abe9b8ba132 - core[df12db4294e9bfd3]::panicking::panic
[INFO] [stdout]   12:     0x5abe9b8b9ee9 - core[df12db4294e9bfd3]::option::unwrap_failed
[INFO] [stdout]   13:     0x5abe9b747378 - mf_core[c9c78d2f9e1e7c74]::runtime::async_processor::tests::test_processor_auto_shutdown::{closure#0}
[INFO] [stdout]   14:     0x5abe9b72e788 - <tokio[12cb282a668b8e6c]::runtime::context::scoped::Scoped<tokio[12cb282a668b8e6c]::runtime::scheduler::Context>>::set::<<tokio[12cb282a668b8e6c]::runtime::scheduler::current_thread::CoreGuard>::enter<<tokio[12cb282a668b8e6c]::runtime::scheduler::current_thread::CoreGuard>::block_on<core[df12db4294e9bfd3]::pin::Pin<&mut core[df12db4294e9bfd3]::pin::Pin<&mut dyn core[df12db4294e9bfd3]::future::future::Future<Output = ()>>>>::{closure#0}, core[df12db4294e9bfd3]::option::Option<()>>::{closure#0}, (alloc[2182bb758b4b3781]::boxed::Box<tokio[12cb282a668b8e6c]::runtime::scheduler::current_thread::Core>, core[df12db4294e9bfd3]::option::Option<()>)>
[INFO] [stdout]   15:     0x5abe9b7301ad - <tokio[12cb282a668b8e6c]::runtime::scheduler::current_thread::CoreGuard>::block_on::<core[df12db4294e9bfd3]::pin::Pin<&mut core[df12db4294e9bfd3]::pin::Pin<&mut dyn core[df12db4294e9bfd3]::future::future::Future<Output = ()>>>>
[INFO] [stdout]   16:     0x5abe9b721da7 - tokio[12cb282a668b8e6c]::runtime::context::runtime::enter_runtime::<<tokio[12cb282a668b8e6c]::runtime::scheduler::current_thread::CurrentThread>::block_on<core[df12db4294e9bfd3]::pin::Pin<&mut dyn core[df12db4294e9bfd3]::future::future::Future<Output = ()>>>::{closure#0}, ()>
[INFO] [stdout]   17:     0x5abe9b7186ca - <tokio[12cb282a668b8e6c]::runtime::runtime::Runtime>::block_on::<core[df12db4294e9bfd3]::pin::Pin<&mut dyn core[df12db4294e9bfd3]::future::future::Future<Output = ()>>>
[INFO] [stdout]   18:     0x5abe9b748b9b - mf_core[c9c78d2f9e1e7c74]::runtime::async_processor::tests::test_processor_auto_shutdown
[INFO] [stdout]   19:     0x5abe9b72e479 - <mf_core[c9c78d2f9e1e7c74]::runtime::async_processor::tests::test_processor_auto_shutdown::{closure#0} as core[df12db4294e9bfd3]::ops::function::FnOnce<()>>::call_once
[INFO] [stdout]   20:     0x5abe9b7895ab - test[9d35eded1c95d3be]::__rust_begin_short_backtrace::<core[df12db4294e9bfd3]::result::Result<(), alloc[2182bb758b4b3781]::string::String>, fn() -> core[df12db4294e9bfd3]::result::Result<(), alloc[2182bb758b4b3781]::string::String>>
[INFO] [stdout]   21:     0x5abe9b796c15 - test[9d35eded1c95d3be]::run_test::{closure#0}
[INFO] [stdout]   22:     0x5abe9b7904d4 - std[70759c8f55707aa4]::sys::backtrace::__rust_begin_short_backtrace::<test[9d35eded1c95d3be]::run_test::{closure#1}, ()>
[INFO] [stdout]   23:     0x5abe9b799d72 - <std[70759c8f55707aa4]::thread::lifecycle::spawn_unchecked<test[9d35eded1c95d3be]::run_test::{closure#1}, ()>::{closure#1} as core[df12db4294e9bfd3]::ops::function::FnOnce<()>>::call_once::{shim:vtable#0}
[INFO] [stdout]   24:     0x5abe9b8a30e9 - <std[70759c8f55707aa4]::sys::thread::unix::Thread>::new::thread_start
[INFO] [stdout]   25:     0x75b95e90adfa - <unknown>
[INFO] [stdout]   26:     0x75b95e99e3d4 - clone
[INFO] [stdout]   27:                0x0 - <unknown>
[INFO] [stdout] 
[INFO] [stdout] ---- runtime::async_processor::tests::test_processor_shutdown stdout ----
[INFO] [stdout] 
[INFO] [stdout] thread 'runtime::async_processor::tests::test_processor_shutdown' (2316) panicked at src/runtime/async_processor.rs:693:13:
[INFO] [stdout] assertion `left == right` failed
[INFO] [stdout]   left: Cancelled
[INFO] [stdout]  right: Completed
[INFO] [stdout] stack backtrace:
[INFO] [stdout]    0:     0x5abe9b8a3bc1 - <<std[70759c8f55707aa4]::sys::backtrace::BacktraceLock>::print::DisplayBacktrace as core[df12db4294e9bfd3]::fmt::Display>::fmt
[INFO] [stdout]    1:     0x5abe9b8b9a0a - core[df12db4294e9bfd3]::fmt::write
[INFO] [stdout]    2:     0x5abe9b8a8a6c - <alloc[2182bb758b4b3781]::vec::Vec<u8> as core[df12db4294e9bfd3]::io::write::Write>::write_fmt
[INFO] [stdout]    3:     0x5abe9b87e6c6 - std[70759c8f55707aa4]::panicking::default_hook::{closure#0}
[INFO] [stdout]    4:     0x5abe9b89b7e9 - std[70759c8f55707aa4]::panicking::default_hook
[INFO] [stdout]    5:     0x5abe9b7962c0 - test[9d35eded1c95d3be]::test_main_inner::<test[9d35eded1c95d3be]::test_main_static::{closure#0}>::{closure#0}
[INFO] [stdout]    6:     0x5abe9b89bb12 - std[70759c8f55707aa4]::panicking::panic_with_hook
[INFO] [stdout]    7:     0x5abe9b87e772 - std[70759c8f55707aa4]::panicking::panic_handler::{closure#0}
[INFO] [stdout]    8:     0x5abe9b876d39 - std[70759c8f55707aa4]::sys::backtrace::__rust_end_short_backtrace::<std[70759c8f55707aa4]::panicking::panic_handler::{closure#0}, !>
[INFO] [stdout]    9:     0x5abe9b87f47d - __rustc[8fa7c3cbc660c2b3]::rust_begin_unwind
[INFO] [stdout]   10:     0x5abe9b8ba16c - core[df12db4294e9bfd3]::panicking::panic_fmt
[INFO] [stdout]   11:     0x5abe9b8ba083 - core[df12db4294e9bfd3]::panicking::assert_failed_inner
[INFO] [stdout]   12:     0x5abe9b76e315 - core[df12db4294e9bfd3]::panicking::assert_failed::<mf_core[c9c78d2f9e1e7c74]::runtime::async_processor::TaskStatus, mf_core[c9c78d2f9e1e7c74]::runtime::async_processor::TaskStatus>
[INFO] [stdout]   13:     0x5abe9b746b23 - mf_core[c9c78d2f9e1e7c74]::runtime::async_processor::tests::test_processor_shutdown::{closure#0}
[INFO] [stdout]   14:     0x5abe9b72e788 - <tokio[12cb282a668b8e6c]::runtime::context::scoped::Scoped<tokio[12cb282a668b8e6c]::runtime::scheduler::Context>>::set::<<tokio[12cb282a668b8e6c]::runtime::scheduler::current_thread::CoreGuard>::enter<<tokio[12cb282a668b8e6c]::runtime::scheduler::current_thread::CoreGuard>::block_on<core[df12db4294e9bfd3]::pin::Pin<&mut core[df12db4294e9bfd3]::pin::Pin<&mut dyn core[df12db4294e9bfd3]::future::future::Future<Output = ()>>>>::{closure#0}, core[df12db4294e9bfd3]::option::Option<()>>::{closure#0}, (alloc[2182bb758b4b3781]::boxed::Box<tokio[12cb282a668b8e6c]::runtime::scheduler::current_thread::Core>, core[df12db4294e9bfd3]::option::Option<()>)>
[INFO] [stdout]   15:     0x5abe9b7301ad - <tokio[12cb282a668b8e6c]::runtime::scheduler::current_thread::CoreGuard>::block_on::<core[df12db4294e9bfd3]::pin::Pin<&mut core[df12db4294e9bfd3]::pin::Pin<&mut dyn core[df12db4294e9bfd3]::future::future::Future<Output = ()>>>>
[INFO] [stdout]   16:     0x5abe9b721da7 - tokio[12cb282a668b8e6c]::runtime::context::runtime::enter_runtime::<<tokio[12cb282a668b8e6c]::runtime::scheduler::current_thread::CurrentThread>::block_on<core[df12db4294e9bfd3]::pin::Pin<&mut dyn core[df12db4294e9bfd3]::future::future::Future<Output = ()>>>::{closure#0}, ()>
[INFO] [stdout]   17:     0x5abe9b7186ca - <tokio[12cb282a668b8e6c]::runtime::runtime::Runtime>::block_on::<core[df12db4294e9bfd3]::pin::Pin<&mut dyn core[df12db4294e9bfd3]::future::future::Future<Output = ()>>>
[INFO] [stdout]   18:     0x5abe9b748a4b - mf_core[c9c78d2f9e1e7c74]::runtime::async_processor::tests::test_processor_shutdown
[INFO] [stdout]   19:     0x5abe9b72e459 - <mf_core[c9c78d2f9e1e7c74]::runtime::async_processor::tests::test_processor_shutdown::{closure#0} as core[df12db4294e9bfd3]::ops::function::FnOnce<()>>::call_once
[INFO] [stdout]   20:     0x5abe9b7895ab - test[9d35eded1c95d3be]::__rust_begin_short_backtrace::<core[df12db4294e9bfd3]::result::Result<(), alloc[2182bb758b4b3781]::string::String>, fn() -> core[df12db4294e9bfd3]::result::Result<(), alloc[2182bb758b4b3781]::string::String>>
[INFO] [stdout]   21:     0x5abe9b796c15 - test[9d35eded1c95d3be]::run_test::{closure#0}
[INFO] [stdout]   22:     0x5abe9b7904d4 - std[70759c8f55707aa4]::sys::backtrace::__rust_begin_short_backtrace::<test[9d35eded1c95d3be]::run_test::{closure#1}, ()>
[INFO] [stdout]   23:     0x5abe9b799d72 - <std[70759c8f55707aa4]::thread::lifecycle::spawn_unchecked<test[9d35eded1c95d3be]::run_test::{closure#1}, ()>::{closure#1} as core[df12db4294e9bfd3]::ops::function::FnOnce<()>>::call_once::{shim:vtable#0}
[INFO] [stdout]   24:     0x5abe9b8a30e9 - <std[70759c8f55707aa4]::sys::thread::unix::Thread>::new::thread_start
[INFO] [stdout]   25:     0x75b95e90adfa - <unknown>
[INFO] [stdout]   26:     0x75b95e99e3d4 - clone
[INFO] [stdout]   27:                0x0 - <unknown>
[INFO] [stdout] 
[INFO] [stdout] ---- helpers::runtime_common::tests::test_extension_manager_helper_creation stdout ----
[INFO] [stdout] 
[INFO] [stdout] thread 'helpers::runtime_common::tests::test_extension_manager_helper_creation' (2302) panicked at src/helpers/runtime_common.rs:155:9:
[INFO] [stdout] assertion failed: result.is_ok()
[INFO] [stdout] stack backtrace:
[INFO] [stdout]    0:     0x5abe9b8a3bc1 - <<std[70759c8f55707aa4]::sys::backtrace::BacktraceLock>::print::DisplayBacktrace as core[df12db4294e9bfd3]::fmt::Display>::fmt
[INFO] [stdout]    1:     0x5abe9b8b9a0a - core[df12db4294e9bfd3]::fmt::write
[INFO] [stdout]    2:     0x5abe9b8a8a6c - <alloc[2182bb758b4b3781]::vec::Vec<u8> as core[df12db4294e9bfd3]::io::write::Write>::write_fmt
[INFO] [stdout]    3:     0x5abe9b87e6c6 - std[70759c8f55707aa4]::panicking::default_hook::{closure#0}
[INFO] [stdout]    4:     0x5abe9b89b7e9 - std[70759c8f55707aa4]::panicking::default_hook
[INFO] [stdout]    5:     0x5abe9b7962c0 - test[9d35eded1c95d3be]::test_main_inner::<test[9d35eded1c95d3be]::test_main_static::{closure#0}>::{closure#0}
[INFO] [stdout]    6:     0x5abe9b89bb12 - std[70759c8f55707aa4]::panicking::panic_with_hook
[INFO] [stdout]    7:     0x5abe9b87e7a4 - std[70759c8f55707aa4]::panicking::panic_handler::{closure#0}
[INFO] [stdout]    8:     0x5abe9b876d39 - std[70759c8f55707aa4]::sys::backtrace::__rust_end_short_backtrace::<std[70759c8f55707aa4]::panicking::panic_handler::{closure#0}, !>
[INFO] [stdout]    9:     0x5abe9b87f47d - __rustc[8fa7c3cbc660c2b3]::rust_begin_unwind
[INFO] [stdout]   10:     0x5abe9b8ba16c - core[df12db4294e9bfd3]::panicking::panic_fmt
[INFO] [stdout]   11:     0x5abe9b8ba132 - core[df12db4294e9bfd3]::panicking::panic
[INFO] [stdout]   12:     0x5abe9b6d25b1 - mf_core[c9c78d2f9e1e7c74]::helpers::runtime_common::tests::test_extension_manager_helper_creation
[INFO] [stdout]   13:     0x5abe9b72e2c9 - <mf_core[c9c78d2f9e1e7c74]::helpers::runtime_common::tests::test_extension_manager_helper_creation::{closure#0} as core[df12db4294e9bfd3]::ops::function::FnOnce<()>>::call_once
[INFO] [stdout]   14:     0x5abe9b7895ab - test[9d35eded1c95d3be]::__rust_begin_short_backtrace::<core[df12db4294e9bfd3]::result::Result<(), alloc[2182bb758b4b3781]::string::String>, fn() -> core[df12db4294e9bfd3]::result::Result<(), alloc[2182bb758b4b3781]::string::String>>
[INFO] [stdout]   15:     0x5abe9b796c15 - test[9d35eded1c95d3be]::run_test::{closure#0}
[INFO] [stdout]   16:     0x5abe9b7904d4 - std[70759c8f55707aa4]::sys::backtrace::__rust_begin_short_backtrace::<test[9d35eded1c95d3be]::run_test::{closure#1}, ()>
[INFO] [stdout]   17:     0x5abe9b799d72 - <std[70759c8f55707aa4]::thread::lifecycle::spawn_unchecked<test[9d35eded1c95d3be]::run_test::{closure#1}, ()>::{closure#1} as core[df12db4294e9bfd3]::ops::function::FnOnce<()>>::call_once::{shim:vtable#0}
[INFO] [stdout]   18:     0x5abe9b8a30e9 - <std[70759c8f55707aa4]::sys::thread::unix::Thread>::new::thread_start
[INFO] [stdout]   19:     0x75b95e90adfa - <unknown>
[INFO] [stdout]   20:     0x75b95e99e3d4 - clone
[INFO] [stdout]   21:                0x0 - <unknown>
[INFO] [stdout] 
[INFO] [stdout] ---- schema_parser::parser::tests::test_parse_simple_schema stdout ----
[INFO] [stdout] 
[INFO] [stdout] thread 'schema_parser::parser::tests::test_parse_simple_schema' (2325) panicked at src/schema_parser/parser.rs:863:9:
[INFO] [stdout] assertion failed: result.is_ok()
[INFO] [stdout] stack backtrace:
[INFO] [stdout]    0:     0x5abe9b8a3bc1 - <<std[70759c8f55707aa4]::sys::backtrace::BacktraceLock>::print::DisplayBacktrace as core[df12db4294e9bfd3]::fmt::Display>::fmt
[INFO] [stdout]    1:     0x5abe9b8b9a0a - core[df12db4294e9bfd3]::fmt::write
[INFO] [stdout]    2:     0x5abe9b8a8a6c - <alloc[2182bb758b4b3781]::vec::Vec<u8> as core[df12db4294e9bfd3]::io::write::Write>::write_fmt
[INFO] [stdout]    3:     0x5abe9b87e6c6 - std[70759c8f55707aa4]::panicking::default_hook::{closure#0}
[INFO] [stdout]    4:     0x5abe9b89b7e9 - std[70759c8f55707aa4]::panicking::default_hook
[INFO] [stdout]    5:     0x5abe9b7962c0 - test[9d35eded1c95d3be]::test_main_inner::<test[9d35eded1c95d3be]::test_main_static::{closure#0}>::{closure#0}
[INFO] [stdout]    6:     0x5abe9b89bb12 - std[70759c8f55707aa4]::panicking::panic_with_hook
[INFO] [stdout]    7:     0x5abe9b87e7a4 - std[70759c8f55707aa4]::panicking::panic_handler::{closure#0}
[INFO] [stdout]    8:     0x5abe9b876d39 - std[70759c8f55707aa4]::sys::backtrace::__rust_end_short_backtrace::<std[70759c8f55707aa4]::panicking::panic_handler::{closure#0}, !>
[INFO] [stdout]    9:     0x5abe9b87f47d - __rustc[8fa7c3cbc660c2b3]::rust_begin_unwind
[INFO] [stdout]   10:     0x5abe9b8ba16c - core[df12db4294e9bfd3]::panicking::panic_fmt
[INFO] [stdout]   11:     0x5abe9b8ba132 - core[df12db4294e9bfd3]::panicking::panic
[INFO] [stdout]   12:     0x5abe9b77780a - mf_core[c9c78d2f9e1e7c74]::schema_parser::parser::tests::test_parse_simple_schema
[INFO] [stdout]   13:     0x5abe9b72e249 - <mf_core[c9c78d2f9e1e7c74]::schema_parser::parser::tests::test_parse_simple_schema::{closure#0} as core[df12db4294e9bfd3]::ops::function::FnOnce<()>>::call_once
[INFO] [stdout]   14:     0x5abe9b7895ab - test[9d35eded1c95d3be]::__rust_begin_short_backtrace::<core[df12db4294e9bfd3]::result::Result<(), alloc[2182bb758b4b3781]::string::String>, fn() -> core[df12db4294e9bfd3]::result::Result<(), alloc[2182bb758b4b3781]::string::String>>
[INFO] [stdout]   15:     0x5abe9b796c15 - test[9d35eded1c95d3be]::run_test::{closure#0}
[INFO] [stdout]   16:     0x5abe9b7904d4 - std[70759c8f55707aa4]::sys::backtrace::__rust_begin_short_backtrace::<test[9d35eded1c95d3be]::run_test::{closure#1}, ()>
[INFO] [stdout]   17:     0x5abe9b799d72 - <std[70759c8f55707aa4]::thread::lifecycle::spawn_unchecked<test[9d35eded1c95d3be]::run_test::{closure#1}, ()>::{closure#1} as core[df12db4294e9bfd3]::ops::function::FnOnce<()>>::call_once::{shim:vtable#0}
[INFO] [stdout]   18:     0x5abe9b8a30e9 - <std[70759c8f55707aa4]::sys::thread::unix::Thread>::new::thread_start
[INFO] [stdout]   19:     0x75b95e90adfa - <unknown>
[INFO] [stdout]   20:     0x75b95e99e3d4 - clone
[INFO] [stdout]   21:                0x0 - <unknown>
[INFO] [stdout] 
[INFO] [stdout] ---- runtime::async_processor::tests::test_async_processor stdout ----
[INFO] [stdout] 
[INFO] [stdout] thread 'runtime::async_processor::tests::test_async_processor' (2314) panicked at src/runtime/async_processor.rs:657:42:
[INFO] [stdout] called `Option::unwrap()` on a `None` value
[INFO] [stdout] stack backtrace:
[INFO] [stdout]    0:     0x5abe9b8a3bc1 - <<std[70759c8f55707aa4]::sys::backtrace::BacktraceLock>::print::DisplayBacktrace as core[df12db4294e9bfd3]::fmt::Display>::fmt
[INFO] [stdout]    1:     0x5abe9b8b9a0a - core[df12db4294e9bfd3]::fmt::write
[INFO] [stdout]    2:     0x5abe9b8a8a6c - <alloc[2182bb758b4b3781]::vec::Vec<u8> as core[df12db4294e9bfd3]::io::write::Write>::write_fmt
[INFO] [stdout]    3:     0x5abe9b87e6c6 - std[70759c8f55707aa4]::panicking::default_hook::{closure#0}
[INFO] [stdout]    4:     0x5abe9b89b7e9 - std[70759c8f55707aa4]::panicking::default_hook
[INFO] [stdout]    5:     0x5abe9b7962c0 - test[9d35eded1c95d3be]::test_main_inner::<test[9d35eded1c95d3be]::test_main_static::{closure#0}>::{closure#0}
[INFO] [stdout]    6:     0x5abe9b89bb12 - std[70759c8f55707aa4]::panicking::panic_with_hook
[INFO] [stdout]    7:     0x5abe9b87e7a4 - std[70759c8f55707aa4]::panicking::panic_handler::{closure#0}
[INFO] [stdout]    8:     0x5abe9b876d39 - std[70759c8f55707aa4]::sys::backtrace::__rust_end_short_backtrace::<std[70759c8f55707aa4]::panicking::panic_handler::{closure#0}, !>
[INFO] [stdout]    9:     0x5abe9b87f47d - __rustc[8fa7c3cbc660c2b3]::rust_begin_unwind
[INFO] [stdout]   10:     0x5abe9b8ba16c - core[df12db4294e9bfd3]::panicking::panic_fmt
[INFO] [stdout]   11:     0x5abe9b8ba132 - core[df12db4294e9bfd3]::panicking::panic
[INFO] [stdout]   12:     0x5abe9b8b9ee9 - core[df12db4294e9bfd3]::option::unwrap_failed
[INFO] [stdout]   13:     0x5abe9b7461e4 - mf_core[c9c78d2f9e1e7c74]::runtime::async_processor::tests::test_async_processor::{closure#0}
[INFO] [stdout]   14:     0x5abe9b72e788 - <tokio[12cb282a668b8e6c]::runtime::context::scoped::Scoped<tokio[12cb282a668b8e6c]::runtime::scheduler::Context>>::set::<<tokio[12cb282a668b8e6c]::runtime::scheduler::current_thread::CoreGuard>::enter<<tokio[12cb282a668b8e6c]::runtime::scheduler::current_thread::CoreGuard>::block_on<core[df12db4294e9bfd3]::pin::Pin<&mut core[df12db4294e9bfd3]::pin::Pin<&mut dyn core[df12db4294e9bfd3]::future::future::Future<Output = ()>>>>::{closure#0}, core[df12db4294e9bfd3]::option::Option<()>>::{closure#0}, (alloc[2182bb758b4b3781]::boxed::Box<tokio[12cb282a668b8e6c]::runtime::scheduler::current_thread::Core>, core[df12db4294e9bfd3]::option::Option<()>)>
[INFO] [stdout]   15:     0x5abe9b7301ad - <tokio[12cb282a668b8e6c]::runtime::scheduler::current_thread::CoreGuard>::block_on::<core[df12db4294e9bfd3]::pin::Pin<&mut core[df12db4294e9bfd3]::pin::Pin<&mut dyn core[df12db4294e9bfd3]::future::future::Future<Output = ()>>>>
[INFO] [stdout]   16:     0x5abe9b721da7 - tokio[12cb282a668b8e6c]::runtime::context::runtime::enter_runtime::<<tokio[12cb282a668b8e6c]::runtime::scheduler::current_thread::CurrentThread>::block_on<core[df12db4294e9bfd3]::pin::Pin<&mut dyn core[df12db4294e9bfd3]::future::future::Future<Output = ()>>>::{closure#0}, ()>
[INFO] [stdout]   17:     0x5abe9b7186ca - <tokio[12cb282a668b8e6c]::runtime::runtime::Runtime>::block_on::<core[df12db4294e9bfd3]::pin::Pin<&mut dyn core[df12db4294e9bfd3]::future::future::Future<Output = ()>>>
[INFO] [stdout]   18:     0x5abe9b7488fb - mf_core[c9c78d2f9e1e7c74]::runtime::async_processor::tests::test_async_processor
[INFO] [stdout]   19:     0x5abe9b72e439 - <mf_core[c9c78d2f9e1e7c74]::runtime::async_processor::tests::test_async_processor::{closure#0} as core[df12db4294e9bfd3]::ops::function::FnOnce<()>>::call_once
[INFO] [stdout]   20:     0x5abe9b7895ab - test[9d35eded1c95d3be]::__rust_begin_short_backtrace::<core[df12db4294e9bfd3]::result::Result<(), alloc[2182bb758b4b3781]::string::String>, fn() -> core[df12db4294e9bfd3]::result::Result<(), alloc[2182bb758b4b3781]::string::String>>
[INFO] [stdout]   21:     0x5abe9b796c15 - test[9d35eded1c95d3be]::run_test::{closure#0}
[INFO] [stdout]   22:     0x5abe9b7904d4 - std[70759c8f55707aa4]::sys::backtrace::__rust_begin_short_backtrace::<test[9d35eded1c95d3be]::run_test::{closure#1}, ()>
[INFO] [stdout]   23:     0x5abe9b799d72 - <std[70759c8f55707aa4]::thread::lifecycle::spawn_unchecked<test[9d35eded1c95d3be]::run_test::{closure#1}, ()>::{closure#1} as core[df12db4294e9bfd3]::ops::function::FnOnce<()>>::call_once::{shim:vtable#0}
[INFO] [stdout]   24:     0x5abe9b8a30e9 - <std[70759c8f55707aa4]::sys::thread::unix::Thread>::new::thread_start
[INFO] [stdout]   25:     0x75b95e90adfa - <unknown>
[INFO] [stdout]   26:     0x75b95e99e3d4 - clone
[INFO] [stdout]   27:                0x0 - <unknown>
[INFO] [stdout] 
[INFO] [stdout] 
[INFO] [stdout] failures:
[INFO] [stdout]     helpers::runtime_common::tests::test_extension_manager_helper_creation
[INFO] [stdout]     runtime::async_processor::tests::test_async_processor
[INFO] [stdout]     runtime::async_processor::tests::test_processor_auto_shutdown
[INFO] [stdout]     runtime::async_processor::tests::test_processor_shutdown
[INFO] [stdout]     schema_parser::parser::tests::test_parse_simple_schema
[INFO] [stdout] 
[INFO] [stdout] test result: FAILED. 27 passed; 5 failed; 0 ignored; 0 measured; 0 filtered out; finished in 0.11s
[INFO] [stdout] 
[INFO] [stderr] error: test failed, to rerun pass `--lib`
[INFO] running `Command { std: "docker" "inspect" "7d4dc9fed4e4c8051f9500f11336222f3c3d4e219d613baad8e50fb6dce9681f", kill_on_drop: false }`
[INFO] running `Command { std: "docker" "rm" "-f" "7d4dc9fed4e4c8051f9500f11336222f3c3d4e219d613baad8e50fb6dce9681f", kill_on_drop: false }`
[INFO] [stdout] 7d4dc9fed4e4c8051f9500f11336222f3c3d4e219d613baad8e50fb6dce9681f
