[INFO] fetching crate modrinth 0.2.0...
[INFO] testing modrinth-0.2.0 against 1.100.0-beta.1+cargoflags=--release for beta-release-1.100-2
[INFO] extracting crate modrinth 0.2.0 into /workspace/builds/worker-6-tc2/source
[INFO] started tweaking crates.io crate modrinth 0.2.0
[INFO] finished tweaking crates.io crate modrinth 0.2.0
[INFO] tweaked toml for crates.io crate modrinth 0.2.0 written to /workspace/builds/worker-6-tc2/source/Cargo.toml
[INFO] validating manifest of crates.io crate modrinth 0.2.0 on toolchain 1.100.0-beta.1
[INFO] running `Command { std: CARGO_HOME="/workspace/cargo-home" RUSTUP_HOME="/workspace/rustup-home" "/workspace/cargo-home/bin/cargo" "+1.100.0-beta.1" "metadata" "--manifest-path" "Cargo.toml" "--no-deps", kill_on_drop: false }`
[INFO] running `Command { std: CARGO_HOME="/workspace/cargo-home" RUSTUP_HOME="/workspace/rustup-home" "/workspace/cargo-home/bin/cargo" "+1.100.0-beta.1" "generate-lockfile" "--manifest-path" "Cargo.toml", kill_on_drop: false }`
[INFO] [stderr]     Updating crates.io index
[INFO] [stderr]      Locking 181 packages to highest compatible versions
[INFO] [stderr]       Adding derive_more v0.99.20 (available: v2.1.1)
[INFO] [stderr]       Adding futures-lite v1.13.0 (available: v2.6.1)
[INFO] [stderr]       Adding isahc v1.8.3 (available: v2.0.1)
[INFO] [stderr]       Adding serde_qs v0.9.2 (available: v1.1.3)
[INFO] [stderr]       Adding serde_with v1.14.0 (available: v3.24.0)
[INFO] [stderr]       Adding smol v1.3.0 (available: v2.0.2)
[INFO] [stderr]       Adding strum v0.24.1 (available: v0.28.0)
[INFO] [stderr]       Adding thiserror v1.0.69 (available: v2.0.21)
[INFO] running `Command { std: CARGO_HOME="/workspace/cargo-home" RUSTUP_HOME="/workspace/rustup-home" "/workspace/cargo-home/bin/cargo" "+1.100.0-beta.1" "fetch" "--manifest-path" "Cargo.toml", kill_on_drop: false }`
[INFO] running `Command { std: "docker" "create" "-v" "/var/lib/crater-agent-workspace/builds/worker-6-tc2/source:/opt/rustwide/workdir:ro,Z" "-v" "/var/lib/crater-agent-workspace/builds/worker-6-tc2/target:/opt/rustwide/target:rw,Z" "-v" "/var/lib/crater-agent-workspace/cargo-home:/opt/rustwide/cargo-home:ro,Z" "-v" "/var/lib/crater-agent-workspace/rustup-home:/opt/rustwide/rustup-home:ro,Z" "-m" "1610612736" "--network" "none" "ghcr.io/rust-lang/crates-build-env/linux@sha256:77db811e55d90add9212f6832c23229e3de5f1c1f9905e8cb07319ea15df73ac" "sleep" "infinity", kill_on_drop: false }`
[INFO] [stdout] e01fb252ea4862c8088ee6b8911821c93cd883ee1ddf45453c7c3e8fc87ec315
[INFO] running `Command { std: "docker" "start" "e01fb252ea4862c8088ee6b8911821c93cd883ee1ddf45453c7c3e8fc87ec315", kill_on_drop: false }`
[INFO] running `Command { std: "docker" "inspect" "e01fb252ea4862c8088ee6b8911821c93cd883ee1ddf45453c7c3e8fc87ec315", kill_on_drop: false }`
[INFO] running `Command { std: "docker" "exec" "-e" "SOURCE_DIR=/opt/rustwide/workdir" "-e" "CARGO_HOME=/opt/rustwide/cargo-home" "-e" "RUSTUP_HOME=/opt/rustwide/rustup-home" "-e" "CARGO_TARGET_DIR=/opt/rustwide/target" "-w" "/opt/rustwide/workdir" "--user" "0:0" "e01fb252ea4862c8088ee6b8911821c93cd883ee1ddf45453c7c3e8fc87ec315" "/opt/rustwide/cargo-home/bin/cargo" "+1.100.0-beta.1" "metadata" "--no-deps" "--format-version=1", kill_on_drop: false }`
[INFO] running `Command { std: "docker" "inspect" "e01fb252ea4862c8088ee6b8911821c93cd883ee1ddf45453c7c3e8fc87ec315", kill_on_drop: false }`
[INFO] running `Command { std: "docker" "exec" "-e" "SOURCE_DIR=/opt/rustwide/workdir" "-e" "CARGO_HOME=/opt/rustwide/cargo-home" "-e" "RUSTUP_HOME=/opt/rustwide/rustup-home" "-e" "CARGO_TARGET_DIR=/opt/rustwide/target" "-e" "CARGO_INCREMENTAL=0" "-e" "RUST_BACKTRACE=full" "-e" "RUSTFLAGS=--cap-lints=warn" "-e" "RUSTDOCFLAGS=--cap-lints=warn" "-w" "/opt/rustwide/workdir" "--user" "0:0" "e01fb252ea4862c8088ee6b8911821c93cd883ee1ddf45453c7c3e8fc87ec315" "/opt/rustwide/cargo-home/bin/cargo" "+1.100.0-beta.1" "build" "--frozen" "--message-format=json" "--release", kill_on_drop: false }`
[INFO] [stderr]    Compiling syn v1.0.109
[INFO] [stderr]    Compiling libnghttp2-sys v0.1.13+1.68.1
[INFO] [stderr]    Compiling syn v2.0.119
[INFO] [stderr]    Compiling libz-sys v1.1.30
[INFO] [stderr]    Compiling curl-sys v0.4.91+curl-8.22.0
[INFO] [stderr]    Compiling smallvec v1.16.3
[INFO] [stderr]    Compiling event-listener v5.4.2
[INFO] [stderr]    Compiling rustix v1.1.5
[INFO] [stderr]    Compiling serde v1.0.229
[INFO] [stderr]    Compiling event-listener-strategy v0.5.4
[INFO] [stderr]    Compiling concurrent-queue v2.5.0
[INFO] [stderr]    Compiling form_urlencoded v1.2.2
[INFO] [stderr]    Compiling icu_normalizer v2.3.0
[INFO] [stderr]    Compiling curl v0.4.51
[INFO] [stderr]    Compiling waker-fn v1.2.0
[INFO] [stderr]    Compiling macro_pub v0.1.0
[INFO] [stderr]    Compiling http v0.2.12
[INFO] [stderr]    Compiling async-channel v2.5.0
[INFO] [stderr]    Compiling socket2 v0.6.5
[INFO] [stderr]    Compiling idna_adapter v1.2.2
[INFO] [stderr]    Compiling idna v1.1.0
[INFO] [stderr]    Compiling url v2.5.8
[INFO] [stderr]    Compiling isahc v1.8.3
[INFO] [stderr]    Compiling openssl-probe v0.1.6
[INFO] [stderr]    Compiling fastrand v2.5.0
[INFO] [stderr]    Compiling xxhash-rust v0.8.19
[INFO] [stderr]    Compiling futures-lite v1.13.0
[INFO] [stderr]    Compiling futures-lite v2.6.1
[INFO] [stderr]    Compiling serde_json v1.0.154
[INFO] [stderr]    Compiling darling_core v0.13.4
[INFO] [stderr]    Compiling sluice v0.6.0
[INFO] [stderr]    Compiling castaway v0.2.4
[INFO] [stderr]    Compiling deranged v0.5.9
[INFO] [stderr]    Compiling base62 v2.2.6
[INFO] [stderr]    Compiling polling v3.11.0
[INFO] [stderr]    Compiling powerfmt v0.2.1
[INFO] [stderr]    Compiling strum_macros v0.24.3
[INFO] [stderr]    Compiling tracing-attributes v0.1.31
[INFO] [stderr]    Compiling pin-project-internal v1.1.13
[INFO] [stderr]    Compiling thiserror-impl v1.0.69
[INFO] [stderr]    Compiling darling_macro v0.13.4
[INFO] [stderr]    Compiling time v0.3.55
[INFO] [stderr]    Compiling darling v0.13.4
[INFO] [stderr]    Compiling serde_with_macros v1.5.2
[INFO] [stderr]    Compiling strum v0.24.1
[INFO] [stderr]    Compiling derive_more v0.99.20
[INFO] [stderr]    Compiling serde_with v1.14.0
[INFO] [stderr]    Compiling pin-project v1.1.13
[INFO] [stderr]    Compiling thiserror v1.0.69
[INFO] [stderr]    Compiling serde_qs v0.9.2
[INFO] [stderr]    Compiling tracing v0.1.44
[INFO] [stderr]    Compiling tracing-futures v0.2.5
[INFO] [stderr]    Compiling awaur v0.2.1
[INFO] [stderr]    Compiling modrinth v0.2.0 (/opt/rustwide/workdir)
[INFO] [stderr] warning: unused dependency `serde_repr`
[INFO] [stderr]   --> Cargo.toml:33:15
[INFO] [stderr]    |
[INFO] [stderr] 33 | [dependencies.serde_repr]
[INFO] [stderr]    |               ^^^^^^^^^^^
[INFO] [stderr]    |
[INFO] [stderr]    = note: `cargo::unused_dependencies` is set to `warn` by default
[INFO] [stderr] help: consider removing the dependency on `serde_repr`
[INFO] [stderr] warning: `modrinth` (manifest) generated 1 warning
[INFO] [stderr]     Finished `release` profile [optimized] target(s) in 1m 56s
[INFO] running `Command { std: "docker" "inspect" "e01fb252ea4862c8088ee6b8911821c93cd883ee1ddf45453c7c3e8fc87ec315", kill_on_drop: false }`
[INFO] running `Command { std: "docker" "exec" "-e" "SOURCE_DIR=/opt/rustwide/workdir" "-e" "CARGO_HOME=/opt/rustwide/cargo-home" "-e" "RUSTUP_HOME=/opt/rustwide/rustup-home" "-e" "CARGO_TARGET_DIR=/opt/rustwide/target" "-e" "CARGO_INCREMENTAL=0" "-e" "RUST_BACKTRACE=full" "-e" "RUSTFLAGS=--cap-lints=warn" "-e" "RUSTDOCFLAGS=--cap-lints=warn" "-w" "/opt/rustwide/workdir" "--user" "0:0" "e01fb252ea4862c8088ee6b8911821c93cd883ee1ddf45453c7c3e8fc87ec315" "/opt/rustwide/cargo-home/bin/cargo" "+1.100.0-beta.1" "test" "--frozen" "--no-run" "--message-format=json" "--release", kill_on_drop: false }`
[INFO] [stderr]    Compiling futures-lite v2.6.1
[INFO] [stderr]    Compiling concurrent-queue v2.5.0
[INFO] [stderr]    Compiling rustix v1.1.5
[INFO] [stderr]    Compiling linux-raw-sys v0.12.1
[INFO] [stderr]    Compiling io-lifetimes v1.0.11
[INFO] [stderr]    Compiling polling v2.8.0
[INFO] [stderr]    Compiling rustix v0.37.28
[INFO] [stderr]    Compiling async-lock v2.8.0
[INFO] [stderr]    Compiling async-io v1.13.0
[INFO] [stderr]    Compiling async-channel v2.5.0
[INFO] [stderr]    Compiling linux-raw-sys v0.3.8
[INFO] [stderr]    Compiling piper v0.2.5
[INFO] [stderr]    Compiling socket2 v0.4.10
[INFO] [stderr]    Compiling rustix v0.38.44
[INFO] [stderr]    Compiling async-fs v1.6.0
[INFO] [stderr]    Compiling sluice v0.6.0
[INFO] [stderr]    Compiling event-listener v3.1.0
[INFO] [stderr]    Compiling async-channel v1.9.0
[INFO] [stderr]    Compiling blocking v1.7.0
[INFO] [stderr]    Compiling async-executor v1.14.0
[INFO] [stderr]    Compiling async-net v1.8.0
[INFO] [stderr]    Compiling polling v3.11.0
[INFO] [stderr]    Compiling async-io v2.6.0
[INFO] [stderr]    Compiling isahc v1.8.3
[INFO] [stderr]    Compiling async-signal v0.2.14
[INFO] [stderr]    Compiling async-process v1.8.1
[INFO] [stderr]    Compiling smol v1.3.0
[INFO] [stderr]    Compiling modrinth v0.2.0 (/opt/rustwide/workdir)
[INFO] [stderr] warning: unused dependency `serde_repr`
[INFO] [stderr]   --> Cargo.toml:33:15
[INFO] [stderr]    |
[INFO] [stderr] 33 | [dependencies.serde_repr]
[INFO] [stderr]    |               ^^^^^^^^^^^
[INFO] [stderr]    |
[INFO] [stderr]    = note: `cargo::unused_dependencies` is set to `warn` by default
[INFO] [stderr] help: consider removing the dependency on `serde_repr`
[INFO] [stderr] warning: `modrinth` (manifest) generated 1 warning
[INFO] [stderr]     Finished `release` profile [optimized] target(s) in 49.44s
[INFO] running `Command { std: "docker" "inspect" "e01fb252ea4862c8088ee6b8911821c93cd883ee1ddf45453c7c3e8fc87ec315", kill_on_drop: false }`
[INFO] running `Command { std: "docker" "exec" "-e" "SOURCE_DIR=/opt/rustwide/workdir" "-e" "CARGO_HOME=/opt/rustwide/cargo-home" "-e" "RUSTUP_HOME=/opt/rustwide/rustup-home" "-e" "CARGO_TARGET_DIR=/opt/rustwide/target" "-e" "CARGO_INCREMENTAL=0" "-e" "RUST_BACKTRACE=full" "-e" "RUSTFLAGS=--cap-lints=warn" "-e" "RUSTDOCFLAGS=--cap-lints=warn" "-w" "/opt/rustwide/workdir" "--user" "0:0" "e01fb252ea4862c8088ee6b8911821c93cd883ee1ddf45453c7c3e8fc87ec315" "/opt/rustwide/cargo-home/bin/cargo" "+1.100.0-beta.1" "test" "--frozen" "--release", kill_on_drop: false }`
[INFO] [stderr] warning: unused dependency `serde_repr`
[INFO] [stderr]   --> Cargo.toml:33:15
[INFO] [stderr]    |
[INFO] [stderr] 33 | [dependencies.serde_repr]
[INFO] [stderr]    |               ^^^^^^^^^^^
[INFO] [stderr]    |
[INFO] [stderr]    = note: `cargo::unused_dependencies` is set to `warn` by default
[INFO] [stderr] help: consider removing the dependency on `serde_repr`
[INFO] [stderr] warning: `modrinth` (manifest) generated 1 warning
[INFO] [stderr]     Finished `release` profile [optimized] target(s) in 0.18s
[INFO] [stderr]      Running unittests src/lib.rs (/opt/rustwide/target/release/build/modrinth/a6b27fb2b19a25db/out/modrinth-a6b27fb2b19a25db)
[INFO] [stderr]      Running tests/modrinth.rs (/opt/rustwide/target/release/build/modrinth/88ad8ba5fb25b452/out/modrinth-88ad8ba5fb25b452)
[INFO] [stdout] 
[INFO] [stdout] running 0 tests
[INFO] [stdout] 
[INFO] [stdout] test result: ok. 0 passed; 0 failed; 0 ignored; 0 measured; 0 filtered out; finished in 0.00s
[INFO] [stdout] 
[INFO] [stdout] 
[INFO] [stdout] running 2 tests
[INFO] [stderr] error: test failed, to rerun pass `--test modrinth`
[INFO] [stdout] test search_projects ... FAILED
[INFO] [stdout] test search_projects_iter ... FAILED
[INFO] [stdout] 
[INFO] [stdout] failures:
[INFO] [stdout] 
[INFO] [stdout] ---- search_projects stdout ----
[INFO] [stdout] [tests/modrinth.rs:49:9] &search = Err(
[INFO] [stdout]     Request(
[INFO] [stdout]         Error {
[INFO] [stdout]             kind: NameResolution,
[INFO] [stdout]             context: None,
[INFO] [stdout]             source: Some(
[INFO] [stdout]                 Error {
[INFO] [stdout]                     description: "Could not resolve hostname",
[INFO] [stdout]                     code: 6,
[INFO] [stdout]                     extra: None,
[INFO] [stdout]                 },
[INFO] [stdout]             ),
[INFO] [stdout]             source_type: Some(
[INFO] [stdout]                 "curl::error::Error",
[INFO] [stdout]             ),
[INFO] [stdout]             local_addr: None,
[INFO] [stdout]             remote_addr: None,
[INFO] [stdout]         },
[INFO] [stdout]     ),
[INFO] [stdout] )
[INFO] [stdout] 
[INFO] [stdout] thread 'search_projects' (2234) panicked at tests/modrinth.rs:50:9:
[INFO] [stdout] assertion failed: search.is_ok()
[INFO] [stdout] stack backtrace:
[INFO] [stdout]    0:     0x5d8986c8bcb1 - <<std[617be2ca0a6fd877]::sys::backtrace::BacktraceLock>::print::DisplayBacktrace as core[a373ad73a504971]::fmt::Display>::fmt
[INFO] [stdout]    1:     0x5d8986ca19ea - core[a373ad73a504971]::fmt::write
[INFO] [stdout]    2:     0x5d8986c8ff7c - <alloc[2e1b2a31b91974c5]::vec::Vec<u8> as core[a373ad73a504971]::io::write::Write>::write_fmt
[INFO] [stdout]    3:     0x5d8986c679d6 - std[617be2ca0a6fd877]::panicking::default_hook::{closure#0}
[INFO] [stdout]    4:     0x5d8986c84029 - std[617be2ca0a6fd877]::panicking::default_hook
[INFO] [stdout]    5:     0x5d8986af7c60 - test[aada8e7e76ba119b]::test_main_inner::{closure#0}
[INFO] [stdout]    6:     0x5d8986c841e2 - std[617be2ca0a6fd877]::panicking::panic_with_hook
[INFO] [stdout]    7:     0x5d8986c67ab4 - std[617be2ca0a6fd877]::panicking::panic_handler::{closure#0}
[INFO] [stdout]    8:     0x5d8986c60769 - std[617be2ca0a6fd877]::sys::backtrace::__rust_end_short_backtrace::<std[617be2ca0a6fd877]::panicking::panic_handler::{closure#0}, !>
[INFO] [stdout]    9:     0x5d8986c6868d - __rustc[ea4f61d10b84890b]::rust_begin_unwind
[INFO] [stdout]   10:     0x5d8986ca21cc - core[a373ad73a504971]::panicking::panic_fmt
[INFO] [stdout]   11:     0x5d8986ca2192 - core[a373ad73a504971]::panicking::panic
[INFO] [stdout]   12:     0x5d8986ac2df1 - async_io[65aada7b06f14d92]::driver::block_on::<(), modrinth[3e6837bfa5a50dbf]::search_projects::{closure#0}>
[INFO] [stdout]   13:     0x5d8986ad986d - <modrinth[3e6837bfa5a50dbf]::search_projects::{closure#0} as core[a373ad73a504971]::ops::function::FnOnce<()>>::call_once
[INFO] [stdout]   14:     0x5d8986aeb0ab - test[aada8e7e76ba119b]::__rust_begin_short_backtrace::<core[a373ad73a504971]::result::Result<(), alloc[2e1b2a31b91974c5]::string::String>, fn() -> core[a373ad73a504971]::result::Result<(), alloc[2e1b2a31b91974c5]::string::String>>
[INFO] [stdout]   15:     0x5d8986af8285 - test[aada8e7e76ba119b]::run_test::{closure#0}
[INFO] [stdout]   16:     0x5d8986af1b74 - std[617be2ca0a6fd877]::sys::backtrace::__rust_begin_short_backtrace::<test[aada8e7e76ba119b]::run_test::{closure#1}, ()>
[INFO] [stdout]   17:     0x5d8986afb312 - <std[617be2ca0a6fd877]::thread::lifecycle::spawn_unchecked<test[aada8e7e76ba119b]::run_test::{closure#1}, ()>::{closure#1} as core[a373ad73a504971]::ops::function::FnOnce<()>>::call_once::{shim:vtable#0}
[INFO] [stdout]   18:     0x5d8986c8b4df - <std[617be2ca0a6fd877]::sys::thread::unix::Thread>::new::thread_start
[INFO] [stdout]   19:     0x7ce0d0863dfa - <unknown>
[INFO] [stdout]   20:     0x7ce0d08f73d4 - clone
[INFO] [stdout]   21:                0x0 - <unknown>
[INFO] [stdout] 
[INFO] [stdout] ---- search_projects_iter stdout ----
[INFO] [stdout] 
[INFO] [stdout] thread 'search_projects_iter' (2235) panicked at tests/modrinth.rs:36:21:
[INFO] [stdout] failed to construct a request or recieve a response
[INFO] [stdout] failed to resolve host name
[INFO] [stdout] stack backtrace:
[INFO] [stdout]    0:     0x5d8986c8bcb1 - <<std[617be2ca0a6fd877]::sys::backtrace::BacktraceLock>::print::DisplayBacktrace as core[a373ad73a504971]::fmt::Display>::fmt
[INFO] [stdout]    1:     0x5d8986ca19ea - core[a373ad73a504971]::fmt::write
[INFO] [stdout]    2:     0x5d8986c8ff7c - <alloc[2e1b2a31b91974c5]::vec::Vec<u8> as core[a373ad73a504971]::io::write::Write>::write_fmt
[INFO] [stdout]    3:     0x5d8986c679d6 - std[617be2ca0a6fd877]::panicking::default_hook::{closure#0}
[INFO] [stdout]    4:     0x5d8986c84029 - std[617be2ca0a6fd877]::panicking::default_hook
[INFO] [stdout]    5:     0x5d8986af7c60 - test[aada8e7e76ba119b]::test_main_inner::{closure#0}
[INFO] [stdout]    6:     0x5d8986c841e2 - std[617be2ca0a6fd877]::panicking::panic_with_hook
[INFO] [stdout]    7:     0x5d8986c67a82 - std[617be2ca0a6fd877]::panicking::panic_handler::{closure#0}
[INFO] [stdout]    8:     0x5d8986c60769 - std[617be2ca0a6fd877]::sys::backtrace::__rust_end_short_backtrace::<std[617be2ca0a6fd877]::panicking::panic_handler::{closure#0}, !>
[INFO] [stdout]    9:     0x5d8986c6868d - __rustc[ea4f61d10b84890b]::rust_begin_unwind
[INFO] [stdout]   10:     0x5d8986ca21cc - core[a373ad73a504971]::panicking::panic_fmt
[INFO] [stdout]   11:     0x5d8986ac5b4e - core[a373ad73a504971]::panicking::panic_display::<modrinth[38a22ef431a3b322]::endpoints::Error>
[INFO] [stdout]   12:     0x5d8986ac40ec - async_io[65aada7b06f14d92]::driver::block_on::<(), modrinth[3e6837bfa5a50dbf]::search_projects_iter::{closure#0}>
[INFO] [stdout]   13:     0x5d8986ad989b - <modrinth[3e6837bfa5a50dbf]::search_projects_iter::{closure#0} as core[a373ad73a504971]::ops::function::FnOnce<()>>::call_once
[INFO] [stdout]   14:     0x5d8986aeb0ab - test[aada8e7e76ba119b]::__rust_begin_short_backtrace::<core[a373ad73a504971]::result::Result<(), alloc[2e1b2a31b91974c5]::string::String>, fn() -> core[a373ad73a504971]::result::Result<(), alloc[2e1b2a31b91974c5]::string::String>>
[INFO] [stdout]   15:     0x5d8986af8285 - test[aada8e7e76ba119b]::run_test::{closure#0}
[INFO] [stdout]   16:     0x5d8986af1b74 - std[617be2ca0a6fd877]::sys::backtrace::__rust_begin_short_backtrace::<test[aada8e7e76ba119b]::run_test::{closure#1}, ()>
[INFO] [stdout]   17:     0x5d8986afb312 - <std[617be2ca0a6fd877]::thread::lifecycle::spawn_unchecked<test[aada8e7e76ba119b]::run_test::{closure#1}, ()>::{closure#1} as core[a373ad73a504971]::ops::function::FnOnce<()>>::call_once::{shim:vtable#0}
[INFO] [stdout]   18:     0x5d8986c8b4df - <std[617be2ca0a6fd877]::sys::thread::unix::Thread>::new::thread_start
[INFO] [stdout]   19:     0x7ce0d0863dfa - <unknown>
[INFO] [stdout]   20:     0x7ce0d08f73d4 - clone
[INFO] [stdout]   21:                0x0 - <unknown>
[INFO] [stdout] 
[INFO] [stdout] 
[INFO] [stdout] failures:
[INFO] [stdout]     search_projects
[INFO] [stdout]     search_projects_iter
[INFO] [stdout] 
[INFO] [stdout] test result: FAILED. 0 passed; 2 failed; 0 ignored; 0 measured; 0 filtered out; finished in 0.01s
[INFO] [stdout] 
[INFO] running `Command { std: "docker" "inspect" "e01fb252ea4862c8088ee6b8911821c93cd883ee1ddf45453c7c3e8fc87ec315", kill_on_drop: false }`
[INFO] running `Command { std: "docker" "rm" "-f" "e01fb252ea4862c8088ee6b8911821c93cd883ee1ddf45453c7c3e8fc87ec315", kill_on_drop: false }`
[INFO] [stdout] e01fb252ea4862c8088ee6b8911821c93cd883ee1ddf45453c7c3e8fc87ec315
