[INFO] fetching crate modbus-relay 2025.11.0...
[INFO] testing modbus-relay-2025.11.0 against 1.100.0-beta.1+cargoflags=--release for beta-release-1.100-2
[INFO] extracting crate modbus-relay 2025.11.0 into /workspace/builds/worker-2-tc2/source
[INFO] started tweaking crates.io crate modbus-relay 2025.11.0
[INFO] finished tweaking crates.io crate modbus-relay 2025.11.0
[INFO] tweaked toml for crates.io crate modbus-relay 2025.11.0 written to /workspace/builds/worker-2-tc2/source/Cargo.toml
[INFO] validating manifest of crates.io crate modbus-relay 2025.11.0 on toolchain 1.100.0-beta.1
[INFO] running `Command { std: CARGO_HOME="/workspace/cargo-home" RUSTUP_HOME="/workspace/rustup-home" "/workspace/cargo-home/bin/cargo" "+1.100.0-beta.1" "metadata" "--manifest-path" "Cargo.toml" "--no-deps", kill_on_drop: false }`
[INFO] crate crates.io crate modbus-relay 2025.11.0 already has a lockfile, it will not be regenerated
[INFO] running `Command { std: CARGO_HOME="/workspace/cargo-home" RUSTUP_HOME="/workspace/rustup-home" "/workspace/cargo-home/bin/cargo" "+1.100.0-beta.1" "fetch" "--manifest-path" "Cargo.toml", kill_on_drop: false }`
[INFO] [stderr] warning: `package.homepage` is redundant with `package.repository`
[INFO] [stderr]   --> Cargo.toml:90:12
[INFO] [stderr]    |
[INFO] [stderr] 90 | homepage = "https://github.com/aljen/modbus-relay"
[INFO] [stderr]    |            ^^^^^^^^^^^^^^^^^^^^^^^^^^^^^^^^^^^^^^^
[INFO] [stderr] ...
[INFO] [stderr] 96 | repository = "https://github.com/aljen/modbus-relay"
[INFO] [stderr]    |              ---------------------------------------
[INFO] [stderr]    |
[INFO] [stderr]    = note: `cargo::redundant_homepage` is set to `warn` by default
[INFO] [stderr] help: consider removing `package.homepage`
[INFO] [stderr] warning: `modbus-relay` (manifest) generated 1 warning
[INFO] running `Command { std: "docker" "create" "-v" "/var/lib/crater-agent-workspace/builds/worker-2-tc2/source:/opt/rustwide/workdir:ro,Z" "-v" "/var/lib/crater-agent-workspace/builds/worker-2-tc2/target:/opt/rustwide/target:rw,Z" "-v" "/var/lib/crater-agent-workspace/cargo-home:/opt/rustwide/cargo-home:ro,Z" "-v" "/var/lib/crater-agent-workspace/rustup-home:/opt/rustwide/rustup-home:ro,Z" "-m" "1610612736" "--network" "none" "ghcr.io/rust-lang/crates-build-env/linux@sha256:77db811e55d90add9212f6832c23229e3de5f1c1f9905e8cb07319ea15df73ac" "sleep" "infinity", kill_on_drop: false }`
[INFO] [stdout] 8eac219c6c24633f76f2287b690890ad1ce3faf8dc3ee0ca7006f33418aa1ec0
[INFO] running `Command { std: "docker" "start" "8eac219c6c24633f76f2287b690890ad1ce3faf8dc3ee0ca7006f33418aa1ec0", kill_on_drop: false }`
[INFO] running `Command { std: "docker" "inspect" "8eac219c6c24633f76f2287b690890ad1ce3faf8dc3ee0ca7006f33418aa1ec0", kill_on_drop: false }`
[INFO] running `Command { std: "docker" "exec" "-e" "SOURCE_DIR=/opt/rustwide/workdir" "-e" "CARGO_HOME=/opt/rustwide/cargo-home" "-e" "RUSTUP_HOME=/opt/rustwide/rustup-home" "-e" "CARGO_TARGET_DIR=/opt/rustwide/target" "-w" "/opt/rustwide/workdir" "--user" "0:0" "8eac219c6c24633f76f2287b690890ad1ce3faf8dc3ee0ca7006f33418aa1ec0" "/opt/rustwide/cargo-home/bin/cargo" "+1.100.0-beta.1" "metadata" "--no-deps" "--format-version=1", kill_on_drop: false }`
[INFO] running `Command { std: "docker" "inspect" "8eac219c6c24633f76f2287b690890ad1ce3faf8dc3ee0ca7006f33418aa1ec0", kill_on_drop: false }`
[INFO] running `Command { std: "docker" "exec" "-e" "SOURCE_DIR=/opt/rustwide/workdir" "-e" "CARGO_HOME=/opt/rustwide/cargo-home" "-e" "RUSTUP_HOME=/opt/rustwide/rustup-home" "-e" "CARGO_TARGET_DIR=/opt/rustwide/target" "-e" "CARGO_INCREMENTAL=0" "-e" "RUST_BACKTRACE=full" "-e" "RUSTFLAGS=--cap-lints=warn" "-e" "RUSTDOCFLAGS=--cap-lints=warn" "-w" "/opt/rustwide/workdir" "--user" "0:0" "8eac219c6c24633f76f2287b690890ad1ce3faf8dc3ee0ca7006f33418aa1ec0" "/opt/rustwide/cargo-home/bin/cargo" "+1.100.0-beta.1" "build" "--frozen" "--message-format=json" "--release", kill_on_drop: false }`
[INFO] [stderr] warning: `package.homepage` is redundant with `package.repository`
[INFO] [stderr]   --> Cargo.toml:90:12
[INFO] [stderr]    |
[INFO] [stderr] 90 | homepage = "https://github.com/aljen/modbus-relay"
[INFO] [stderr]    |            ^^^^^^^^^^^^^^^^^^^^^^^^^^^^^^^^^^^^^^^
[INFO] [stderr] ...
[INFO] [stderr] 96 | repository = "https://github.com/aljen/modbus-relay"
[INFO] [stderr]    |              ---------------------------------------
[INFO] [stderr]    |
[INFO] [stderr]    = note: `cargo::redundant_homepage` is set to `warn` by default
[INFO] [stderr] help: consider removing `package.homepage`
[INFO] [stderr] warning: `modbus-relay` (manifest) generated 1 warning
[INFO] [stderr]    Compiling proc-macro2 v1.0.103
[INFO] [stderr]    Compiling unicode-ident v1.0.22
[INFO] [stderr]    Compiling serde_core v1.0.228
[INFO] [stderr]    Compiling libc v0.2.177
[INFO] [stderr]    Compiling cfg-if v1.0.4
[INFO] [stderr]    Compiling itoa v1.0.15
[INFO] [stderr]    Compiling pin-project-lite v0.2.16
[INFO] [stderr]    Compiling serde v1.0.228
[INFO] [stderr]    Compiling memchr v2.7.6
[INFO] [stderr]    Compiling futures-core v0.3.31
[INFO] [stderr]    Compiling bytes v1.10.1
[INFO] [stderr]    Compiling smallvec v1.15.1
[INFO] [stderr]    Compiling crunchy v0.2.4
[INFO] [stderr]    Compiling once_cell v1.21.3
[INFO] [stderr]    Compiling tiny-keccak v2.0.2
[INFO] [stderr]    Compiling parking_lot_core v0.9.12
[INFO] [stderr]    Compiling futures-sink v0.3.31
[INFO] [stderr]    Compiling scopeguard v1.2.0
[INFO] [stderr]    Compiling log v0.4.28
[INFO] [stderr]    Compiling futures-channel v0.3.31
[INFO] [stderr]    Compiling fnv v1.0.7
[INFO] [stderr]    Compiling pin-utils v0.1.0
[INFO] [stderr]    Compiling ryu v1.0.20
[INFO] [stderr]    Compiling lock_api v0.4.14
[INFO] [stderr]    Compiling serde_json v1.0.145
[INFO] [stderr]    Compiling tracing-core v0.1.34
[INFO] [stderr]    Compiling ucd-trie v0.1.7
[INFO] [stderr]    Compiling pkg-config v0.3.32
[INFO] [stderr]    Compiling slab v0.4.11
[INFO] [stderr]    Compiling httparse v1.10.1
[INFO] [stderr]    Compiling futures-io v0.3.31
[INFO] [stderr]    Compiling typeid v1.0.3
[INFO] [stderr]    Compiling futures-task v0.3.31
[INFO] [stderr]    Compiling crossbeam-utils v0.8.21
[INFO] [stderr]    Compiling powerfmt v0.2.0
[INFO] [stderr]    Compiling foldhash v0.1.5
[INFO] [stderr]    Compiling utf8parse v0.2.2
[INFO] [stderr]    Compiling regex-syntax v0.8.8
[INFO] [stderr]    Compiling erased-serde v0.4.9
[INFO] [stderr]    Compiling tower-service v0.3.3
[INFO] [stderr]    Compiling http v1.3.1
[INFO] [stderr]    Compiling thiserror v2.0.17
[INFO] [stderr]    Compiling hashbrown v0.15.5
[INFO] [stderr]    Compiling libudev-sys v0.1.4
[INFO] [stderr]    Compiling deranged v0.5.5
[INFO] [stderr]    Compiling anstyle-parse v0.2.7
[INFO] [stderr]    Compiling quote v1.0.40
[INFO] [stderr]    Compiling getrandom v0.2.16
[INFO] [stderr]    Compiling pest v2.8.3
[INFO] [stderr]    Compiling sync_wrapper v1.0.2
[INFO] [stderr]    Compiling const-random-macro v0.1.16
[INFO] [stderr]    Compiling atomic-waker v1.1.2
[INFO] [stderr]    Compiling lazy_static v1.5.0
[INFO] [stderr]    Compiling winnow v0.7.13
[INFO] [stderr]    Compiling syn v2.0.109
[INFO] [stderr]    Compiling anstyle v1.0.13
[INFO] [stderr]    Compiling percent-encoding v2.3.2
[INFO] [stderr]    Compiling anstyle-query v1.1.4
[INFO] [stderr]    Compiling time-core v0.1.6
[INFO] [stderr]    Compiling num-conv v0.1.0
[INFO] [stderr]    Compiling httpdate v1.0.3
[INFO] [stderr]    Compiling const-random v0.1.18
[INFO] [stderr]    Compiling colorchoice v1.0.4
[INFO] [stderr]    Compiling dlv-list v0.5.2
[INFO] [stderr]    Compiling thiserror v1.0.69
[INFO] [stderr]    Compiling hashbrown v0.14.5
[INFO] [stderr]    Compiling tower-layer v0.3.3
[INFO] [stderr]    Compiling is_terminal_polyfill v1.70.2
[INFO] [stderr]    Compiling num_threads v0.1.7
[INFO] [stderr]    Compiling anstream v0.6.21
[INFO] [stderr]    Compiling form_urlencoded v1.2.2
[INFO] [stderr]    Compiling sharded-slab v0.1.7
[INFO] [stderr]    Compiling tracing-log v0.2.0
[INFO] [stderr]    Compiling encoding_rs v0.8.35
[INFO] [stderr]    Compiling ordered-multimap v0.7.3
[INFO] [stderr]    Compiling thread_local v1.1.9
[INFO] [stderr]    Compiling hashlink v0.10.0
[INFO] [stderr]    Compiling heck v0.5.0
[INFO] [stderr]    Compiling nu-ansi-term v0.50.3
[INFO] [stderr]    Compiling arraydeque v0.5.1
[INFO] [stderr]    Compiling base64 v0.21.7
[INFO] [stderr]    Compiling mio v1.1.0
[INFO] [stderr]    Compiling socket2 v0.6.1
[INFO] [stderr]    Compiling signal-hook-registry v1.4.6
[INFO] [stderr]    Compiling parking_lot v0.12.5
[INFO] [stderr]    Compiling http-body v1.0.1
[INFO] [stderr]    Compiling regex-automata v0.4.13
[INFO] [stderr]    Compiling http-body-util v0.1.3
[INFO] [stderr]    Compiling time v0.3.44
[INFO] [stderr]    Compiling mime v0.3.17
[INFO] [stderr]    Compiling unicode-segmentation v1.12.0
[INFO] [stderr]    Compiling equivalent v1.0.2
[INFO] [stderr]    Compiling pest_meta v2.8.3
[INFO] [stderr]    Compiling bitflags v1.3.2
[INFO] [stderr]    Compiling clap_lex v0.7.6
[INFO] [stderr]    Compiling bitflags v2.10.0
[INFO] [stderr]    Compiling toml_datetime v0.7.3
[INFO] [stderr]    Compiling serde_spanned v1.0.3
[INFO] [stderr]    Compiling hashbrown v0.16.0
[INFO] [stderr]    Compiling strsim v0.11.1
[INFO] [stderr]    Compiling yaml-rust2 v0.10.4
[INFO] [stderr]    Compiling serde_path_to_error v0.1.20
[INFO] [stderr]    Compiling convert_case v0.6.0
[INFO] [stderr]    Compiling nix v0.26.4
[INFO] [stderr]    Compiling libudev v0.3.0
[INFO] [stderr]    Compiling clap_builder v4.5.51
[INFO] [stderr]    Compiling crossbeam-channel v0.5.15
[INFO] [stderr]    Compiling serde-untagged v0.1.9
[INFO] [stderr]    Compiling rust-ini v0.21.3
[INFO] [stderr]    Compiling toml_parser v1.0.4
[INFO] [stderr]    Compiling matchit v0.8.4
[INFO] [stderr]    Compiling indexmap v2.12.0
[INFO] [stderr]    Compiling humantime v2.3.0
[INFO] [stderr]    Compiling pathdiff v0.2.3
[INFO] [stderr]    Compiling unsafe-libyaml v0.2.11
[INFO] [stderr]    Compiling hex v0.4.3
[INFO] [stderr]    Compiling toml v0.9.8
[INFO] [stderr]    Compiling matchers v0.2.0
[INFO] [stderr]    Compiling pest_generator v2.8.3
[INFO] [stderr]    Compiling serde_derive v1.0.228
[INFO] [stderr]    Compiling tracing-attributes v0.1.30
[INFO] [stderr]    Compiling futures-macro v0.3.31
[INFO] [stderr]    Compiling tokio-macros v2.6.0
[INFO] [stderr]    Compiling thiserror-impl v2.0.17
[INFO] [stderr]    Compiling thiserror-impl v1.0.69
[INFO] [stderr]    Compiling async-trait v0.1.89
[INFO] [stderr]    Compiling clap_derive v4.5.49
[INFO] [stderr]    Compiling pest_derive v2.8.3
[INFO] [stderr]    Compiling tokio v1.48.0
[INFO] [stderr]    Compiling futures-util v0.3.31
[INFO] [stderr]    Compiling tracing v0.1.41
[INFO] [stderr]    Compiling axum-core v0.5.5
[INFO] [stderr]    Compiling unescaper v0.1.6
[INFO] [stderr]    Compiling serialport v4.8.1
[INFO] [stderr]    Compiling clap v4.5.51
[INFO] [stderr]    Compiling tracing-serde v0.2.0
[INFO] [stderr]    Compiling json5 v0.4.1
[INFO] [stderr]    Compiling serde_urlencoded v0.7.1
[INFO] [stderr]    Compiling ron v0.8.1
[INFO] [stderr]    Compiling humantime-serde v1.1.1
[INFO] [stderr]    Compiling serde_yaml v0.9.34+deprecated
[INFO] [stderr]    Compiling tracing-subscriber v0.3.20
[INFO] [stderr]    Compiling futures-executor v0.3.31
[INFO] [stderr]    Compiling futures v0.3.31
[INFO] [stderr]    Compiling config v0.15.18
[INFO] [stderr]    Compiling tracing-appender v0.2.3
[INFO] [stderr]    Compiling hyper v1.7.0
[INFO] [stderr]    Compiling tower v0.5.2
[INFO] [stderr]    Compiling hyper-util v0.1.17
[INFO] [stderr]    Compiling axum v0.8.6
[INFO] [stderr]    Compiling modbus-relay v2025.11.0 (/opt/rustwide/workdir)
[INFO] [stderr] warning: unused dependency `serde_yaml`
[INFO] [stderr]   --> Cargo.toml:34:15
[INFO] [stderr]    |
[INFO] [stderr] 34 | [dependencies.serde_yaml]
[INFO] [stderr]    |               ^^^^^^^^^^^
[INFO] [stderr]    |
[INFO] [stderr]    = note: `cargo::unused_dependencies` is set to `warn` by default
[INFO] [stderr] help: consider removing the dependency on `serde_yaml`
[INFO] [stderr] warning: `modbus-relay` (manifest) generated 1 warning
[INFO] [stderr]     Finished `release` profile [optimized] target(s) in 2m 00s
[INFO] running `Command { std: "docker" "inspect" "8eac219c6c24633f76f2287b690890ad1ce3faf8dc3ee0ca7006f33418aa1ec0", kill_on_drop: false }`
[INFO] running `Command { std: "docker" "exec" "-e" "SOURCE_DIR=/opt/rustwide/workdir" "-e" "CARGO_HOME=/opt/rustwide/cargo-home" "-e" "RUSTUP_HOME=/opt/rustwide/rustup-home" "-e" "CARGO_TARGET_DIR=/opt/rustwide/target" "-e" "CARGO_INCREMENTAL=0" "-e" "RUST_BACKTRACE=full" "-e" "RUSTFLAGS=--cap-lints=warn" "-e" "RUSTDOCFLAGS=--cap-lints=warn" "-w" "/opt/rustwide/workdir" "--user" "0:0" "8eac219c6c24633f76f2287b690890ad1ce3faf8dc3ee0ca7006f33418aa1ec0" "/opt/rustwide/cargo-home/bin/cargo" "+1.100.0-beta.1" "test" "--frozen" "--no-run" "--message-format=json" "--release", kill_on_drop: false }`
[INFO] [stderr] warning: `package.homepage` is redundant with `package.repository`
[INFO] [stderr]   --> Cargo.toml:90:12
[INFO] [stderr]    |
[INFO] [stderr] 90 | homepage = "https://github.com/aljen/modbus-relay"
[INFO] [stderr]    |            ^^^^^^^^^^^^^^^^^^^^^^^^^^^^^^^^^^^^^^^
[INFO] [stderr] ...
[INFO] [stderr] 96 | repository = "https://github.com/aljen/modbus-relay"
[INFO] [stderr]    |              ---------------------------------------
[INFO] [stderr]    |
[INFO] [stderr]    = note: `cargo::redundant_homepage` is set to `warn` by default
[INFO] [stderr] help: consider removing `package.homepage`
[INFO] [stderr] warning: `modbus-relay` (manifest) generated 1 warning
[INFO] [stderr]    Compiling cfg-if v1.0.4
[INFO] [stderr]    Compiling itoa v1.0.15
[INFO] [stderr]    Compiling pin-project-lite v0.2.16
[INFO] [stderr]    Compiling memchr v2.7.6
[INFO] [stderr]    Compiling futures-core v0.3.31
[INFO] [stderr]    Compiling once_cell v1.21.3
[INFO] [stderr]    Compiling smallvec v1.15.1
[INFO] [stderr]    Compiling futures-sink v0.3.31
[INFO] [stderr]    Compiling bytes v1.10.1
[INFO] [stderr]    Compiling serde_core v1.0.228
[INFO] [stderr]    Compiling libc v0.2.177
[INFO] [stderr]    Compiling scopeguard v1.2.0
[INFO] [stderr]    Compiling pin-utils v0.1.0
[INFO] [stderr]    Compiling log v0.4.28
[INFO] [stderr]    Compiling fnv v1.0.7
[INFO] [stderr]    Compiling ryu v1.0.20
[INFO] [stderr]    Compiling futures-task v0.3.31
[INFO] [stderr]    Compiling slab v0.4.11
[INFO] [stderr]    Compiling futures-channel v0.3.31
[INFO] [stderr]    Compiling futures-io v0.3.31
[INFO] [stderr]    Compiling const-random v0.1.18
[INFO] [stderr]    Compiling utf8parse v0.2.2
[INFO] [stderr]    Compiling lock_api v0.4.14
[INFO] [stderr]    Compiling tower-service v0.3.3
[INFO] [stderr]    Compiling regex-syntax v0.8.8
[INFO] [stderr]    Compiling powerfmt v0.2.0
[INFO] [stderr]    Compiling foldhash v0.1.5
[INFO] [stderr]    Compiling tracing-core v0.1.34
[INFO] [stderr]    Compiling hashbrown v0.15.5
[INFO] [stderr]    Compiling dlv-list v0.5.2
[INFO] [stderr]    Compiling anstyle-parse v0.2.7
[INFO] [stderr]    Compiling typeid v1.0.3
[INFO] [stderr]    Compiling httparse v1.10.1
[INFO] [stderr]    Compiling anstyle v1.0.13
[INFO] [stderr]    Compiling httpdate v1.0.3
[INFO] [stderr]    Compiling lazy_static v1.5.0
[INFO] [stderr]    Compiling time-core v0.1.6
[INFO] [stderr]    Compiling atomic-waker v1.1.2
[INFO] [stderr]    Compiling anstyle-query v1.1.4
[INFO] [stderr]    Compiling unicode-ident v1.0.22
[INFO] [stderr]    Compiling num-conv v0.1.0
[INFO] [stderr]    Compiling colorchoice v1.0.4
[INFO] [stderr]    Compiling deranged v0.5.5
[INFO] [stderr]    Compiling tower-layer v0.3.3
[INFO] [stderr]    Compiling hashbrown v0.14.5
[INFO] [stderr]    Compiling num_threads v0.1.7
[INFO] [stderr]    Compiling is_terminal_polyfill v1.70.2
[INFO] [stderr]    Compiling sync_wrapper v1.0.2
[INFO] [stderr]    Compiling winnow v0.7.13
[INFO] [stderr]    Compiling percent-encoding v2.3.2
[INFO] [stderr]    Compiling ucd-trie v0.1.7
[INFO] [stderr]    Compiling form_urlencoded v1.2.2
[INFO] [stderr]    Compiling tracing v0.1.41
[INFO] [stderr]    Compiling anstream v0.6.21
[INFO] [stderr]    Compiling tracing-log v0.2.0
[INFO] [stderr]    Compiling futures-util v0.3.31
[INFO] [stderr]    Compiling pest v2.8.3
[INFO] [stderr]    Compiling proc-macro2 v1.0.103
[INFO] [stderr]    Compiling sharded-slab v0.1.7
[INFO] [stderr]    Compiling thiserror v2.0.17
[INFO] [stderr]    Compiling crossbeam-utils v0.8.21
[INFO] [stderr]    Compiling hashlink v0.10.0
[INFO] [stderr]    Compiling thread_local v1.1.9
[INFO] [stderr]    Compiling http v1.3.1
[INFO] [stderr]    Compiling encoding_rs v0.8.35
[INFO] [stderr]    Compiling bitflags v1.3.2
[INFO] [stderr]    Compiling mime v0.3.17
[INFO] [stderr]    Compiling nu-ansi-term v0.50.3
[INFO] [stderr]    Compiling getrandom v0.3.4
[INFO] [stderr]    Compiling equivalent v1.0.2
[INFO] [stderr]    Compiling rustix v1.1.2
[INFO] [stderr]    Compiling base64 v0.21.7
[INFO] [stderr]    Compiling unicode-segmentation v1.12.0
[INFO] [stderr]    Compiling ordered-multimap v0.7.3
[INFO] [stderr]    Compiling hashbrown v0.16.0
[INFO] [stderr]    Compiling clap_lex v0.7.6
[INFO] [stderr]    Compiling strsim v0.11.1
[INFO] [stderr]    Compiling arraydeque v0.5.1
[INFO] [stderr]    Compiling parking_lot_core v0.9.12
[INFO] [stderr]    Compiling mio v1.1.0
[INFO] [stderr]    Compiling socket2 v0.6.1
[INFO] [stderr]    Compiling parking_lot v0.12.5
[INFO] [stderr]    Compiling signal-hook-registry v1.4.6
[INFO] [stderr]    Compiling regex-automata v0.4.13
[INFO] [stderr]    Compiling http-body v1.0.1
[INFO] [stderr]    Compiling time v0.3.44
[INFO] [stderr]    Compiling http-body-util v0.1.3
[INFO] [stderr]    Compiling libudev-sys v0.1.4
[INFO] [stderr]    Compiling convert_case v0.6.0
[INFO] [stderr]    Compiling libudev v0.3.0
[INFO] [stderr]    Compiling tokio v1.48.0
[INFO] [stderr]    Compiling indexmap v2.12.0
[INFO] [stderr]    Compiling axum-core v0.5.5
[INFO] [stderr]    Compiling rust-ini v0.21.3
[INFO] [stderr]    Compiling nix v0.26.4
[INFO] [stderr]    Compiling clap_builder v4.5.51
[INFO] [stderr]    Compiling crossbeam-channel v0.5.15
[INFO] [stderr]    Compiling thiserror v1.0.69
[INFO] [stderr]    Compiling quote v1.0.40
[INFO] [stderr]    Compiling yaml-rust2 v0.10.4
[INFO] [stderr]    Compiling serde v1.0.228
[INFO] [stderr]    Compiling bitflags v2.10.0
[INFO] [stderr]    Compiling serde_json v1.0.145
[INFO] [stderr]    Compiling toml_parser v1.0.4
[INFO] [stderr]    Compiling toml_datetime v0.7.3
[INFO] [stderr]    Compiling erased-serde v0.4.9
[INFO] [stderr]    Compiling serde_spanned v1.0.3
[INFO] [stderr]    Compiling serde_path_to_error v0.1.20
[INFO] [stderr]    Compiling unescaper v0.1.6
[INFO] [stderr]    Compiling tracing-serde v0.2.0
[INFO] [stderr]    Compiling serde_urlencoded v0.7.1
[INFO] [stderr]    Compiling toml v0.9.8
[INFO] [stderr]    Compiling serde-untagged v0.1.9
[INFO] [stderr]    Compiling futures-executor v0.3.31
[INFO] [stderr]    Compiling json5 v0.4.1
[INFO] [stderr]    Compiling ron v0.8.1
[INFO] [stderr]    Compiling futures v0.3.31
[INFO] [stderr]    Compiling pathdiff v0.2.3
[INFO] [stderr]    Compiling matchit v0.8.4
[INFO] [stderr]    Compiling unsafe-libyaml v0.2.11
[INFO] [stderr]    Compiling sdd v3.0.10
[INFO] [stderr]    Compiling linux-raw-sys v0.11.0
[INFO] [stderr]    Compiling humantime v2.3.0
[INFO] [stderr]    Compiling serialport v4.8.1
[INFO] [stderr]    Compiling scc v2.4.0
[INFO] [stderr]    Compiling humantime-serde v1.1.1
[INFO] [stderr]    Compiling serial_test_derive v3.2.0
[INFO] [stderr]    Compiling serde_yaml v0.9.34+deprecated
[INFO] [stderr]    Compiling matchers v0.2.0
[INFO] [stderr]    Compiling fastrand v2.3.0
[INFO] [stderr]    Compiling tracing-subscriber v0.3.20
[INFO] [stderr]    Compiling hex v0.4.3
[INFO] [stderr]    Compiling config v0.15.18
[INFO] [stderr]    Compiling clap v4.5.51
[INFO] [stderr]    Compiling serial_test v3.2.0
[INFO] [stderr]    Compiling tempfile v3.23.0
[INFO] [stderr]    Compiling tracing-appender v0.2.3
[INFO] [stderr]    Compiling hyper v1.7.0
[INFO] [stderr]    Compiling tower v0.5.2
[INFO] [stderr]    Compiling hyper-util v0.1.17
[INFO] [stderr]    Compiling axum v0.8.6
[INFO] [stderr]    Compiling modbus-relay v2025.11.0 (/opt/rustwide/workdir)
[INFO] [stderr] warning: unused dependency `serde_yaml`
[INFO] [stderr]   --> Cargo.toml:34:15
[INFO] [stderr]    |
[INFO] [stderr] 34 | [dependencies.serde_yaml]
[INFO] [stderr]    |               ^^^^^^^^^^^
[INFO] [stderr]    |
[INFO] [stderr]    = note: `cargo::unused_dependencies` is set to `warn` by default
[INFO] [stderr] help: consider removing the dependency on `serde_yaml`
[INFO] [stderr] warning: `modbus-relay` (manifest) generated 1 warning
[INFO] [stderr]     Finished `release` profile [optimized] target(s) in 1m 40s
[INFO] running `Command { std: "docker" "inspect" "8eac219c6c24633f76f2287b690890ad1ce3faf8dc3ee0ca7006f33418aa1ec0", kill_on_drop: false }`
[INFO] running `Command { std: "docker" "exec" "-e" "SOURCE_DIR=/opt/rustwide/workdir" "-e" "CARGO_HOME=/opt/rustwide/cargo-home" "-e" "RUSTUP_HOME=/opt/rustwide/rustup-home" "-e" "CARGO_TARGET_DIR=/opt/rustwide/target" "-e" "CARGO_INCREMENTAL=0" "-e" "RUST_BACKTRACE=full" "-e" "RUSTFLAGS=--cap-lints=warn" "-e" "RUSTDOCFLAGS=--cap-lints=warn" "-w" "/opt/rustwide/workdir" "--user" "0:0" "8eac219c6c24633f76f2287b690890ad1ce3faf8dc3ee0ca7006f33418aa1ec0" "/opt/rustwide/cargo-home/bin/cargo" "+1.100.0-beta.1" "test" "--frozen" "--release", kill_on_drop: false }`
[INFO] [stderr] warning: `package.homepage` is redundant with `package.repository`
[INFO] [stderr]   --> Cargo.toml:90:12
[INFO] [stderr]    |
[INFO] [stderr] 90 | homepage = "https://github.com/aljen/modbus-relay"
[INFO] [stderr]    |            ^^^^^^^^^^^^^^^^^^^^^^^^^^^^^^^^^^^^^^^
[INFO] [stderr] ...
[INFO] [stderr] 96 | repository = "https://github.com/aljen/modbus-relay"
[INFO] [stderr]    |              ---------------------------------------
[INFO] [stderr]    |
[INFO] [stderr]    = note: `cargo::redundant_homepage` is set to `warn` by default
[INFO] [stderr] help: consider removing `package.homepage`
[INFO] [stderr] warning: `modbus-relay` (manifest) generated 1 warning
[INFO] [stderr] warning: unused dependency `serde_yaml`
[INFO] [stderr]   --> Cargo.toml:34:15
[INFO] [stderr]    |
[INFO] [stderr] 34 | [dependencies.serde_yaml]
[INFO] [stderr]    |               ^^^^^^^^^^^
[INFO] [stderr]    |
[INFO] [stderr]    = note: `cargo::unused_dependencies` is set to `warn` by default
[INFO] [stderr] help: consider removing the dependency on `serde_yaml`
[INFO] [stderr] warning: `modbus-relay` (manifest) generated 1 warning
[INFO] [stderr]     Finished `release` profile [optimized] target(s) in 0.25s
[INFO] [stderr]      Running unittests src/lib.rs (/opt/rustwide/target/release/build/modbus-relay/717efa03f1ad86f4/out/modbus_relay-717efa03f1ad86f4)
[INFO] [stdout] 
[INFO] [stdout] running 15 tests
[INFO] [stdout] test connection::tests::test_connection_limits ... ok
[INFO] [stdout] test connection::tests::test_connection_stats_after_limit ... ok
[INFO] [stdout] test config::relay::tests::test_env_override ... FAILED
[INFO] [stdout] test config::relay::tests::test_file_config ... FAILED
[INFO] [stdout] test config::relay::tests::test_default_config ... FAILED
[INFO] [stdout] test connection::tests::test_backoff_strategy ... ok
[INFO] [stdout] test utils::tests::test_generate_request_id ... ok
[INFO] [stdout] test config::relay::tests::test_validation ... ok
[INFO] [stdout] test http_api::tests::test_stats_endpoint ... ok
[INFO] [stdout] test http_api::tests::test_health_endpoint ... ok
[INFO] [stdout] test connection::tests::test_connection_guard_cleanup ... ok
[INFO] [stdout] test stats_manager::tests::test_client_lifecycle ... ok
[INFO] [stdout] test connection::tests::test_connection_lifecycle ... ok
[INFO] [stdout] test connection::tests::test_idle_connection_cleanup ... ok
[INFO] [stderr] error: test failed, to rerun pass `--lib`
[INFO] [stdout] test stats_manager::tests::test_cleanup_idle_stats ... ok
[INFO] [stdout] 
[INFO] [stdout] failures:
[INFO] [stdout] 
[INFO] [stdout] ---- config::relay::tests::test_env_override stdout ----
[INFO] [stdout] 
[INFO] [stdout] thread 'config::relay::tests::test_env_override' (3230) panicked at src/config/relay.rs:286:36:
[INFO] [stdout] called `Result::unwrap()` on an `Err` value: configuration file "config/default" not found
[INFO] [stdout] stack backtrace:
[INFO] [stdout]    0:     0x5f45b6a95945 - <unknown>
[INFO] [stdout]    1:     0x5f45b6a3dffa - <unknown>
[INFO] [stdout]    2:     0x5f45b6a94fdb - <unknown>
[INFO] [stdout]    3:     0x5f45b6a94abf - <unknown>
[INFO] [stdout]    4:     0x5f45b6a946ea - <unknown>
[INFO] [stdout]    5:     0x5f45b6a94225 - <unknown>
[INFO] [stdout]    6:     0x5f45b6abb0b1 - <unknown>
[INFO] [stdout]    7:     0x5f45b6abb069 - <unknown>
[INFO] [stdout]    8:     0x5f45b6abb56c - <unknown>
[INFO] [stdout]    9:     0x5f45b6a3de8b - <unknown>
[INFO] [stdout]   10:     0x5f45b6a42791 - <unknown>
[INFO] [stdout]   11:     0x5f45b69c8230 - <unknown>
[INFO] [stdout]   12:     0x5f45b6a89fef - <unknown>
[INFO] [stdout]   13:     0x5f45b69c603f - <unknown>
[INFO] [stdout]   14:     0x5f45b6ad787b - <unknown>
[INFO] [stdout]   15:     0x5f45b6ad32c2 - <unknown>
[INFO] [stdout]   16:     0x5f45b6ad2d2c - <unknown>
[INFO] [stdout]   17:     0x5f45b6af0a4c - <unknown>
[INFO] [stdout]   18:     0x5f45b6abd054 - <unknown>
[INFO] [stdout]   19:     0x70bd9445bdfa - <unknown>
[INFO] [stdout]   20:     0x70bd944ef3d4 - clone
[INFO] [stdout]   21:                0x0 - <unknown>
[INFO] [stdout] 
[INFO] [stdout] ---- config::relay::tests::test_file_config stdout ----
[INFO] [stdout] 
[INFO] [stdout] thread 'config::relay::tests::test_file_config' (3231) panicked at src/config/relay.rs:348:53:
[INFO] [stdout] called `Result::unwrap()` on an `Err` value: unknown field `tcp..bind.port`, expected one of `tcp`, `rtu`, `http`, `logging`, `connection`
[INFO] [stdout] stack backtrace:
[INFO] [stdout]    0:     0x5f45b6a95945 - <unknown>
[INFO] [stdout]    1:     0x5f45b6a3dffa - <unknown>
[INFO] [stdout]    2:     0x5f45b6a94fdb - <unknown>
[INFO] [stdout]    3:     0x5f45b6a94abf - <unknown>
[INFO] [stdout]    4:     0x5f45b6a946ea - <unknown>
[INFO] [stdout]    5:     0x5f45b6a94225 - <unknown>
[INFO] [stdout]    6:     0x5f45b6abb0b1 - <unknown>
[INFO] [stdout]    7:     0x5f45b6abb069 - <unknown>
[INFO] [stdout]    8:     0x5f45b6abb56c - <unknown>
[INFO] [stdout]    9:     0x5f45b6a3de8b - <unknown>
[INFO] [stdout]   10:     0x5f45b6a42791 - <unknown>
[INFO] [stdout]   11:     0x5f45b69c7c42 - <unknown>
[INFO] [stdout]   12:     0x5f45b6a89fef - <unknown>
[INFO] [stdout]   13:     0x5f45b69c5fcf - <unknown>
[INFO] [stdout]   14:     0x5f45b6ad787b - <unknown>
[INFO] [stdout]   15:     0x5f45b6ad32c2 - <unknown>
[INFO] [stdout]   16:     0x5f45b6ad2d2c - <unknown>
[INFO] [stdout]   17:     0x5f45b6af0a4c - <unknown>
[INFO] [stdout]   18:     0x5f45b6abd054 - <unknown>
[INFO] [stdout]   19:     0x70bd9445bdfa - <unknown>
[INFO] [stdout]   20:     0x70bd944ef3d4 - clone
[INFO] [stdout]   21:                0x0 - <unknown>
[INFO] [stdout] 
[INFO] [stdout] ---- config::relay::tests::test_default_config stdout ----
[INFO] [stdout] 
[INFO] [stdout] thread 'config::relay::tests::test_default_config' (3229) panicked at src/config/relay.rs:277:36:
[INFO] [stdout] called `Result::unwrap()` on an `Err` value: configuration file "config/default" not found
[INFO] [stdout] stack backtrace:
[INFO] [stdout]    0:     0x5f45b6a95945 - <unknown>
[INFO] [stdout]    1:     0x5f45b6a3dffa - <unknown>
[INFO] [stdout]    2:     0x5f45b6a94fdb - <unknown>
[INFO] [stdout]    3:     0x5f45b6a94abf - <unknown>
[INFO] [stdout]    4:     0x5f45b6a946ea - <unknown>
[INFO] [stdout]    5:     0x5f45b6a94225 - <unknown>
[INFO] [stdout]    6:     0x5f45b6abb0b1 - <unknown>
[INFO] [stdout]    7:     0x5f45b6abb069 - <unknown>
[INFO] [stdout]    8:     0x5f45b6abb56c - <unknown>
[INFO] [stdout]    9:     0x5f45b6a3de8b - <unknown>
[INFO] [stdout]   10:     0x5f45b6a42791 - <unknown>
[INFO] [stdout]   11:     0x5f45b69c8448 - <unknown>
[INFO] [stdout]   12:     0x5f45b6a89fef - <unknown>
[INFO] [stdout]   13:     0x5f45b69c60af - <unknown>
[INFO] [stdout]   14:     0x5f45b6ad787b - <unknown>
[INFO] [stdout]   15:     0x5f45b6ad32c2 - <unknown>
[INFO] [stdout]   16:     0x5f45b6ad2d2c - <unknown>
[INFO] [stdout]   17:     0x5f45b6af0a4c - <unknown>
[INFO] [stdout]   18:     0x5f45b6abd054 - <unknown>
[INFO] [stdout]   19:     0x70bd9445bdfa - <unknown>
[INFO] [stdout]   20:     0x70bd944ef3d4 - clone
[INFO] [stdout]   21:                0x0 - <unknown>
[INFO] [stdout] 
[INFO] [stdout] 
[INFO] [stdout] failures:
[INFO] [stdout]     config::relay::tests::test_default_config
[INFO] [stdout]     config::relay::tests::test_env_override
[INFO] [stdout]     config::relay::tests::test_file_config
[INFO] [stdout] 
[INFO] [stdout] test result: FAILED. 12 passed; 3 failed; 0 ignored; 0 measured; 0 filtered out; finished in 0.21s
[INFO] [stdout] 
[INFO] running `Command { std: "docker" "inspect" "8eac219c6c24633f76f2287b690890ad1ce3faf8dc3ee0ca7006f33418aa1ec0", kill_on_drop: false }`
[INFO] running `Command { std: "docker" "rm" "-f" "8eac219c6c24633f76f2287b690890ad1ce3faf8dc3ee0ca7006f33418aa1ec0", kill_on_drop: false }`
[INFO] [stdout] 8eac219c6c24633f76f2287b690890ad1ce3faf8dc3ee0ca7006f33418aa1ec0
