[INFO] fetching crate modark 0.5.2...
[INFO] testing modark-0.5.2 against 1.100.0-beta.1+cargoflags=--release for beta-release-1.100-2
[INFO] extracting crate modark 0.5.2 into /workspace/builds/worker-0-tc2/source
[INFO] started tweaking crates.io crate modark 0.5.2
[INFO] finished tweaking crates.io crate modark 0.5.2
[INFO] tweaked toml for crates.io crate modark 0.5.2 written to /workspace/builds/worker-0-tc2/source/Cargo.toml
[INFO] validating manifest of crates.io crate modark 0.5.2 on toolchain 1.100.0-beta.1
[INFO] running `Command { std: CARGO_HOME="/workspace/cargo-home" RUSTUP_HOME="/workspace/rustup-home" "/workspace/cargo-home/bin/cargo" "+1.100.0-beta.1" "metadata" "--manifest-path" "Cargo.toml" "--no-deps", kill_on_drop: false }`
[INFO] crate crates.io crate modark 0.5.2 already has a lockfile, it will not be regenerated
[INFO] running `Command { std: CARGO_HOME="/workspace/cargo-home" RUSTUP_HOME="/workspace/rustup-home" "/workspace/cargo-home/bin/cargo" "+1.100.0-beta.1" "fetch" "--manifest-path" "Cargo.toml", kill_on_drop: false }`
[INFO] running `Command { std: "docker" "create" "-v" "/var/lib/crater-agent-workspace/builds/worker-0-tc2/source:/opt/rustwide/workdir:ro,Z" "-v" "/var/lib/crater-agent-workspace/builds/worker-0-tc2/target:/opt/rustwide/target:rw,Z" "-v" "/var/lib/crater-agent-workspace/cargo-home:/opt/rustwide/cargo-home:ro,Z" "-v" "/var/lib/crater-agent-workspace/rustup-home:/opt/rustwide/rustup-home:ro,Z" "-m" "1610612736" "--network" "none" "ghcr.io/rust-lang/crates-build-env/linux@sha256:77db811e55d90add9212f6832c23229e3de5f1c1f9905e8cb07319ea15df73ac" "sleep" "infinity", kill_on_drop: false }`
[INFO] [stdout] 2469ec8c1c0e64036bc3b30605f3f539966d3c0d8d0fdef5454c56cba910887b
[INFO] running `Command { std: "docker" "start" "2469ec8c1c0e64036bc3b30605f3f539966d3c0d8d0fdef5454c56cba910887b", kill_on_drop: false }`
[INFO] running `Command { std: "docker" "inspect" "2469ec8c1c0e64036bc3b30605f3f539966d3c0d8d0fdef5454c56cba910887b", kill_on_drop: false }`
[INFO] running `Command { std: "docker" "exec" "-e" "SOURCE_DIR=/opt/rustwide/workdir" "-e" "CARGO_HOME=/opt/rustwide/cargo-home" "-e" "RUSTUP_HOME=/opt/rustwide/rustup-home" "-e" "CARGO_TARGET_DIR=/opt/rustwide/target" "-w" "/opt/rustwide/workdir" "--user" "0:0" "2469ec8c1c0e64036bc3b30605f3f539966d3c0d8d0fdef5454c56cba910887b" "/opt/rustwide/cargo-home/bin/cargo" "+1.100.0-beta.1" "metadata" "--no-deps" "--format-version=1", kill_on_drop: false }`
[INFO] running `Command { std: "docker" "inspect" "2469ec8c1c0e64036bc3b30605f3f539966d3c0d8d0fdef5454c56cba910887b", kill_on_drop: false }`
[INFO] running `Command { std: "docker" "exec" "-e" "SOURCE_DIR=/opt/rustwide/workdir" "-e" "CARGO_HOME=/opt/rustwide/cargo-home" "-e" "RUSTUP_HOME=/opt/rustwide/rustup-home" "-e" "CARGO_TARGET_DIR=/opt/rustwide/target" "-e" "CARGO_INCREMENTAL=0" "-e" "RUST_BACKTRACE=full" "-e" "RUSTFLAGS=--cap-lints=warn" "-e" "RUSTDOCFLAGS=--cap-lints=warn" "-w" "/opt/rustwide/workdir" "--user" "0:0" "2469ec8c1c0e64036bc3b30605f3f539966d3c0d8d0fdef5454c56cba910887b" "/opt/rustwide/cargo-home/bin/cargo" "+1.100.0-beta.1" "build" "--frozen" "--message-format=json" "--release", kill_on_drop: false }`
[INFO] [stderr]    Compiling cc v1.0.90
[INFO] [stderr]    Compiling cfg-if v1.0.0
[INFO] [stderr]    Compiling libc v0.2.153
[INFO] [stderr]    Compiling tinyvec_macros v0.1.1
[INFO] [stderr]    Compiling crc32fast v1.4.0
[INFO] [stderr]    Compiling spin v0.9.8
[INFO] [stderr]    Compiling autocfg v1.1.0
[INFO] [stderr]    Compiling untrusted v0.9.0
[INFO] [stderr]    Compiling tinyvec v1.6.0
[INFO] [stderr]    Compiling rustls-pki-types v1.3.1
[INFO] [stderr]    Compiling adler v1.0.2
[INFO] [stderr]    Compiling rustls v0.22.2
[INFO] [stderr]    Compiling percent-encoding v2.3.1
[INFO] [stderr]    Compiling unicode-bidi v0.3.15
[INFO] [stderr]    Compiling num-traits v0.2.18
[INFO] [stderr]    Compiling form_urlencoded v1.2.1
[INFO] [stderr]    Compiling miniz_oxide v0.7.2
[INFO] [stderr]    Compiling subtle v2.5.0
[INFO] [stderr]    Compiling zeroize v1.7.0
[INFO] [stderr]    Compiling log v0.4.21
[INFO] [stderr]    Compiling webpki-roots v0.26.1
[INFO] [stderr]    Compiling flate2 v1.0.28
[INFO] [stderr]    Compiling entities v1.0.1
[INFO] [stderr]    Compiling getrandom v0.2.12
[INFO] [stderr]    Compiling iana-time-zone v0.1.60
[INFO] [stderr]    Compiling once_cell v1.19.0
[INFO] [stderr]    Compiling base64 v0.21.7
[INFO] [stderr]    Compiling ring v0.17.8
[INFO] [stderr]    Compiling unicode-normalization v0.1.23
[INFO] [stderr]    Compiling escaper v0.1.1
[INFO] [stderr]    Compiling roxmltree v0.19.0
[INFO] [stderr]    Compiling tl v0.7.8
[INFO] [stderr]    Compiling chrono v0.4.35
[INFO] [stderr]    Compiling idna v0.5.0
[INFO] [stderr]    Compiling url v2.5.0
[INFO] [stderr]    Compiling rustls-webpki v0.102.2
[INFO] [stderr]    Compiling ureq v2.9.6
[INFO] [stderr]    Compiling modark v0.5.2 (/opt/rustwide/workdir)
[INFO] [stderr] warning: unused dependency `escaper`
[INFO] [stderr]  --> Cargo.toml:7:15
[INFO] [stderr]   |
[INFO] [stderr] 7 | [dependencies.escaper]
[INFO] [stderr]   |               ^^^^^^^^
[INFO] [stderr]   |
[INFO] [stderr]   = note: `cargo::unused_dependencies` is set to `warn` by default
[INFO] [stderr] help: consider removing the dependency on `escaper`
[INFO] [stderr] warning: `modark` (manifest) generated 1 warning
[INFO] [stderr]     Finished `release` profile [optimized] target(s) in 34.45s
[INFO] running `Command { std: "docker" "inspect" "2469ec8c1c0e64036bc3b30605f3f539966d3c0d8d0fdef5454c56cba910887b", kill_on_drop: false }`
[INFO] running `Command { std: "docker" "exec" "-e" "SOURCE_DIR=/opt/rustwide/workdir" "-e" "CARGO_HOME=/opt/rustwide/cargo-home" "-e" "RUSTUP_HOME=/opt/rustwide/rustup-home" "-e" "CARGO_TARGET_DIR=/opt/rustwide/target" "-e" "CARGO_INCREMENTAL=0" "-e" "RUST_BACKTRACE=full" "-e" "RUSTFLAGS=--cap-lints=warn" "-e" "RUSTDOCFLAGS=--cap-lints=warn" "-w" "/opt/rustwide/workdir" "--user" "0:0" "2469ec8c1c0e64036bc3b30605f3f539966d3c0d8d0fdef5454c56cba910887b" "/opt/rustwide/cargo-home/bin/cargo" "+1.100.0-beta.1" "test" "--frozen" "--no-run" "--message-format=json" "--release", kill_on_drop: false }`
[INFO] [stderr]    Compiling modark v0.5.2 (/opt/rustwide/workdir)
[INFO] [stderr]     Finished `release` profile [optimized] target(s) in 1m 15s
[INFO] running `Command { std: "docker" "inspect" "2469ec8c1c0e64036bc3b30605f3f539966d3c0d8d0fdef5454c56cba910887b", kill_on_drop: false }`
[INFO] running `Command { std: "docker" "exec" "-e" "SOURCE_DIR=/opt/rustwide/workdir" "-e" "CARGO_HOME=/opt/rustwide/cargo-home" "-e" "RUSTUP_HOME=/opt/rustwide/rustup-home" "-e" "CARGO_TARGET_DIR=/opt/rustwide/target" "-e" "CARGO_INCREMENTAL=0" "-e" "RUST_BACKTRACE=full" "-e" "RUSTFLAGS=--cap-lints=warn" "-e" "RUSTDOCFLAGS=--cap-lints=warn" "-w" "/opt/rustwide/workdir" "--user" "0:0" "2469ec8c1c0e64036bc3b30605f3f539966d3c0d8d0fdef5454c56cba910887b" "/opt/rustwide/cargo-home/bin/cargo" "+1.100.0-beta.1" "test" "--frozen" "--release", kill_on_drop: false }`
[INFO] [stderr]     Finished `release` profile [optimized] target(s) in 0.08s
[INFO] [stderr]      Running unittests src/lib.rs (/opt/rustwide/target/release/build/modark/468f242eeb23f97b/out/modark-468f242eeb23f97b)
[INFO] [stdout] 
[INFO] [stdout] running 5 tests
[INFO] [stdout] test tests::dl_link_modinfo ... FAILED
[INFO] [stdout] test tests::invalid_modid ... FAILED
[INFO] [stdout] test tests::valid_modid ... FAILED
[INFO] [stdout] test tests::instr_text ... FAILED
[INFO] [stdout] test tests::name_resolving ... FAILED
[INFO] [stdout] 
[INFO] [stdout] failures:
[INFO] [stdout] 
[INFO] [stdout] ---- tests::dl_link_modinfo stdout ----
[INFO] [stdout] 
[INFO] [stdout] thread 'tests::dl_link_modinfo' (827) panicked at src/lib.rs:376:68:
[INFO] [stdout] Expected a Mod Archive API key in the environment variables: NotPresent
[INFO] [stdout] stack backtrace:
[INFO] [stdout]    0:     0x5f943d8f7ee7 - <unknown>
[INFO] [stdout]    1:     0x5f943d88d8f4 - <unknown>
[INFO] [stdout]    2:     0x5f943d8f74ab - <unknown>
[INFO] [stdout]    3:     0x5f943d8f70a9 - <unknown>
[INFO] [stdout]    4:     0x5f943d8f6d2a - <unknown>
[INFO] [stdout]    5:     0x5f943d8f685b - <unknown>
[INFO] [stdout]    6:     0x5f943d91c6e1 - <unknown>
[INFO] [stdout]    7:     0x5f943d91c699 - <unknown>
[INFO] [stdout]    8:     0x5f943d91cb8c - <unknown>
[INFO] [stdout]    9:     0x5f943d88d78b - <unknown>
[INFO] [stdout]   10:     0x5f943d891431 - <unknown>
[INFO] [stdout]   11:     0x5f943d8aaec2 - <unknown>
[INFO] [stdout]   12:     0x5f943d934dbb - <unknown>
[INFO] [stdout]   13:     0x5f943d930a62 - <unknown>
[INFO] [stdout]   14:     0x5f943d93050c - <unknown>
[INFO] [stdout]   15:     0x5f943d94e78c - <unknown>
[INFO] [stdout]   16:     0x5f943d91e6c8 - <unknown>
[INFO] [stdout]   17:     0x744206b56dfa - <unknown>
[INFO] [stdout]   18:     0x744206bea3d4 - clone
[INFO] [stdout]   19:                0x0 - <unknown>
[INFO] [stdout] 
[INFO] [stdout] ---- tests::invalid_modid stdout ----
[INFO] [stdout] 
[INFO] [stdout] thread 'tests::invalid_modid' (829) panicked at src/lib.rs:345:68:
[INFO] [stdout] Expected a Mod Archive API key in the environment variables: NotPresent
[INFO] [stdout] stack backtrace:
[INFO] [stdout]    0:     0x5f943d8f7ee7 - <unknown>
[INFO] [stdout]    1:     0x5f943d88d8f4 - <unknown>
[INFO] [stdout]    2:     0x5f943d8f74ab - <unknown>
[INFO] [stdout]    3:     0x5f943d8f70a9 - <unknown>
[INFO] [stdout]    4:     0x5f943d8f6d2a - <unknown>
[INFO] [stdout]    5:     0x5f943d8f685b - <unknown>
[INFO] [stdout]    6:     0x5f943d91c6e1 - <unknown>
[INFO] [stdout]    7:     0x5f943d91c699 - <unknown>
[INFO] [stdout]    8:     0x5f943d91cb8c - <unknown>
[INFO] [stdout]    9:     0x5f943d88d78b - <unknown>
[INFO] [stdout]   10:     0x5f943d891431 - <unknown>
[INFO] [stdout]   11:     0x5f943d8a93b0 - <unknown>
[INFO] [stdout]   12:     0x5f943d934dbb - <unknown>
[INFO] [stdout]   13:     0x5f943d930a62 - <unknown>
[INFO] [stdout]   14:     0x5f943d93050c - <unknown>
[INFO] [stdout]   15:     0x5f943d94e78c - <unknown>
[INFO] [stdout]   16:     0x5f943d91e6c8 - <unknown>
[INFO] [stdout]   17:     0x744206b56dfa - <unknown>
[INFO] [stdout]   18:     0x744206bea3d4 - clone
[INFO] [stdout]   19:                0x0 - <unknown>
[INFO] [stdout] 
[INFO] [stdout] ---- tests::valid_modid stdout ----
[INFO] [stdout] 
[INFO] [stdout] thread 'tests::valid_modid' (831) panicked at src/lib.rs:351:66:
[INFO] [stdout] Expected a Mod Archive API key in the environment variables: NotPresent
[INFO] [stdout] stack backtrace:
[INFO] [stdout]    0:     0x5f943d8f7ee7 - <unknown>
[INFO] [stdout]    1:     0x5f943d88d8f4 - <unknown>
[INFO] [stdout]    2:     0x5f943d8f74ab - <unknown>
[INFO] [stdout]    3:     0x5f943d8f70a9 - <unknown>
[INFO] [stdout]    4:     0x5f943d8f6d2a - <unknown>
[INFO] [stdout]    5:     0x5f943d8f685b - <unknown>
[INFO] [stdout]    6:     0x5f943d91c6e1 - <unknown>
[INFO] [stdout]    7:     0x5f943d91c699 - <unknown>
[INFO] [stdout]    8:     0x5f943d91cb8c - <unknown>
[INFO] [stdout]    9:     0x5f943d88d78b - <unknown>
[INFO] [stdout]   10:     0x5f943d891431 - <unknown>
[INFO] [stdout]   11:     0x5f943d8a9235 - <unknown>
[INFO] [stdout]   12:     0x5f943d934dbb - <unknown>
[INFO] [stdout]   13:     0x5f943d930a62 - <unknown>
[INFO] [stdout]   14:     0x5f943d93050c - <unknown>
[INFO] [stdout]   15:     0x5f943d94e78c - <unknown>
[INFO] [stdout]   16:     0x5f943d91e6c8 - <unknown>
[INFO] [stdout]   17:     0x744206b56dfa - <unknown>
[INFO] [stdout]   18:     0x744206bea3d4 - clone
[INFO] [stdout]   19:                0x0 - <unknown>
[INFO] [stdout] 
[INFO] [stdout] ---- tests::instr_text stdout ----
[INFO] [stdout] 
[INFO] [stdout] thread 'tests::instr_text' (828) panicked at src/lib.rs:336:71:
[INFO] [stdout] Expected a Mod Archive API key in the environment variables: NotPresent
[INFO] [stdout] stack backtrace:
[INFO] [stdout]    0:     0x5f943d8f7ee7 - <unknown>
[INFO] [stdout]    1:     0x5f943d88d8f4 - <unknown>
[INFO] [stdout]    2:     0x5f943d8f74ab - <unknown>
[INFO] [stdout]    3:     0x5f943d8f70a9 - <unknown>
[INFO] [stdout]    4:     0x5f943d8f6d2a - <unknown>
[INFO] [stdout]    5:     0x5f943d8f685b - <unknown>
[INFO] [stdout]    6:     0x5f943d91c6e1 - <unknown>
[INFO] [stdout]    7:     0x5f943d91c699 - <unknown>
[INFO] [stdout]    8:     0x5f943d91cb8c - <unknown>
[INFO] [stdout]    9:     0x5f943d88d78b - <unknown>
[INFO] [stdout]   10:     0x5f943d891431 - <unknown>
[INFO] [stdout]   11:     0x5f943d8a8f5c - <unknown>
[INFO] [stdout]   12:     0x5f943d934dbb - <unknown>
[INFO] [stdout]   13:     0x5f943d930a62 - <unknown>
[INFO] [stdout]   14:     0x5f943d93050c - <unknown>
[INFO] [stdout]   15:     0x5f943d94e78c - <unknown>
[INFO] [stdout]   16:     0x5f943d91e6c8 - <unknown>
[INFO] [stdout]   17:     0x744206b56dfa - <unknown>
[INFO] [stdout]   18:     0x744206bea3d4 - clone
[INFO] [stdout]   19:                0x0 - <unknown>
[INFO] [stdout] 
[INFO] [stdout] ---- tests::name_resolving stdout ----
[INFO] [stdout] 
[INFO] [stdout] thread 'tests::name_resolving' (830) panicked at src/lib.rs:222:14:
[INFO] [stdout] called `Result::unwrap()` on an `Err` value: Transport(Transport { kind: Dns, message: Some("resolve dns name 'modarchive.org:443'"), url: Some(Url { scheme: "https", cannot_be_a_base: false, username: "", password: None, host: Some(Domain("modarchive.org")), port: None, path: "/index.php", query: Some("request=search&query=virtual-monotone.mod&submit=Find&search_type=filename"), fragment: None }), source: Some(Custom { kind: Uncategorized, error: "failed to lookup address information: Temporary failure in name resolution" }) })
[INFO] [stdout] stack backtrace:
[INFO] [stdout]    0:     0x5f943d8f7ee7 - <unknown>
[INFO] [stdout]    1:     0x5f943d88d8f4 - <unknown>
[INFO] [stdout]    2:     0x5f943d8f74ab - <unknown>
[INFO] [stdout]    3:     0x5f943d8f70a9 - <unknown>
[INFO] [stdout]    4:     0x5f943d8f6d2a - <unknown>
[INFO] [stdout]    5:     0x5f943d8f685b - <unknown>
[INFO] [stdout]    6:     0x5f943d91c6e1 - <unknown>
[INFO] [stdout]    7:     0x5f943d91c699 - <unknown>
[INFO] [stdout]    8:     0x5f943d91cb8c - <unknown>
[INFO] [stdout]    9:     0x5f943d88d78b - <unknown>
[INFO] [stdout]   10:     0x5f943d891431 - <unknown>
[INFO] [stdout]   11:     0x5f943d8aa91b - <unknown>
[INFO] [stdout]   12:     0x5f943d934dbb - <unknown>
[INFO] [stdout]   13:     0x5f943d930a62 - <unknown>
[INFO] [stdout]   14:     0x5f943d93050c - <unknown>
[INFO] [stdout]   15:     0x5f943d94e78c - <unknown>
[INFO] [stdout]   16:     0x5f943d91e6c8 - <unknown>
[INFO] [stdout]   17:     0x744206b56dfa - <unknown>
[INFO] [stdout]   18:     0x744206bea3d4 - clone
[INFO] [stdout]   19:                0x0 - <unknown>
[INFO] [stdout] 
[INFO] [stdout] 
[INFO] [stdout] failures:
[INFO] [stdout]     tests::dl_link_modinfo
[INFO] [stdout]     tests::instr_text
[INFO] [stdout]     tests::invalid_modid
[INFO] [stdout]     tests::name_resolving
[INFO] [stdout]     tests::valid_modid
[INFO] [stdout] 
[INFO] [stdout] test result: FAILED. 0 passed; 5 failed; 0 ignored; 0 measured; 0 filtered out; finished in 0.01s
[INFO] [stdout] 
[INFO] [stderr] error: test failed, to rerun pass `--lib`
[INFO] running `Command { std: "docker" "inspect" "2469ec8c1c0e64036bc3b30605f3f539966d3c0d8d0fdef5454c56cba910887b", kill_on_drop: false }`
[INFO] running `Command { std: "docker" "rm" "-f" "2469ec8c1c0e64036bc3b30605f3f539966d3c0d8d0fdef5454c56cba910887b", kill_on_drop: false }`
[INFO] [stdout] 2469ec8c1c0e64036bc3b30605f3f539966d3c0d8d0fdef5454c56cba910887b
