[INFO] fetching crate mock_gen 0.1.23...
[INFO] testing mock_gen-0.1.23 against 1.99.0-beta.8+cargoflags=--release for beta-release-1.100-2
[INFO] extracting crate mock_gen 0.1.23 into /workspace/builds/worker-6-tc1/source
[INFO] started tweaking crates.io crate mock_gen 0.1.23
[INFO] finished tweaking crates.io crate mock_gen 0.1.23
[INFO] tweaked toml for crates.io crate mock_gen 0.1.23 written to /workspace/builds/worker-6-tc1/source/Cargo.toml
[INFO] validating manifest of crates.io crate mock_gen 0.1.23 on toolchain 1.99.0-beta.8
[INFO] running `Command { std: CARGO_HOME="/workspace/cargo-home" RUSTUP_HOME="/workspace/rustup-home" "/workspace/cargo-home/bin/cargo" "+1.99.0-beta.8" "metadata" "--manifest-path" "Cargo.toml" "--no-deps", kill_on_drop: false }`
[INFO] crate crates.io crate mock_gen 0.1.23 already has a lockfile, it will not be regenerated
[INFO] running `Command { std: CARGO_HOME="/workspace/cargo-home" RUSTUP_HOME="/workspace/rustup-home" "/workspace/cargo-home/bin/cargo" "+1.99.0-beta.8" "fetch" "--manifest-path" "Cargo.toml", kill_on_drop: false }`
[INFO] [stderr]  Downloading crates ...
[INFO] [stderr]   Downloaded is-terminal v0.4.4
[INFO] [stderr]   Downloaded unicode-ident v1.0.7
[INFO] [stderr]   Downloaded clap_lex v0.3.2
[INFO] [stderr]   Downloaded clap_derive v4.1.8
[INFO] [stderr]   Downloaded clap v4.1.8
[INFO] [stderr]   Downloaded serde_json v1.0.109
[INFO] [stderr]   Downloaded rustix v0.36.9
[INFO] running `Command { std: "docker" "create" "-v" "/var/lib/crater-agent-workspace/builds/worker-6-tc1/source:/opt/rustwide/workdir:ro,Z" "-v" "/var/lib/crater-agent-workspace/builds/worker-6-tc1/target:/opt/rustwide/target:rw,Z" "-v" "/var/lib/crater-agent-workspace/cargo-home:/opt/rustwide/cargo-home:ro,Z" "-v" "/var/lib/crater-agent-workspace/rustup-home:/opt/rustwide/rustup-home:ro,Z" "-m" "1610612736" "--network" "none" "ghcr.io/rust-lang/crates-build-env/linux@sha256:77db811e55d90add9212f6832c23229e3de5f1c1f9905e8cb07319ea15df73ac" "sleep" "infinity", kill_on_drop: false }`
[INFO] [stdout] 3c75cc66b9a7f0539bd0e592b6ddc6efe16b96b6cced1829ef74cc67e460d0e2
[INFO] running `Command { std: "docker" "start" "3c75cc66b9a7f0539bd0e592b6ddc6efe16b96b6cced1829ef74cc67e460d0e2", kill_on_drop: false }`
[INFO] running `Command { std: "docker" "inspect" "3c75cc66b9a7f0539bd0e592b6ddc6efe16b96b6cced1829ef74cc67e460d0e2", kill_on_drop: false }`
[INFO] running `Command { std: "docker" "exec" "-e" "SOURCE_DIR=/opt/rustwide/workdir" "-e" "CARGO_HOME=/opt/rustwide/cargo-home" "-e" "RUSTUP_HOME=/opt/rustwide/rustup-home" "-e" "CARGO_TARGET_DIR=/opt/rustwide/target" "-w" "/opt/rustwide/workdir" "--user" "0:0" "3c75cc66b9a7f0539bd0e592b6ddc6efe16b96b6cced1829ef74cc67e460d0e2" "/opt/rustwide/cargo-home/bin/cargo" "+1.99.0-beta.8" "metadata" "--no-deps" "--format-version=1", kill_on_drop: false }`
[INFO] running `Command { std: "docker" "inspect" "3c75cc66b9a7f0539bd0e592b6ddc6efe16b96b6cced1829ef74cc67e460d0e2", kill_on_drop: false }`
[INFO] running `Command { std: "docker" "exec" "-e" "SOURCE_DIR=/opt/rustwide/workdir" "-e" "CARGO_HOME=/opt/rustwide/cargo-home" "-e" "RUSTUP_HOME=/opt/rustwide/rustup-home" "-e" "CARGO_TARGET_DIR=/opt/rustwide/target" "-e" "CARGO_INCREMENTAL=0" "-e" "RUST_BACKTRACE=full" "-e" "RUSTFLAGS=--cap-lints=warn" "-e" "RUSTDOCFLAGS=--cap-lints=warn" "-w" "/opt/rustwide/workdir" "--user" "0:0" "3c75cc66b9a7f0539bd0e592b6ddc6efe16b96b6cced1829ef74cc67e460d0e2" "/opt/rustwide/cargo-home/bin/cargo" "+1.99.0-beta.8" "build" "--frozen" "--message-format=json" "--release", kill_on_drop: false }`
[INFO] [stderr]    Compiling unicode-ident v1.0.7
[INFO] [stderr]    Compiling libc v0.2.139
[INFO] [stderr]    Compiling io-lifetimes v1.0.5
[INFO] [stderr]    Compiling serde_core v1.0.228
[INFO] [stderr]    Compiling rustix v0.36.9
[INFO] [stderr]    Compiling linux-raw-sys v0.1.4
[INFO] [stderr]    Compiling aho-corasick v1.1.4
[INFO] [stderr]    Compiling os_str_bytes v6.4.1
[INFO] [stderr]    Compiling proc-macro2 v1.0.104
[INFO] [stderr]    Compiling thiserror v1.0.38
[INFO] [stderr]    Compiling serde_json v1.0.109
[INFO] [stderr]    Compiling clap_lex v0.3.2
[INFO] [stderr]    Compiling csv-core v0.1.13
[INFO] [stderr]    Compiling termcolor v1.2.0
[INFO] [stderr]    Compiling once_cell v1.17.1
[INFO] [stderr]    Compiling quote v1.0.42
[INFO] [stderr]    Compiling walkdir v2.3.2
[INFO] [stderr]    Compiling syn v1.0.109
[INFO] [stderr]    Compiling syn v2.0.112
[INFO] [stderr]    Compiling proc-macro-error-attr v1.0.4
[INFO] [stderr]    Compiling regex-automata v0.4.13
[INFO] [stderr]    Compiling is-terminal v0.4.4
[INFO] [stderr]    Compiling serde_derive v1.0.228
[INFO] [stderr]    Compiling proc-macro-error v1.0.4
[INFO] [stderr]    Compiling csv v1.4.0
[INFO] [stderr]    Compiling thiserror-impl v1.0.38
[INFO] [stderr]    Compiling clap_derive v4.1.8
[INFO] [stderr]    Compiling regex v1.12.2
[INFO] [stderr]    Compiling clap v4.1.8
[INFO] [stderr]    Compiling serde v1.0.228
[INFO] [stderr]    Compiling mock_gen v0.1.23 (/opt/rustwide/workdir)
[INFO] [stderr]     Finished `release` profile [optimized] target(s) in 1m 06s
[INFO] running `Command { std: "docker" "inspect" "3c75cc66b9a7f0539bd0e592b6ddc6efe16b96b6cced1829ef74cc67e460d0e2", kill_on_drop: false }`
[INFO] running `Command { std: "docker" "exec" "-e" "SOURCE_DIR=/opt/rustwide/workdir" "-e" "CARGO_HOME=/opt/rustwide/cargo-home" "-e" "RUSTUP_HOME=/opt/rustwide/rustup-home" "-e" "CARGO_TARGET_DIR=/opt/rustwide/target" "-e" "CARGO_INCREMENTAL=0" "-e" "RUST_BACKTRACE=full" "-e" "RUSTFLAGS=--cap-lints=warn" "-e" "RUSTDOCFLAGS=--cap-lints=warn" "-w" "/opt/rustwide/workdir" "--user" "0:0" "3c75cc66b9a7f0539bd0e592b6ddc6efe16b96b6cced1829ef74cc67e460d0e2" "/opt/rustwide/cargo-home/bin/cargo" "+1.99.0-beta.8" "test" "--frozen" "--no-run" "--message-format=json" "--release", kill_on_drop: false }`
[INFO] [stderr]    Compiling anyhow v1.0.69
[INFO] [stderr]    Compiling mock_gen v0.1.23 (/opt/rustwide/workdir)
[INFO] [stderr]     Finished `release` profile [optimized] target(s) in 4.59s
[INFO] running `Command { std: "docker" "inspect" "3c75cc66b9a7f0539bd0e592b6ddc6efe16b96b6cced1829ef74cc67e460d0e2", kill_on_drop: false }`
[INFO] running `Command { std: "docker" "exec" "-e" "SOURCE_DIR=/opt/rustwide/workdir" "-e" "CARGO_HOME=/opt/rustwide/cargo-home" "-e" "RUSTUP_HOME=/opt/rustwide/rustup-home" "-e" "CARGO_TARGET_DIR=/opt/rustwide/target" "-e" "CARGO_INCREMENTAL=0" "-e" "RUST_BACKTRACE=full" "-e" "RUSTFLAGS=--cap-lints=warn" "-e" "RUSTDOCFLAGS=--cap-lints=warn" "-w" "/opt/rustwide/workdir" "--user" "0:0" "3c75cc66b9a7f0539bd0e592b6ddc6efe16b96b6cced1829ef74cc67e460d0e2" "/opt/rustwide/cargo-home/bin/cargo" "+1.99.0-beta.8" "test" "--frozen" "--release", kill_on_drop: false }`
[INFO] [stderr]     Finished `release` profile [optimized] target(s) in 0.06s
[INFO] [stdout] 
[INFO] [stderr]      Running unittests src/main.rs (/opt/rustwide/target/release/deps/mock_gen-a6ba66ff376359e3)
[INFO] [stdout] running 4 tests
[INFO] [stdout] test tests::test_mock_gen ... ok
[INFO] [stderr] error: test failed, to rerun pass `--bin mock_gen`
[INFO] [stdout] test tests::testing_stm32_files ... FAILED
[INFO] [stdout] test tests::testing_cpp_files ... FAILED
[INFO] [stdout] test tests::test_lizard_file ... FAILED
[INFO] [stdout] 
[INFO] [stdout] failures:
[INFO] [stdout] 
[INFO] [stdout] ---- tests::testing_stm32_files stdout ----
[INFO] [stdout] 
[INFO] [stdout] thread 'tests::testing_stm32_files' (839) panicked at src/main.rs:166:58:
[INFO] [stdout] called `Result::unwrap()` on an `Err` value: Os { code: 2, kind: NotFound, message: "No such file or directory" }
[INFO] [stdout] stack backtrace:
[INFO] [stdout]    0:     0x5ad6be2d6a11 - <<std[70759c8f55707aa4]::sys::backtrace::BacktraceLock>::print::DisplayBacktrace as core[df12db4294e9bfd3]::fmt::Display>::fmt
[INFO] [stdout]    1:     0x5ad6be2ec69a - core[df12db4294e9bfd3]::fmt::write
[INFO] [stdout]    2:     0x5ad6be2db19c - <alloc[2182bb758b4b3781]::vec::Vec<u8> as core[df12db4294e9bfd3]::io::write::Write>::write_fmt
[INFO] [stdout]    3:     0x5ad6be2b2116 - std[70759c8f55707aa4]::panicking::default_hook::{closure#0}
[INFO] [stdout]    4:     0x5ad6be2cee89 - std[70759c8f55707aa4]::panicking::default_hook
[INFO] [stdout]    5:     0x5ad6be1a5ff0 - test[9d35eded1c95d3be]::test_main_inner::<test[9d35eded1c95d3be]::test_main_static::{closure#0}>::{closure#0}
[INFO] [stdout]    6:     0x5ad6be2cf042 - std[70759c8f55707aa4]::panicking::panic_with_hook
[INFO] [stdout]    7:     0x5ad6be2b21c2 - std[70759c8f55707aa4]::panicking::panic_handler::{closure#0}
[INFO] [stdout]    8:     0x5ad6be2aad89 - std[70759c8f55707aa4]::sys::backtrace::__rust_end_short_backtrace::<std[70759c8f55707aa4]::panicking::panic_handler::{closure#0}, !>
[INFO] [stdout]    9:     0x5ad6be2b2dbd - __rustc[8fa7c3cbc660c2b3]::rust_begin_unwind
[INFO] [stdout]   10:     0x5ad6be2ece7c - core[df12db4294e9bfd3]::panicking::panic_fmt
[INFO] [stdout]   11:     0x5ad6be2ecc52 - core[df12db4294e9bfd3]::result::unwrap_failed
[INFO] [stdout]   12:     0x5ad6be18d0b1 - mock_gen[ba61b93623fdd0f2]::tests::testing_stm32_files
[INFO] [stdout]   13:     0x5ad6be1949a9 - <mock_gen[ba61b93623fdd0f2]::tests::testing_stm32_files::{closure#0} as core[df12db4294e9bfd3]::ops::function::FnOnce<()>>::call_once
[INFO] [stdout]   14:     0x5ad6be1992db - test[9d35eded1c95d3be]::__rust_begin_short_backtrace::<core[df12db4294e9bfd3]::result::Result<(), alloc[2182bb758b4b3781]::string::String>, fn() -> core[df12db4294e9bfd3]::result::Result<(), alloc[2182bb758b4b3781]::string::String>>
[INFO] [stdout]   15:     0x5ad6be1a6945 - test[9d35eded1c95d3be]::run_test::{closure#0}
[INFO] [stdout]   16:     0x5ad6be1a0204 - std[70759c8f55707aa4]::sys::backtrace::__rust_begin_short_backtrace::<test[9d35eded1c95d3be]::run_test::{closure#1}, ()>
[INFO] [stdout]   17:     0x5ad6be1a9aa2 - <std[70759c8f55707aa4]::thread::lifecycle::spawn_unchecked<test[9d35eded1c95d3be]::run_test::{closure#1}, ()>::{closure#1} as core[df12db4294e9bfd3]::ops::function::FnOnce<()>>::call_once::{shim:vtable#0}
[INFO] [stdout]   18:     0x5ad6be2d62e9 - <std[70759c8f55707aa4]::sys::thread::unix::Thread>::new::thread_start
[INFO] [stdout]   19:     0x752020599dfa - <unknown>
[INFO] [stdout]   20:     0x75202062d3d4 - clone
[INFO] [stdout]   21:                0x0 - <unknown>
[INFO] [stdout] 
[INFO] [stdout] ---- tests::testing_cpp_files stdout ----
[INFO] [stdout] 
[INFO] [stdout] thread 'tests::testing_cpp_files' (838) panicked at src/main.rs:180:58:
[INFO] [stdout] called `Result::unwrap()` on an `Err` value: Os { code: 2, kind: NotFound, message: "No such file or directory" }
[INFO] [stdout] stack backtrace:
[INFO] [stdout]    0:     0x5ad6be2d6a11 - <<std[70759c8f55707aa4]::sys::backtrace::BacktraceLock>::print::DisplayBacktrace as core[df12db4294e9bfd3]::fmt::Display>::fmt
[INFO] [stdout]    1:     0x5ad6be2ec69a - core[df12db4294e9bfd3]::fmt::write
[INFO] [stdout]    2:     0x5ad6be2db19c - <alloc[2182bb758b4b3781]::vec::Vec<u8> as core[df12db4294e9bfd3]::io::write::Write>::write_fmt
[INFO] [stdout]    3:     0x5ad6be2b2116 - std[70759c8f55707aa4]::panicking::default_hook::{closure#0}
[INFO] [stdout]    4:     0x5ad6be2cee89 - std[70759c8f55707aa4]::panicking::default_hook
[INFO] [stdout]    5:     0x5ad6be1a5ff0 - test[9d35eded1c95d3be]::test_main_inner::<test[9d35eded1c95d3be]::test_main_static::{closure#0}>::{closure#0}
[INFO] [stdout]    6:     0x5ad6be2cf042 - std[70759c8f55707aa4]::panicking::panic_with_hook
[INFO] [stdout]    7:     0x5ad6be2b21c2 - std[70759c8f55707aa4]::panicking::panic_handler::{closure#0}
[INFO] [stdout]    8:     0x5ad6be2aad89 - std[70759c8f55707aa4]::sys::backtrace::__rust_end_short_backtrace::<std[70759c8f55707aa4]::panicking::panic_handler::{closure#0}, !>
[INFO] [stdout]    9:     0x5ad6be2b2dbd - __rustc[8fa7c3cbc660c2b3]::rust_begin_unwind
[INFO] [stdout]   10:     0x5ad6be2ece7c - core[df12db4294e9bfd3]::panicking::panic_fmt
[INFO] [stdout]   11:     0x5ad6be2ecc52 - core[df12db4294e9bfd3]::result::unwrap_failed
[INFO] [stdout]   12:     0x5ad6be18cc61 - mock_gen[ba61b93623fdd0f2]::tests::testing_cpp_files
[INFO] [stdout]   13:     0x5ad6be19499e - <mock_gen[ba61b93623fdd0f2]::tests::testing_cpp_files::{closure#0} as core[df12db4294e9bfd3]::ops::function::FnOnce<()>>::call_once
[INFO] [stdout]   14:     0x5ad6be1992db - test[9d35eded1c95d3be]::__rust_begin_short_backtrace::<core[df12db4294e9bfd3]::result::Result<(), alloc[2182bb758b4b3781]::string::String>, fn() -> core[df12db4294e9bfd3]::result::Result<(), alloc[2182bb758b4b3781]::string::String>>
[INFO] [stdout]   15:     0x5ad6be1a6945 - test[9d35eded1c95d3be]::run_test::{closure#0}
[INFO] [stdout]   16:     0x5ad6be1a0204 - std[70759c8f55707aa4]::sys::backtrace::__rust_begin_short_backtrace::<test[9d35eded1c95d3be]::run_test::{closure#1}, ()>
[INFO] [stdout]   17:     0x5ad6be1a9aa2 - <std[70759c8f55707aa4]::thread::lifecycle::spawn_unchecked<test[9d35eded1c95d3be]::run_test::{closure#1}, ()>::{closure#1} as core[df12db4294e9bfd3]::ops::function::FnOnce<()>>::call_once::{shim:vtable#0}
[INFO] [stdout]   18:     0x5ad6be2d62e9 - <std[70759c8f55707aa4]::sys::thread::unix::Thread>::new::thread_start
[INFO] [stdout]   19:     0x752020599dfa - <unknown>
[INFO] [stdout]   20:     0x75202062d3d4 - clone
[INFO] [stdout]   21:                0x0 - <unknown>
[INFO] [stdout] 
[INFO] [stdout] ---- tests::test_lizard_file stdout ----
[INFO] [stdout] Current directory: /opt/rustwide/workdir
[INFO] [stdout] 
[INFO] [stdout] thread 'tests::test_lizard_file' (836) panicked at src/main.rs:206:14:
[INFO] [stdout] Failed to run lizard: Os { code: 2, kind: NotFound, message: "No such file or directory" }
[INFO] [stdout] stack backtrace:
[INFO] [stdout]    0:     0x5ad6be2d6a11 - <<std[70759c8f55707aa4]::sys::backtrace::BacktraceLock>::print::DisplayBacktrace as core[df12db4294e9bfd3]::fmt::Display>::fmt
[INFO] [stdout]    1:     0x5ad6be2ec69a - core[df12db4294e9bfd3]::fmt::write
[INFO] [stdout]    2:     0x5ad6be2db19c - <alloc[2182bb758b4b3781]::vec::Vec<u8> as core[df12db4294e9bfd3]::io::write::Write>::write_fmt
[INFO] [stdout]    3:     0x5ad6be2b2116 - std[70759c8f55707aa4]::panicking::default_hook::{closure#0}
[INFO] [stdout]    4:     0x5ad6be2cee89 - std[70759c8f55707aa4]::panicking::default_hook
[INFO] [stdout]    5:     0x5ad6be1a5ff0 - test[9d35eded1c95d3be]::test_main_inner::<test[9d35eded1c95d3be]::test_main_static::{closure#0}>::{closure#0}
[INFO] [stdout]    6:     0x5ad6be2cf042 - std[70759c8f55707aa4]::panicking::panic_with_hook
[INFO] [stdout]    7:     0x5ad6be2b21c2 - std[70759c8f55707aa4]::panicking::panic_handler::{closure#0}
[INFO] [stdout]    8:     0x5ad6be2aad89 - std[70759c8f55707aa4]::sys::backtrace::__rust_end_short_backtrace::<std[70759c8f55707aa4]::panicking::panic_handler::{closure#0}, !>
[INFO] [stdout]    9:     0x5ad6be2b2dbd - __rustc[8fa7c3cbc660c2b3]::rust_begin_unwind
[INFO] [stdout]   10:     0x5ad6be2ece7c - core[df12db4294e9bfd3]::panicking::panic_fmt
[INFO] [stdout]   11:     0x5ad6be2ecc52 - core[df12db4294e9bfd3]::result::unwrap_failed
[INFO] [stdout]   12:     0x5ad6be18c9f2 - mock_gen[ba61b93623fdd0f2]::tests::test_lizard_file
[INFO] [stdout]   13:     0x5ad6be194989 - <mock_gen[ba61b93623fdd0f2]::tests::test_lizard_file::{closure#0} as core[df12db4294e9bfd3]::ops::function::FnOnce<()>>::call_once
[INFO] [stdout]   14:     0x5ad6be1992db - test[9d35eded1c95d3be]::__rust_begin_short_backtrace::<core[df12db4294e9bfd3]::result::Result<(), alloc[2182bb758b4b3781]::string::String>, fn() -> core[df12db4294e9bfd3]::result::Result<(), alloc[2182bb758b4b3781]::string::String>>
[INFO] [stdout]   15:     0x5ad6be1a6945 - test[9d35eded1c95d3be]::run_test::{closure#0}
[INFO] [stdout]   16:     0x5ad6be1a0204 - std[70759c8f55707aa4]::sys::backtrace::__rust_begin_short_backtrace::<test[9d35eded1c95d3be]::run_test::{closure#1}, ()>
[INFO] [stdout]   17:     0x5ad6be1a9aa2 - <std[70759c8f55707aa4]::thread::lifecycle::spawn_unchecked<test[9d35eded1c95d3be]::run_test::{closure#1}, ()>::{closure#1} as core[df12db4294e9bfd3]::ops::function::FnOnce<()>>::call_once::{shim:vtable#0}
[INFO] [stdout]   18:     0x5ad6be2d62e9 - <std[70759c8f55707aa4]::sys::thread::unix::Thread>::new::thread_start
[INFO] [stdout]   19:     0x752020599dfa - <unknown>
[INFO] [stdout]   20:     0x75202062d3d4 - clone
[INFO] [stdout]   21:                0x0 - <unknown>
[INFO] [stdout] 
[INFO] [stdout] 
[INFO] [stdout] failures:
[INFO] [stdout]     tests::test_lizard_file
[INFO] [stdout]     tests::testing_cpp_files
[INFO] [stdout]     tests::testing_stm32_files
[INFO] [stdout] 
[INFO] [stdout] test result: FAILED. 1 passed; 3 failed; 0 ignored; 0 measured; 0 filtered out; finished in 0.01s
[INFO] [stdout] 
[INFO] running `Command { std: "docker" "inspect" "3c75cc66b9a7f0539bd0e592b6ddc6efe16b96b6cced1829ef74cc67e460d0e2", kill_on_drop: false }`
[INFO] running `Command { std: "docker" "rm" "-f" "3c75cc66b9a7f0539bd0e592b6ddc6efe16b96b6cced1829ef74cc67e460d0e2", kill_on_drop: false }`
[INFO] [stdout] 3c75cc66b9a7f0539bd0e592b6ddc6efe16b96b6cced1829ef74cc67e460d0e2
