[INFO] fetching crate moc 0.19.3...
[INFO] testing moc-0.19.3 against 1.99.0-beta.8+cargoflags=--release for beta-release-1.100-2
[INFO] extracting crate moc 0.19.3 into /workspace/builds/worker-7-tc1/source
[INFO] started tweaking crates.io crate moc 0.19.3
[INFO] finished tweaking crates.io crate moc 0.19.3
[INFO] tweaked toml for crates.io crate moc 0.19.3 written to /workspace/builds/worker-7-tc1/source/Cargo.toml
[INFO] validating manifest of crates.io crate moc 0.19.3 on toolchain 1.99.0-beta.8
[INFO] running `Command { std: CARGO_HOME="/workspace/cargo-home" RUSTUP_HOME="/workspace/rustup-home" "/workspace/cargo-home/bin/cargo" "+1.99.0-beta.8" "metadata" "--manifest-path" "Cargo.toml" "--no-deps", kill_on_drop: false }`
[INFO] crate crates.io crate moc 0.19.3 already has a lockfile, it will not be regenerated
[INFO] running `Command { std: CARGO_HOME="/workspace/cargo-home" RUSTUP_HOME="/workspace/rustup-home" "/workspace/cargo-home/bin/cargo" "+1.99.0-beta.8" "fetch" "--manifest-path" "Cargo.toml", kill_on_drop: false }`
[INFO] [stderr]     Updating crates.io index
[INFO] [stderr]  Downloading crates ...
[INFO] [stderr]   Downloaded is-terminal v0.4.16
[INFO] [stderr]   Downloaded hermit-abi v0.5.1
[INFO] [stderr]   Downloaded katex-doc v0.1.0
[INFO] [stderr]   Downloaded colorous v1.0.16
[INFO] [stderr]   Downloaded clap v4.5.38
[INFO] [stderr]   Downloaded flate2 v1.1.1
[INFO] [stderr]   Downloaded mapproj v0.4.0
[INFO] [stderr]   Downloaded clap_builder v4.5.38
[INFO] [stderr]   Downloaded stc-s v0.1.0
[INFO] [stderr]   Downloaded cdshealpix v0.10.0
[INFO] running `Command { std: "docker" "create" "-v" "/var/lib/crater-agent-workspace/builds/worker-7-tc1/source:/opt/rustwide/workdir:ro,Z" "-v" "/var/lib/crater-agent-workspace/builds/worker-7-tc1/target:/opt/rustwide/target:rw,Z" "-v" "/var/lib/crater-agent-workspace/cargo-home:/opt/rustwide/cargo-home:ro,Z" "-v" "/var/lib/crater-agent-workspace/rustup-home:/opt/rustwide/rustup-home:ro,Z" "-m" "1610612736" "--network" "none" "ghcr.io/rust-lang/crates-build-env/linux@sha256:77db811e55d90add9212f6832c23229e3de5f1c1f9905e8cb07319ea15df73ac" "sleep" "infinity", kill_on_drop: false }`
[INFO] [stdout] 62a34a57c822801e099929b5af95d3343a285078ecd82cc44f2fa302d789d52c
[INFO] running `Command { std: "docker" "start" "62a34a57c822801e099929b5af95d3343a285078ecd82cc44f2fa302d789d52c", kill_on_drop: false }`
[INFO] running `Command { std: "docker" "inspect" "62a34a57c822801e099929b5af95d3343a285078ecd82cc44f2fa302d789d52c", kill_on_drop: false }`
[INFO] running `Command { std: "docker" "exec" "-e" "SOURCE_DIR=/opt/rustwide/workdir" "-e" "CARGO_HOME=/opt/rustwide/cargo-home" "-e" "RUSTUP_HOME=/opt/rustwide/rustup-home" "-e" "CARGO_TARGET_DIR=/opt/rustwide/target" "-w" "/opt/rustwide/workdir" "--user" "0:0" "62a34a57c822801e099929b5af95d3343a285078ecd82cc44f2fa302d789d52c" "/opt/rustwide/cargo-home/bin/cargo" "+1.99.0-beta.8" "metadata" "--no-deps" "--format-version=1", kill_on_drop: false }`
[INFO] running `Command { std: "docker" "inspect" "62a34a57c822801e099929b5af95d3343a285078ecd82cc44f2fa302d789d52c", kill_on_drop: false }`
[INFO] running `Command { std: "docker" "exec" "-e" "SOURCE_DIR=/opt/rustwide/workdir" "-e" "CARGO_HOME=/opt/rustwide/cargo-home" "-e" "RUSTUP_HOME=/opt/rustwide/rustup-home" "-e" "CARGO_TARGET_DIR=/opt/rustwide/target" "-e" "CARGO_INCREMENTAL=0" "-e" "RUST_BACKTRACE=full" "-e" "RUSTFLAGS=--cap-lints=warn" "-e" "RUSTDOCFLAGS=--cap-lints=warn" "-w" "/opt/rustwide/workdir" "--user" "0:0" "62a34a57c822801e099929b5af95d3343a285078ecd82cc44f2fa302d789d52c" "/opt/rustwide/cargo-home/bin/cargo" "+1.99.0-beta.8" "build" "--frozen" "--message-format=json" "--release", kill_on_drop: false }`
[INFO] [stderr]    Compiling proc-macro2 v1.0.95
[INFO] [stderr]    Compiling unicode-ident v1.0.18
[INFO] [stderr]    Compiling autocfg v1.4.0
[INFO] [stderr]    Compiling serde_core v1.0.229
[INFO] [stderr]    Compiling serde v1.0.229
[INFO] [stderr]    Compiling crossbeam-utils v0.8.21
[INFO] [stderr]    Compiling simd-adler32 v0.3.7
[INFO] [stderr]    Compiling adler2 v2.0.0
[INFO] [stderr]    Compiling libc v0.2.172
[INFO] [stderr]    Compiling rayon-core v1.13.0
[INFO] [stderr]    Compiling cfg-if v1.0.0
[INFO] [stderr]    Compiling hashbrown v0.16.1
[INFO] [stderr]    Compiling equivalent v1.0.2
[INFO] [stderr]    Compiling serde_json v1.0.140
[INFO] [stderr]    Compiling thiserror v2.0.12
[INFO] [stderr]    Compiling memchr v2.7.4
[INFO] [stderr]    Compiling crc32fast v1.4.2
[INFO] [stderr]    Compiling winnow v0.7.15
[INFO] [stderr]    Compiling either v1.15.0
[INFO] [stderr]    Compiling toml_write v0.1.2
[INFO] [stderr]    Compiling minimal-lexical v0.2.1
[INFO] [stderr]    Compiling miniz_oxide v0.8.8
[INFO] [stderr]    Compiling fdeflate v0.3.7
[INFO] [stderr]    Compiling iana-time-zone v0.1.65
[INFO] [stderr]    Compiling ryu v1.0.20
[INFO] [stderr]    Compiling itoa v1.0.15
[INFO] [stderr]    Compiling bitflags v1.3.2
[INFO] [stderr]    Compiling colorous v1.0.16
[INFO] [stderr]    Compiling base64 v0.22.1
[INFO] [stderr]    Compiling itertools v0.14.0
[INFO] [stderr]    Compiling num-traits v0.2.19
[INFO] [stderr]    Compiling byteorder v1.5.0
[INFO] [stderr]    Compiling mapproj v0.4.0
[INFO] [stderr]    Compiling crossbeam-epoch v0.9.18
[INFO] [stderr]    Compiling log v0.4.27
[INFO] [stderr]    Compiling katex-doc v0.1.0
[INFO] [stderr]    Compiling quick-error v2.0.1
[INFO] [stderr]    Compiling memmap2 v0.9.11
[INFO] [stderr]    Compiling quote v1.0.40
[INFO] [stderr]    Compiling nom v7.1.3
[INFO] [stderr]    Compiling syn v3.0.3
[INFO] [stderr]    Compiling syn v2.0.101
[INFO] [stderr]    Compiling flate2 v1.1.1
[INFO] [stderr]    Compiling crossbeam-deque v0.8.6
[INFO] [stderr]    Compiling indexmap v2.13.0
[INFO] [stderr]    Compiling num-integer v0.1.46
[INFO] [stderr]    Compiling num-complex v0.4.6
[INFO] [stderr]    Compiling chrono v0.4.44
[INFO] [stderr]    Compiling png v0.17.16
[INFO] [stderr]    Compiling num-bigint v0.4.6
[INFO] [stderr]    Compiling num-iter v0.1.45
[INFO] [stderr]    Compiling rayon v1.12.0
[INFO] [stderr]    Compiling thiserror-impl v2.0.12
[INFO] [stderr]    Compiling num-rational v0.4.2
[INFO] [stderr]    Compiling serde_derive v1.0.229
[INFO] [stderr]    Compiling num v0.4.3
[INFO] [stderr]    Compiling toml_datetime v0.6.11
[INFO] [stderr]    Compiling serde_spanned v0.6.9
[INFO] [stderr]    Compiling bincode v1.3.3
[INFO] [stderr]    Compiling toml_edit v0.22.27
[INFO] [stderr]    Compiling stc-s v0.1.0
[INFO] [stderr]    Compiling toml v0.8.23
[INFO] [stderr]    Compiling cdshealpix v0.10.0
[INFO] [stderr]    Compiling moc v0.19.3 (/opt/rustwide/workdir)
[INFO] [stderr]     Finished `release` profile [optimized] target(s) in 41.84s
[INFO] running `Command { std: "docker" "inspect" "62a34a57c822801e099929b5af95d3343a285078ecd82cc44f2fa302d789d52c", kill_on_drop: false }`
[INFO] running `Command { std: "docker" "exec" "-e" "SOURCE_DIR=/opt/rustwide/workdir" "-e" "CARGO_HOME=/opt/rustwide/cargo-home" "-e" "RUSTUP_HOME=/opt/rustwide/rustup-home" "-e" "CARGO_TARGET_DIR=/opt/rustwide/target" "-e" "CARGO_INCREMENTAL=0" "-e" "RUST_BACKTRACE=full" "-e" "RUSTFLAGS=--cap-lints=warn" "-e" "RUSTDOCFLAGS=--cap-lints=warn" "-w" "/opt/rustwide/workdir" "--user" "0:0" "62a34a57c822801e099929b5af95d3343a285078ecd82cc44f2fa302d789d52c" "/opt/rustwide/cargo-home/bin/cargo" "+1.99.0-beta.8" "test" "--frozen" "--no-run" "--message-format=json" "--release", kill_on_drop: false }`
[INFO] [stderr]    Compiling serde_core v1.0.229
[INFO] [stderr]    Compiling serde v1.0.229
[INFO] [stderr]    Compiling cfg-if v1.0.0
[INFO] [stderr]    Compiling either v1.15.0
[INFO] [stderr]    Compiling simd-adler32 v0.3.7
[INFO] [stderr]    Compiling memchr v2.7.4
[INFO] [stderr]    Compiling adler2 v2.0.0
[INFO] [stderr]    Compiling hashbrown v0.16.1
[INFO] [stderr]    Compiling equivalent v1.0.2
[INFO] [stderr]    Compiling getrandom v0.3.3
[INFO] [stderr]    Compiling libc v0.2.172
[INFO] [stderr]    Compiling crossbeam-utils v0.8.21
[INFO] [stderr]    Compiling ryu v1.0.20
[INFO] [stderr]    Compiling itoa v1.0.15
[INFO] [stderr]    Compiling num-traits v0.2.19
[INFO] [stderr]    Compiling zerocopy v0.8.25
[INFO] [stderr]    Compiling crc32fast v1.4.2
[INFO] [stderr]    Compiling miniz_oxide v0.8.8
[INFO] [stderr]    Compiling winnow v0.7.15
[INFO] [stderr]    Compiling toml_write v0.1.2
[INFO] [stderr]    Compiling fdeflate v0.3.7
[INFO] [stderr]    Compiling half v2.6.0
[INFO] [stderr]    Compiling ciborium-io v0.2.2
[INFO] [stderr]    Compiling clap_lex v0.7.4
[INFO] [stderr]    Compiling minimal-lexical v0.2.1
[INFO] [stderr]    Compiling anstyle v1.0.10
[INFO] [stderr]    Compiling iana-time-zone v0.1.65
[INFO] [stderr]    Compiling regex-syntax v0.8.5
[INFO] [stderr]    Compiling bitflags v1.3.2
[INFO] [stderr]    Compiling plotters-backend v0.3.7
[INFO] [stderr]    Compiling clap_builder v4.5.38
[INFO] [stderr]    Compiling ciborium-ll v0.2.2
[INFO] [stderr]    Compiling itertools v0.10.5
[INFO] [stderr]    Compiling crossbeam-epoch v0.9.18
[INFO] [stderr]    Compiling crossbeam-deque v0.8.6
[INFO] [stderr]    Compiling flate2 v1.1.1
[INFO] [stderr]    Compiling plotters-svg v0.3.7
[INFO] [stderr]    Compiling memmap2 v0.9.11
[INFO] [stderr]    Compiling nom v7.1.3
[INFO] [stderr]    Compiling rayon-core v1.13.0
[INFO] [stderr]    Compiling num-integer v0.1.46
[INFO] [stderr]    Compiling num-complex v0.4.6
[INFO] [stderr]    Compiling chrono v0.4.44
[INFO] [stderr]    Compiling png v0.17.16
[INFO] [stderr]    Compiling rand_core v0.9.3
[INFO] [stderr]    Compiling indexmap v2.13.0
[INFO] [stderr]    Compiling itertools v0.14.0
[INFO] [stderr]    Compiling thiserror v2.0.12
[INFO] [stderr]    Compiling byteorder v1.5.0
[INFO] [stderr]    Compiling num-bigint v0.4.6
[INFO] [stderr]    Compiling num-iter v0.1.45
[INFO] [stderr]    Compiling rayon v1.12.0
[INFO] [stderr]    Compiling base64 v0.22.1
[INFO] [stderr]    Compiling mapproj v0.4.0
[INFO] [stderr]    Compiling regex-automata v0.4.9
[INFO] [stderr]    Compiling log v0.4.27
[INFO] [stderr]    Compiling katex-doc v0.1.0
[INFO] [stderr]    Compiling cast v0.3.0
[INFO] [stderr]    Compiling same-file v1.0.6
[INFO] [stderr]    Compiling colorous v1.0.16
[INFO] [stderr]    Compiling walkdir v2.5.0
[INFO] [stderr]    Compiling plotters v0.3.7
[INFO] [stderr]    Compiling is-terminal v0.4.16
[INFO] [stderr]    Compiling quick-error v2.0.1
[INFO] [stderr]    Compiling toml_datetime v0.6.11
[INFO] [stderr]    Compiling serde_spanned v0.6.9
[INFO] [stderr]    Compiling serde_json v1.0.140
[INFO] [stderr]    Compiling ppv-lite86 v0.2.21
[INFO] [stderr]    Compiling bincode v1.3.3
[INFO] [stderr]    Compiling clap v4.5.38
[INFO] [stderr]    Compiling ciborium v0.2.2
[INFO] [stderr]    Compiling criterion-plot v0.5.0
[INFO] [stderr]    Compiling anes v0.1.6
[INFO] [stderr]    Compiling rand_chacha v0.9.0
[INFO] [stderr]    Compiling oorandom v11.1.5
[INFO] [stderr]    Compiling once_cell v1.21.3
[INFO] [stderr]    Compiling toml_edit v0.22.27
[INFO] [stderr]    Compiling rand v0.9.1
[INFO] [stderr]    Compiling num-rational v0.4.2
[INFO] [stderr]    Compiling stc-s v0.1.0
[INFO] [stderr]    Compiling tinytemplate v1.2.1
[INFO] [stderr]    Compiling num v0.4.3
[INFO] [stderr]    Compiling regex v1.11.1
[INFO] [stderr]    Compiling criterion v0.5.1
[INFO] [stderr]    Compiling toml v0.8.23
[INFO] [stderr]    Compiling cdshealpix v0.10.0
[INFO] [stderr]    Compiling moc v0.19.3 (/opt/rustwide/workdir)
[INFO] [stdout] warning: use of deprecated module `std::u64`: all constants in this module replaced by associated constants on the type
[INFO] [stdout]    --> src/elem/valuedcell.rs:489:12
[INFO] [stdout]     |
[INFO] [stdout] 489 |   use std::u64;
[INFO] [stdout]     |            ^^^
[INFO] [stdout]     |
[INFO] [stdout]     = note: `#[warn(deprecated)]` on by default
[INFO] [stdout] 
[INFO] [stdout] 
[INFO] [stderr]     Finished `release` profile [optimized] target(s) in 1m 45s
[INFO] running `Command { std: "docker" "inspect" "62a34a57c822801e099929b5af95d3343a285078ecd82cc44f2fa302d789d52c", kill_on_drop: false }`
[INFO] running `Command { std: "docker" "exec" "-e" "SOURCE_DIR=/opt/rustwide/workdir" "-e" "CARGO_HOME=/opt/rustwide/cargo-home" "-e" "RUSTUP_HOME=/opt/rustwide/rustup-home" "-e" "CARGO_TARGET_DIR=/opt/rustwide/target" "-e" "CARGO_INCREMENTAL=0" "-e" "RUST_BACKTRACE=full" "-e" "RUSTFLAGS=--cap-lints=warn" "-e" "RUSTDOCFLAGS=--cap-lints=warn" "-w" "/opt/rustwide/workdir" "--user" "0:0" "62a34a57c822801e099929b5af95d3343a285078ecd82cc44f2fa302d789d52c" "/opt/rustwide/cargo-home/bin/cargo" "+1.99.0-beta.8" "test" "--frozen" "--release", kill_on_drop: false }`
[INFO] [stderr] warning: use of deprecated module `std::u64`: all constants in this module replaced by associated constants on the type
[INFO] [stderr]    --> src/elem/valuedcell.rs:489:12
[INFO] [stderr]     |
[INFO] [stderr] 489 |   use std::u64;
[INFO] [stderr]     |            ^^^
[INFO] [stderr]     |
[INFO] [stderr]     = note: `#[warn(deprecated)]` on by default
[INFO] [stderr] 
[INFO] [stderr] warning: `moc` (lib test) generated 1 warning
[INFO] [stderr]     Finished `release` profile [optimized] target(s) in 0.18s
[INFO] [stderr]      Running unittests src/lib.rs (/opt/rustwide/target/release/deps/moc-10cca66d8bc79db6)
[INFO] [stdout] 
[INFO] [stdout] running 120 tests
[INFO] [stdout] test deser::ascii::tests::test_from_ascii_ivoa_not_valid ... ok
[INFO] [stdout] test deser::ascii::tests::test_fromto_ascii_ivoa ... ok
[INFO] [stdout] test deser::ascii::tests::test_from_ascii_ivoa ... ok
[INFO] [stdout] test deser::fits::skymap::tests::test_skymap_v1 ... FAILED
[INFO] [stdout] test deser::ascii::tests::test_from_ascii_ivoa_v2 ... ok
[INFO] [stdout] test deser::fits::skymap::tests::test_skymap_v2 ... FAILED
[INFO] [stdout] test deser::fits::skymap::tests::test_skymap_v4 ... FAILED
[INFO] [stdout] test deser::fits::skymap::tests::test_skymap_v3 ... FAILED
[INFO] [stdout] test deser::fits::skymap::tests::test_skymap_v5 ... FAILED
[INFO] [stdout] test deser::ascii::tests::test_moc2d_empty_to_ascii_ivoa ... ok
[INFO] [stdout] test deser::fits::tests::test_moc2d_to_fits ... FAILED
[INFO] [stdout] test deser::fits::tests::test_read_sfmoc_fits ... FAILED
[INFO] [stdout] test deser::fits::tests::test_err ... ok
[INFO] [stdout] test deser::fits::tests::test_write_ranges2d_fits ... FAILED
[INFO] [stdout] test deser::img::tests::test_img ... FAILED
[INFO] [stdout] test deser::fits::tests::test_read_v1_smoc_fits ... FAILED
[INFO] [stdout] test deser::ascii::tests::test_from_ascii_ivoa_not_valid_2 ... ok
[INFO] [stdout] test deser::fits::common::tests::test_write_primary_hdu ... ok
[INFO] [stdout] test deser::img::tests::test_img_auto_allsky ... FAILED
[INFO] [stdout] test deser::json::tests::test_fromto_json ... ok
[INFO] [stdout] test deser::fits::tests::test_write_cells_fits ... FAILED
[INFO] [stdout] test deser::stcs::tests::test_from_stcs_allsky ... ok
[INFO] [stdout] test deser::json::tests::test_stmoc_from_json ... ok
[INFO] [stdout] test deser::ascii::tests::test_moc2d_fromto_ascii_ivoa ... ok
[INFO] [stdout] test deser::fits::multiordermap::tests::test_mutliordermap_sum ... FAILED
[INFO] [stdout] test deser::json::tests::test_stmoc_from_json_large ... FAILED
[INFO] [stdout] test deser::fits::tests::test_read_v2_tmoc_fits ... FAILED
[INFO] [stdout] test deser::json::tests::test_stmoc_tofrom_json ... ok
[INFO] [stdout] test deser::json::tests::test_to_json_empty ... ok
[INFO] [stdout] test deser::fits::tests::test_write_ranges_fits ... FAILED
[INFO] [stdout] test elemset::range::tests::test_depth ... ok
[INFO] [stdout] test deser::fits::tests::test_read_v2_smoc_uniq_fits ... FAILED
[INFO] [stdout] test elem::valuedcell::tests::test_empty ... ok
[INFO] [stdout] test elemset::range::uniq::tests::test_uniq_to_hpx ... ok
[INFO] [stdout] test elem::valuedcell::tests::test_full_space ... ok
[INFO] [stdout] test elem::valuedcell::tests::test_single_uniq ... ok
[INFO] [stdout] test elemset::range::tests::merge_range_min_depth ... ok
[INFO] [stdout] test elemset::range::tests::test_complement ... ok
[INFO] [stdout] test deser::stcs::tests::test_from_stcs_circle ... ok
[INFO] [stdout] test elemset::range::tests::test_degrade ... ok
[INFO] [stdout] test deser::stcs::tests::test_from_stcs_not_allsky ... ok
[INFO] [stdout] test deser::json::tests::test_stmoc_empty_to_json ... ok
[INFO] [stdout] test moc2d::range::op::tests::empty_range_union_bis ... ok
[INFO] [stdout] test moc2d::range::op::tests::union_ranges_1_3 ... ok
[INFO] [stdout] test moc2d::range::op::tests::test_union_assocdata_vsx ... FAILED
[INFO] [stdout] test moc2d::range::op::tests::union_ranges_1_3_bis ... ok
[INFO] [stdout] test moc2d::range::op::tests::test_union_xmm_chandra ... FAILED
[INFO] [stdout] test moc2d::range::op::tests::union_ranges_covering ... ok
[INFO] [stdout] test moc2d::range::op::tests::complex_union ... ok
[INFO] [stdout] test deser::stcs::tests::test_from_stcs_position_interval ... ok
[INFO] [stdout] test moc::builder::fixed_depth::tests::test_builder_d28 ... ok
[INFO] [stdout] test hpxranges2d::test::test_create_from_ranges_and_spatial_coverage ... ok
[INFO] [stdout] test moc::builder::fixed_depth::tests::test_builder_d29 ... ok
[INFO] [stdout] test moc2d::range::tests::test_from_freq_in_hz_and_coos ... ok
[INFO] [stdout] test moc2d::range::op::tests::empty_range_union ... ok
[INFO] [stdout] test moc2d::builder::maxdepths_ranges_cells::tests::test_build2dmoc_rangefixeddepth ... ok
[INFO] [stdout] test moc2d::builder::maxdepths_cell::tests::test_build2dmoc_fixeddepth ... ok
[INFO] [stdout] test moc2d::range::op::tests::test_union_from_java_code ... ok
[INFO] [stdout] test moc::range::op::overlap::tests::overlap_it ... FAILED
[INFO] [stdout] test moc::range::op::or::tests::test_or ... FAILED
[INFO] [stdout] test moc::range::op::merge::tests::test_merge ... ok
[INFO] [stdout] test moc2d::range::op::tests::test_union_from_resource ... ok
[INFO] [stdout] test moc::range::tests::test_border_elementary_edges ... ok
[INFO] [stdout] test moc::range::tests::test_to_fixed_depth_cells ... ok
[INFO] [stdout] test moc::tests::test_range2cellrange ... ok
[INFO] [stdout] test moc::range::tests::test_border_elementary_edges_2 ... FAILED
[INFO] [stdout] test moc::range::op::minus::tests::test_minus ... FAILED
[INFO] [stdout] test moc::range::op::and::tests::test_and ... FAILED
[INFO] [stdout] test moc::tests::test_range2cells_1 ... ok
[INFO] [stdout] test moc::tests::test_range2cells_2 ... ok
[INFO] [stdout] test moc::tests::test_range2cells_3 ... ok
[INFO] [stdout] test moc::tests::test_to_ascii ... ok
[INFO] [stdout] test moc::tests::test_to_json ... ok
[INFO] [stdout] test mocranges2d::tests::merge_overlapping_ranges_2 ... ok
[INFO] [stdout] test moc::range::op::xor::tests::test_xor ... FAILED
[INFO] [stdout] test qty::tests::test_freq ... ok
[INFO] [stdout] test qty::tests::test_hpx ... ok
[INFO] [stdout] test mocranges2d::tests::remove_different_length_time_ranges2 ... ok
[INFO] [stdout] test mocranges2d::tests::remove_different_length_time_ranges5 ... ok
[INFO] [stdout] test mocranges2d::tests::remove_different_length_time_ranges3 ... ok
[INFO] [stdout] test qty::tests::test_hpx_uniq_ext ... ok
[INFO] [stdout] test mocranges2d::tests::remove_different_length_time_ranges4 ... ok
[INFO] [stdout] test qty::tests::test_hpx_zuniq ... ok
[INFO] [stdout] test qty::tests::test_time ... ok
[INFO] [stdout] test moc::range::tests::test_from_cone ... ok
[INFO] [stdout] test ranges::ranges2d::tests::complex_union ... ok
[INFO] [stdout] test mocranges2d::tests::remove_different_length_time_ranges ... ok
[INFO] [stdout] test ranges::ranges2d::tests::merge_overlapping_ranges ... ok
[INFO] [stdout] test qty::tests::test_hpx_uniq ... ok
[INFO] [stdout] test ranges::ranges2d::tests::remove_different_length_time_ranges ... ok
[INFO] [stdout] test ranges::ranges2d::tests::remove_different_length_time_ranges3 ... ok
[INFO] [stdout] test ranges::ranges2d::tests::remove_different_length_time_ranges2 ... ok
[INFO] [stdout] test ranges::ranges2d::tests::merge_overlapping_ranges_2 ... ok
[INFO] [stdout] test ranges::ranges2d::tests::empty_range_union ... ok
[INFO] [stdout] test mocranges2d::tests::merge_overlapping_ranges ... ok
[INFO] [stdout] test ranges::ranges2d::tests::empty_range_union_bis ... ok
[INFO] [stdout] test ranges::ranges2d::tests::test_intersection ... ok
[INFO] [stdout] test ranges::ranges2d::tests::union_ranges_1_3_bis ... ok
[INFO] [stdout] test ranges::ranges2d::tests::union_ranges_1_3 ... ok
[INFO] [stdout] test ranges::ranges2d::tests::test_difference ... ok
[INFO] [stdout] test ranges::tests::merge_range ... ok
[INFO] [stdout] test ranges::tests::test_alignment ... ok
[INFO] [stdout] test ranges::tests::test_difference ... ok
[INFO] [stdout] test ranges::ranges2d::tests::remove_different_length_time_ranges4 ... ok
[INFO] [stdout] test ranges::ranges2d::tests::remove_different_length_time_ranges5 ... ok
[INFO] [stdout] test ranges::ranges2d::tests::union_ranges_covering ... ok
[INFO] [stdout] test ranges::tests::test_uniq_decompose ... ok
[INFO] [stdout] test utils::tests::test_empty_unflatten ... ok
[INFO] [stdout] test ranges::tests::test_intersection ... ok
[INFO] [stdout] test ranges::tests::test_union ... ok
[INFO] [stdout] test tests::test_uniq_iter ... ok
[INFO] [stdout] test tests::test_uniq_nested_conversion ... ok
[INFO] [stdout] test utils::tests::test_empty_flatten ... ok
[INFO] [stdout] test moc::builder::fixed_depth::tests::test_builder_from_u64_d28 ... ok
[INFO] [stdout] test moc::builder::fixed_depth::tests::test_builder_from_u64_d29 ... ok
[INFO] [stdout] test deser::ascii::tests::test_fromto_ascii_stream ... ok
[INFO] [stdout] test deser::fits::multiordermap::tests::test_mutliordermap ... FAILED
[INFO] [stdout] test moc::range::tests::test_from_polygon_aladinlitev3 ... ok
[INFO] [stdout] test moc::range::tests::test_n_depth_max_cells ... ok
[INFO] [stdout] test deser::stcs::tests::test_from_stcs_union_difference_intersection ... ok
[INFO] [stdout] 
[INFO] [stdout] failures:
[INFO] [stdout] 
[INFO] [stdout] ---- deser::fits::skymap::tests::test_skymap_v1 stdout ----
[INFO] [stdout] 
[INFO] [stdout] thread 'deser::fits::skymap::tests::test_skymap_v1' (1703) panicked at src/deser/fits/skymap.rs:473:8:
[INFO] [stdout] called `Result::unwrap()` on an `Err` value: Os { code: 2, kind: NotFound, message: "No such file or directory" }
[INFO] [stdout] stack backtrace:
[INFO] [stdout]    0:     0x6040bd151857 - <<std[70759c8f55707aa4]::sys::backtrace::BacktraceLock>::print::DisplayBacktrace as core[df12db4294e9bfd3]::fmt::Display>::fmt
[INFO] [stdout]    1:     0x6040bd11909a - core[df12db4294e9bfd3]::fmt::write
[INFO] [stdout]    2:     0x6040bd150e0b - <alloc[2182bb758b4b3781]::vec::Vec<u8> as core[df12db4294e9bfd3]::io::write::Write>::write_fmt
[INFO] [stdout]    3:     0x6040bd1508ef - std[70759c8f55707aa4]::panicking::default_hook::{closure#0}
[INFO] [stdout]    4:     0x6040bd15051a - std[70759c8f55707aa4]::panicking::default_hook
[INFO] [stdout]    5:     0x6040bd150052 - std[70759c8f55707aa4]::panicking::panic_with_hook
[INFO] [stdout]    6:     0x6040bd177391 - std[70759c8f55707aa4]::panicking::panic_handler::{closure#0}
[INFO] [stdout]    7:     0x6040bd177349 - std[70759c8f55707aa4]::sys::backtrace::__rust_end_short_backtrace::<std[70759c8f55707aa4]::panicking::panic_handler::{closure#0}, !>
[INFO] [stdout]    8:     0x6040bd17785c - __rustc[8fa7c3cbc660c2b3]::rust_begin_unwind
[INFO] [stdout]    9:     0x6040bd118f2b - core[df12db4294e9bfd3]::panicking::panic_fmt
[INFO] [stdout]   10:     0x6040bd11c9e1 - core[df12db4294e9bfd3]::result::unwrap_failed
[INFO] [stdout]   11:     0x6040bd0f1a12 - <moc[9ba9363115bdae11]::deser::fits::skymap::tests::test_skymap_v1::{closure#0} as core[df12db4294e9bfd3]::ops::function::FnOnce<()>>::call_once
[INFO] [stdout]   12:     0x6040bd1925eb - test[9d35eded1c95d3be]::__rust_begin_short_backtrace::<core[df12db4294e9bfd3]::result::Result<(), alloc[2182bb758b4b3781]::string::String>, fn() -> core[df12db4294e9bfd3]::result::Result<(), alloc[2182bb758b4b3781]::string::String>>
[INFO] [stdout]   13:     0x6040bd18dbff - test[9d35eded1c95d3be]::run_test::{closure#0}
[INFO] [stdout]   14:     0x6040bd18d67c - std[70759c8f55707aa4]::sys::backtrace::__rust_begin_short_backtrace::<test[9d35eded1c95d3be]::run_test::{closure#1}, ()>
[INFO] [stdout]   15:     0x6040bd1a850c - <std[70759c8f55707aa4]::thread::lifecycle::spawn_unchecked<test[9d35eded1c95d3be]::run_test::{closure#1}, ()>::{closure#1} as core[df12db4294e9bfd3]::ops::function::FnOnce<()>>::call_once::{shim:vtable#0}
[INFO] [stdout]   16:     0x6040bd178cb2 - <std[70759c8f55707aa4]::sys::thread::unix::Thread>::new::thread_start
[INFO] [stdout]   17:     0x768b3a1e0dfa - <unknown>
[INFO] [stdout]   18:     0x768b3a2743d4 - clone
[INFO] [stdout]   19:                0x0 - <unknown>
[INFO] [stdout] 
[INFO] [stdout] ---- deser::fits::skymap::tests::test_skymap_v2 stdout ----
[INFO] [stdout] 
[INFO] [stdout] thread 'deser::fits::skymap::tests::test_skymap_v2' (1704) panicked at src/deser/fits/skymap.rs:503:8:
[INFO] [stdout] called `Result::unwrap()` on an `Err` value: Os { code: 2, kind: NotFound, message: "No such file or directory" }
[INFO] [stdout] stack backtrace:
[INFO] [stdout]    0:     0x6040bd151857 - <<std[70759c8f55707aa4]::sys::backtrace::BacktraceLock>::print::DisplayBacktrace as core[df12db4294e9bfd3]::fmt::Display>::fmt
[INFO] [stdout]    1:     0x6040bd11909a - core[df12db4294e9bfd3]::fmt::write
[INFO] [stdout]    2:     0x6040bd150e0b - <alloc[2182bb758b4b3781]::vec::Vec<u8> as core[df12db4294e9bfd3]::io::write::Write>::write_fmt
[INFO] [stdout]    3:     0x6040bd1508ef - std[70759c8f55707aa4]::panicking::default_hook::{closure#0}
[INFO] [stdout]    4:     0x6040bd15051a - std[70759c8f55707aa4]::panicking::default_hook
[INFO] [stdout]    5:     0x6040bd150052 - std[70759c8f55707aa4]::panicking::panic_with_hook
[INFO] [stdout]    6:     0x6040bd177391 - std[70759c8f55707aa4]::panicking::panic_handler::{closure#0}
[INFO] [stdout]    7:     0x6040bd177349 - std[70759c8f55707aa4]::sys::backtrace::__rust_end_short_backtrace::<std[70759c8f55707aa4]::panicking::panic_handler::{closure#0}, !>
[INFO] [stdout]    8:     0x6040bd17785c - __rustc[8fa7c3cbc660c2b3]::rust_begin_unwind
[INFO] [stdout]    9:     0x6040bd118f2b - core[df12db4294e9bfd3]::panicking::panic_fmt
[INFO] [stdout]   10:     0x6040bd11c9e1 - core[df12db4294e9bfd3]::result::unwrap_failed
[INFO] [stdout]   11:     0x6040bd0f2183 - <moc[9ba9363115bdae11]::deser::fits::skymap::tests::test_skymap_v2::{closure#0} as core[df12db4294e9bfd3]::ops::function::FnOnce<()>>::call_once
[INFO] [stdout]   12:     0x6040bd1925eb - test[9d35eded1c95d3be]::__rust_begin_short_backtrace::<core[df12db4294e9bfd3]::result::Result<(), alloc[2182bb758b4b3781]::string::String>, fn() -> core[df12db4294e9bfd3]::result::Result<(), alloc[2182bb758b4b3781]::string::String>>
[INFO] [stdout]   13:     0x6040bd18dbff - test[9d35eded1c95d3be]::run_test::{closure#0}
[INFO] [stdout]   14:     0x6040bd18d67c - std[70759c8f55707aa4]::sys::backtrace::__rust_begin_short_backtrace::<test[9d35eded1c95d3be]::run_test::{closure#1}, ()>
[INFO] [stdout]   15:     0x6040bd1a850c - <std[70759c8f55707aa4]::thread::lifecycle::spawn_unchecked<test[9d35eded1c95d3be]::run_test::{closure#1}, ()>::{closure#1} as core[df12db4294e9bfd3]::ops::function::FnOnce<()>>::call_once::{shim:vtable#0}
[INFO] [stdout]   16:     0x6040bd178cb2 - <std[70759c8f55707aa4]::sys::thread::unix::Thread>::new::thread_start
[INFO] [stdout]   17:     0x768b3a1e0dfa - <unknown>
[INFO] [stdout]   18:     0x768b3a2743d4 - clone
[INFO] [stdout]   19:                0x0 - <unknown>
[INFO] [stdout] 
[INFO] [stdout] ---- deser::fits::skymap::tests::test_skymap_v4 stdout ----
[INFO] [stdout] 
[INFO] [stdout] thread 'deser::fits::skymap::tests::test_skymap_v4' (1706) panicked at src/deser/fits/skymap.rs:561:8:
[INFO] [stdout] called `Result::unwrap()` on an `Err` value: Os { code: 2, kind: NotFound, message: "No such file or directory" }
[INFO] [stdout] stack backtrace:
[INFO] [stdout]    0:     0x6040bd151857 - <<std[70759c8f55707aa4]::sys::backtrace::BacktraceLock>::print::DisplayBacktrace as core[df12db4294e9bfd3]::fmt::Display>::fmt
[INFO] [stdout]    1:     0x6040bd11909a - core[df12db4294e9bfd3]::fmt::write
[INFO] [stdout]    2:     0x6040bd150e0b - <alloc[2182bb758b4b3781]::vec::Vec<u8> as core[df12db4294e9bfd3]::io::write::Write>::write_fmt
[INFO] [stdout]    3:     0x6040bd1508ef - std[70759c8f55707aa4]::panicking::default_hook::{closure#0}
[INFO] [stdout]    4:     0x6040bd15051a - std[70759c8f55707aa4]::panicking::default_hook
[INFO] [stdout]    5:     0x6040bd150052 - std[70759c8f55707aa4]::panicking::panic_with_hook
[INFO] [stdout]    6:     0x6040bd177391 - std[70759c8f55707aa4]::panicking::panic_handler::{closure#0}
[INFO] [stdout]    7:     0x6040bd177349 - std[70759c8f55707aa4]::sys::backtrace::__rust_end_short_backtrace::<std[70759c8f55707aa4]::panicking::panic_handler::{closure#0}, !>
[INFO] [stdout]    8:     0x6040bd17785c - __rustc[8fa7c3cbc660c2b3]::rust_begin_unwind
[INFO] [stdout]    9:     0x6040bd118f2b - core[df12db4294e9bfd3]::panicking::panic_fmt
[INFO] [stdout]   10:     0x6040bd11c9e1 - core[df12db4294e9bfd3]::result::unwrap_failed
[INFO] [stdout]   11:     0x6040bd0f2bd7 - <moc[9ba9363115bdae11]::deser::fits::skymap::tests::test_skymap_v4::{closure#0} as core[df12db4294e9bfd3]::ops::function::FnOnce<()>>::call_once
[INFO] [stdout]   12:     0x6040bd1925eb - test[9d35eded1c95d3be]::__rust_begin_short_backtrace::<core[df12db4294e9bfd3]::result::Result<(), alloc[2182bb758b4b3781]::string::String>, fn() -> core[df12db4294e9bfd3]::result::Result<(), alloc[2182bb758b4b3781]::string::String>>
[INFO] [stdout]   13:     0x6040bd18dbff - test[9d35eded1c95d3be]::run_test::{closure#0}
[INFO] [stdout]   14:     0x6040bd18d67c - std[70759c8f55707aa4]::sys::backtrace::__rust_begin_short_backtrace::<test[9d35eded1c95d3be]::run_test::{closure#1}, ()>
[INFO] [stdout]   15:     0x6040bd1a850c - <std[70759c8f55707aa4]::thread::lifecycle::spawn_unchecked<test[9d35eded1c95d3be]::run_test::{closure#1}, ()>::{closure#1} as core[df12db4294e9bfd3]::ops::function::FnOnce<()>>::call_once::{shim:vtable#0}
[INFO] [stdout]   16:     0x6040bd178cb2 - <std[70759c8f55707aa4]::sys::thread::unix::Thread>::new::thread_start
[INFO] [stdout]   17:     0x768b3a1e0dfa - <unknown>
[INFO] [stdout]   18:     0x768b3a2743d4 - clone
[INFO] [stdout]   19:                0x0 - <unknown>
[INFO] [stdout] 
[INFO] [stdout] ---- deser::fits::skymap::tests::test_skymap_v3 stdout ----
[INFO] [stdout] 
[INFO] [stdout] thread 'deser::fits::skymap::tests::test_skymap_v3' (1705) panicked at src/deser/fits/skymap.rs:534:8:
[INFO] [stdout] called `Result::unwrap()` on an `Err` value: Os { code: 2, kind: NotFound, message: "No such file or directory" }
[INFO] [stdout] stack backtrace:
[INFO] [stdout]    0:     0x6040bd151857 - <<std[70759c8f55707aa4]::sys::backtrace::BacktraceLock>::print::DisplayBacktrace as core[df12db4294e9bfd3]::fmt::Display>::fmt
[INFO] [stdout]    1:     0x6040bd11909a - core[df12db4294e9bfd3]::fmt::write
[INFO] [stdout]    2:     0x6040bd150e0b - <alloc[2182bb758b4b3781]::vec::Vec<u8> as core[df12db4294e9bfd3]::io::write::Write>::write_fmt
[INFO] [stdout]    3:     0x6040bd1508ef - std[70759c8f55707aa4]::panicking::default_hook::{closure#0}
[INFO] [stdout]    4:     0x6040bd15051a - std[70759c8f55707aa4]::panicking::default_hook
[INFO] [stdout]    5:     0x6040bd150052 - std[70759c8f55707aa4]::panicking::panic_with_hook
[INFO] [stdout]    6:     0x6040bd177391 - std[70759c8f55707aa4]::panicking::panic_handler::{closure#0}
[INFO] [stdout]    7:     0x6040bd177349 - std[70759c8f55707aa4]::sys::backtrace::__rust_end_short_backtrace::<std[70759c8f55707aa4]::panicking::panic_handler::{closure#0}, !>
[INFO] [stdout]    8:     0x6040bd17785c - __rustc[8fa7c3cbc660c2b3]::rust_begin_unwind
[INFO] [stdout]    9:     0x6040bd118f2b - core[df12db4294e9bfd3]::panicking::panic_fmt
[INFO] [stdout]   10:     0x6040bd11c9e1 - core[df12db4294e9bfd3]::result::unwrap_failed
[INFO] [stdout]   11:     0x6040bd0f2766 - <moc[9ba9363115bdae11]::deser::fits::skymap::tests::test_skymap_v3::{closure#0} as core[df12db4294e9bfd3]::ops::function::FnOnce<()>>::call_once
[INFO] [stdout]   12:     0x6040bd1925eb - test[9d35eded1c95d3be]::__rust_begin_short_backtrace::<core[df12db4294e9bfd3]::result::Result<(), alloc[2182bb758b4b3781]::string::String>, fn() -> core[df12db4294e9bfd3]::result::Result<(), alloc[2182bb758b4b3781]::string::String>>
[INFO] [stdout]   13:     0x6040bd18dbff - test[9d35eded1c95d3be]::run_test::{closure#0}
[INFO] [stdout]   14:     0x6040bd18d67c - std[70759c8f55707aa4]::sys::backtrace::__rust_begin_short_backtrace::<test[9d35eded1c95d3be]::run_test::{closure#1}, ()>
[INFO] [stdout]   15:     0x6040bd1a850c - <std[70759c8f55707aa4]::thread::lifecycle::spawn_unchecked<test[9d35eded1c95d3be]::run_test::{closure#1}, ()>::{closure#1} as core[df12db4294e9bfd3]::ops::function::FnOnce<()>>::call_once::{shim:vtable#0}
[INFO] [stdout]   16:     0x6040bd178cb2 - <std[70759c8f55707aa4]::sys::thread::unix::Thread>::new::thread_start
[INFO] [stdout]   17:     0x768b3a1e0dfa - <unknown>
[INFO] [stdout]   18:     0x768b3a2743d4 - clone
[INFO] [stdout]   19:                0x0 - <unknown>
[INFO] [stdout] 
[INFO] [stdout] ---- deser::fits::skymap::tests::test_skymap_v5 stdout ----
[INFO] [stdout] 
[INFO] [stdout] thread 'deser::fits::skymap::tests::test_skymap_v5' (1707) panicked at src/deser/fits/skymap.rs:587:8:
[INFO] [stdout] called `Result::unwrap()` on an `Err` value: Os { code: 2, kind: NotFound, message: "No such file or directory" }
[INFO] [stdout] stack backtrace:
[INFO] [stdout]    0:     0x6040bd151857 - <<std[70759c8f55707aa4]::sys::backtrace::BacktraceLock>::print::DisplayBacktrace as core[df12db4294e9bfd3]::fmt::Display>::fmt
[INFO] [stdout]    1:     0x6040bd11909a - core[df12db4294e9bfd3]::fmt::write
[INFO] [stdout]    2:     0x6040bd150e0b - <alloc[2182bb758b4b3781]::vec::Vec<u8> as core[df12db4294e9bfd3]::io::write::Write>::write_fmt
[INFO] [stdout]    3:     0x6040bd1508ef - std[70759c8f55707aa4]::panicking::default_hook::{closure#0}
[INFO] [stdout]    4:     0x6040bd15051a - std[70759c8f55707aa4]::panicking::default_hook
[INFO] [stdout]    5:     0x6040bd150052 - std[70759c8f55707aa4]::panicking::panic_with_hook
[INFO] [stdout]    6:     0x6040bd177391 - std[70759c8f55707aa4]::panicking::panic_handler::{closure#0}
[INFO] [stdout]    7:     0x6040bd177349 - std[70759c8f55707aa4]::sys::backtrace::__rust_end_short_backtrace::<std[70759c8f55707aa4]::panicking::panic_handler::{closure#0}, !>
[INFO] [stdout]    8:     0x6040bd17785c - __rustc[8fa7c3cbc660c2b3]::rust_begin_unwind
[INFO] [stdout]    9:     0x6040bd118f2b - core[df12db4294e9bfd3]::panicking::panic_fmt
[INFO] [stdout]   10:     0x6040bd11c9e1 - core[df12db4294e9bfd3]::result::unwrap_failed
[INFO] [stdout]   11:     0x6040bd0f300b - <moc[9ba9363115bdae11]::deser::fits::skymap::tests::test_skymap_v5::{closure#0} as core[df12db4294e9bfd3]::ops::function::FnOnce<()>>::call_once
[INFO] [stdout]   12:     0x6040bd1925eb - test[9d35eded1c95d3be]::__rust_begin_short_backtrace::<core[df12db4294e9bfd3]::result::Result<(), alloc[2182bb758b4b3781]::string::String>, fn() -> core[df12db4294e9bfd3]::result::Result<(), alloc[2182bb758b4b3781]::string::String>>
[INFO] [stdout]   13:     0x6040bd18dbff - test[9d35eded1c95d3be]::run_test::{closure#0}
[INFO] [stdout]   14:     0x6040bd18d67c - std[70759c8f55707aa4]::sys::backtrace::__rust_begin_short_backtrace::<test[9d35eded1c95d3be]::run_test::{closure#1}, ()>
[INFO] [stdout]   15:     0x6040bd1a850c - <std[70759c8f55707aa4]::thread::lifecycle::spawn_unchecked<test[9d35eded1c95d3be]::run_test::{closure#1}, ()>::{closure#1} as core[df12db4294e9bfd3]::ops::function::FnOnce<()>>::call_once::{shim:vtable#0}
[INFO] [stdout]   16:     0x6040bd178cb2 - <std[70759c8f55707aa4]::sys::thread::unix::Thread>::new::thread_start
[INFO] [stdout]   17:     0x768b3a1e0dfa - <unknown>
[INFO] [stdout]   18:     0x768b3a2743d4 - clone
[INFO] [stdout]   19:                0x0 - <unknown>
[INFO] [stdout] 
[INFO] [stdout] ---- deser::fits::tests::test_moc2d_to_fits stdout ----
[INFO] [stdout] 
[INFO] [stdout] thread 'deser::fits::tests::test_moc2d_to_fits' (1709) panicked at src/deser/fits/mod.rs:1822:8:
[INFO] [stdout] called `Result::unwrap()` on an `Err` value: Os { code: 2, kind: NotFound, message: "No such file or directory" }
[INFO] [stdout] stack backtrace:
[INFO] [stdout]    0:     0x6040bd151857 - <<std[70759c8f55707aa4]::sys::backtrace::BacktraceLock>::print::DisplayBacktrace as core[df12db4294e9bfd3]::fmt::Display>::fmt
[INFO] [stdout]    1:     0x6040bd11909a - core[df12db4294e9bfd3]::fmt::write
[INFO] [stdout]    2:     0x6040bd150e0b - <alloc[2182bb758b4b3781]::vec::Vec<u8> as core[df12db4294e9bfd3]::io::write::Write>::write_fmt
[INFO] [stdout]    3:     0x6040bd1508ef - std[70759c8f55707aa4]::panicking::default_hook::{closure#0}
[INFO] [stdout]    4:     0x6040bd15051a - std[70759c8f55707aa4]::panicking::default_hook
[INFO] [stdout]    5:     0x6040bd150052 - std[70759c8f55707aa4]::panicking::panic_with_hook
[INFO] [stdout]    6:     0x6040bd177391 - std[70759c8f55707aa4]::panicking::panic_handler::{closure#0}
[INFO] [stdout]    7:     0x6040bd177349 - std[70759c8f55707aa4]::sys::backtrace::__rust_end_short_backtrace::<std[70759c8f55707aa4]::panicking::panic_handler::{closure#0}, !>
[INFO] [stdout]    8:     0x6040bd17785c - __rustc[8fa7c3cbc660c2b3]::rust_begin_unwind
[INFO] [stdout]    9:     0x6040bd118f2b - core[df12db4294e9bfd3]::panicking::panic_fmt
[INFO] [stdout]   10:     0x6040bd11c9e1 - core[df12db4294e9bfd3]::result::unwrap_failed
[INFO] [stdout]   11:     0x6040bd0d6fac - <moc[9ba9363115bdae11]::deser::fits::tests::test_moc2d_to_fits::{closure#0} as core[df12db4294e9bfd3]::ops::function::FnOnce<()>>::call_once
[INFO] [stdout]   12:     0x6040bd1925eb - test[9d35eded1c95d3be]::__rust_begin_short_backtrace::<core[df12db4294e9bfd3]::result::Result<(), alloc[2182bb758b4b3781]::string::String>, fn() -> core[df12db4294e9bfd3]::result::Result<(), alloc[2182bb758b4b3781]::string::String>>
[INFO] [stdout]   13:     0x6040bd18dbff - test[9d35eded1c95d3be]::run_test::{closure#0}
[INFO] [stdout]   14:     0x6040bd18d67c - std[70759c8f55707aa4]::sys::backtrace::__rust_begin_short_backtrace::<test[9d35eded1c95d3be]::run_test::{closure#1}, ()>
[INFO] [stdout]   15:     0x6040bd1a850c - <std[70759c8f55707aa4]::thread::lifecycle::spawn_unchecked<test[9d35eded1c95d3be]::run_test::{closure#1}, ()>::{closure#1} as core[df12db4294e9bfd3]::ops::function::FnOnce<()>>::call_once::{shim:vtable#0}
[INFO] [stdout]   16:     0x6040bd178cb2 - <std[70759c8f55707aa4]::sys::thread::unix::Thread>::new::thread_start
[INFO] [stdout]   17:     0x768b3a1e0dfa - <unknown>
[INFO] [stdout]   18:     0x768b3a2743d4 - clone
[INFO] [stdout]   19:                0x0 - <unknown>
[INFO] [stdout] 
[INFO] [stdout] ---- deser::fits::tests::test_read_sfmoc_fits stdout ----
[INFO] [stdout] 
[INFO] [stdout] thread 'deser::fits::tests::test_read_sfmoc_fits' (1710) panicked at src/deser/fits/mod.rs:1754:8:
[INFO] [stdout] called `Result::unwrap()` on an `Err` value: Os { code: 2, kind: NotFound, message: "No such file or directory" }
[INFO] [stdout] stack backtrace:
[INFO] [stdout]    0:     0x6040bd151857 - <<std[70759c8f55707aa4]::sys::backtrace::BacktraceLock>::print::DisplayBacktrace as core[df12db4294e9bfd3]::fmt::Display>::fmt
[INFO] [stdout]    1:     0x6040bd11909a - core[df12db4294e9bfd3]::fmt::write
[INFO] [stdout]    2:     0x6040bd150e0b - <alloc[2182bb758b4b3781]::vec::Vec<u8> as core[df12db4294e9bfd3]::io::write::Write>::write_fmt
[INFO] [stdout]    3:     0x6040bd1508ef - std[70759c8f55707aa4]::panicking::default_hook::{closure#0}
[INFO] [stdout]    4:     0x6040bd15051a - std[70759c8f55707aa4]::panicking::default_hook
[INFO] [stdout]    5:     0x6040bd150052 - std[70759c8f55707aa4]::panicking::panic_with_hook
[INFO] [stdout]    6:     0x6040bd177391 - std[70759c8f55707aa4]::panicking::panic_handler::{closure#0}
[INFO] [stdout]    7:     0x6040bd177349 - std[70759c8f55707aa4]::sys::backtrace::__rust_end_short_backtrace::<std[70759c8f55707aa4]::panicking::panic_handler::{closure#0}, !>
[INFO] [stdout]    8:     0x6040bd17785c - __rustc[8fa7c3cbc660c2b3]::rust_begin_unwind
[INFO] [stdout]    9:     0x6040bd118f2b - core[df12db4294e9bfd3]::panicking::panic_fmt
[INFO] [stdout]   10:     0x6040bd11c9e1 - core[df12db4294e9bfd3]::result::unwrap_failed
[INFO] [stdout]   11:     0x6040bd0d75f2 - <moc[9ba9363115bdae11]::deser::fits::tests::test_read_sfmoc_fits::{closure#0} as core[df12db4294e9bfd3]::ops::function::FnOnce<()>>::call_once
[INFO] [stdout]   12:     0x6040bd1925eb - test[9d35eded1c95d3be]::__rust_begin_short_backtrace::<core[df12db4294e9bfd3]::result::Result<(), alloc[2182bb758b4b3781]::string::String>, fn() -> core[df12db4294e9bfd3]::result::Result<(), alloc[2182bb758b4b3781]::string::String>>
[INFO] [stdout]   13:     0x6040bd18dbff - test[9d35eded1c95d3be]::run_test::{closure#0}
[INFO] [stdout]   14:     0x6040bd18d67c - std[70759c8f55707aa4]::sys::backtrace::__rust_begin_short_backtrace::<test[9d35eded1c95d3be]::run_test::{closure#1}, ()>
[INFO] [stdout]   15:     0x6040bd1a850c - <std[70759c8f55707aa4]::thread::lifecycle::spawn_unchecked<test[9d35eded1c95d3be]::run_test::{closure#1}, ()>::{closure#1} as core[df12db4294e9bfd3]::ops::function::FnOnce<()>>::call_once::{shim:vtable#0}
[INFO] [stdout]   16:     0x6040bd178cb2 - <std[70759c8f55707aa4]::sys::thread::unix::Thread>::new::thread_start
[INFO] [stdout]   17:     0x768b3a1e0dfa - <unknown>
[INFO] [stdout]   18:     0x768b3a2743d4 - clone
[INFO] [stdout]   19:                0x0 - <unknown>
[INFO] [stdout] 
[INFO] [stdout] ---- deser::fits::tests::test_write_ranges2d_fits stdout ----
[INFO] [stdout] 
[INFO] [stdout] thread 'deser::fits::tests::test_write_ranges2d_fits' (1715) panicked at src/deser/fits/mod.rs:1903:8:
[INFO] [stdout] called `Result::unwrap()` on an `Err` value: Os { code: 2, kind: NotFound, message: "No such file or directory" }
[INFO] [stdout] stack backtrace:
[INFO] [stdout]    0:     0x6040bd151857 - <<std[70759c8f55707aa4]::sys::backtrace::BacktraceLock>::print::DisplayBacktrace as core[df12db4294e9bfd3]::fmt::Display>::fmt
[INFO] [stdout]    1:     0x6040bd11909a - core[df12db4294e9bfd3]::fmt::write
[INFO] [stdout]    2:     0x6040bd150e0b - <alloc[2182bb758b4b3781]::vec::Vec<u8> as core[df12db4294e9bfd3]::io::write::Write>::write_fmt
[INFO] [stdout]    3:     0x6040bd1508ef - std[70759c8f55707aa4]::panicking::default_hook::{closure#0}
[INFO] [stdout]    4:     0x6040bd15051a - std[70759c8f55707aa4]::panicking::default_hook
[INFO] [stdout]    5:     0x6040bd150052 - std[70759c8f55707aa4]::panicking::panic_with_hook
[INFO] [stdout]    6:     0x6040bd177391 - std[70759c8f55707aa4]::panicking::panic_handler::{closure#0}
[INFO] [stdout]    7:     0x6040bd177349 - std[70759c8f55707aa4]::sys::backtrace::__rust_end_short_backtrace::<std[70759c8f55707aa4]::panicking::panic_handler::{closure#0}, !>
[INFO] [stdout]    8:     0x6040bd17785c - __rustc[8fa7c3cbc660c2b3]::rust_begin_unwind
[INFO] [stdout]    9:     0x6040bd118f2b - core[df12db4294e9bfd3]::panicking::panic_fmt
[INFO] [stdout]   10:     0x6040bd11c9e1 - core[df12db4294e9bfd3]::result::unwrap_failed
[INFO] [stdout]   11:     0x6040bd078718 - moc[9ba9363115bdae11]::deser::fits::tests::test_write_ranges2d_fits
[INFO] [stdout]   12:     0x6040bd0da159 - <moc[9ba9363115bdae11]::deser::fits::tests::test_write_ranges2d_fits::{closure#0} as core[df12db4294e9bfd3]::ops::function::FnOnce<()>>::call_once
[INFO] [stdout]   13:     0x6040bd1925eb - test[9d35eded1c95d3be]::__rust_begin_short_backtrace::<core[df12db4294e9bfd3]::result::Result<(), alloc[2182bb758b4b3781]::string::String>, fn() -> core[df12db4294e9bfd3]::result::Result<(), alloc[2182bb758b4b3781]::string::String>>
[INFO] [stdout]   14:     0x6040bd18dbff - test[9d35eded1c95d3be]::run_test::{closure#0}
[INFO] [stdout]   15:     0x6040bd18d67c - std[70759c8f55707aa4]::sys::backtrace::__rust_begin_short_backtrace::<test[9d35eded1c95d3be]::run_test::{closure#1}, ()>
[INFO] [stdout]   16:     0x6040bd1a850c - <std[70759c8f55707aa4]::thread::lifecycle::spawn_unchecked<test[9d35eded1c95d3be]::run_test::{closure#1}, ()>::{closure#1} as core[df12db4294e9bfd3]::ops::function::FnOnce<()>>::call_once::{shim:vtable#0}
[INFO] [stdout]   17:     0x6040bd178cb2 - <std[70759c8f55707aa4]::sys::thread::unix::Thread>::new::thread_start
[INFO] [stdout]   18:     0x768b3a1e0dfa - <unknown>
[INFO] [stdout]   19:     0x768b3a2743d4 - clone
[INFO] [stdout]   20:                0x0 - <unknown>
[INFO] [stdout] 
[INFO] [stdout] ---- deser::img::tests::test_img stdout ----
[INFO] [stdout] 
[INFO] [stdout] thread 'deser::img::tests::test_img' (1717) panicked at src/deser/img.rs:378:8:
[INFO] [stdout] called `Result::unwrap()` on an `Err` value: Os { code: 2, kind: NotFound, message: "No such file or directory" }
[INFO] [stdout] stack backtrace:
[INFO] [stdout]    0:     0x6040bd151857 - <<std[70759c8f55707aa4]::sys::backtrace::BacktraceLock>::print::DisplayBacktrace as core[df12db4294e9bfd3]::fmt::Display>::fmt
[INFO] [stdout]    1:     0x6040bd11909a - core[df12db4294e9bfd3]::fmt::write
[INFO] [stdout]    2:     0x6040bd150e0b - <alloc[2182bb758b4b3781]::vec::Vec<u8> as core[df12db4294e9bfd3]::io::write::Write>::write_fmt
[INFO] [stdout]    3:     0x6040bd1508ef - std[70759c8f55707aa4]::panicking::default_hook::{closure#0}
[INFO] [stdout]    4:     0x6040bd15051a - std[70759c8f55707aa4]::panicking::default_hook
[INFO] [stdout]    5:     0x6040bd150052 - std[70759c8f55707aa4]::panicking::panic_with_hook
[INFO] [stdout]    6:     0x6040bd177391 - std[70759c8f55707aa4]::panicking::panic_handler::{closure#0}
[INFO] [stdout]    7:     0x6040bd177349 - std[70759c8f55707aa4]::sys::backtrace::__rust_end_short_backtrace::<std[70759c8f55707aa4]::panicking::panic_handler::{closure#0}, !>
[INFO] [stdout]    8:     0x6040bd17785c - __rustc[8fa7c3cbc660c2b3]::rust_begin_unwind
[INFO] [stdout]    9:     0x6040bd118f2b - core[df12db4294e9bfd3]::panicking::panic_fmt
[INFO] [stdout]   10:     0x6040bd11c9e1 - core[df12db4294e9bfd3]::result::unwrap_failed
[INFO] [stdout]   11:     0x6040bd07150f - moc[9ba9363115bdae11]::deser::img::tests::test_img
[INFO] [stdout]   12:     0x6040bd0d6989 - <moc[9ba9363115bdae11]::deser::img::tests::test_img::{closure#0} as core[df12db4294e9bfd3]::ops::function::FnOnce<()>>::call_once
[INFO] [stdout]   13:     0x6040bd1925eb - test[9d35eded1c95d3be]::__rust_begin_short_backtrace::<core[df12db4294e9bfd3]::result::Result<(), alloc[2182bb758b4b3781]::string::String>, fn() -> core[df12db4294e9bfd3]::result::Result<(), alloc[2182bb758b4b3781]::string::String>>
[INFO] [stdout]   14:     0x6040bd18dbff - test[9d35eded1c95d3be]::run_test::{closure#0}
[INFO] [stdout]   15:     0x6040bd18d67c - std[70759c8f55707aa4]::sys::backtrace::__rust_begin_short_backtrace::<test[9d35eded1c95d3be]::run_test::{closure#1}, ()>
[INFO] [stdout]   16:     0x6040bd1a850c - <std[70759c8f55707aa4]::thread::lifecycle::spawn_unchecked<test[9d35eded1c95d3be]::run_test::{closure#1}, ()>::{closure#1} as core[df12db4294e9bfd3]::ops::function::FnOnce<()>>::call_once::{shim:vtable#0}
[INFO] [stdout]   17:     0x6040bd178cb2 - <std[70759c8f55707aa4]::sys::thread::unix::Thread>::new::thread_start
[INFO] [stdout]   18:     0x768b3a1e0dfa - <unknown>
[INFO] [stdout]   19:     0x768b3a2743d4 - clone
[INFO] [stdout]   20:                0x0 - <unknown>
[INFO] [stdout] 
[INFO] [stdout] ---- deser::fits::tests::test_read_v1_smoc_fits stdout ----
[INFO] [stdout] 
[INFO] [stdout] thread 'deser::fits::tests::test_read_v1_smoc_fits' (1711) panicked at src/deser/fits/mod.rs:1692:8:
[INFO] [stdout] called `Result::unwrap()` on an `Err` value: Os { code: 2, kind: NotFound, message: "No such file or directory" }
[INFO] [stdout] stack backtrace:
[INFO] [stdout]    0:     0x6040bd151857 - <<std[70759c8f55707aa4]::sys::backtrace::BacktraceLock>::print::DisplayBacktrace as core[df12db4294e9bfd3]::fmt::Display>::fmt
[INFO] [stdout]    1:     0x6040bd11909a - core[df12db4294e9bfd3]::fmt::write
[INFO] [stdout]    2:     0x6040bd150e0b - <alloc[2182bb758b4b3781]::vec::Vec<u8> as core[df12db4294e9bfd3]::io::write::Write>::write_fmt
[INFO] [stdout]    3:     0x6040bd1508ef - std[70759c8f55707aa4]::panicking::default_hook::{closure#0}
[INFO] [stdout]    4:     0x6040bd15051a - std[70759c8f55707aa4]::panicking::default_hook
[INFO] [stdout]    5:     0x6040bd150052 - std[70759c8f55707aa4]::panicking::panic_with_hook
[INFO] [stdout]    6:     0x6040bd177391 - std[70759c8f55707aa4]::panicking::panic_handler::{closure#0}
[INFO] [stdout]    7:     0x6040bd177349 - std[70759c8f55707aa4]::sys::backtrace::__rust_end_short_backtrace::<std[70759c8f55707aa4]::panicking::panic_handler::{closure#0}, !>
[INFO] [stdout]    8:     0x6040bd17785c - __rustc[8fa7c3cbc660c2b3]::rust_begin_unwind
[INFO] [stdout]    9:     0x6040bd118f2b - core[df12db4294e9bfd3]::panicking::panic_fmt
[INFO] [stdout]   10:     0x6040bd11c9e1 - core[df12db4294e9bfd3]::result::unwrap_failed
[INFO] [stdout]   11:     0x6040bd0d93cf - <moc[9ba9363115bdae11]::deser::fits::tests::test_read_v1_smoc_fits::{closure#0} as core[df12db4294e9bfd3]::ops::function::FnOnce<()>>::call_once
[INFO] [stdout]   12:     0x6040bd1925eb - test[9d35eded1c95d3be]::__rust_begin_short_backtrace::<core[df12db4294e9bfd3]::result::Result<(), alloc[2182bb758b4b3781]::string::String>, fn() -> core[df12db4294e9bfd3]::result::Result<(), alloc[2182bb758b4b3781]::string::String>>
[INFO] [stdout]   13:     0x6040bd18dbff - test[9d35eded1c95d3be]::run_test::{closure#0}
[INFO] [stdout]   14:     0x6040bd18d67c - std[70759c8f55707aa4]::sys::backtrace::__rust_begin_short_backtrace::<test[9d35eded1c95d3be]::run_test::{closure#1}, ()>
[INFO] [stdout]   15:     0x6040bd1a850c - <std[70759c8f55707aa4]::thread::lifecycle::spawn_unchecked<test[9d35eded1c95d3be]::run_test::{closure#1}, ()>::{closure#1} as core[df12db4294e9bfd3]::ops::function::FnOnce<()>>::call_once::{shim:vtable#0}
[INFO] [stdout]   16:     0x6040bd178cb2 - <std[70759c8f55707aa4]::sys::thread::unix::Thread>::new::thread_start
[INFO] [stdout]   17:     0x768b3a1e0dfa - <unknown>
[INFO] [stdout]   18:     0x768b3a2743d4 - clone
[INFO] [stdout]   19:                0x0 - <unknown>
[INFO] [stdout] 
[INFO] [stdout] ---- deser::img::tests::test_img_auto_allsky stdout ----
[INFO] [stdout] 
[INFO] [stdout] thread 'deser::img::tests::test_img_auto_allsky' (1718) panicked at src/deser/img.rs:706:8:
[INFO] [stdout] called `Result::unwrap()` on an `Err` value: Os { code: 2, kind: NotFound, message: "No such file or directory" }
[INFO] [stdout] stack backtrace:
[INFO] [stdout]    0:     0x6040bd151857 - <<std[70759c8f55707aa4]::sys::backtrace::BacktraceLock>::print::DisplayBacktrace as core[df12db4294e9bfd3]::fmt::Display>::fmt
[INFO] [stdout]    1:     0x6040bd11909a - core[df12db4294e9bfd3]::fmt::write
[INFO] [stdout]    2:     0x6040bd150e0b - <alloc[2182bb758b4b3781]::vec::Vec<u8> as core[df12db4294e9bfd3]::io::write::Write>::write_fmt
[INFO] [stdout]    3:     0x6040bd1508ef - std[70759c8f55707aa4]::panicking::default_hook::{closure#0}
[INFO] [stdout]    4:     0x6040bd15051a - std[70759c8f55707aa4]::panicking::default_hook
[INFO] [stdout]    5:     0x6040bd150052 - std[70759c8f55707aa4]::panicking::panic_with_hook
[INFO] [stdout]    6:     0x6040bd177391 - std[70759c8f55707aa4]::panicking::panic_handler::{closure#0}
[INFO] [stdout]    7:     0x6040bd177349 - std[70759c8f55707aa4]::sys::backtrace::__rust_end_short_backtrace::<std[70759c8f55707aa4]::panicking::panic_handler::{closure#0}, !>
[INFO] [stdout]    8:     0x6040bd17785c - __rustc[8fa7c3cbc660c2b3]::rust_begin_unwind
[INFO] [stdout]    9:     0x6040bd118f2b - core[df12db4294e9bfd3]::panicking::panic_fmt
[INFO] [stdout]   10:     0x6040bd11c9e1 - core[df12db4294e9bfd3]::result::unwrap_failed
[INFO] [stdout]   11:     0x6040bd0d667f - <moc[9ba9363115bdae11]::deser::img::tests::test_img_auto_allsky::{closure#0} as core[df12db4294e9bfd3]::ops::function::FnOnce<()>>::call_once
[INFO] [stdout]   12:     0x6040bd1925eb - test[9d35eded1c95d3be]::__rust_begin_short_backtrace::<core[df12db4294e9bfd3]::result::Result<(), alloc[2182bb758b4b3781]::string::String>, fn() -> core[df12db4294e9bfd3]::result::Result<(), alloc[2182bb758b4b3781]::string::String>>
[INFO] [stdout]   13:     0x6040bd18dbff - test[9d35eded1c95d3be]::run_test::{closure#0}
[INFO] [stdout]   14:     0x6040bd18d67c - std[70759c8f55707aa4]::sys::backtrace::__rust_begin_short_backtrace::<test[9d35eded1c95d3be]::run_test::{closure#1}, ()>
[INFO] [stdout]   15:     0x6040bd1a850c - <std[70759c8f55707aa4]::thread::lifecycle::spawn_unchecked<test[9d35eded1c95d3be]::run_test::{closure#1}, ()>::{closure#1} as core[df12db4294e9bfd3]::ops::function::FnOnce<()>>::call_once::{shim:vtable#0}
[INFO] [stdout]   16:     0x6040bd178cb2 - <std[70759c8f55707aa4]::sys::thread::unix::Thread>::new::thread_start
[INFO] [stdout]   17:     0x768b3a1e0dfa - <unknown>
[INFO] [stdout]   18:     0x768b3a2743d4 - clone
[INFO] [stdout]   19:                0x0 - <unknown>
[INFO] [stdout] 
[INFO] [stdout] ---- deser::fits::tests::test_write_cells_fits stdout ----
[INFO] [stdout] 
[INFO] [stdout] thread 'deser::fits::tests::test_write_cells_fits' (1714) panicked at src/deser/fits/mod.rs:1810:8:
[INFO] [stdout] called `Result::unwrap()` on an `Err` value: Os { code: 2, kind: NotFound, message: "No such file or directory" }
[INFO] [stdout] stack backtrace:
[INFO] [stdout]    0:     0x6040bd151857 - <<std[70759c8f55707aa4]::sys::backtrace::BacktraceLock>::print::DisplayBacktrace as core[df12db4294e9bfd3]::fmt::Display>::fmt
[INFO] [stdout]    1:     0x6040bd11909a - core[df12db4294e9bfd3]::fmt::write
[INFO] [stdout]    2:     0x6040bd150e0b - <alloc[2182bb758b4b3781]::vec::Vec<u8> as core[df12db4294e9bfd3]::io::write::Write>::write_fmt
[INFO] [stdout]    3:     0x6040bd1508ef - std[70759c8f55707aa4]::panicking::default_hook::{closure#0}
[INFO] [stdout]    4:     0x6040bd15051a - std[70759c8f55707aa4]::panicking::default_hook
[INFO] [stdout]    5:     0x6040bd150052 - std[70759c8f55707aa4]::panicking::panic_with_hook
[INFO] [stdout]    6:     0x6040bd177391 - std[70759c8f55707aa4]::panicking::panic_handler::{closure#0}
[INFO] [stdout]    7:     0x6040bd177349 - std[70759c8f55707aa4]::sys::backtrace::__rust_end_short_backtrace::<std[70759c8f55707aa4]::panicking::panic_handler::{closure#0}, !>
[INFO] [stdout]    8:     0x6040bd17785c - __rustc[8fa7c3cbc660c2b3]::rust_begin_unwind
[INFO] [stdout]    9:     0x6040bd118f2b - core[df12db4294e9bfd3]::panicking::panic_fmt
[INFO] [stdout]   10:     0x6040bd11c9e1 - core[df12db4294e9bfd3]::result::unwrap_failed
[INFO] [stdout]   11:     0x6040bd0d87cc - <moc[9ba9363115bdae11]::deser::fits::tests::test_write_cells_fits::{closure#0} as core[df12db4294e9bfd3]::ops::function::FnOnce<()>>::call_once
[INFO] [stdout]   12:     0x6040bd1925eb - test[9d35eded1c95d3be]::__rust_begin_short_backtrace::<core[df12db4294e9bfd3]::result::Result<(), alloc[2182bb758b4b3781]::string::String>, fn() -> core[df12db4294e9bfd3]::result::Result<(), alloc[2182bb758b4b3781]::string::String>>
[INFO] [stdout]   13:     0x6040bd18dbff - test[9d35eded1c95d3be]::run_test::{closure#0}
[INFO] [stdout]   14:     0x6040bd18d67c - std[70759c8f55707aa4]::sys::backtrace::__rust_begin_short_backtrace::<test[9d35eded1c95d3be]::run_test::{closure#1}, ()>
[INFO] [stdout]   15:     0x6040bd1a850c - <std[70759c8f55707aa4]::thread::lifecycle::spawn_unchecked<test[9d35eded1c95d3be]::run_test::{closure#1}, ()>::{closure#1} as core[df12db4294e9bfd3]::ops::function::FnOnce<()>>::call_once::{shim:vtable#0}
[INFO] [stdout]   16:     0x6040bd178cb2 - <std[70759c8f55707aa4]::sys::thread::unix::Thread>::new::thread_start
[INFO] [stdout]   17:     0x768b3a1e0dfa - <unknown>
[INFO] [stdout]   18:     0x768b3a2743d4 - clone
[INFO] [stdout]   19:                0x0 - <unknown>
[INFO] [stdout] 
[INFO] [stdout] ---- deser::fits::multiordermap::tests::test_mutliordermap_sum stdout ----
[INFO] [stdout] 
[INFO] [stdout] thread 'deser::fits::multiordermap::tests::test_mutliordermap_sum' (1702) panicked at src/deser/fits/multiordermap.rs:318:8:
[INFO] [stdout] called `Result::unwrap()` on an `Err` value: Os { code: 2, kind: NotFound, message: "No such file or directory" }
[INFO] [stdout] stack backtrace:
[INFO] [stdout]    0:     0x6040bd151857 - <<std[70759c8f55707aa4]::sys::backtrace::BacktraceLock>::print::DisplayBacktrace as core[df12db4294e9bfd3]::fmt::Display>::fmt
[INFO] [stdout]    1:     0x6040bd11909a - core[df12db4294e9bfd3]::fmt::write
[INFO] [stdout]    2:     0x6040bd150e0b - <alloc[2182bb758b4b3781]::vec::Vec<u8> as core[df12db4294e9bfd3]::io::write::Write>::write_fmt
[INFO] [stdout]    3:     0x6040bd1508ef - std[70759c8f55707aa4]::panicking::default_hook::{closure#0}
[INFO] [stdout]    4:     0x6040bd15051a - std[70759c8f55707aa4]::panicking::default_hook
[INFO] [stdout]    5:     0x6040bd150052 - std[70759c8f55707aa4]::panicking::panic_with_hook
[INFO] [stdout]    6:     0x6040bd177391 - std[70759c8f55707aa4]::panicking::panic_handler::{closure#0}
[INFO] [stdout]    7:     0x6040bd177349 - std[70759c8f55707aa4]::sys::backtrace::__rust_end_short_backtrace::<std[70759c8f55707aa4]::panicking::panic_handler::{closure#0}, !>
[INFO] [stdout]    8:     0x6040bd17785c - __rustc[8fa7c3cbc660c2b3]::rust_begin_unwind
[INFO] [stdout]    9:     0x6040bd118f2b - core[df12db4294e9bfd3]::panicking::panic_fmt
[INFO] [stdout]   10:     0x6040bd11c9e1 - core[df12db4294e9bfd3]::result::unwrap_failed
[INFO] [stdout]   11:     0x6040bd0f1112 - <moc[9ba9363115bdae11]::deser::fits::multiordermap::tests::test_mutliordermap_sum::{closure#0} as core[df12db4294e9bfd3]::ops::function::FnOnce<()>>::call_once
[INFO] [stdout]   12:     0x6040bd1925eb - test[9d35eded1c95d3be]::__rust_begin_short_backtrace::<core[df12db4294e9bfd3]::result::Result<(), alloc[2182bb758b4b3781]::string::String>, fn() -> core[df12db4294e9bfd3]::result::Result<(), alloc[2182bb758b4b3781]::string::String>>
[INFO] [stdout]   13:     0x6040bd18dbff - test[9d35eded1c95d3be]::run_test::{closure#0}
[INFO] [stdout]   14:     0x6040bd18d67c - std[70759c8f55707aa4]::sys::backtrace::__rust_begin_short_backtrace::<test[9d35eded1c95d3be]::run_test::{closure#1}, ()>
[INFO] [stdout]   15:     0x6040bd1a850c - <std[70759c8f55707aa4]::thread::lifecycle::spawn_unchecked<test[9d35eded1c95d3be]::run_test::{closure#1}, ()>::{closure#1} as core[df12db4294e9bfd3]::ops::function::FnOnce<()>>::call_once::{shim:vtable#0}
[INFO] [stdout]   16:     0x6040bd178cb2 - <std[70759c8f55707aa4]::sys::thread::unix::Thread>::new::thread_start
[INFO] [stdout]   17:     0x768b3a1e0dfa - <unknown>
[INFO] [stdout]   18:     0x768b3a2743d4 - clone
[INFO] [stdout]   19:                0x0 - <unknown>
[INFO] [stdout] 
[INFO] [stdout] ---- deser::json::tests::test_stmoc_from_json_large stdout ----
[INFO] [stdout] 
[INFO] [stdout] thread 'deser::json::tests::test_stmoc_from_json_large' (1722) panicked at src/deser/json.rs:430:8:
[INFO] [stdout] called `Result::unwrap()` on an `Err` value: Os { code: 2, kind: NotFound, message: "No such file or directory" }
[INFO] [stdout] stack backtrace:
[INFO] [stdout]    0:     0x6040bd151857 - <<std[70759c8f55707aa4]::sys::backtrace::BacktraceLock>::print::DisplayBacktrace as core[df12db4294e9bfd3]::fmt::Display>::fmt
[INFO] [stdout]    1:     0x6040bd11909a - core[df12db4294e9bfd3]::fmt::write
[INFO] [stdout]    2:     0x6040bd150e0b - <alloc[2182bb758b4b3781]::vec::Vec<u8> as core[df12db4294e9bfd3]::io::write::Write>::write_fmt
[INFO] [stdout]    3:     0x6040bd1508ef - std[70759c8f55707aa4]::panicking::default_hook::{closure#0}
[INFO] [stdout]    4:     0x6040bd15051a - std[70759c8f55707aa4]::panicking::default_hook
[INFO] [stdout]    5:     0x6040bd150052 - std[70759c8f55707aa4]::panicking::panic_with_hook
[INFO] [stdout]    6:     0x6040bd177391 - std[70759c8f55707aa4]::panicking::panic_handler::{closure#0}
[INFO] [stdout]    7:     0x6040bd177349 - std[70759c8f55707aa4]::sys::backtrace::__rust_end_short_backtrace::<std[70759c8f55707aa4]::panicking::panic_handler::{closure#0}, !>
[INFO] [stdout]    8:     0x6040bd17785c - __rustc[8fa7c3cbc660c2b3]::rust_begin_unwind
[INFO] [stdout]    9:     0x6040bd118f2b - core[df12db4294e9bfd3]::panicking::panic_fmt
[INFO] [stdout]   10:     0x6040bd11c9e1 - core[df12db4294e9bfd3]::result::unwrap_failed
[INFO] [stdout]   11:     0x6040bd0dc755 - <moc[9ba9363115bdae11]::deser::json::tests::test_stmoc_from_json_large::{closure#0} as core[df12db4294e9bfd3]::ops::function::FnOnce<()>>::call_once
[INFO] [stdout]   12:     0x6040bd1925eb - test[9d35eded1c95d3be]::__rust_begin_short_backtrace::<core[df12db4294e9bfd3]::result::Result<(), alloc[2182bb758b4b3781]::string::String>, fn() -> core[df12db4294e9bfd3]::result::Result<(), alloc[2182bb758b4b3781]::string::String>>
[INFO] [stdout]   13:     0x6040bd18dbff - test[9d35eded1c95d3be]::run_test::{closure#0}
[INFO] [stdout]   14:     0x6040bd18d67c - std[70759c8f55707aa4]::sys::backtrace::__rust_begin_short_backtrace::<test[9d35eded1c95d3be]::run_test::{closure#1}, ()>
[INFO] [stdout]   15:     0x6040bd1a850c - <std[70759c8f55707aa4]::thread::lifecycle::spawn_unchecked<test[9d35eded1c95d3be]::run_test::{closure#1}, ()>::{closure#1} as core[df12db4294e9bfd3]::ops::function::FnOnce<()>>::call_once::{shim:vtable#0}
[INFO] [stdout]   16:     0x6040bd178cb2 - <std[70759c8f55707aa4]::sys::thread::unix::Thread>::new::thread_start
[INFO] [stdout]   17:     0x768b3a1e0dfa - <unknown>
[INFO] [stdout]   18:     0x768b3a2743d4 - clone
[INFO] [stdout]   19:                0x0 - <unknown>
[INFO] [stdout] 
[INFO] [stdout] ---- deser::fits::tests::test_read_v2_tmoc_fits stdout ----
[INFO] [stdout] 
[INFO] [stdout] thread 'deser::fits::tests::test_read_v2_tmoc_fits' (1713) panicked at src/deser/fits/mod.rs:1728:8:
[INFO] [stdout] called `Result::unwrap()` on an `Err` value: Os { code: 2, kind: NotFound, message: "No such file or directory" }
[INFO] [stdout] stack backtrace:
[INFO] [stdout]    0:     0x6040bd151857 - <<std[70759c8f55707aa4]::sys::backtrace::BacktraceLock>::print::DisplayBacktrace as core[df12db4294e9bfd3]::fmt::Display>::fmt
[INFO] [stdout]    1:     0x6040bd11909a - core[df12db4294e9bfd3]::fmt::write
[INFO] [stdout]    2:     0x6040bd150e0b - <alloc[2182bb758b4b3781]::vec::Vec<u8> as core[df12db4294e9bfd3]::io::write::Write>::write_fmt
[INFO] [stdout]    3:     0x6040bd1508ef - std[70759c8f55707aa4]::panicking::default_hook::{closure#0}
[INFO] [stdout]    4:     0x6040bd15051a - std[70759c8f55707aa4]::panicking::default_hook
[INFO] [stdout]    5:     0x6040bd150052 - std[70759c8f55707aa4]::panicking::panic_with_hook
[INFO] [stdout]    6:     0x6040bd177391 - std[70759c8f55707aa4]::panicking::panic_handler::{closure#0}
[INFO] [stdout]    7:     0x6040bd177349 - std[70759c8f55707aa4]::sys::backtrace::__rust_end_short_backtrace::<std[70759c8f55707aa4]::panicking::panic_handler::{closure#0}, !>
[INFO] [stdout]    8:     0x6040bd17785c - __rustc[8fa7c3cbc660c2b3]::rust_begin_unwind
[INFO] [stdout]    9:     0x6040bd118f2b - core[df12db4294e9bfd3]::panicking::panic_fmt
[INFO] [stdout]   10:     0x6040bd11c9e1 - core[df12db4294e9bfd3]::result::unwrap_failed
[INFO] [stdout]   11:     0x6040bd0d9921 - <moc[9ba9363115bdae11]::deser::fits::tests::test_read_v2_tmoc_fits::{closure#0} as core[df12db4294e9bfd3]::ops::function::FnOnce<()>>::call_once
[INFO] [stdout]   12:     0x6040bd1925eb - test[9d35eded1c95d3be]::__rust_begin_short_backtrace::<core[df12db4294e9bfd3]::result::Result<(), alloc[2182bb758b4b3781]::string::String>, fn() -> core[df12db4294e9bfd3]::result::Result<(), alloc[2182bb758b4b3781]::string::String>>
[INFO] [stdout]   13:     0x6040bd18dbff - test[9d35eded1c95d3be]::run_test::{closure#0}
[INFO] [stdout]   14:     0x6040bd18d67c - std[70759c8f55707aa4]::sys::backtrace::__rust_begin_short_backtrace::<test[9d35eded1c95d3be]::run_test::{closure#1}, ()>
[INFO] [stdout]   15:     0x6040bd1a850c - <std[70759c8f55707aa4]::thread::lifecycle::spawn_unchecked<test[9d35eded1c95d3be]::run_test::{closure#1}, ()>::{closure#1} as core[df12db4294e9bfd3]::ops::function::FnOnce<()>>::call_once::{shim:vtable#0}
[INFO] [stdout]   16:     0x6040bd178cb2 - <std[70759c8f55707aa4]::sys::thread::unix::Thread>::new::thread_start
[INFO] [stdout]   17:     0x768b3a1e0dfa - <unknown>
[INFO] [stdout]   18:     0x768b3a2743d4 - clone
[INFO] [stdout]   19:                0x0 - <unknown>
[INFO] [stdout] 
[INFO] [stdout] ---- deser::fits::tests::test_write_ranges_fits stdout ----
[INFO] [stdout] 
[INFO] [stdout] thread 'deser::fits::tests::test_write_ranges_fits' (1716) panicked at src/deser/fits/mod.rs:1780:8:
[INFO] [stdout] called `Result::unwrap()` on an `Err` value: Os { code: 2, kind: NotFound, message: "No such file or directory" }
[INFO] [stdout] stack backtrace:
[INFO] [stdout]    0:     0x6040bd151857 - <<std[70759c8f55707aa4]::sys::backtrace::BacktraceLock>::print::DisplayBacktrace as core[df12db4294e9bfd3]::fmt::Display>::fmt
[INFO] [stdout]    1:     0x6040bd11909a - core[df12db4294e9bfd3]::fmt::write
[INFO] [stdout]    2:     0x6040bd150e0b - <alloc[2182bb758b4b3781]::vec::Vec<u8> as core[df12db4294e9bfd3]::io::write::Write>::write_fmt
[INFO] [stdout]    3:     0x6040bd1508ef - std[70759c8f55707aa4]::panicking::default_hook::{closure#0}
[INFO] [stdout]    4:     0x6040bd15051a - std[70759c8f55707aa4]::panicking::default_hook
[INFO] [stdout]    5:     0x6040bd150052 - std[70759c8f55707aa4]::panicking::panic_with_hook
[INFO] [stdout]    6:     0x6040bd177391 - std[70759c8f55707aa4]::panicking::panic_handler::{closure#0}
[INFO] [stdout]    7:     0x6040bd177349 - std[70759c8f55707aa4]::sys::backtrace::__rust_end_short_backtrace::<std[70759c8f55707aa4]::panicking::panic_handler::{closure#0}, !>
[INFO] [stdout]    8:     0x6040bd17785c - __rustc[8fa7c3cbc660c2b3]::rust_begin_unwind
[INFO] [stdout]    9:     0x6040bd118f2b - core[df12db4294e9bfd3]::panicking::panic_fmt
[INFO] [stdout]   10:     0x6040bd11c9e1 - core[df12db4294e9bfd3]::result::unwrap_failed
[INFO] [stdout]   11:     0x6040bd0d9ead - <moc[9ba9363115bdae11]::deser::fits::tests::test_write_ranges_fits::{closure#0} as core[df12db4294e9bfd3]::ops::function::FnOnce<()>>::call_once
[INFO] [stdout]   12:     0x6040bd1925eb - test[9d35eded1c95d3be]::__rust_begin_short_backtrace::<core[df12db4294e9bfd3]::result::Result<(), alloc[2182bb758b4b3781]::string::String>, fn() -> core[df12db4294e9bfd3]::result::Result<(), alloc[2182bb758b4b3781]::string::String>>
[INFO] [stdout]   13:     0x6040bd18dbff - test[9d35eded1c95d3be]::run_test::{closure#0}
[INFO] [stdout]   14:     0x6040bd18d67c - std[70759c8f55707aa4]::sys::backtrace::__rust_begin_short_backtrace::<test[9d35eded1c95d3be]::run_test::{closure#1}, ()>
[INFO] [stdout]   15:     0x6040bd1a850c - <std[70759c8f55707aa4]::thread::lifecycle::spawn_unchecked<test[9d35eded1c95d3be]::run_test::{closure#1}, ()>::{closure#1} as core[df12db4294e9bfd3]::ops::function::FnOnce<()>>::call_once::{shim:vtable#0}
[INFO] [stdout]   16:     0x6040bd178cb2 - <std[70759c8f55707aa4]::sys::thread::unix::Thread>::new::thread_start
[INFO] [stdout]   17:     0x768b3a1e0dfa - <unknown>
[INFO] [stdout]   18:     0x768b3a2743d4 - clone
[INFO] [stdout]   19:                0x0 - <unknown>
[INFO] [stdout] 
[INFO] [stdout] ---- deser::fits::tests::test_read_v2_smoc_uniq_fits stdout ----
[INFO] [stdout] 
[INFO] [stdout] thread 'deser::fits::tests::test_read_v2_smoc_uniq_fits' (1712) panicked at src/deser/fits/mod.rs:1674:8:
[INFO] [stdout] called `Result::unwrap()` on an `Err` value: Os { code: 2, kind: NotFound, message: "No such file or directory" }
[INFO] [stdout] stack backtrace:
[INFO] [stdout]    0:     0x6040bd151857 - <<std[70759c8f55707aa4]::sys::backtrace::BacktraceLock>::print::DisplayBacktrace as core[df12db4294e9bfd3]::fmt::Display>::fmt
[INFO] [stdout]    1:     0x6040bd11909a - core[df12db4294e9bfd3]::fmt::write
[INFO] [stdout]    2:     0x6040bd150e0b - <alloc[2182bb758b4b3781]::vec::Vec<u8> as core[df12db4294e9bfd3]::io::write::Write>::write_fmt
[INFO] [stdout]    3:     0x6040bd1508ef - std[70759c8f55707aa4]::panicking::default_hook::{closure#0}
[INFO] [stdout]    4:     0x6040bd15051a - std[70759c8f55707aa4]::panicking::default_hook
[INFO] [stdout]    5:     0x6040bd150052 - std[70759c8f55707aa4]::panicking::panic_with_hook
[INFO] [stdout]    6:     0x6040bd177391 - std[70759c8f55707aa4]::panicking::panic_handler::{closure#0}
[INFO] [stdout]    7:     0x6040bd177349 - std[70759c8f55707aa4]::sys::backtrace::__rust_end_short_backtrace::<std[70759c8f55707aa4]::panicking::panic_handler::{closure#0}, !>
[INFO] [stdout]    8:     0x6040bd17785c - __rustc[8fa7c3cbc660c2b3]::rust_begin_unwind
[INFO] [stdout]    9:     0x6040bd118f2b - core[df12db4294e9bfd3]::panicking::panic_fmt
[INFO] [stdout]   10:     0x6040bd11c9e1 - core[df12db4294e9bfd3]::result::unwrap_failed
[INFO] [stdout]   11:     0x6040bd0da3fe - <moc[9ba9363115bdae11]::deser::fits::tests::test_read_v2_smoc_uniq_fits::{closure#0} as core[df12db4294e9bfd3]::ops::function::FnOnce<()>>::call_once
[INFO] [stdout]   12:     0x6040bd1925eb - test[9d35eded1c95d3be]::__rust_begin_short_backtrace::<core[df12db4294e9bfd3]::result::Result<(), alloc[2182bb758b4b3781]::string::String>, fn() -> core[df12db4294e9bfd3]::result::Result<(), alloc[2182bb758b4b3781]::string::String>>
[INFO] [stdout]   13:     0x6040bd18dbff - test[9d35eded1c95d3be]::run_test::{closure#0}
[INFO] [stdout]   14:     0x6040bd18d67c - std[70759c8f55707aa4]::sys::backtrace::__rust_begin_short_backtrace::<test[9d35eded1c95d3be]::run_test::{closure#1}, ()>
[INFO] [stdout]   15:     0x6040bd1a850c - <std[70759c8f55707aa4]::thread::lifecycle::spawn_unchecked<test[9d35eded1c95d3be]::run_test::{closure#1}, ()>::{closure#1} as core[df12db4294e9bfd3]::ops::function::FnOnce<()>>::call_once::{shim:vtable#0}
[INFO] [stdout]   16:     0x6040bd178cb2 - <std[70759c8f55707aa4]::sys::thread::unix::Thread>::new::thread_start
[INFO] [stdout]   17:     0x768b3a1e0dfa - <unknown>
[INFO] [stdout]   18:     0x768b3a2743d4 - clone
[INFO] [stdout]   19:                0x0 - <unknown>
[INFO] [stdout] 
[INFO] [stdout] ---- moc2d::range::op::tests::test_union_assocdata_vsx stdout ----
[INFO] [stdout] 
[INFO] [stdout] thread 'moc2d::range::op::tests::test_union_assocdata_vsx' (1744) panicked at src/moc2d/range/op/mod.rs:410:59:
[INFO] [stdout] called `Result::unwrap()` on an `Err` value: Os { code: 2, kind: NotFound, message: "No such file or directory" }
[INFO] [stdout] stack backtrace:
[INFO] [stdout]    0:     0x6040bd151857 - <<std[70759c8f55707aa4]::sys::backtrace::BacktraceLock>::print::DisplayBacktrace as core[df12db4294e9bfd3]::fmt::Display>::fmt
[INFO] [stdout]    1:     0x6040bd11909a - core[df12db4294e9bfd3]::fmt::write
[INFO] [stdout]    2:     0x6040bd150e0b - <alloc[2182bb758b4b3781]::vec::Vec<u8> as core[df12db4294e9bfd3]::io::write::Write>::write_fmt
[INFO] [stdout]    3:     0x6040bd1508ef - std[70759c8f55707aa4]::panicking::default_hook::{closure#0}
[INFO] [stdout]    4:     0x6040bd15051a - std[70759c8f55707aa4]::panicking::default_hook
[INFO] [stdout]    5:     0x6040bd150052 - std[70759c8f55707aa4]::panicking::panic_with_hook
[INFO] [stdout]    6:     0x6040bd177391 - std[70759c8f55707aa4]::panicking::panic_handler::{closure#0}
[INFO] [stdout]    7:     0x6040bd177349 - std[70759c8f55707aa4]::sys::backtrace::__rust_end_short_backtrace::<std[70759c8f55707aa4]::panicking::panic_handler::{closure#0}, !>
[INFO] [stdout]    8:     0x6040bd17785c - __rustc[8fa7c3cbc660c2b3]::rust_begin_unwind
[INFO] [stdout]    9:     0x6040bd118f2b - core[df12db4294e9bfd3]::panicking::panic_fmt
[INFO] [stdout]   10:     0x6040bd11c9e1 - core[df12db4294e9bfd3]::result::unwrap_failed
[INFO] [stdout]   11:     0x6040bd07e24c - moc[9ba9363115bdae11]::moc2d::range::op::tests::test_union_with_resource
[INFO] [stdout]   12:     0x6040bd0f69a5 - <moc[9ba9363115bdae11]::moc2d::range::op::tests::test_union_assocdata_vsx::{closure#0} as core[df12db4294e9bfd3]::ops::function::FnOnce<()>>::call_once
[INFO] [stdout]   13:     0x6040bd1925eb - test[9d35eded1c95d3be]::__rust_begin_short_backtrace::<core[df12db4294e9bfd3]::result::Result<(), alloc[2182bb758b4b3781]::string::String>, fn() -> core[df12db4294e9bfd3]::result::Result<(), alloc[2182bb758b4b3781]::string::String>>
[INFO] [stdout]   14:     0x6040bd18dbff - test[9d35eded1c95d3be]::run_test::{closure#0}
[INFO] [stdout]   15:     0x6040bd18d67c - std[70759c8f55707aa4]::sys::backtrace::__rust_begin_short_backtrace::<test[9d35eded1c95d3be]::run_test::{closure#1}, ()>
[INFO] [stdout]   16:     0x6040bd1a850c - <std[70759c8f55707aa4]::thread::lifecycle::spawn_unchecked<test[9d35eded1c95d3be]::run_test::{closure#1}, ()>::{closure#1} as core[df12db4294e9bfd3]::ops::function::FnOnce<()>>::call_once::{shim:vtable#0}
[INFO] [stdout]   17:     0x6040bd178cb2 - <std[70759c8f55707aa4]::sys::thread::unix::Thread>::new::thread_start
[INFO] [stdout]   18:     0x768b3a1e0dfa - <unknown>
[INFO] [stdout]   19:     0x768b3a2743d4 - clone
[INFO] [stdout]   20:                0x0 - <unknown>
[INFO] [stdout] 
[INFO] [stdout] ---- moc2d::range::op::tests::test_union_xmm_chandra stdout ----
[INFO] [stdout] 
[INFO] [stdout] thread 'moc2d::range::op::tests::test_union_xmm_chandra' (1747) panicked at src/moc2d/range/op/mod.rs:410:59:
[INFO] [stdout] called `Result::unwrap()` on an `Err` value: Os { code: 2, kind: NotFound, message: "No such file or directory" }
[INFO] [stdout] stack backtrace:
[INFO] [stdout]    0:     0x6040bd151857 - <<std[70759c8f55707aa4]::sys::backtrace::BacktraceLock>::print::DisplayBacktrace as core[df12db4294e9bfd3]::fmt::Display>::fmt
[INFO] [stdout]    1:     0x6040bd11909a - core[df12db4294e9bfd3]::fmt::write
[INFO] [stdout]    2:     0x6040bd150e0b - <alloc[2182bb758b4b3781]::vec::Vec<u8> as core[df12db4294e9bfd3]::io::write::Write>::write_fmt
[INFO] [stdout]    3:     0x6040bd1508ef - std[70759c8f55707aa4]::panicking::default_hook::{closure#0}
[INFO] [stdout]    4:     0x6040bd15051a - std[70759c8f55707aa4]::panicking::default_hook
[INFO] [stdout]    5:     0x6040bd150052 - std[70759c8f55707aa4]::panicking::panic_with_hook
[INFO] [stdout]    6:     0x6040bd177391 - std[70759c8f55707aa4]::panicking::panic_handler::{closure#0}
[INFO] [stdout]    7:     0x6040bd177349 - std[70759c8f55707aa4]::sys::backtrace::__rust_end_short_backtrace::<std[70759c8f55707aa4]::panicking::panic_handler::{closure#0}, !>
[INFO] [stdout]    8:     0x6040bd17785c - __rustc[8fa7c3cbc660c2b3]::rust_begin_unwind
[INFO] [stdout]    9:     0x6040bd118f2b - core[df12db4294e9bfd3]::panicking::panic_fmt
[INFO] [stdout]   10:     0x6040bd11c9e1 - core[df12db4294e9bfd3]::result::unwrap_failed
[INFO] [stdout]   11:     0x6040bd07e24c - moc[9ba9363115bdae11]::moc2d::range::op::tests::test_union_with_resource
[INFO] [stdout]   12:     0x6040bd0f6945 - <moc[9ba9363115bdae11]::moc2d::range::op::tests::test_union_xmm_chandra::{closure#0} as core[df12db4294e9bfd3]::ops::function::FnOnce<()>>::call_once
[INFO] [stdout]   13:     0x6040bd1925eb - test[9d35eded1c95d3be]::__rust_begin_short_backtrace::<core[df12db4294e9bfd3]::result::Result<(), alloc[2182bb758b4b3781]::string::String>, fn() -> core[df12db4294e9bfd3]::result::Result<(), alloc[2182bb758b4b3781]::string::String>>
[INFO] [stdout]   14:     0x6040bd18dbff - test[9d35eded1c95d3be]::run_test::{closure#0}
[INFO] [stdout]   15:     0x6040bd18d67c - std[70759c8f55707aa4]::sys::backtrace::__rust_begin_short_backtrace::<test[9d35eded1c95d3be]::run_test::{closure#1}, ()>
[INFO] [stdout]   16:     0x6040bd1a850c - <std[70759c8f55707aa4]::thread::lifecycle::spawn_unchecked<test[9d35eded1c95d3be]::run_test::{closure#1}, ()>::{closure#1} as core[df12db4294e9bfd3]::ops::function::FnOnce<()>>::call_once::{shim:vtable#0}
[INFO] [stdout]   17:     0x6040bd178cb2 - <std[70759c8f55707aa4]::sys::thread::unix::Thread>::new::thread_start
[INFO] [stdout]   18:     0x768b3a1e0dfa - <unknown>
[INFO] [stdout]   19:     0x768b3a2743d4 - clone
[INFO] [stdout]   20:                0x0 - <unknown>
[INFO] [stdout] 
[INFO] [stdout] ---- moc::range::op::overlap::tests::overlap_it stdout ----
[INFO] [stdout] 
[INFO] [stdout] thread 'moc::range::op::overlap::tests::overlap_it' (1776) panicked at src/moc/range/op/overlap.rs:193:8:
[INFO] [stdout] called `Result::unwrap()` on an `Err` value: Os { code: 2, kind: NotFound, message: "No such file or directory" }
[INFO] [stdout] stack backtrace:
[INFO] [stdout]    0:     0x6040bd151857 - <<std[70759c8f55707aa4]::sys::backtrace::BacktraceLock>::print::DisplayBacktrace as core[df12db4294e9bfd3]::fmt::Display>::fmt
[INFO] [stdout]    1:     0x6040bd11909a - core[df12db4294e9bfd3]::fmt::write
[INFO] [stdout]    2:     0x6040bd150e0b - <alloc[2182bb758b4b3781]::vec::Vec<u8> as core[df12db4294e9bfd3]::io::write::Write>::write_fmt
[INFO] [stdout]    3:     0x6040bd1508ef - std[70759c8f55707aa4]::panicking::default_hook::{closure#0}
[INFO] [stdout]    4:     0x6040bd15051a - std[70759c8f55707aa4]::panicking::default_hook
[INFO] [stdout]    5:     0x6040bd150052 - std[70759c8f55707aa4]::panicking::panic_with_hook
[INFO] [stdout]    6:     0x6040bd177391 - std[70759c8f55707aa4]::panicking::panic_handler::{closure#0}
[INFO] [stdout]    7:     0x6040bd177349 - std[70759c8f55707aa4]::sys::backtrace::__rust_end_short_backtrace::<std[70759c8f55707aa4]::panicking::panic_handler::{closure#0}, !>
[INFO] [stdout]    8:     0x6040bd17785c - __rustc[8fa7c3cbc660c2b3]::rust_begin_unwind
[INFO] [stdout]    9:     0x6040bd118f2b - core[df12db4294e9bfd3]::panicking::panic_fmt
[INFO] [stdout]   10:     0x6040bd11c9e1 - core[df12db4294e9bfd3]::result::unwrap_failed
[INFO] [stdout]   11:     0x6040bd07fe8a - moc[9ba9363115bdae11]::moc::range::op::overlap::tests::load_moc
[INFO] [stdout]   12:     0x6040bd1001cd - <moc[9ba9363115bdae11]::moc::range::op::overlap::tests::overlap_it::{closure#0} as core[df12db4294e9bfd3]::ops::function::FnOnce<()>>::call_once
[INFO] [stdout]   13:     0x6040bd1925eb - test[9d35eded1c95d3be]::__rust_begin_short_backtrace::<core[df12db4294e9bfd3]::result::Result<(), alloc[2182bb758b4b3781]::string::String>, fn() -> core[df12db4294e9bfd3]::result::Result<(), alloc[2182bb758b4b3781]::string::String>>
[INFO] [stdout]   14:     0x6040bd18dbff - test[9d35eded1c95d3be]::run_test::{closure#0}
[INFO] [stdout]   15:     0x6040bd18d67c - std[70759c8f55707aa4]::sys::backtrace::__rust_begin_short_backtrace::<test[9d35eded1c95d3be]::run_test::{closure#1}, ()>
[INFO] [stdout]   16:     0x6040bd1a850c - <std[70759c8f55707aa4]::thread::lifecycle::spawn_unchecked<test[9d35eded1c95d3be]::run_test::{closure#1}, ()>::{closure#1} as core[df12db4294e9bfd3]::ops::function::FnOnce<()>>::call_once::{shim:vtable#0}
[INFO] [stdout]   17:     0x6040bd178cb2 - <std[70759c8f55707aa4]::sys::thread::unix::Thread>::new::thread_start
[INFO] [stdout]   18:     0x768b3a1e0dfa - <unknown>
[INFO] [stdout]   19:     0x768b3a2743d4 - clone
[INFO] [stdout]   20:                0x0 - <unknown>
[INFO] [stdout] 
[INFO] [stdout] ---- moc::range::op::or::tests::test_or stdout ----
[INFO] [stdout] 
[INFO] [stdout] thread 'moc::range::op::or::tests::test_or' (1775) panicked at src/moc/range/op/or.rs:325:8:
[INFO] [stdout] called `Result::unwrap()` on an `Err` value: Os { code: 2, kind: NotFound, message: "No such file or directory" }
[INFO] [stdout] stack backtrace:
[INFO] [stdout]    0:     0x6040bd151857 - <<std[70759c8f55707aa4]::sys::backtrace::BacktraceLock>::print::DisplayBacktrace as core[df12db4294e9bfd3]::fmt::Display>::fmt
[INFO] [stdout]    1:     0x6040bd11909a - core[df12db4294e9bfd3]::fmt::write
[INFO] [stdout]    2:     0x6040bd150e0b - <alloc[2182bb758b4b3781]::vec::Vec<u8> as core[df12db4294e9bfd3]::io::write::Write>::write_fmt
[INFO] [stdout]    3:     0x6040bd1508ef - std[70759c8f55707aa4]::panicking::default_hook::{closure#0}
[INFO] [stdout]    4:     0x6040bd15051a - std[70759c8f55707aa4]::panicking::default_hook
[INFO] [stdout]    5:     0x6040bd150052 - std[70759c8f55707aa4]::panicking::panic_with_hook
[INFO] [stdout]    6:     0x6040bd177391 - std[70759c8f55707aa4]::panicking::panic_handler::{closure#0}
[INFO] [stdout]    7:     0x6040bd177349 - std[70759c8f55707aa4]::sys::backtrace::__rust_end_short_backtrace::<std[70759c8f55707aa4]::panicking::panic_handler::{closure#0}, !>
[INFO] [stdout]    8:     0x6040bd17785c - __rustc[8fa7c3cbc660c2b3]::rust_begin_unwind
[INFO] [stdout]    9:     0x6040bd118f2b - core[df12db4294e9bfd3]::panicking::panic_fmt
[INFO] [stdout]   10:     0x6040bd11c9e1 - core[df12db4294e9bfd3]::result::unwrap_failed
[INFO] [stdout]   11:     0x6040bd07ec4a - moc[9ba9363115bdae11]::moc::range::op::or::tests::load_moc
[INFO] [stdout]   12:     0x6040bd0fabbd - <moc[9ba9363115bdae11]::moc::range::op::or::tests::test_or::{closure#0} as core[df12db4294e9bfd3]::ops::function::FnOnce<()>>::call_once
[INFO] [stdout]   13:     0x6040bd1925eb - test[9d35eded1c95d3be]::__rust_begin_short_backtrace::<core[df12db4294e9bfd3]::result::Result<(), alloc[2182bb758b4b3781]::string::String>, fn() -> core[df12db4294e9bfd3]::result::Result<(), alloc[2182bb758b4b3781]::string::String>>
[INFO] [stdout]   14:     0x6040bd18dbff - test[9d35eded1c95d3be]::run_test::{closure#0}
[INFO] [stdout]   15:     0x6040bd18d67c - std[70759c8f55707aa4]::sys::backtrace::__rust_begin_short_backtrace::<test[9d35eded1c95d3be]::run_test::{closure#1}, ()>
[INFO] [stdout]   16:     0x6040bd1a850c - <std[70759c8f55707aa4]::thread::lifecycle::spawn_unchecked<test[9d35eded1c95d3be]::run_test::{closure#1}, ()>::{closure#1} as core[df12db4294e9bfd3]::ops::function::FnOnce<()>>::call_once::{shim:vtable#0}
[INFO] [stdout]   17:     0x6040bd178cb2 - <std[70759c8f55707aa4]::sys::thread::unix::Thread>::new::thread_start
[INFO] [stdout]   18:     0x768b3a1e0dfa - <unknown>
[INFO] [stdout]   19:     0x768b3a2743d4 - clone
[INFO] [stdout]   20:                0x0 - <unknown>
[INFO] [stdout] 
[INFO] [stdout] ---- moc::range::tests::test_border_elementary_edges_2 stdout ----
[INFO] [stdout] 
[INFO] [stdout] thread 'moc::range::tests::test_border_elementary_edges_2' (1779) panicked at src/moc/range/mod.rs:1836:10:
[INFO] [stdout] called `Result::unwrap()` on an `Err` value: Os { code: 2, kind: NotFound, message: "No such file or directory" }
[INFO] [stdout] stack backtrace:
[INFO] [stdout]    0:     0x6040bd151857 - <<std[70759c8f55707aa4]::sys::backtrace::BacktraceLock>::print::DisplayBacktrace as core[df12db4294e9bfd3]::fmt::Display>::fmt
[INFO] [stdout]    1:     0x6040bd11909a - core[df12db4294e9bfd3]::fmt::write
[INFO] [stdout]    2:     0x6040bd150e0b - <alloc[2182bb758b4b3781]::vec::Vec<u8> as core[df12db4294e9bfd3]::io::write::Write>::write_fmt
[INFO] [stdout]    3:     0x6040bd1508ef - std[70759c8f55707aa4]::panicking::default_hook::{closure#0}
[INFO] [stdout]    4:     0x6040bd15051a - std[70759c8f55707aa4]::panicking::default_hook
[INFO] [stdout]    5:     0x6040bd150052 - std[70759c8f55707aa4]::panicking::panic_with_hook
[INFO] [stdout]    6:     0x6040bd177391 - std[70759c8f55707aa4]::panicking::panic_handler::{closure#0}
[INFO] [stdout]    7:     0x6040bd177349 - std[70759c8f55707aa4]::sys::backtrace::__rust_end_short_backtrace::<std[70759c8f55707aa4]::panicking::panic_handler::{closure#0}, !>
[INFO] [stdout]    8:     0x6040bd17785c - __rustc[8fa7c3cbc660c2b3]::rust_begin_unwind
[INFO] [stdout]    9:     0x6040bd118f2b - core[df12db4294e9bfd3]::panicking::panic_fmt
[INFO] [stdout]   10:     0x6040bd11c9e1 - core[df12db4294e9bfd3]::result::unwrap_failed
[INFO] [stdout]   11:     0x6040bd0d2eba - <moc[9ba9363115bdae11]::moc::range::tests::test_border_elementary_edges_2::{closure#0} as core[df12db4294e9bfd3]::ops::function::FnOnce<()>>::call_once
[INFO] [stdout]   12:     0x6040bd1925eb - test[9d35eded1c95d3be]::__rust_begin_short_backtrace::<core[df12db4294e9bfd3]::result::Result<(), alloc[2182bb758b4b3781]::string::String>, fn() -> core[df12db4294e9bfd3]::result::Result<(), alloc[2182bb758b4b3781]::string::String>>
[INFO] [stdout]   13:     0x6040bd18dbff - test[9d35eded1c95d3be]::run_test::{closure#0}
[INFO] [stdout]   14:     0x6040bd18d67c - std[70759c8f55707aa4]::sys::backtrace::__rust_begin_short_backtrace::<test[9d35eded1c95d3be]::run_test::{closure#1}, ()>
[INFO] [stdout]   15:     0x6040bd1a850c - <std[70759c8f55707aa4]::thread::lifecycle::spawn_unchecked<test[9d35eded1c95d3be]::run_test::{closure#1}, ()>::{closure#1} as core[df12db4294e9bfd3]::ops::function::FnOnce<()>>::call_once::{shim:vtable#0}
[INFO] [stdout]   16:     0x6040bd178cb2 - <std[70759c8f55707aa4]::sys::thread::unix::Thread>::new::thread_start
[INFO] [stdout]   17:     0x768b3a1e0dfa - <unknown>
[INFO] [stdout]   18:     0x768b3a2743d4 - clone
[INFO] [stdout]   19:                0x0 - <unknown>
[INFO] [stdout] 
[INFO] [stdout] ---- moc::range::op::minus::tests::test_minus stdout ----
[INFO] [stdout] 
[INFO] [stdout] thread 'moc::range::op::minus::tests::test_minus' (1774) panicked at src/moc/range/op/minus.rs:222:8:
[INFO] [stdout] called `Result::unwrap()` on an `Err` value: Os { code: 2, kind: NotFound, message: "No such file or directory" }
[INFO] [stdout] stack backtrace:
[INFO] [stdout]    0:     0x6040bd151857 - <<std[70759c8f55707aa4]::sys::backtrace::BacktraceLock>::print::DisplayBacktrace as core[df12db4294e9bfd3]::fmt::Display>::fmt
[INFO] [stdout]    1:     0x6040bd11909a - core[df12db4294e9bfd3]::fmt::write
[INFO] [stdout]    2:     0x6040bd150e0b - <alloc[2182bb758b4b3781]::vec::Vec<u8> as core[df12db4294e9bfd3]::io::write::Write>::write_fmt
[INFO] [stdout]    3:     0x6040bd1508ef - std[70759c8f55707aa4]::panicking::default_hook::{closure#0}
[INFO] [stdout]    4:     0x6040bd15051a - std[70759c8f55707aa4]::panicking::default_hook
[INFO] [stdout]    5:     0x6040bd150052 - std[70759c8f55707aa4]::panicking::panic_with_hook
[INFO] [stdout]    6:     0x6040bd177391 - std[70759c8f55707aa4]::panicking::panic_handler::{closure#0}
[INFO] [stdout]    7:     0x6040bd177349 - std[70759c8f55707aa4]::sys::backtrace::__rust_end_short_backtrace::<std[70759c8f55707aa4]::panicking::panic_handler::{closure#0}, !>
[INFO] [stdout]    8:     0x6040bd17785c - __rustc[8fa7c3cbc660c2b3]::rust_begin_unwind
[INFO] [stdout]    9:     0x6040bd118f2b - core[df12db4294e9bfd3]::panicking::panic_fmt
[INFO] [stdout]   10:     0x6040bd11c9e1 - core[df12db4294e9bfd3]::result::unwrap_failed
[INFO] [stdout]   11:     0x6040bd07f9fa - moc[9ba9363115bdae11]::moc::range::op::minus::tests::load_moc
[INFO] [stdout]   12:     0x6040bd0fed42 - <moc[9ba9363115bdae11]::moc::range::op::minus::tests::test_minus::{closure#0} as core[df12db4294e9bfd3]::ops::function::FnOnce<()>>::call_once
[INFO] [stdout]   13:     0x6040bd1925eb - test[9d35eded1c95d3be]::__rust_begin_short_backtrace::<core[df12db4294e9bfd3]::result::Result<(), alloc[2182bb758b4b3781]::string::String>, fn() -> core[df12db4294e9bfd3]::result::Result<(), alloc[2182bb758b4b3781]::string::String>>
[INFO] [stdout]   14:     0x6040bd18dbff - test[9d35eded1c95d3be]::run_test::{closure#0}
[INFO] [stdout]   15:     0x6040bd18d67c - std[70759c8f55707aa4]::sys::backtrace::__rust_begin_short_backtrace::<test[9d35eded1c95d3be]::run_test::{closure#1}, ()>
[INFO] [stdout]   16:     0x6040bd1a850c - <std[70759c8f55707aa4]::thread::lifecycle::spawn_unchecked<test[9d35eded1c95d3be]::run_test::{closure#1}, ()>::{closure#1} as core[df12db4294e9bfd3]::ops::function::FnOnce<()>>::call_once::{shim:vtable#0}
[INFO] [stdout]   17:     0x6040bd178cb2 - <std[70759c8f55707aa4]::sys::thread::unix::Thread>::new::thread_start
[INFO] [stdout]   18:     0x768b3a1e0dfa - <unknown>
[INFO] [stdout]   19:     0x768b3a2743d4 - clone
[INFO] [stdout]   20:                0x0 - <unknown>
[INFO] [stdout] 
[INFO] [stdout] ---- moc::range::op::and::tests::test_and stdout ----
[INFO] [stdout] 
[INFO] [stdout] thread 'moc::range::op::and::tests::test_and' (1772) panicked at src/moc/range/op/and.rs:233:8:
[INFO] [stdout] called `Result::unwrap()` on an `Err` value: Os { code: 2, kind: NotFound, message: "No such file or directory" }
[INFO] [stdout] stack backtrace:
[INFO] [stdout]    0:     0x6040bd151857 - <<std[70759c8f55707aa4]::sys::backtrace::BacktraceLock>::print::DisplayBacktrace as core[df12db4294e9bfd3]::fmt::Display>::fmt
[INFO] [stdout]    1:     0x6040bd11909a - core[df12db4294e9bfd3]::fmt::write
[INFO] [stdout]    2:     0x6040bd150e0b - <alloc[2182bb758b4b3781]::vec::Vec<u8> as core[df12db4294e9bfd3]::io::write::Write>::write_fmt
[INFO] [stdout]    3:     0x6040bd1508ef - std[70759c8f55707aa4]::panicking::default_hook::{closure#0}
[INFO] [stdout]    4:     0x6040bd15051a - std[70759c8f55707aa4]::panicking::default_hook
[INFO] [stdout]    5:     0x6040bd150052 - std[70759c8f55707aa4]::panicking::panic_with_hook
[INFO] [stdout]    6:     0x6040bd177391 - std[70759c8f55707aa4]::panicking::panic_handler::{closure#0}
[INFO] [stdout]    7:     0x6040bd177349 - std[70759c8f55707aa4]::sys::backtrace::__rust_end_short_backtrace::<std[70759c8f55707aa4]::panicking::panic_handler::{closure#0}, !>
[INFO] [stdout]    8:     0x6040bd17785c - __rustc[8fa7c3cbc660c2b3]::rust_begin_unwind
[INFO] [stdout]    9:     0x6040bd118f2b - core[df12db4294e9bfd3]::panicking::panic_fmt
[INFO] [stdout]   10:     0x6040bd11c9e1 - core[df12db4294e9bfd3]::result::unwrap_failed
[INFO] [stdout]   11:     0x6040bd07f0da - moc[9ba9363115bdae11]::moc::range::op::and::tests::load_moc
[INFO] [stdout]   12:     0x6040bd0fc7cd - <moc[9ba9363115bdae11]::moc::range::op::and::tests::test_and::{closure#0} as core[df12db4294e9bfd3]::ops::function::FnOnce<()>>::call_once
[INFO] [stdout]   13:     0x6040bd1925eb - test[9d35eded1c95d3be]::__rust_begin_short_backtrace::<core[df12db4294e9bfd3]::result::Result<(), alloc[2182bb758b4b3781]::string::String>, fn() -> core[df12db4294e9bfd3]::result::Result<(), alloc[2182bb758b4b3781]::string::String>>
[INFO] [stdout]   14:     0x6040bd18dbff - test[9d35eded1c95d3be]::run_test::{closure#0}
[INFO] [stdout]   15:     0x6040bd18d67c - std[70759c8f55707aa4]::sys::backtrace::__rust_begin_short_backtrace::<test[9d35eded1c95d3be]::run_test::{closure#1}, ()>
[INFO] [stdout]   16:     0x6040bd1a850c - <std[70759c8f55707aa4]::thread::lifecycle::spawn_unchecked<test[9d35eded1c95d3be]::run_test::{closure#1}, ()>::{closure#1} as core[df12db4294e9bfd3]::ops::function::FnOnce<()>>::call_once::{shim:vtable#0}
[INFO] [stdout]   17:     0x6040bd178cb2 - <std[70759c8f55707aa4]::sys::thread::unix::Thread>::new::thread_start
[INFO] [stdout]   18:     0x768b3a1e0dfa - <unknown>
[INFO] [stdout]   19:     0x768b3a2743d4 - clone
[INFO] [stdout]   20:                0x0 - <unknown>
[INFO] [stdout] 
[INFO] [stdout] ---- moc::range::op::xor::tests::test_xor stdout ----
[INFO] [stdout] 
[INFO] [stdout] thread 'moc::range::op::xor::tests::test_xor' (1777) panicked at src/moc/range/op/xor.rs:252:8:
[INFO] [stdout] called `Result::unwrap()` on an `Err` value: Os { code: 2, kind: NotFound, message: "No such file or directory" }
[INFO] [stdout] stack backtrace:
[INFO] [stdout]    0:     0x6040bd151857 - <<std[70759c8f55707aa4]::sys::backtrace::BacktraceLock>::print::DisplayBacktrace as core[df12db4294e9bfd3]::fmt::Display>::fmt
[INFO] [stdout]    1:     0x6040bd11909a - core[df12db4294e9bfd3]::fmt::write
[INFO] [stdout]    2:     0x6040bd150e0b - <alloc[2182bb758b4b3781]::vec::Vec<u8> as core[df12db4294e9bfd3]::io::write::Write>::write_fmt
[INFO] [stdout]    3:     0x6040bd1508ef - std[70759c8f55707aa4]::panicking::default_hook::{closure#0}
[INFO] [stdout]    4:     0x6040bd15051a - std[70759c8f55707aa4]::panicking::default_hook
[INFO] [stdout]    5:     0x6040bd150052 - std[70759c8f55707aa4]::panicking::panic_with_hook
[INFO] [stdout]    6:     0x6040bd177391 - std[70759c8f55707aa4]::panicking::panic_handler::{closure#0}
[INFO] [stdout]    7:     0x6040bd177349 - std[70759c8f55707aa4]::sys::backtrace::__rust_end_short_backtrace::<std[70759c8f55707aa4]::panicking::panic_handler::{closure#0}, !>
[INFO] [stdout]    8:     0x6040bd17785c - __rustc[8fa7c3cbc660c2b3]::rust_begin_unwind
[INFO] [stdout]    9:     0x6040bd118f2b - core[df12db4294e9bfd3]::panicking::panic_fmt
[INFO] [stdout]   10:     0x6040bd11c9e1 - core[df12db4294e9bfd3]::result::unwrap_failed
[INFO] [stdout]   11:     0x6040bd07f56a - moc[9ba9363115bdae11]::moc::range::op::xor::tests::load_moc
[INFO] [stdout]   12:     0x6040bd0fdc8d - <moc[9ba9363115bdae11]::moc::range::op::xor::tests::test_xor::{closure#0} as core[df12db4294e9bfd3]::ops::function::FnOnce<()>>::call_once
[INFO] [stdout]   13:     0x6040bd1925eb - test[9d35eded1c95d3be]::__rust_begin_short_backtrace::<core[df12db4294e9bfd3]::result::Result<(), alloc[2182bb758b4b3781]::string::String>, fn() -> core[df12db4294e9bfd3]::result::Result<(), alloc[2182bb758b4b3781]::string::String>>
[INFO] [stdout]   14:     0x6040bd18dbff - test[9d35eded1c95d3be]::run_test::{closure#0}
[INFO] [stdout]   15:     0x6040bd18d67c - std[70759c8f55707aa4]::sys::backtrace::__rust_begin_short_backtrace::<test[9d35eded1c95d3be]::run_test::{closure#1}, ()>
[INFO] [stdout]   16:     0x6040bd1a850c - <std[70759c8f55707aa4]::thread::lifecycle::spawn_unchecked<test[9d35eded1c95d3be]::run_test::{closure#1}, ()>::{closure#1} as core[df12db4294e9bfd3]::ops::function::FnOnce<()>>::call_once::{shim:vtable#0}
[INFO] [stdout]   17:     0x6040bd178cb2 - <std[70759c8f55707aa4]::sys::thread::unix::Thread>::new::thread_start
[INFO] [stdout]   18:     0x768b3a1e0dfa - <unknown>
[INFO] [stdout]   19:     0x768b3a2743d4 - clone
[INFO] [stdout]   20:                0x0 - <unknown>
[INFO] [stdout] 
[INFO] [stdout] ---- deser::fits::multiordermap::tests::test_mutliordermap stdout ----
[INFO] [stdout] 
[INFO] [stdout] thread 'deser::fits::multiordermap::tests::test_mutliordermap' (1701) panicked at src/deser/fits/multiordermap.rs:297:8:
[INFO] [stdout] called `Result::unwrap()` on an `Err` value: Os { code: 2, kind: NotFound, message: "No such file or directory" }
[INFO] [stdout] stack backtrace:
[INFO] [stdout]    0:     0x6040bd151857 - <<std[70759c8f55707aa4]::sys::backtrace::BacktraceLock>::print::DisplayBacktrace as core[df12db4294e9bfd3]::fmt::Display>::fmt
[INFO] [stdout]    1:     0x6040bd11909a - core[df12db4294e9bfd3]::fmt::write
[INFO] [stdout]    2:     0x6040bd150e0b - <alloc[2182bb758b4b3781]::vec::Vec<u8> as core[df12db4294e9bfd3]::io::write::Write>::write_fmt
[INFO] [stdout]    3:     0x6040bd1508ef - std[70759c8f55707aa4]::panicking::default_hook::{closure#0}
[INFO] [stdout]    4:     0x6040bd15051a - std[70759c8f55707aa4]::panicking::default_hook
[INFO] [stdout]    5:     0x6040bd150052 - std[70759c8f55707aa4]::panicking::panic_with_hook
[INFO] [stdout]    6:     0x6040bd177391 - std[70759c8f55707aa4]::panicking::panic_handler::{closure#0}
[INFO] [stdout]    7:     0x6040bd177349 - std[70759c8f55707aa4]::sys::backtrace::__rust_end_short_backtrace::<std[70759c8f55707aa4]::panicking::panic_handler::{closure#0}, !>
[INFO] [stdout]    8:     0x6040bd17785c - __rustc[8fa7c3cbc660c2b3]::rust_begin_unwind
[INFO] [stdout]    9:     0x6040bd118f2b - core[df12db4294e9bfd3]::panicking::panic_fmt
[INFO] [stdout]   10:     0x6040bd11c9e1 - core[df12db4294e9bfd3]::result::unwrap_failed
[INFO] [stdout]   11:     0x6040bd0f02b6 - <moc[9ba9363115bdae11]::deser::fits::multiordermap::tests::test_mutliordermap::{closure#0} as core[df12db4294e9bfd3]::ops::function::FnOnce<()>>::call_once
[INFO] [stdout]   12:     0x6040bd1925eb - test[9d35eded1c95d3be]::__rust_begin_short_backtrace::<core[df12db4294e9bfd3]::result::Result<(), alloc[2182bb758b4b3781]::string::String>, fn() -> core[df12db4294e9bfd3]::result::Result<(), alloc[2182bb758b4b3781]::string::String>>
[INFO] [stdout]   13:     0x6040bd18dbff - test[9d35eded1c95d3be]::run_test::{closure#0}
[INFO] [stdout]   14:     0x6040bd18d67c - std[70759c8f55707aa4]::sys::backtrace::__rust_begin_short_backtrace::<test[9d35eded1c95d3be]::run_test::{closure#1}, ()>
[INFO] [stdout]   15:     0x6040bd1a850c - <std[70759c8f55707aa4]::thread::lifecycle::spawn_unchecked<test[9d35eded1c95d3be]::run_test::{closure#1}, ()>::{closure#1} as core[df12db4294e9bfd3]::ops::function::FnOnce<()>>::call_once::{shim:vtable#0}
[INFO] [stdout]   16:     0x6040bd178cb2 - <std[70759c8f55707aa4]::sys::thread::unix::Thread>::new::thread_start
[INFO] [stdout]   17:     0x768b3a1e0dfa - <unknown>
[INFO] [stdout]   18:     0x768b3a2743d4 - clone
[INFO] [stdout]   19:                0x0 - <unknown>
[INFO] [stdout] 
[INFO] [stdout] 
[INFO] [stdout] failures:
[INFO] [stdout]     deser::fits::multiordermap::tests::test_mutliordermap
[INFO] [stdout]     deser::fits::multiordermap::tests::test_mutliordermap_sum
[INFO] [stdout]     deser::fits::skymap::tests::test_skymap_v1
[INFO] [stdout]     deser::fits::skymap::tests::test_skymap_v2
[INFO] [stdout]     deser::fits::skymap::tests::test_skymap_v3
[INFO] [stdout]     deser::fits::skymap::tests::test_skymap_v4
[INFO] [stdout]     deser::fits::skymap::tests::test_skymap_v5
[INFO] [stdout]     deser::fits::tests::test_moc2d_to_fits
[INFO] [stdout]     deser::fits::tests::test_read_sfmoc_fits
[INFO] [stdout]     deser::fits::tests::test_read_v1_smoc_fits
[INFO] [stdout]     deser::fits::tests::test_read_v2_smoc_uniq_fits
[INFO] [stdout]     deser::fits::tests::test_read_v2_tmoc_fits
[INFO] [stdout]     deser::fits::tests::test_write_cells_fits
[INFO] [stdout]     deser::fits::tests::test_write_ranges2d_fits
[INFO] [stdout]     deser::fits::tests::test_write_ranges_fits
[INFO] [stdout]     deser::img::tests::test_img
[INFO] [stdout]     deser::img::tests::test_img_auto_allsky
[INFO] [stdout]     deser::json::tests::test_stmoc_from_json_large
[INFO] [stdout]     moc2d::range::op::tests::test_union_assocdata_vsx
[INFO] [stdout]     moc2d::range::op::tests::test_union_xmm_chandra
[INFO] [stdout]     moc::range::op::and::tests::test_and
[INFO] [stdout]     moc::range::op::minus::tests::test_minus
[INFO] [stdout]     moc::range::op::or::tests::test_or
[INFO] [stdout]     moc::range::op::overlap::tests::overlap_it
[INFO] [stdout]     moc::range::op::xor::tests::test_xor
[INFO] [stdout]     moc::range::tests::test_border_elementary_edges_2
[INFO] [stdout] 
[INFO] [stdout] test result: FAILED. 94 passed; 26 failed; 0 ignored; 0 measured; 0 filtered out; finished in 0.13s
[INFO] [stdout] 
[INFO] [stderr] error: test failed, to rerun pass `--lib`
[INFO] running `Command { std: "docker" "inspect" "62a34a57c822801e099929b5af95d3343a285078ecd82cc44f2fa302d789d52c", kill_on_drop: false }`
[INFO] running `Command { std: "docker" "rm" "-f" "62a34a57c822801e099929b5af95d3343a285078ecd82cc44f2fa302d789d52c", kill_on_drop: false }`
[INFO] [stdout] 62a34a57c822801e099929b5af95d3343a285078ecd82cc44f2fa302d789d52c
