[INFO] fetching crate mobench 0.2.0...
[INFO] testing mobench-0.2.0 against 1.99.0-beta.8+cargoflags=--release for beta-release-1.100-2
[INFO] extracting crate mobench 0.2.0 into /workspace/builds/worker-4-tc1/source
[INFO] started tweaking crates.io crate mobench 0.2.0
[INFO] removed 0 missing tests
[INFO] finished tweaking crates.io crate mobench 0.2.0
[INFO] tweaked toml for crates.io crate mobench 0.2.0 written to /workspace/builds/worker-4-tc1/source/Cargo.toml
[INFO] validating manifest of crates.io crate mobench 0.2.0 on toolchain 1.99.0-beta.8
[INFO] running `Command { std: CARGO_HOME="/workspace/cargo-home" RUSTUP_HOME="/workspace/rustup-home" "/workspace/cargo-home/bin/cargo" "+1.99.0-beta.8" "metadata" "--manifest-path" "Cargo.toml" "--no-deps", kill_on_drop: false }`
[INFO] crate crates.io crate mobench 0.2.0 already has a lockfile, it will not be regenerated
[INFO] running `Command { std: CARGO_HOME="/workspace/cargo-home" RUSTUP_HOME="/workspace/rustup-home" "/workspace/cargo-home/bin/cargo" "+1.99.0-beta.8" "fetch" "--manifest-path" "Cargo.toml", kill_on_drop: false }`
[INFO] [stderr]     Updating crates.io index
[INFO] [stderr]  Downloading crates ...
[INFO] [stderr]   Downloaded tracing v0.1.43
[INFO] [stderr]   Downloaded fastrand v2.3.0
[INFO] [stderr]   Downloaded time-core v0.1.8
[INFO] [stderr]   Downloaded num-conv v0.2.1
[INFO] [stderr]   Downloaded time-macros v0.2.27
[INFO] [stderr]   Downloaded tempfile v3.23.0
[INFO] [stderr]   Downloaded find-msvc-tools v0.1.5
[INFO] [stderr]   Downloaded mobench-runtime v0.2.0
[INFO] [stderr]   Downloaded mobench-macros v0.2.0
[INFO] [stderr]   Downloaded include_dir v0.7.4
[INFO] [stderr]   Downloaded mobench-domain v0.2.0
[INFO] [stderr]   Downloaded mobench-provider v0.2.0
[INFO] [stderr]   Downloaded include_dir_macros v0.7.4
[INFO] [stderr]   Downloaded mobench-report v0.2.0
[INFO] [stderr]   Downloaded ryu v1.0.20
[INFO] [stderr]   Downloaded rustls-pki-types v1.13.1
[INFO] [stderr]   Downloaded unicase v2.8.1
[INFO] [stderr]   Downloaded rusty-fork v0.3.1
[INFO] [stderr]   Downloaded mobench-process v0.2.0
[INFO] [stderr]   Downloaded fs2 v0.4.3
[INFO] [stderr]   Downloaded str_stack v0.1.0
[INFO] [stderr]   Downloaded tracing-core v0.1.35
[INFO] [stderr]   Downloaded serde_yaml v0.9.34+deprecated
[INFO] [stderr]   Downloaded inventory v0.3.21
[INFO] [stderr]   Downloaded iso8601 v0.6.3
[INFO] [stderr]   Downloaded clap_lex v0.7.6
[INFO] [stderr]   Downloaded rgb v0.8.53
[INFO] [stderr]   Downloaded ctrlc v3.5.1
[INFO] [stderr]   Downloaded url v2.5.7
[INFO] [stderr]   Downloaded clap_derive v4.5.49
[INFO] [stderr]   Downloaded anyhow v1.0.103
[INFO] [stderr]   Downloaded is-terminal v0.4.17
[INFO] [stderr]   Downloaded mobench-artifacts v0.2.0
[INFO] [stderr]   Downloaded uuid v1.21.0
[INFO] [stderr]   Downloaded crossbeam-deque v0.8.6
[INFO] [stderr]   Downloaded criterion-plot v0.5.0
[INFO] [stderr]   Downloaded indexmap v2.12.1
[INFO] [stderr]   Downloaded cc v1.2.49
[INFO] [stderr]   Downloaded rand v0.9.3
[INFO] [stderr]   Downloaded zerocopy-derive v0.8.31
[INFO] [stderr]   Downloaded clap v4.5.53
[INFO] [stderr]   Downloaded bytemuck v1.25.0
[INFO] [stderr]   Downloaded num-format v0.4.4
[INFO] [stderr]   Downloaded dotenvy v0.15.7
[INFO] [stderr]   Downloaded block2 v0.6.2
[INFO] [stderr]   Downloaded hermit-abi v0.5.2
[INFO] [stderr]   Downloaded fancy-regex v0.13.0
[INFO] [stderr]   Downloaded inferno v0.12.7
[INFO] [stderr]   Downloaded comfy-table v7.2.2
[INFO] [stderr]   Downloaded time v0.3.47
[INFO] [stderr]   Downloaded serde_json v1.0.145
[INFO] [stderr]   Downloaded reqwest v0.12.26
[INFO] [stderr]   Downloaded iri-string v0.7.9
[INFO] [stderr]   Downloaded jsonschema v0.18.3
[INFO] [stderr]   Downloaded mobench-sdk v0.2.0
[INFO] [stderr]   Downloaded criterion v0.5.1
[INFO] [stderr]   Downloaded clap_builder v4.5.53
[INFO] [stderr]   Downloaded crossterm v0.29.0
[INFO] [stderr]   Downloaded webpki-roots v1.0.4
[INFO] [stderr]   Downloaded zerocopy v0.8.31
[INFO] [stderr]   Downloaded regex-syntax v0.8.9
[INFO] [stderr]   Downloaded rustls v0.23.35
[INFO] [stderr]   Downloaded nix v0.30.1
[INFO] [stderr]   Downloaded rustix v1.1.2
[INFO] [stderr]   Downloaded libc v0.2.178
[INFO] [stderr]   Downloaded tokio v1.48.0
[INFO] [stderr]   Downloaded linux-raw-sys v0.11.0
[INFO] running `Command { std: "docker" "create" "-v" "/var/lib/crater-agent-workspace/builds/worker-4-tc1/source:/opt/rustwide/workdir:ro,Z" "-v" "/var/lib/crater-agent-workspace/builds/worker-4-tc1/target:/opt/rustwide/target:rw,Z" "-v" "/var/lib/crater-agent-workspace/cargo-home:/opt/rustwide/cargo-home:ro,Z" "-v" "/var/lib/crater-agent-workspace/rustup-home:/opt/rustwide/rustup-home:ro,Z" "-m" "1610612736" "--network" "none" "ghcr.io/rust-lang/crates-build-env/linux@sha256:77db811e55d90add9212f6832c23229e3de5f1c1f9905e8cb07319ea15df73ac" "sleep" "infinity", kill_on_drop: false }`
[INFO] [stdout] e5355cdbabd2d8832cb9d6019abc3b0dcf42433fa23032ff0287b9637c3cafdf
[INFO] running `Command { std: "docker" "start" "e5355cdbabd2d8832cb9d6019abc3b0dcf42433fa23032ff0287b9637c3cafdf", kill_on_drop: false }`
[INFO] running `Command { std: "docker" "inspect" "e5355cdbabd2d8832cb9d6019abc3b0dcf42433fa23032ff0287b9637c3cafdf", kill_on_drop: false }`
[INFO] running `Command { std: "docker" "exec" "-e" "SOURCE_DIR=/opt/rustwide/workdir" "-e" "CARGO_HOME=/opt/rustwide/cargo-home" "-e" "RUSTUP_HOME=/opt/rustwide/rustup-home" "-e" "CARGO_TARGET_DIR=/opt/rustwide/target" "-w" "/opt/rustwide/workdir" "--user" "0:0" "e5355cdbabd2d8832cb9d6019abc3b0dcf42433fa23032ff0287b9637c3cafdf" "/opt/rustwide/cargo-home/bin/cargo" "+1.99.0-beta.8" "metadata" "--no-deps" "--format-version=1", kill_on_drop: false }`
[INFO] running `Command { std: "docker" "inspect" "e5355cdbabd2d8832cb9d6019abc3b0dcf42433fa23032ff0287b9637c3cafdf", kill_on_drop: false }`
[INFO] running `Command { std: "docker" "exec" "-e" "SOURCE_DIR=/opt/rustwide/workdir" "-e" "CARGO_HOME=/opt/rustwide/cargo-home" "-e" "RUSTUP_HOME=/opt/rustwide/rustup-home" "-e" "CARGO_TARGET_DIR=/opt/rustwide/target" "-e" "CARGO_INCREMENTAL=0" "-e" "RUST_BACKTRACE=full" "-e" "RUSTFLAGS=--cap-lints=warn" "-e" "RUSTDOCFLAGS=--cap-lints=warn" "-w" "/opt/rustwide/workdir" "--user" "0:0" "e5355cdbabd2d8832cb9d6019abc3b0dcf42433fa23032ff0287b9637c3cafdf" "/opt/rustwide/cargo-home/bin/cargo" "+1.99.0-beta.8" "build" "--frozen" "--message-format=json" "--release", kill_on_drop: false }`
[INFO] [stderr]    Compiling proc-macro2 v1.0.103
[INFO] [stderr]    Compiling libc v0.2.178
[INFO] [stderr]    Compiling serde_core v1.0.228
[INFO] [stderr]    Compiling serde v1.0.228
[INFO] [stderr]    Compiling futures-core v0.3.31
[INFO] [stderr]    Compiling find-msvc-tools v0.1.5
[INFO] [stderr]    Compiling thiserror v1.0.69
[INFO] [stderr]    Compiling bitflags v2.10.0
[INFO] [stderr]    Compiling typenum v1.19.0
[INFO] [stderr]    Compiling ryu v1.0.20
[INFO] [stderr]    Compiling futures-sink v0.3.31
[INFO] [stderr]    Compiling http v1.4.0
[INFO] [stderr]    Compiling serde_json v1.0.145
[INFO] [stderr]    Compiling pin-utils v0.1.0
[INFO] [stderr]    Compiling rustls-pki-types v1.13.1
[INFO] [stderr]    Compiling tracing-core v0.1.35
[INFO] [stderr]    Compiling futures-io v0.3.31
[INFO] [stderr]    Compiling futures-task v0.3.31
[INFO] [stderr]    Compiling slab v0.4.11
[INFO] [stderr]    Compiling rustls v0.23.35
[INFO] [stderr]    Compiling rustix v1.1.2
[INFO] [stderr]    Compiling getrandom v0.3.4
[INFO] [stderr]    Compiling cc v1.2.49
[INFO] [stderr]    Compiling indexmap v2.12.1
[INFO] [stderr]    Compiling httparse v1.10.1
[INFO] [stderr]    Compiling futures-channel v0.3.31
[INFO] [stderr]    Compiling futures-util v0.3.31
[INFO] [stderr]    Compiling linux-raw-sys v0.11.0
[INFO] [stderr]    Compiling zerocopy v0.8.31
[INFO] [stderr]    Compiling atomic-waker v1.1.2
[INFO] [stderr]    Compiling log v0.4.29
[INFO] [stderr]    Compiling quote v1.0.42
[INFO] [stderr]    Compiling unicase v2.8.1
[INFO] [stderr]    Compiling utf8parse v0.2.2
[INFO] [stderr]    Compiling anstyle-parse v0.2.7
[INFO] [stderr]    Compiling nix v0.30.1
[INFO] [stderr]    Compiling syn v2.0.111
[INFO] [stderr]    Compiling mime_guess v2.0.5
[INFO] [stderr]    Compiling sync_wrapper v1.0.2
[INFO] [stderr]    Compiling ahash v0.8.12
[INFO] [stderr]    Compiling colorchoice v1.0.4
[INFO] [stderr]    Compiling winnow v0.7.14
[INFO] [stderr]    Compiling anstyle v1.0.13
[INFO] [stderr]    Compiling mobench-runtime v0.2.0
[INFO] [stderr]    Compiling anstyle-query v1.1.5
[INFO] [stderr]    Compiling tower-layer v0.3.3
[INFO] [stderr]    Compiling ipnet v2.11.0
[INFO] [stderr]    Compiling http-body v1.0.1
[INFO] [stderr]    Compiling toml_write v0.1.2
[INFO] [stderr]    Compiling is_terminal_polyfill v1.70.2
[INFO] [stderr]    Compiling regex-syntax v0.8.9
[INFO] [stderr]    Compiling anstream v0.6.21
[INFO] [stderr]    Compiling generic-array v0.14.7
[INFO] [stderr]    Compiling include_dir_macros v0.7.4
[INFO] [stderr]    Compiling webpki-roots v1.0.4
[INFO] [stderr]    Compiling strsim v0.11.1
[INFO] [stderr]    Compiling bytemuck v1.25.0
[INFO] [stderr]    Compiling clap_lex v0.7.6
[INFO] [stderr]    Compiling block-buffer v0.10.4
[INFO] [stderr]    Compiling crypto-common v0.1.7
[INFO] [stderr]    Compiling digest v0.10.7
[INFO] [stderr]    Compiling mime v0.3.17
[INFO] [stderr]    Compiling anyhow v1.0.103
[INFO] [stderr]    Compiling iri-string v0.7.9
[INFO] [stderr]    Compiling sha2 v0.10.9
[INFO] [stderr]    Compiling num-format v0.4.4
[INFO] [stderr]    Compiling mio v1.1.1
[INFO] [stderr]    Compiling socket2 v0.6.1
[INFO] [stderr]    Compiling getrandom v0.2.16
[INFO] [stderr]    Compiling ring v0.17.14
[INFO] [stderr]    Compiling tokio v1.48.0
[INFO] [stderr]    Compiling parking_lot_core v0.9.12
[INFO] [stderr]    Compiling fs2 v0.4.3
[INFO] [stderr]    Compiling clap_builder v4.5.53
[INFO] [stderr]    Compiling parking_lot v0.12.5
[INFO] [stderr]    Compiling regex-automata v0.4.14
[INFO] [stderr]    Compiling crossterm v0.29.0
[INFO] [stderr]    Compiling include_dir v0.7.4
[INFO] [stderr]    Compiling rgb v0.8.53
[INFO] [stderr]    Compiling http-body-util v0.1.3
[INFO] [stderr]    Compiling tracing-log v0.2.0
[INFO] [stderr]    Compiling quick-xml v0.41.0
[INFO] [stderr]    Compiling thread_local v1.1.9
[INFO] [stderr]    Compiling str_stack v0.1.0
[INFO] [stderr]    Compiling unicode-segmentation v1.12.0
[INFO] [stderr]    Compiling num-conv v0.2.1
[INFO] [stderr]    Compiling nu-ansi-term v0.50.3
[INFO] [stderr]    Compiling time-core v0.1.8
[INFO] [stderr]    Compiling inventory v0.3.21
[INFO] [stderr]    Compiling semver v1.0.27
[INFO] [stderr]    Compiling unsafe-libyaml v0.2.11
[INFO] [stderr]    Compiling fastrand v2.3.0
[INFO] [stderr]    Compiling time v0.3.47
[INFO] [stderr]    Compiling comfy-table v7.2.2
[INFO] [stderr]    Compiling synstructure v0.13.2
[INFO] [stderr]    Compiling tempfile v3.23.0
[INFO] [stderr]    Compiling ctrlc v3.5.1
[INFO] [stderr]    Compiling inferno v0.12.7
[INFO] [stderr]    Compiling dotenvy v0.15.7
[INFO] [stderr]    Compiling matchers v0.2.0
[INFO] [stderr]    Compiling zerofrom-derive v0.1.6
[INFO] [stderr]    Compiling yoke-derive v0.8.1
[INFO] [stderr]    Compiling serde_derive v1.0.228
[INFO] [stderr]    Compiling zerovec-derive v0.11.2
[INFO] [stderr]    Compiling displaydoc v0.2.5
[INFO] [stderr]    Compiling thiserror-impl v1.0.69
[INFO] [stderr]    Compiling tracing-attributes v0.1.31
[INFO] [stderr]    Compiling hyper v1.8.1
[INFO] [stderr]    Compiling tower v0.5.2
[INFO] [stderr]    Compiling zerofrom v0.1.6
[INFO] [stderr]    Compiling yoke v0.8.1
[INFO] [stderr]    Compiling clap_derive v4.5.49
[INFO] [stderr]    Compiling zerotrie v0.2.3
[INFO] [stderr]    Compiling mobench-macros v0.2.0
[INFO] [stderr]    Compiling tower-http v0.6.8
[INFO] [stderr]    Compiling zerovec v0.11.5
[INFO] [stderr]    Compiling mobench-process v0.2.0
[INFO] [stderr]    Compiling tracing v0.1.43
[INFO] [stderr]    Compiling hyper-util v0.1.19
[INFO] [stderr]    Compiling tracing-subscriber v0.3.23
[INFO] [stderr]    Compiling tinystr v0.8.2
[INFO] [stderr]    Compiling potential_utf v0.1.4
[INFO] [stderr]    Compiling icu_locale_core v2.1.1
[INFO] [stderr]    Compiling icu_collections v2.1.1
[INFO] [stderr]    Compiling mobench-provider v0.2.0
[INFO] [stderr]    Compiling clap v4.5.53
[INFO] [stderr]    Compiling icu_provider v2.1.1
[INFO] [stderr]    Compiling icu_properties v2.1.2
[INFO] [stderr]    Compiling icu_normalizer v2.1.1
[INFO] [stderr]    Compiling toml_datetime v0.6.11
[INFO] [stderr]    Compiling serde_spanned v0.6.9
[INFO] [stderr]    Compiling serde_urlencoded v0.7.1
[INFO] [stderr]    Compiling mobench-domain v0.2.0
[INFO] [stderr]    Compiling serde_yaml v0.9.34+deprecated
[INFO] [stderr]    Compiling mobench-artifacts v0.2.0
[INFO] [stderr]    Compiling toml_edit v0.22.27
[INFO] [stderr]    Compiling idna_adapter v1.2.1
[INFO] [stderr]    Compiling idna v1.1.0
[INFO] [stderr]    Compiling mobench-report v0.2.0
[INFO] [stderr]    Compiling url v2.5.7
[INFO] [stderr]    Compiling toml v0.8.23
[INFO] [stderr]    Compiling mobench-sdk v0.2.0
[INFO] [stderr]    Compiling rustls-webpki v0.103.13
[INFO] [stderr]    Compiling tokio-rustls v0.26.4
[INFO] [stderr]    Compiling hyper-rustls v0.27.7
[INFO] [stderr]    Compiling reqwest v0.12.26
[INFO] [stderr]    Compiling mobench v0.2.0 (/opt/rustwide/workdir)
[INFO] [stderr]     Finished `release` profile [optimized] target(s) in 3m 21s
[INFO] running `Command { std: "docker" "inspect" "e5355cdbabd2d8832cb9d6019abc3b0dcf42433fa23032ff0287b9637c3cafdf", kill_on_drop: false }`
[INFO] running `Command { std: "docker" "exec" "-e" "SOURCE_DIR=/opt/rustwide/workdir" "-e" "CARGO_HOME=/opt/rustwide/cargo-home" "-e" "RUSTUP_HOME=/opt/rustwide/rustup-home" "-e" "CARGO_TARGET_DIR=/opt/rustwide/target" "-e" "CARGO_INCREMENTAL=0" "-e" "RUST_BACKTRACE=full" "-e" "RUSTFLAGS=--cap-lints=warn" "-e" "RUSTDOCFLAGS=--cap-lints=warn" "-w" "/opt/rustwide/workdir" "--user" "0:0" "e5355cdbabd2d8832cb9d6019abc3b0dcf42433fa23032ff0287b9637c3cafdf" "/opt/rustwide/cargo-home/bin/cargo" "+1.99.0-beta.8" "test" "--frozen" "--no-run" "--message-format=json" "--release", kill_on_drop: false }`
[INFO] [stderr]    Compiling serde_core v1.0.228
[INFO] [stderr]    Compiling serde v1.0.228
[INFO] [stderr]    Compiling zerocopy v0.8.31
[INFO] [stderr]    Compiling getrandom v0.3.4
[INFO] [stderr]    Compiling num-traits v0.2.19
[INFO] [stderr]    Compiling regex-syntax v0.8.9
[INFO] [stderr]    Compiling zerocopy-derive v0.8.31
[INFO] [stderr]    Compiling crossbeam-utils v0.8.21
[INFO] [stderr]    Compiling num-conv v0.2.1
[INFO] [stderr]    Compiling time-core v0.1.8
[INFO] [stderr]    Compiling crossbeam-epoch v0.9.20
[INFO] [stderr]    Compiling either v1.15.0
[INFO] [stderr]    Compiling rayon-core v1.13.0
[INFO] [stderr]    Compiling bit-vec v0.6.3
[INFO] [stderr]    Compiling plotters-backend v0.3.7
[INFO] [stderr]    Compiling ciborium-io v0.2.2
[INFO] [stderr]    Compiling wait-timeout v0.2.1
[INFO] [stderr]    Compiling nom v8.0.0
[INFO] [stderr]    Compiling bit-vec v0.8.0
[INFO] [stderr]    Compiling fnv v1.0.7
[INFO] [stderr]    Compiling cast v0.3.0
[INFO] [stderr]    Compiling time-macros v0.2.27
[INFO] [stderr]    Compiling quick-error v1.2.3
[INFO] [stderr]    Compiling bit-set v0.8.0
[INFO] [stderr]    Compiling bit-set v0.5.3
[INFO] [stderr]    Compiling itertools v0.10.5
[INFO] [stderr]    Compiling is-terminal v0.4.17
[INFO] [stderr]    Compiling uuid v1.21.0
[INFO] [stderr]    Compiling oorandom v11.1.5
[INFO] [stderr]    Compiling unarray v0.1.4
[INFO] [stderr]    Compiling tempfile v3.23.0
[INFO] [stderr]    Compiling rand_core v0.9.3
[INFO] [stderr]    Compiling anes v0.1.6
[INFO] [stderr]    Compiling plotters-svg v0.3.7
[INFO] [stderr]    Compiling rand v0.9.3
[INFO] [stderr]    Compiling rand_xorshift v0.4.0
[INFO] [stderr]    Compiling rusty-fork v0.3.1
[INFO] [stderr]    Compiling crossbeam-deque v0.8.6
[INFO] [stderr]    Compiling time v0.3.47
[INFO] [stderr]    Compiling num-integer v0.1.46
[INFO] [stderr]    Compiling num-complex v0.4.6
[INFO] [stderr]    Compiling plotters v0.3.7
[INFO] [stderr]    Compiling num-bigint v0.4.6
[INFO] [stderr]    Compiling num-iter v0.1.45
[INFO] [stderr]    Compiling rayon v1.12.0
[INFO] [stderr]    Compiling criterion-plot v0.5.0
[INFO] [stderr]    Compiling regex-automata v0.4.14
[INFO] [stderr]    Compiling serde_json v1.0.145
[INFO] [stderr]    Compiling half v2.7.1
[INFO] [stderr]    Compiling ppv-lite86 v0.2.21
[INFO] [stderr]    Compiling num-rational v0.4.2
[INFO] [stderr]    Compiling rand_chacha v0.9.0
[INFO] [stderr]    Compiling toml_datetime v0.6.11
[INFO] [stderr]    Compiling serde_spanned v0.6.9
[INFO] [stderr]    Compiling toml_edit v0.22.27
[INFO] [stderr]    Compiling serde_urlencoded v0.7.1
[INFO] [stderr]    Compiling ahash v0.8.12
[INFO] [stderr]    Compiling url v2.5.7
[INFO] [stderr]    Compiling mobench-domain v0.2.0
[INFO] [stderr]    Compiling mobench-artifacts v0.2.0
[INFO] [stderr]    Compiling serde_yaml v0.9.34+deprecated
[INFO] [stderr]    Compiling num v0.4.3
[INFO] [stderr]    Compiling inferno v0.12.7
[INFO] [stderr]    Compiling ciborium-ll v0.2.2
[INFO] [stderr]    Compiling fraction v0.15.3
[INFO] [stderr]    Compiling iso8601 v0.6.3
[INFO] [stderr]    Compiling ciborium v0.2.2
[INFO] [stderr]    Compiling tinytemplate v1.2.1
[INFO] [stderr]    Compiling proptest v1.11.0
[INFO] [stderr]    Compiling reqwest v0.12.26
[INFO] [stderr]    Compiling mobench-report v0.2.0
[INFO] [stderr]    Compiling toml v0.8.23
[INFO] [stderr]    Compiling mobench-sdk v0.2.0
[INFO] [stderr]    Compiling matchers v0.2.0
[INFO] [stderr]    Compiling tracing-subscriber v0.3.23
[INFO] [stderr]    Compiling regex v1.12.3
[INFO] [stderr]    Compiling fancy-regex v0.13.0
[INFO] [stderr]    Compiling criterion v0.5.1
[INFO] [stderr]    Compiling jsonschema v0.18.3
[INFO] [stderr]    Compiling mobench v0.2.0 (/opt/rustwide/workdir)
[INFO] [stderr]     Finished `release` profile [optimized] target(s) in 3m 30s
[INFO] running `Command { std: "docker" "inspect" "e5355cdbabd2d8832cb9d6019abc3b0dcf42433fa23032ff0287b9637c3cafdf", kill_on_drop: false }`
[INFO] running `Command { std: "docker" "exec" "-e" "SOURCE_DIR=/opt/rustwide/workdir" "-e" "CARGO_HOME=/opt/rustwide/cargo-home" "-e" "RUSTUP_HOME=/opt/rustwide/rustup-home" "-e" "CARGO_TARGET_DIR=/opt/rustwide/target" "-e" "CARGO_INCREMENTAL=0" "-e" "RUST_BACKTRACE=full" "-e" "RUSTFLAGS=--cap-lints=warn" "-e" "RUSTDOCFLAGS=--cap-lints=warn" "-w" "/opt/rustwide/workdir" "--user" "0:0" "e5355cdbabd2d8832cb9d6019abc3b0dcf42433fa23032ff0287b9637c3cafdf" "/opt/rustwide/cargo-home/bin/cargo" "+1.99.0-beta.8" "test" "--frozen" "--release", kill_on_drop: false }`
[INFO] [stderr]     Finished `release` profile [optimized] target(s) in 0.53s
[INFO] [stderr]      Running unittests src/lib.rs (/opt/rustwide/target/release/deps/mobench-68345b8cecde2960)
[INFO] [stdout] 
[INFO] [stdout] running 354 tests
[INFO] [stdout] test browserstack::tests::browserstack_adapter_rejects_requested_device_matrix_drift ... ok
[INFO] [stdout] test browserstack::tests::browserstack_completeness_accepts_ten_passed_sessions_with_one_result_each ... ok
[INFO] [stdout] test browserstack::tests::browserstack_completeness_rejects_mixed_passed_and_failed_sessions ... ok
[INFO] [stdout] test browserstack::tests::browserstack_completeness_rejects_duplicate_collected_session ... ok
[INFO] [stdout] test browserstack::tests::browserstack_completeness_rejects_passed_session_without_result ... ok
[INFO] [stdout] test browserstack::tests::browserstack_completeness_rejects_multiple_results_for_one_session ... ok
[INFO] [stdout] test browserstack::tests::benchmark_normalization_handles_extreme_samples_without_overflow ... ok
[INFO] [stdout] test browserstack::tests::browserstack_completeness_rejects_duplicate_expected_device ... ok
[INFO] [stdout] test browserstack::tests::browserstack_minor_version_selector_requires_an_exact_version ... ok
[INFO] [stdout] test browserstack::tests::browserstack_adapter_collect_resumes_a_durable_handle ... ok
[INFO] [stdout] test browserstack::tests::api_constructs_url_correctly ... ok
[INFO] [stdout] test browserstack::tests::device_session_handles_alternative_field_names ... ok
[INFO] [stdout] test browserstack::tests::build_status_conversion_handles_missing_devices ... ok
[INFO] [stdout] test browserstack::tests::device_identifier_format ... ok
[INFO] [stdout] test browserstack::tests::device_session_deserializes_from_json ... ok
[INFO] [stdout] test browserstack::tests::extract_balanced_json_handles_nested_objects ... ok
[INFO] [stdout] test browserstack::tests::extract_balanced_json_handles_strings_with_braces ... ok
[INFO] [stdout] test browserstack::tests::api_handles_trailing_slash_in_base_url ... ok
[INFO] [stdout] test browserstack::tests::extract_benchmark_failures_ignores_heartbeat_and_reads_failure ... ok
[INFO] [stdout] test browserstack::tests::extract_benchmark_results_handles_generated_android_chunk_frames ... ok
[INFO] [stdout] test browserstack::tests::extract_benchmark_failures_handles_failure_only_logs ... ok
[INFO] [stdout] test browserstack::tests::extract_benchmark_results_finds_json_in_logs ... ok
[INFO] [stdout] test browserstack::tests::extract_benchmark_results_handles_android_bench_json_marker ... ok
[INFO] [stdout] test browserstack::tests::extract_benchmark_results_handles_ios_markers ... ok
[INFO] [stdout] test browserstack::tests::extract_benchmark_results_handles_ios_raw_json ... ok
[INFO] [stdout] test browserstack::tests::extract_benchmark_results_rejects_android_chunk_before_start ... ok
[INFO] [stdout] test browserstack::tests::extract_benchmark_results_handles_multiple_results ... ok
[INFO] [stdout] test browserstack::tests::extract_benchmark_results_handles_legacy_uikit_ios_logs ... ok
[INFO] [stdout] test browserstack::tests::extract_benchmark_results_rejects_truncated_android_chunk_frame ... ok
[INFO] [stdout] test browserstack::tests::authenticated_asset_downloads_are_limited_to_browserstack_https_hosts ... ok
[INFO] [stdout] test browserstack::tests::browserstack_selector_reconciliation_rejects_ambiguous_observed_sessions ... ok
[INFO] [stdout] test browserstack::tests::build_request_serializes_with_app_profiling_enabled ... ok
[INFO] [stdout] test browserstack::tests::extract_performance_metrics_finds_memory_and_cpu ... ok
[INFO] [stdout] test browserstack::tests::build_status_conversion_from_response ... ok
[INFO] [stdout] test browserstack::tests::extract_benchmark_results_ignores_invalid_json ... ok
[INFO] [stdout] test browserstack::tests::browserstack_completeness_rejects_build_without_expected_sessions ... ok
[INFO] [stdout] test browserstack::tests::extract_performance_metrics_handles_cpu_only ... ok
[INFO] [stdout] test browserstack::tests::extract_results_from_session_artifacts_falls_back_to_ios_log_markers ... ok
[INFO] [stdout] test browserstack::tests::api_handles_leading_slash ... ok
[INFO] [stdout] test browserstack::tests::extract_ios_bench_json_finds_last_occurrence ... ok
[INFO] [stdout] test browserstack::tests::extract_benchmark_results_returns_error_when_no_results ... ok
[INFO] [stdout] test browserstack::tests::format_credentials_error_both_missing ... ok
[INFO] [stdout] test browserstack::tests::format_credentials_error_includes_all_methods ... ok
[INFO] [stdout] test browserstack::tests::browserstack_completeness_rejects_one_of_ten_partial_collection ... ok
[INFO] [stdout] test browserstack::tests::extract_results_from_session_artifacts_falls_back_to_android_bench_json_logs ... ok
[INFO] [stdout] test browserstack::tests::parse_app_profiling_v2_response_extracts_memory_and_cpu ... ok
[INFO] [stdout] test browserstack::tests::extract_failures_from_session_artifacts_reads_failure_marker ... ok
[INFO] [stdout] test browserstack::tests::parse_device_list_array_format ... ok
[INFO] [stdout] test browserstack::tests::extract_performance_metrics_returns_empty_when_no_metrics ... ok
[INFO] [stdout] test browserstack::tests::browserstack_major_version_selector_preserves_requested_and_observed_identity ... ok
[INFO] [stdout] test browserstack::tests::provider_session_details_bind_the_observed_device_and_os_version ... ok
[INFO] [stdout] test browserstack::tests::extract_performance_metrics_handles_alternative_field_names ... ok
[INFO] [stdout] test browserstack::tests::extract_benchmark_results_rejects_oversized_android_frame ... ok
[INFO] [stdout] test browserstack::tests::internal_poll_can_return_terminal_failure_status_for_log_fetching ... ok
[INFO] [stdout] test browserstack::tests::performance_metrics_aggregates_correctly_with_mixed_data ... ok
[INFO] [stdout] test browserstack::tests::schedule_espresso_run_rejects_empty_test_suite_url ... ok
[INFO] [stdout] test browserstack::tests::live_xcuitest_build_fixture_reconciles_major_selector_with_observed_minor ... ok
[INFO] [stdout] test browserstack::tests::new_client_uses_default_base_url ... ok
[INFO] [stdout] test browserstack::tests::schedule_espresso_run_rejects_empty_devices ... ok
[INFO] [stdout] test browserstack::tests::validate_device_spec_device_name_only ... ok
[INFO] [stdout] test browserstack::tests::live_espresso_build_fixture_preserves_observed_device_identity ... ok
[INFO] [stdout] test browserstack::tests::rejects_missing_artifact ... ok
[INFO] [stdout] test browserstack::tests::validate_device_spec_exact_match ... ok
[INFO] [stdout] test browserstack::tests::suppresses_dead_code_warning_for_test_helper ... ok
[INFO] [stdout] test browserstack::tests::upload_xcuitest_app_rejects_missing_artifact ... ok
[INFO] [stdout] test browserstack::tests::validate_device_spec_limits_suggestions_to_three ... ok
[INFO] [stdout] test browserstack::tests::validate_device_spec_wrong_os_version ... ok
[INFO] [stdout] test browserstack::tests::xcuitest_build_request_serializes_with_app_profiling_enabled ... ok
[INFO] [stdout] test browserstack::tests::validate_device_spec_no_match ... ok
[INFO] [stdout] test browserstack::tests::upload_xcuitest_test_suite_rejects_missing_artifact ... ok
[INFO] [stdout] test browserstack_automate::tests::credentials_are_redacted_from_debug_output ... ok
[INFO] [stdout] test browserstack::tests::validate_device_spec_suggestions ... ok
[INFO] [stdout] test browserstack::tests::extract_results_from_session_artifacts_prefers_bench_report_json ... ok
[INFO] [stdout] test browserstack::tests::extract_performance_metrics_handles_memory_only ... ok
[INFO] [stdout] test browserstack::tests::schedule_espresso_run_rejects_empty_app_url ... ok
[INFO] [stdout] test browserstack_automate::tests::webdriver_errors_are_bounded_and_control_characters_removed ... ok
[INFO] [stdout] test browserstack::tests::extract_performance_metrics_ignores_invalid_json ... ok
[INFO] [stdout] test browserstack::tests::public_poll_build_completion_errors_on_terminal_failure_status ... ok
[INFO] [stdout] test browserstack_automate::tests::creates_w3c_desktop_and_local_mobile_sessions ... ok
[INFO] [stdout] test ci_merge_tests::build_summary_ignores_browserstack_peak_memory_for_ci_summary ... ok
[INFO] [stdout] test ci_merge_tests::merge_ci_target_runs_preserves_all_functions ... ok
[INFO] [stdout] test browserstack_automate::tests::validates_local_binding_urls_sessions_and_timeouts ... ok
[INFO] [stdout] test browserstack_automate::tests::webdriver_errors_redact_the_access_key ... ok
[INFO] [stdout] test browserstack::tests::browserstack_adapter_start_maps_espresso_request_into_durable_handle ... ok
[INFO] [stdout] test browserstack_automate::tests::rejects_oversized_webdriver_response_from_content_length ... ok
[INFO] [stdout] test browserstack::tests::schedule_xcuitest_run_rejects_empty_devices ... ok
[INFO] [stdout] test ci_merge_tests::build_summary_preserves_resource_usage_from_benchmark_results ... ok
[INFO] [stdout] test browserstack_automate::tests::busy_browser_errors_are_retried ... ok
[INFO] [stdout] test browserstack_automate::tests::cancellation_stops_polling ... ok
[INFO] [stdout] test ci_merge_tests::root_summary_from_merged_targets_returns_summary_for_single_target ... ok
[INFO] [stdout] test ci_prebuilt::tests::manifest_rejects_symlink_artifacts ... ok
[INFO] [stdout] test ci_prebuilt::tests::prebuilt_results_require_strict_v2_identity_and_counts ... ok
[INFO] [stdout] test ci_prebuilt::tests::manifest_accepts_exact_hashed_pair ... ok
[INFO] [stdout] test ci_prebuilt::tests::trusted_timeout_is_bounded ... ok
[INFO] [stdout] test browserstack_automate::tests::failure_is_marked_and_session_is_still_closed ... ok
[INFO] [stdout] test config::tests::test_config_resolver ... ok
[INFO] [stdout] test config::tests::test_default_config ... ok
[INFO] [stdout] test config::tests::test_discover_config ... ok
[INFO] [stdout] test ci_prebuilt::tests::manifest_rejects_hash_traversal_and_extra_files ... ok
[INFO] [stdout] test config::tests::save_preserves_private_extensions_and_future_keys ... ok
[INFO] [stdout] test config::tests::test_starter_config ... ok
[INFO] [stdout] test flamegraph_viewer::tests::derive_benchmark_focused_folded_stacks_trims_android_stack_to_rust_anchor ... ok
[INFO] [stdout] test flamegraph_viewer::tests::standalone_svg_defaults_to_viewport_width_and_custom_helpers ... ok
[INFO] [stdout] test config::tests::test_load_from_file ... ok
[INFO] [stdout] test flamegraph_viewer::tests::focused_stack_derivation_returns_empty_when_no_anchor_matches ... ok
[INFO] [stdout] test config::tests::test_generate_starter_toml ... ok
[INFO] [stdout] test flamegraph_viewer::tests::prettify_folded_stacks_preserves_differential_counts ... ok
[INFO] [stdout] test flamegraph_viewer::tests::standalone_svg_replaces_default_gray_background_gradient ... ok
[INFO] [stdout] test flamegraph_viewer::tests::sanitized_viewer_reinjects_a_self_contained_zoom_runtime ... ok
[INFO] [stdout] test flamegraph_viewer::tests::standalone_svg_retints_neutral_differential_frames ... ok
[INFO] [stdout] test flamegraph_viewer::tests::summarize_folded_stacks_prettifies_rust_symbol_noise ... ok
[INFO] [stdout] test flamegraph_viewer::tests::summarize_folded_stacks_caps_inclusive_percent_for_repeated_frames ... ok
[INFO] [stdout] test flamegraph_viewer::tests::viewer_html_embeds_reference_palette_shell_tokens ... ok
[INFO] [stdout] test flamegraph_viewer::tests::standalone_viewer_html_embeds_full_and_focused_modes ... ok
[INFO] [stdout] test flamegraph_viewer::tests::viewer_fails_closed_when_svg_markup_is_ambiguous ... ok
[INFO] [stdout] test flamegraph_viewer::tests::viewer_html_escapes_embedded_svg_script_terminators ... ok
[INFO] [stdout] test flamegraph_viewer::tests::viewer_html_includes_history_and_brush_zoom_controls ... ok
[INFO] [stdout] test flamegraph_viewer::tests::viewer_html_omits_experimental_tower_controls ... ok
[INFO] [stdout] test flamegraph_viewer::tests::viewer_html_renders_hot_frame_summary_for_each_mode ... ok
[INFO] [stdout] test flamegraph_viewer::tests::viewer_html_tracks_aggregate_dataset_separately_from_timeline_mode ... ok
[INFO] [stdout] test flamegraph_viewer::tests::viewer_neutralizes_active_svg_content_before_adding_trusted_zoom_runtime ... ok
[INFO] [stdout] test ci_merge_tests::merge_ci_target_runs_preserves_resource_usage ... ok
[INFO] [stdout] test ci_merge_tests::render_markdown_summary_uses_h3_heading_and_ios_label ... ok
[INFO] [stdout] test ci_merge_tests::render_summary_markdown_from_output_renders_all_functions_from_merged_targets ... ok
[INFO] [stdout] test config::tests::test_discover_no_config ... ok
[INFO] [stdout] test flamegraph_viewer::tests::derive_benchmark_focused_folded_stacks_trims_ios_stack_to_benchmark_anchor ... ok
[INFO] [stdout] test flamegraph_viewer::tests::standalone_svg_includes_tower_expand_hooks ... ok
[INFO] [stdout] test flamegraph_viewer::tests::viewer_html_restores_metadata_harness_and_sampled_time_shell ... ok
[INFO] [stdout] test local_provider::tests::local_report_validation_rejects_wrong_function_and_counts ... ok
[INFO] [stdout] test plots::allocate_plot_file_names_deduplicates_function_labels ... ok
[INFO] [stdout] test plots::extract_function_plot_inputs_preserves_duplicate_runs_from_non_root_files ... ok
[INFO] [stdout] test plots::extract_run_metadata_drops_counts_larger_than_u32 ... ok
[INFO] [stdout] test plots::extract_function_plot_inputs_walks_nested_files_without_duplicates ... ok
[INFO] [stdout] test profile::symbol_cache::tests::caches_successes_and_misses ... ok
[INFO] [stdout] test plots::render_plot_artifacts_rejects_symlinked_plots_before_invoking_renderer ... ok
[INFO] [stdout] test plots::materialize_renderer_writes_script_and_style ... ok
[INFO] [stdout] test plots::render_plots_auto_mode_skips_missing_python ... ok
[INFO] [stdout] test ci_merge_tests::render_summary_markdown_from_output_with_plots_embeds_image_links ... ok
[INFO] [stdout] test init_sdk_tests::test_init_sdk_creates_mobench_toml ... ok
[INFO] [stdout] test profile::tests::android_ndk_addr2line_discovery_honors_explicit_override ... ok
[INFO] [stdout] test profile::tests::android_native_offsets_do_not_collapse_multiple_abis_without_a_runtime_selection ... ok
[INFO] [stdout] test plots::extract_function_plot_inputs_reads_fixture_samples ... ok
[INFO] [stdout] test profile::tests::benchmark_logs_extract_android_bench_json_reports ... ok
[INFO] [stdout] test profile::tests::android_warmup_log_marker_detection_uses_bench_json_marker ... ok
[INFO] [stdout] test profile::tests::android_symbolization_caches_resolved_and_unresolved_native_frames ... ok
[INFO] [stdout] test init_sdk_tests::test_init_sdk_mobench_toml_has_correct_library_name ... ok
[INFO] [stdout] test profile::tests::android_native_offsets_are_symbolized_into_rust_frames ... ok
[INFO] [stdout] test profile::tests::android_ndk_addr2line_discovery_prefers_ndk_toolchain_bin ... ok
[INFO] [stdout] test profile::tests::android_backend_builds_capture_plan_with_flamegraph_artifacts ... ok
[INFO] [stdout] test profile::tests::benchmark_report_selection_preserves_simple_legacy_function_name ... ok
[INFO] [stdout] test profile::tests::benchmark_report_selection_matches_legacy_spec_name ... ok
[INFO] [stdout] test profile::tests::android_native_offsets_use_runtime_abi_to_select_unstripped_library_paths ... ok
[INFO] [stdout] test profile::tests::benchmark_logs_extract_generated_android_chunk_reports ... ok
[INFO] [stdout] test profile::tests::benchmark_logs_reject_android_chunks_before_start ... ok
[INFO] [stdout] test profile::tests::benchmark_logs_reject_truncated_android_chunk_reports ... ok
[INFO] [stdout] test profile::tests::android_post_processing_writes_symbolized_outputs_before_flamegraph_rendering ... ok
[INFO] [stdout] test profile::tests::browserstack_native_profile_error_is_actionable ... ok
[INFO] [stdout] test profile::tests::browserstack_profile_run_reports_unsupported_native_capture ... ok
[INFO] [stdout] test profile::tests::build_capture_plan_reserves_semantic_phase_sidecar_path ... ok
[INFO] [stdout] test profile::tests::generate_flamegraph_timeline_demo_artifact ... ignored
[INFO] [stdout] test profile::tests::benchmark_report_selection_rejects_mismatched_identity ... ok
[INFO] [stdout] test profile::tests::folded_stack_sample_totals_saturate_instead_of_overflowing ... ok
[INFO] [stdout] test profile::tests::ios_sample_call_graph_preserves_rust_branch_with_sample_tree_markers ... ok
[INFO] [stdout] test profile::tests::legacy_profile_manifest_deserializes_into_nested_sections ... ok
[INFO] [stdout] test profile::tests::local_android_attempted_capture_marks_failed_state ... ok
[INFO] [stdout] test profile::tests::local_native_profiles_default_to_warm_capture_mode ... ok
[INFO] [stdout] test profile::tests::ios_backend_allocates_sample_and_flamegraph_artifacts ... ok
[INFO] [stdout] test profile::tests::ios_sample_call_graph_collapses_into_folded_stacks ... ok
[INFO] [stdout] test profile::tests::profile_diff_markdown_contains_untrusted_manifest_fields ... ok
[INFO] [stdout] test profile::tests::benchmark_report_selection_rejects_identity_free_report ... ok
[INFO] [stdout] test profile::tests::explicit_capture_warmup_mode_overrides_local_default ... ok
[INFO] [stdout] test profile::tests::profile_diff_rejects_unsafe_manifest_run_ids_before_writing_output ... ok
[INFO] [stdout] test profile::tests::flamegraph_html_defaults_to_viewport_width_for_standalone_svg ... ok
[INFO] [stdout] test profile::tests::profile_manifest_serializes_native_capture_sections ... ok
[INFO] [stdout] test profile::tests::profile_manifest_serializes_provider ... ok
[INFO] [stdout] test profile::tests::profile_manifest_serializes_semantic_profile_sections ... ok
[INFO] [stdout] test profile::tests::profile_manifest_serializes_partial_failure_state ... ok
[INFO] [stdout] test profile::tests::profile_markdown_contains_untrusted_manifest_fields ... ok
[INFO] [stdout] test profile::tests::benchmark_report_selection_matches_function_identity ... ok
[INFO] [stdout] test profile::tests::profile_native_format_excludes_processed_artifacts_from_plan ... ok
[INFO] [stdout] test profile::tests::profile_summary_renders_semantic_phases_separately_from_flamegraph_artifacts ... ok
[INFO] [stdout] test profile::tests::profile_rust_tracing_processed_only_is_rejected ... ok
[INFO] [stdout] test plots::render_plot_artifacts_invokes_renderer_with_fake_python ... ok
[INFO] [stdout] test profile::tests::refresh_profile_diff_demo_viewer_artifact ... ignored
[INFO] [stdout] test profile::tests::profile_diff_rejects_candidate_artifacts_outside_the_candidate_run_without_writing ... ok
[INFO] [stdout] test profile::tests::render_profile_summary_mentions_backend_and_artifacts ... ok
[INFO] [stdout] test profile::tests::render_profile_summary_separates_native_and_semantic_outputs ... ok
[INFO] [stdout] test plots::render_plot_artifacts_ignores_ambient_python_selection ... ok
[INFO] [stdout] test profile::tests::resolve_profile_target_accepts_direct_ios_browserstack_device_request ... ok
[INFO] [stdout] test profile::tests::semantic_profile_ingests_exact_harness_timeline_and_run_counts_from_bench_report_json ... ok
[INFO] [stdout] test profile::tests::semantic_profile_populates_from_benchmark_phase_payload ... ok
[INFO] [stdout] test profile::tests::semantic_profile_saturates_extreme_totals_and_computes_exact_percentages ... ok
[INFO] [stdout] test profile::tests::semantic_profile_uses_samples_ns_totals_for_android_log_payloads ... ok
[INFO] [stdout] test profile::tests::refresh_differential_viewer_manifest_writes_timeline_capable_html ... ok
[INFO] [stdout] test profile::tests::summarize_command_reads_manifest_and_renders_markdown ... ok
[INFO] [stdout] test profile::tests::refresh_flamegraph_viewer_includes_android_source_links_when_sidecar_exists ... ok
[INFO] [stdout] test profile::tests::semantic_profile_ingests_phase_timings_from_bench_report_json ... ok
[INFO] [stdout] test profile::tests::summarize_rejects_artifact_paths_outside_the_manifest_run ... ok
[INFO] [stdout] test ci_merge_tests::render_summary_markdown_from_output_with_plots_deduplicates_across_targets ... ok
[INFO] [stdout] test profile::tests::unsupported_browserstack_capture_fails_before_writing_fake_artifacts ... ok
[INFO] [stdout] test resource_usage_tests::test_extract_resource_usage_empty_returns_none ... ok
[INFO] [stdout] test resource_usage_tests::test_extract_resource_usage_from_entry_fields ... ok
[INFO] [stdout] test resource_usage_tests::test_extract_resource_usage_ignores_provider_peak ... ok
[INFO] [stdout] test profile::tests::write_profile_session_outputs_persists_semantic_phase_sidecar ... FAILED
[INFO] [stdout] test profile::tests::trace_export_failure_preserves_previous_target_and_prevents_profile_publication ... ok
[INFO] [stdout] test result_extraction_tests::test_extract_all_benchmark_results ... ok
[INFO] [stdout] test resource_usage_tests::test_resource_usage_json_round_trip ... ok
[INFO] [stdout] test local_provider::tests::local_adapter_executes_the_basic_example_and_returns_real_samples ... FAILED
[INFO] [stdout] test run_lifecycle::tests::lifecycle_classifies_complete_partial_and_failed_runs ... ok
[INFO] [stdout] test run_lifecycle::tests::lifecycle_rejects_duplicate_and_unexpected_reports ... ok
[INFO] [stdout] test split_runs::tests::merge_split_run_summaries_recomputes_stats ... FAILED
[INFO] [stdout] test split_runs::tests::merge_split_run_summaries_rejects_mismatched_device ... ok
[INFO] [stdout] test split_runs::tests::merge_split_run_summaries_rejects_mismatched_function ... ok
[INFO] [stdout] test split_runs::tests::merge_split_run_summaries_saturates_extreme_cpu_totals ... ok
[INFO] [stdout] test summarize::tests::test_enrich_with_browserstack_matches_session_to_same_device_row ... ok
[INFO] [stdout] test summarize::tests::test_format_cpu_total_ms_uses_seconds_without_switching_to_minutes ... ok
[INFO] [stdout] test summarize::tests::test_humanize_benchmark_name ... ok
[INFO] [stdout] test summarize::tests::test_load_results_dir ... ok
[INFO] [stdout] test resource_usage_tests::test_extract_resource_usage_preserves_moto_growth_and_process_peak ... ok
[INFO] [stdout] test result_extraction_tests::test_extract_with_multiple_samples ... ok
[INFO] [stdout] test summarize::tests::test_load_results_dir_backfills_resource_usage_from_nested_summaries ... ok
[INFO] [stdout] test summarize::tests::test_load_results_dir_prefers_canonical_target_summary_fixture ... ok
[INFO] [stdout] test browserstack::tests::browserstack_adapter_cancels_during_poll_sleep ... ok
[INFO] [stdout] test summarize::tests::test_load_results_dir_empty ... ok
[INFO] [stdout] test summarize::tests::test_load_results_dir_preserves_android_failure_json ... ok
[INFO] [stdout] test summarize::tests::test_parse_device_string_android ... ok
[INFO] [stdout] test summarize::tests::test_parse_device_string_ios ... ok
[INFO] [stdout] test summarize::tests::test_load_results_dir_recurses_into_target_function_dirs ... ok
[INFO] [stdout] test summarize::tests::test_parse_summary_value_handles_merged_ci_root ... ok
[INFO] [stdout] test summarize::tests::test_render_json_output ... ok
[INFO] [stdout] test summarize::tests::test_render_markdown_neutralizes_untrusted_report_text ... ok
[INFO] [stdout] test summarize::tests::test_load_results_dir_preserves_summary_peak_memory_when_raw_results_add_cpu ... ok
[INFO] [stdout] test summarize::tests::test_load_results_dir_falls_back_to_raw_bench_report ... ok
[INFO] [stdout] test summarize::tests::test_render_markdown_output ... ok
[INFO] [stdout] test summarize::tests::test_parse_summary_json ... ok
[INFO] [stdout] test summarize::tests::test_render_markdown_uses_cpu_total_and_peak_memory_columns ... ok
[INFO] [stdout] test summarize::tests::test_render_table_uses_cpu_total_and_peak_memory_columns ... ok
[INFO] [stdout] test summarize::tests::test_render_markdown_uses_legacy_peak_memory_as_growth_fallback ... ok
[INFO] [stdout] test tests::baseline_lookup_matches_device_row ... ok
[INFO] [stdout] test summarize::tests::test_render_markdown_notes_large_process_memory_baseline_gap ... ok
[INFO] [stdout] test summarize::tests::test_render_table_output ... ok
[INFO] [stdout] test tests::basic_example_fixture_renders_stable_markdown_and_csv ... FAILED
[INFO] [stdout] test tests::build_parses_ios_completion_timeout_secs ... ok
[INFO] [stdout] test tests::browserstack_collection_defaults_cover_observed_queue_latency ... ok
[INFO] [stdout] test tests::browserstack_identifier_preserves_versioned_ios_names ... ok
[INFO] [stdout] test tests::build_parses_ios_deployment_target_and_runner ... ok
[INFO] [stdout] test tests::build_parses_web_without_expanding_public_sdk_target ... ok
[INFO] [stdout] test tests::build_summary_prefers_measured_peak_memory_over_browserstack_perf_memory ... ok
[INFO] [stdout] test tests::build_summary_preserves_resource_usage_from_benchmark_results ... ok
[INFO] [stdout] test tests::builtin_android_low_spec_profile_uses_moto_g9_play ... ok
[INFO] [stdout] test tests::build_summary_preserves_browserstack_failure_results ... ok
[INFO] [stdout] test tests::builtin_ios_low_spec_profile_uses_iphone_se_2020 ... ok
[INFO] [stdout] test tests::ci_function_slug_distinguishes_ambiguous_paths ... ok
[INFO] [stdout] test tests::ci_payload_validates_against_ci_schema ... FAILED
[INFO] [stdout] test tests::ci_prebuilt_commands_parse_trusted_controls ... ok
[INFO] [stdout] test tests::ci_run_parses_android_watchdog_settings ... ok
[INFO] [stdout] test tests::check_results_json_includes_issue_categories ... ok
[INFO] [stdout] test tests::ci_run_parses_ios_completion_timeout_secs ... ok
[INFO] [stdout] test tests::ci_run_parses_both_target ... ok
[INFO] [stdout] test tests::ci_run_parses_required_args_with_defaults ... ok
[INFO] [stdout] test tests::compare_markdown_includes_delta_labels ... ok
[INFO] [stdout] test tests::comparison_markdown_neutralizes_paths_rows_and_labels ... ok
[INFO] [stdout] test tests::config_count_validation_uses_the_same_runtime_limit ... ok
[INFO] [stdout] test tests::cli_rejects_invalid_execution_counts_before_dispatch ... ok
[INFO] [stdout] test tests::contract_schema_files_compile ... FAILED
[INFO] [stdout] test tests::config_validate_parses_required_args_with_defaults ... ok
[INFO] [stdout] test tests::devices_resolve_parses ... ok
[INFO] [stdout] test tests::doctor_android_prereqs_default_to_arm64_only ... ok
[INFO] [stdout] test tests::doctor_browserstack_can_be_disabled ... ok
[INFO] [stdout] test tests::doctor_browserstack_defaults_to_true ... ok
[INFO] [stdout] test tests::embedded_mobile_spec_carries_v2_logical_identity ... ok
[INFO] [stdout] test profile::tests::profile_dry_run_always_stays_planned ... ok
[INFO] [stdout] test profile::tests::summarize_reads_the_committed_snapshot_instead_of_a_torn_legacy_alias ... ok
[INFO] [stdout] test profile::tests::profile_dry_run_writes_empty_requested_trace_event_contract ... ok
[INFO] [stdout] test tests::build_helpers_propagate_resolved_boltffi_backend ... ok
[INFO] [stdout] test profile::tests::profile_session_writes_failed_android_manifest_after_attempted_execution ... ok
[INFO] [stdout] test tests::format_cpu_total_duration_ms_uses_total_seconds_at_or_above_one_second ... ok
[INFO] [stdout] test tests::example_trace_events_fixture_validates_against_trace_schema ... FAILED
[INFO] [stdout] test tests::failure_markdown_neutralizes_untrusted_report_fields ... ok
[INFO] [stdout] test tests::format_duration_smart_switches_to_seconds_when_large ... ok
[INFO] [stdout] test tests::fixture_cache_key_parses ... ok
[INFO] [stdout] test tests::format_duration_smart_uses_milliseconds_by_default ... ok
[INFO] [stdout] test tests::format_ms_handles_optional_values ... ok
[INFO] [stdout] test tests::example_summary_fixtures_validate_against_summary_schema ... FAILED
[INFO] [stdout] test profile::tests::profile_run_writes_requested_machine_readable_trace_events ... ok
[INFO] [stdout] test profile::tests::cmd_profile_diff_writes_runtime_bundle ... ok
[INFO] [stdout] test tests::issue_categories_align_with_contract_taxonomy ... ok
[INFO] [stdout] test tests::legacy_summary_csv_quotes_records_and_neutralizes_formulas ... ok
[INFO] [stdout] test tests::fixture_verify_plots_parses_fixture_name ... ok
[INFO] [stdout] test tests::format_cpu_total_duration_ms_uses_milliseconds_below_one_second ... ok
[INFO] [stdout] test tests::merged_and_plot_markdown_neutralizes_targets_labels_and_destinations ... ok
[INFO] [stdout] test tests::local_smoke_produces_samples ... ok
[INFO] [stdout] test tests::parse_pr_number_from_github_ref_extracts_pull_number ... ok
[INFO] [stdout] test tests::profile_run_cli_surface_exposes_or_explicitly_omits_device_selection ... ok
[INFO] [stdout] test tests::parses_project_resolution_flags ... ok
[INFO] [stdout] test tests::profile_run_parses_capture_warmup_mode ... ok
[INFO] [stdout] test tests::profile_run_parses_direct_device_selection ... ok
[INFO] [stdout] test tests::profile_run_help_mentions_planned_only_or_execution_scope ... ok
[INFO] [stdout] test tests::profile_run_parses_profile_device_resolution_inputs ... ok
[INFO] [stdout] test tests::profile_run_parses_with_android_backend ... ok
[INFO] [stdout] test tests::profile_summarize_parses_with_default_profile_path ... ok
[INFO] [stdout] test tests::generated_valid_run_configs_parse ... ok
[INFO] [stdout] test tests::render_csv_summary_includes_resource_usage_columns ... ok
[INFO] [stdout] test tests::render_csv_summary_quotes_records_and_neutralizes_formulas ... ok
[INFO] [stdout] test tests::render_markdown_summary_includes_resource_usage_columns_when_present ... ok
[INFO] [stdout] test tests::render_markdown_summary_notes_large_process_memory_baseline_gap ... ok
[INFO] [stdout] test tests::render_markdown_summary_uses_explicit_wall_and_cpu_columns ... ok
[INFO] [stdout] test tests::render_summary_markdown_from_merged_output ... ok
[INFO] [stdout] test tests::render_summary_uses_legacy_peak_memory_as_growth_fallback ... ok
[INFO] [stdout] test tests::report_github_parses ... ok
[INFO] [stdout] test tests::resolve_devices_from_matrix_is_deterministic ... ok
[INFO] [stdout] test profile::tests::write_profile_session_outputs_rewrites_flamegraph_with_timeline_payload ... ok
[INFO] [stdout] test tests::build_progress_uses_configured_crate ... ok
[INFO] [stdout] test run_lifecycle::tests::prepared_run_commits_canonical_and_compatibility_reports_together ... ok
[INFO] [stdout] test tests::ios_managed_artifact_detection_accepts_config_template_paths ... ok
[INFO] [stdout] test tests::resolve_run_spec_prefers_cli_device_matrix_with_config ... ok
[INFO] [stdout] test tests::resolve_run_spec_lets_cli_values_override_config_values ... ok
[INFO] [stdout] test tests::resolve_run_spec_applies_legacy_ios_deployment_override ... ok
[INFO] [stdout] test tests::ios_defers_packaging_browserstack_artifacts_until_run_time ... ok
[INFO] [stdout] test tests::ios_runner_rejects_forced_swiftui_below_ios_15 ... ok
[INFO] [stdout] test tests::list_uses_resolved_layout_for_custom_crate ... ok
[INFO] [stdout] test tests::resolve_run_spec_reads_android_watchdog_from_config_and_cli ... ok
[INFO] [stdout] test tests::resolve_run_spec_reads_ios_completion_timeout_from_config ... ok
[INFO] [stdout] test tests::ios_runner_selection_uses_legacy_below_ios_15 ... ok
[INFO] [stdout] test tests::run_accepts_config_without_target_or_function_flags ... ok
[INFO] [stdout] test tests::resolve_run_spec_rejects_ios_device_below_deployment_target ... ok
[INFO] [stdout] test tests::run_summary_validates_against_summary_schema ... FAILED
[INFO] [stdout] test tests::run_web_parses_mobile_local_environment ... ok
[INFO] [stdout] test tests::rustc_msrv_parser_handles_stable_and_prerelease_versions ... ok
[INFO] [stdout] test tests::snapshot_baseline_creates_distinct_copy ... ok
[INFO] [stdout] test tests::summary_markdown_neutralizes_metadata_rows_and_failure_fields ... ok
[INFO] [stdout] test tests::test_render_markdown_uses_cpu_total_and_peak_memory_columns ... ok
[INFO] [stdout] test tests::test_render_table_uses_cpu_total_and_peak_memory_columns ... ok
[INFO] [stdout] test tests::resolver_reads_private_web_wasm_bindgen_extension ... ok
[INFO] [stdout] test tests::validate_spec_file_rejects_counts_larger_than_u32 ... ok
[INFO] [stdout] test tests::resolver_projects_configured_output_dir_beneath_project_without_creating_it ... ok
[INFO] [stdout] test tests::resolves_cli_spec ... ok
[INFO] [stdout] test tests::validate_spec_file_requires_integral_bounded_counts ... ok
[INFO] [stdout] test workspace_fs::tests::write_file_rejects_a_symlink_leaf_without_mutating_its_target ... ok
[INFO] [stdout] test workspace_fs::tests::write_file_persists_and_replaces_regular_outputs ... ok
[INFO] [stdout] test tests::run_dry_run_prepares_ios_artifacts_inside_custom_project ... ok
[INFO] [stdout] test tests::resolver_rejects_absolute_configured_output_dir_before_writing ... ok
[INFO] [stdout] test tests::resolver_rejects_symlinked_default_output_dir_before_writing ... ok
[INFO] [stdout] test tests::generated_valid_device_matrices_parse ... ok
[INFO] [stdout] test tests::verify_external_crate_smoke_test_is_unsupported ... ok
[INFO] [stdout] test profile::tests::profile_run_writes_run_scoped_and_latest_manifest_files ... ok
[INFO] [stdout] test tests::resolver_rejects_symlinked_configured_output_dir_before_writing ... ok
[INFO] [stdout] test profile::tests::repeated_profile_runs_publish_isolated_directories_without_stale_artifacts ... ok
[INFO] [stdout] test tests::verify_smoke_test_skips_external_crate ... ok
[INFO] [stdout] test tests::resolver_rejects_parent_traversal_configured_output_dir_before_writing ... ok
[INFO] [stdout] test tests::resolver_uses_mobench_toml_for_custom_crate ... ok
[INFO] [stdout] test tests::resolver_uses_typed_builder_configuration ... ok
[INFO] [stdout] test browserstack_automate::tests::configures_timeouts_polls_and_cleans_up ... ok
[INFO] [stdout] test browserstack::tests::device_discovery_uses_unified_inventory_and_filters_by_os ... ok
[INFO] [stdout] 
[INFO] [stdout] failures:
[INFO] [stdout] 
[INFO] [stdout] ---- profile::tests::write_profile_session_outputs_persists_semantic_phase_sidecar stdout ----
[INFO] [stdout] 
[INFO] [stdout] thread 'profile::tests::write_profile_session_outputs_persists_semantic_phase_sidecar' (5046) panicked at src/profile.rs:5341:68:
[INFO] [stdout] write profile outputs: Read-only file system (os error 30)
[INFO] [stdout] 
[INFO] [stdout] Stack backtrace:
[INFO] [stdout]    0: <anyhow::Error as core::convert::From<core::io::error::Error>>::from
[INFO] [stdout]    1: mobench::profile::write_profile_session_outputs
[INFO] [stdout]    2: mobench::profile::tests::write_profile_session_outputs_persists_semantic_phase_sidecar
[INFO] [stdout]    3: <mobench::profile::tests::write_profile_session_outputs_persists_semantic_phase_sidecar::{closure#0} as core::ops::function::FnOnce<()>>::call_once
[INFO] [stdout]    4: test::__rust_begin_short_backtrace::<core::result::Result<(), alloc::string::String>, fn() -> core::result::Result<(), alloc::string::String>>
[INFO] [stdout]    5: test::run_test::{closure#0}
[INFO] [stdout]    6: std::sys::backtrace::__rust_begin_short_backtrace::<test::run_test::{closure#1}, ()>
[INFO] [stdout]    7: <std::thread::lifecycle::spawn_unchecked<test::run_test::{closure#1}, ()>::{closure#1} as core::ops::function::FnOnce<()>>::call_once::{shim:vtable#0}
[INFO] [stdout]    8: <std::sys::thread::unix::Thread>::new::thread_start
[INFO] [stdout]    9: <unknown>
[INFO] [stdout]   10: clone
[INFO] [stdout] stack backtrace:
[INFO] [stdout]    0:     0x5972e2f65b91 - <<std[70759c8f55707aa4]::sys::backtrace::BacktraceLock>::print::DisplayBacktrace as core[df12db4294e9bfd3]::fmt::Display>::fmt
[INFO] [stdout]    1:     0x5972e2f8094a - core[df12db4294e9bfd3]::fmt::write
[INFO] [stdout]    2:     0x5972e2f6c09c - <alloc[2182bb758b4b3781]::vec::Vec<u8> as core[df12db4294e9bfd3]::io::write::Write>::write_fmt
[INFO] [stdout]    3:     0x5972e2f3a906 - std[70759c8f55707aa4]::panicking::default_hook::{closure#0}
[INFO] [stdout]    4:     0x5972e2f5ad59 - std[70759c8f55707aa4]::panicking::default_hook
[INFO] [stdout]    5:     0x5972e29f1940 - test[9d35eded1c95d3be]::test_main_inner::<test[9d35eded1c95d3be]::test_main_static::{closure#0}>::{closure#0}
[INFO] [stdout]    6:     0x5972e2f5b082 - std[70759c8f55707aa4]::panicking::panic_with_hook
[INFO] [stdout]    7:     0x5972e2f3a9b2 - std[70759c8f55707aa4]::panicking::panic_handler::{closure#0}
[INFO] [stdout]    8:     0x5972e2f32949 - std[70759c8f55707aa4]::sys::backtrace::__rust_end_short_backtrace::<std[70759c8f55707aa4]::panicking::panic_handler::{closure#0}, !>
[INFO] [stdout]    9:     0x5972e2f3bcdd - __rustc[8fa7c3cbc660c2b3]::rust_begin_unwind
[INFO] [stdout]   10:     0x5972e2f8112c - core[df12db4294e9bfd3]::panicking::panic_fmt
[INFO] [stdout]   11:     0x5972e2f80f02 - core[df12db4294e9bfd3]::result::unwrap_failed
[INFO] [stdout]   12:     0x5972e28f98cc - mobench[49479f25bb390f47]::profile::tests::write_profile_session_outputs_persists_semantic_phase_sidecar
[INFO] [stdout]   13:     0x5972e2980b29 - <mobench[49479f25bb390f47]::profile::tests::write_profile_session_outputs_persists_semantic_phase_sidecar::{closure#0} as core[df12db4294e9bfd3]::ops::function::FnOnce<()>>::call_once
[INFO] [stdout]   14:     0x5972e29e4c2b - test[9d35eded1c95d3be]::__rust_begin_short_backtrace::<core[df12db4294e9bfd3]::result::Result<(), alloc[2182bb758b4b3781]::string::String>, fn() -> core[df12db4294e9bfd3]::result::Result<(), alloc[2182bb758b4b3781]::string::String>>
[INFO] [stdout]   15:     0x5972e29f2295 - test[9d35eded1c95d3be]::run_test::{closure#0}
[INFO] [stdout]   16:     0x5972e29ebb54 - std[70759c8f55707aa4]::sys::backtrace::__rust_begin_short_backtrace::<test[9d35eded1c95d3be]::run_test::{closure#1}, ()>
[INFO] [stdout]   17:     0x5972e29f53f2 - <std[70759c8f55707aa4]::thread::lifecycle::spawn_unchecked<test[9d35eded1c95d3be]::run_test::{closure#1}, ()>::{closure#1} as core[df12db4294e9bfd3]::ops::function::FnOnce<()>>::call_once::{shim:vtable#0}
[INFO] [stdout]   18:     0x5972e2f64529 - <std[70759c8f55707aa4]::sys::thread::unix::Thread>::new::thread_start
[INFO] [stdout]   19:     0x7677a5055dfa - <unknown>
[INFO] [stdout]   20:     0x7677a50e93d4 - clone
[INFO] [stdout]   21:                0x0 - <unknown>
[INFO] [stdout] 
[INFO] [stdout] ---- local_provider::tests::local_adapter_executes_the_basic_example_and_returns_real_samples stdout ----
[INFO] [stdout] 
[INFO] [stdout] thread 'local_provider::tests::local_adapter_executes_the_basic_example_and_returns_real_samples' (4951) panicked at src/local_provider.rs:586:14:
[INFO] [stdout] execute local provider: Adapter { stage: Start, attempts: 1, source: MetadataFailed { message: "error: manifest path `/opt/rustwide/workdir/../../examples/basic-benchmark/Cargo.toml` does not exist" } }
[INFO] [stdout] stack backtrace:
[INFO] [stdout]    0:     0x5972e2f65b91 - <<std[70759c8f55707aa4]::sys::backtrace::BacktraceLock>::print::DisplayBacktrace as core[df12db4294e9bfd3]::fmt::Display>::fmt
[INFO] [stdout]    1:     0x5972e2f8094a - core[df12db4294e9bfd3]::fmt::write
[INFO] [stdout]    2:     0x5972e2f6c09c - <alloc[2182bb758b4b3781]::vec::Vec<u8> as core[df12db4294e9bfd3]::io::write::Write>::write_fmt
[INFO] [stdout]    3:     0x5972e2f3a906 - std[70759c8f55707aa4]::panicking::default_hook::{closure#0}
[INFO] [stdout]    4:     0x5972e2f5ad59 - std[70759c8f55707aa4]::panicking::default_hook
[INFO] [stdout]    5:     0x5972e29f1940 - test[9d35eded1c95d3be]::test_main_inner::<test[9d35eded1c95d3be]::test_main_static::{closure#0}>::{closure#0}
[INFO] [stdout]    6:     0x5972e2f5b082 - std[70759c8f55707aa4]::panicking::panic_with_hook
[INFO] [stdout]    7:     0x5972e2f3a9b2 - std[70759c8f55707aa4]::panicking::panic_handler::{closure#0}
[INFO] [stdout]    8:     0x5972e2f32949 - std[70759c8f55707aa4]::sys::backtrace::__rust_end_short_backtrace::<std[70759c8f55707aa4]::panicking::panic_handler::{closure#0}, !>
[INFO] [stdout]    9:     0x5972e2f3bcdd - __rustc[8fa7c3cbc660c2b3]::rust_begin_unwind
[INFO] [stdout]   10:     0x5972e2f8112c - core[df12db4294e9bfd3]::panicking::panic_fmt
[INFO] [stdout]   11:     0x5972e2f80f02 - core[df12db4294e9bfd3]::result::unwrap_failed
[INFO] [stdout]   12:     0x5972e2726110 - mobench[49479f25bb390f47]::local_provider::tests::local_adapter_executes_the_basic_example_and_returns_real_samples
[INFO] [stdout]   13:     0x5972e2980089 - <mobench[49479f25bb390f47]::local_provider::tests::local_adapter_executes_the_basic_example_and_returns_real_samples::{closure#0} as core[df12db4294e9bfd3]::ops::function::FnOnce<()>>::call_once
[INFO] [stdout]   14:     0x5972e29e4c2b - test[9d35eded1c95d3be]::__rust_begin_short_backtrace::<core[df12db4294e9bfd3]::result::Result<(), alloc[2182bb758b4b3781]::string::String>, fn() -> core[df12db4294e9bfd3]::result::Result<(), alloc[2182bb758b4b3781]::string::String>>
[INFO] [stdout]   15:     0x5972e29f2295 - test[9d35eded1c95d3be]::run_test::{closure#0}
[INFO] [stdout]   16:     0x5972e29ebb54 - std[70759c8f55707aa4]::sys::backtrace::__rust_begin_short_backtrace::<test[9d35eded1c95d3be]::run_test::{closure#1}, ()>
[INFO] [stdout]   17:     0x5972e29f53f2 - <std[70759c8f55707aa4]::thread::lifecycle::spawn_unchecked<test[9d35eded1c95d3be]::run_test::{closure#1}, ()>::{closure#1} as core[df12db4294e9bfd3]::ops::function::FnOnce<()>>::call_once::{shim:vtable#0}
[INFO] [stdout]   18:     0x5972e2f64529 - <std[70759c8f55707aa4]::sys::thread::unix::Thread>::new::thread_start
[INFO] [stdout]   19:     0x7677a5055dfa - <unknown>
[INFO] [stdout]   20:     0x7677a50e93d4 - clone
[INFO] [stdout]   21:                0x0 - <unknown>
[INFO] [stdout] 
[INFO] [stdout] ---- split_runs::tests::merge_split_run_summaries_recomputes_stats stdout ----
[INFO] [stdout] Merged split-run CI outputs:
[INFO] [stdout]  - /tmp/.tmphtJyTu/merged/summary.json
[INFO] [stdout]  - /tmp/.tmphtJyTu/merged/summary.md
[INFO] [stdout]  - /tmp/.tmphtJyTu/merged/results.csv
[INFO] [stdout] 
[INFO] [stdout] thread 'split_runs::tests::merge_split_run_summaries_recomputes_stats' (5058) panicked at src/split_runs.rs:631:87:
[INFO] [stdout] called `Result::unwrap()` on an `Err` value: Os { code: 2, kind: NotFound, message: "No such file or directory" }
[INFO] [stdout] stack backtrace:
[INFO] [stdout]    0:     0x5972e2f65b91 - <<std[70759c8f55707aa4]::sys::backtrace::BacktraceLock>::print::DisplayBacktrace as core[df12db4294e9bfd3]::fmt::Display>::fmt
[INFO] [stdout]    1:     0x5972e2f8094a - core[df12db4294e9bfd3]::fmt::write
[INFO] [stdout]    2:     0x5972e2f6c09c - <alloc[2182bb758b4b3781]::vec::Vec<u8> as core[df12db4294e9bfd3]::io::write::Write>::write_fmt
[INFO] [stdout]    3:     0x5972e2f3a906 - std[70759c8f55707aa4]::panicking::default_hook::{closure#0}
[INFO] [stdout]    4:     0x5972e2f5ad59 - std[70759c8f55707aa4]::panicking::default_hook
[INFO] [stdout]    5:     0x5972e29f1940 - test[9d35eded1c95d3be]::test_main_inner::<test[9d35eded1c95d3be]::test_main_static::{closure#0}>::{closure#0}
[INFO] [stdout]    6:     0x5972e2f5b082 - std[70759c8f55707aa4]::panicking::panic_with_hook
[INFO] [stdout]    7:     0x5972e2f3a9b2 - std[70759c8f55707aa4]::panicking::panic_handler::{closure#0}
[INFO] [stdout]    8:     0x5972e2f32949 - std[70759c8f55707aa4]::sys::backtrace::__rust_end_short_backtrace::<std[70759c8f55707aa4]::panicking::panic_handler::{closure#0}, !>
[INFO] [stdout]    9:     0x5972e2f3bcdd - __rustc[8fa7c3cbc660c2b3]::rust_begin_unwind
[INFO] [stdout]   10:     0x5972e2f8112c - core[df12db4294e9bfd3]::panicking::panic_fmt
[INFO] [stdout]   11:     0x5972e2f80f02 - core[df12db4294e9bfd3]::result::unwrap_failed
[INFO] [stdout]   12:     0x5972e292fea4 - mobench[49479f25bb390f47]::split_runs::tests::merge_split_run_summaries_recomputes_stats
[INFO] [stdout]   13:     0x5972e297f4c9 - <mobench[49479f25bb390f47]::split_runs::tests::merge_split_run_summaries_recomputes_stats::{closure#0} as core[df12db4294e9bfd3]::ops::function::FnOnce<()>>::call_once
[INFO] [stdout]   14:     0x5972e29e4c2b - test[9d35eded1c95d3be]::__rust_begin_short_backtrace::<core[df12db4294e9bfd3]::result::Result<(), alloc[2182bb758b4b3781]::string::String>, fn() -> core[df12db4294e9bfd3]::result::Result<(), alloc[2182bb758b4b3781]::string::String>>
[INFO] [stdout]   15:     0x5972e29f2295 - test[9d35eded1c95d3be]::run_test::{closure#0}
[INFO] [stdout]   16:     0x5972e29ebb54 - std[70759c8f55707aa4]::sys::backtrace::__rust_begin_short_backtrace::<test[9d35eded1c95d3be]::run_test::{closure#1}, ()>
[INFO] [stdout]   17:     0x5972e29f53f2 - <std[70759c8f55707aa4]::thread::lifecycle::spawn_unchecked<test[9d35eded1c95d3be]::run_test::{closure#1}, ()>::{closure#1} as core[df12db4294e9bfd3]::ops::function::FnOnce<()>>::call_once::{shim:vtable#0}
[INFO] [stdout]   18:     0x5972e2f64529 - <std[70759c8f55707aa4]::sys::thread::unix::Thread>::new::thread_start
[INFO] [stdout]   19:     0x7677a5055dfa - <unknown>
[INFO] [stdout]   20:     0x7677a50e93d4 - clone
[INFO] [stdout]   21:                0x0 - <unknown>
[INFO] [stdout] 
[INFO] [stdout] ---- tests::basic_example_fixture_renders_stable_markdown_and_csv stdout ----
[INFO] [stdout] 
[INFO] [stdout] thread 'tests::basic_example_fixture_renders_stable_markdown_and_csv' (5086) panicked at src/lib.rs:4661:69:
[INFO] [stdout] read fixture: Os { code: 2, kind: NotFound, message: "No such file or directory" }
[INFO] [stdout] stack backtrace:
[INFO] [stdout]    0:     0x5972e2f65b91 - <<std[70759c8f55707aa4]::sys::backtrace::BacktraceLock>::print::DisplayBacktrace as core[df12db4294e9bfd3]::fmt::Display>::fmt
[INFO] [stdout]    1:     0x5972e2f8094a - core[df12db4294e9bfd3]::fmt::write
[INFO] [stdout]    2:     0x5972e2f6c09c - <alloc[2182bb758b4b3781]::vec::Vec<u8> as core[df12db4294e9bfd3]::io::write::Write>::write_fmt
[INFO] [stdout]    3:     0x5972e2f3a906 - std[70759c8f55707aa4]::panicking::default_hook::{closure#0}
[INFO] [stdout]    4:     0x5972e2f5ad59 - std[70759c8f55707aa4]::panicking::default_hook
[INFO] [stdout]    5:     0x5972e29f1940 - test[9d35eded1c95d3be]::test_main_inner::<test[9d35eded1c95d3be]::test_main_static::{closure#0}>::{closure#0}
[INFO] [stdout]    6:     0x5972e2f5b082 - std[70759c8f55707aa4]::panicking::panic_with_hook
[INFO] [stdout]    7:     0x5972e2f3a9b2 - std[70759c8f55707aa4]::panicking::panic_handler::{closure#0}
[INFO] [stdout]    8:     0x5972e2f32949 - std[70759c8f55707aa4]::sys::backtrace::__rust_end_short_backtrace::<std[70759c8f55707aa4]::panicking::panic_handler::{closure#0}, !>
[INFO] [stdout]    9:     0x5972e2f3bcdd - __rustc[8fa7c3cbc660c2b3]::rust_begin_unwind
[INFO] [stdout]   10:     0x5972e2f8112c - core[df12db4294e9bfd3]::panicking::panic_fmt
[INFO] [stdout]   11:     0x5972e2f80f02 - core[df12db4294e9bfd3]::result::unwrap_failed
[INFO] [stdout]   12:     0x5972e26eb930 - mobench[49479f25bb390f47]::tests::basic_example_fixture_renders_stable_markdown_and_csv
[INFO] [stdout]   13:     0x5972e297f029 - <mobench[49479f25bb390f47]::tests::basic_example_fixture_renders_stable_markdown_and_csv::{closure#0} as core[df12db4294e9bfd3]::ops::function::FnOnce<()>>::call_once
[INFO] [stdout]   14:     0x5972e29e4c2b - test[9d35eded1c95d3be]::__rust_begin_short_backtrace::<core[df12db4294e9bfd3]::result::Result<(), alloc[2182bb758b4b3781]::string::String>, fn() -> core[df12db4294e9bfd3]::result::Result<(), alloc[2182bb758b4b3781]::string::String>>
[INFO] [stdout]   15:     0x5972e29f2295 - test[9d35eded1c95d3be]::run_test::{closure#0}
[INFO] [stdout]   16:     0x5972e29ebb54 - std[70759c8f55707aa4]::sys::backtrace::__rust_begin_short_backtrace::<test[9d35eded1c95d3be]::run_test::{closure#1}, ()>
[INFO] [stdout]   17:     0x5972e29f53f2 - <std[70759c8f55707aa4]::thread::lifecycle::spawn_unchecked<test[9d35eded1c95d3be]::run_test::{closure#1}, ()>::{closure#1} as core[df12db4294e9bfd3]::ops::function::FnOnce<()>>::call_once::{shim:vtable#0}
[INFO] [stdout]   18:     0x5972e2f64529 - <std[70759c8f55707aa4]::sys::thread::unix::Thread>::new::thread_start
[INFO] [stdout]   19:     0x7677a5055dfa - <unknown>
[INFO] [stdout]   20:     0x7677a50e93d4 - clone
[INFO] [stdout]   21:                0x0 - <unknown>
[INFO] [stdout] 
[INFO] [stdout] ---- tests::ci_payload_validates_against_ci_schema stdout ----
[INFO] [stdout] 
[INFO] [stdout] thread 'tests::ci_payload_validates_against_ci_schema' (5101) panicked at src/lib.rs:4566:71:
[INFO] [stdout] read ci schema: Os { code: 2, kind: NotFound, message: "No such file or directory" }
[INFO] [stdout] stack backtrace:
[INFO] [stdout]    0:     0x5972e2f65b91 - <<std[70759c8f55707aa4]::sys::backtrace::BacktraceLock>::print::DisplayBacktrace as core[df12db4294e9bfd3]::fmt::Display>::fmt
[INFO] [stdout]    1:     0x5972e2f8094a - core[df12db4294e9bfd3]::fmt::write
[INFO] [stdout]    2:     0x5972e2f6c09c - <alloc[2182bb758b4b3781]::vec::Vec<u8> as core[df12db4294e9bfd3]::io::write::Write>::write_fmt
[INFO] [stdout]    3:     0x5972e2f3a906 - std[70759c8f55707aa4]::panicking::default_hook::{closure#0}
[INFO] [stdout]    4:     0x5972e2f5ad59 - std[70759c8f55707aa4]::panicking::default_hook
[INFO] [stdout]    5:     0x5972e29f1940 - test[9d35eded1c95d3be]::test_main_inner::<test[9d35eded1c95d3be]::test_main_static::{closure#0}>::{closure#0}
[INFO] [stdout]    6:     0x5972e2f5b082 - std[70759c8f55707aa4]::panicking::panic_with_hook
[INFO] [stdout]    7:     0x5972e2f3a9b2 - std[70759c8f55707aa4]::panicking::panic_handler::{closure#0}
[INFO] [stdout]    8:     0x5972e2f32949 - std[70759c8f55707aa4]::sys::backtrace::__rust_end_short_backtrace::<std[70759c8f55707aa4]::panicking::panic_handler::{closure#0}, !>
[INFO] [stdout]    9:     0x5972e2f3bcdd - __rustc[8fa7c3cbc660c2b3]::rust_begin_unwind
[INFO] [stdout]   10:     0x5972e2f8112c - core[df12db4294e9bfd3]::panicking::panic_fmt
[INFO] [stdout]   11:     0x5972e2f80f02 - core[df12db4294e9bfd3]::result::unwrap_failed
[INFO] [stdout]   12:     0x5972e26db660 - mobench[49479f25bb390f47]::tests::ci_payload_validates_against_ci_schema
[INFO] [stdout]   13:     0x5972e297e8d9 - <mobench[49479f25bb390f47]::tests::ci_payload_validates_against_ci_schema::{closure#0} as core[df12db4294e9bfd3]::ops::function::FnOnce<()>>::call_once
[INFO] [stdout]   14:     0x5972e29e4c2b - test[9d35eded1c95d3be]::__rust_begin_short_backtrace::<core[df12db4294e9bfd3]::result::Result<(), alloc[2182bb758b4b3781]::string::String>, fn() -> core[df12db4294e9bfd3]::result::Result<(), alloc[2182bb758b4b3781]::string::String>>
[INFO] [stdout]   15:     0x5972e29f2295 - test[9d35eded1c95d3be]::run_test::{closure#0}
[INFO] [stdout]   16:     0x5972e29ebb54 - std[70759c8f55707aa4]::sys::backtrace::__rust_begin_short_backtrace::<test[9d35eded1c95d3be]::run_test::{closure#1}, ()>
[INFO] [stdout]   17:     0x5972e29f53f2 - <std[70759c8f55707aa4]::thread::lifecycle::spawn_unchecked<test[9d35eded1c95d3be]::run_test::{closure#1}, ()>::{closure#1} as core[df12db4294e9bfd3]::ops::function::FnOnce<()>>::call_once::{shim:vtable#0}
[INFO] [stdout]   18:     0x5972e2f64529 - <std[70759c8f55707aa4]::sys::thread::unix::Thread>::new::thread_start
[INFO] [stdout]   19:     0x7677a5055dfa - <unknown>
[INFO] [stdout]   20:     0x7677a50e93d4 - clone
[INFO] [stdout]   21:                0x0 - <unknown>
[INFO] [stdout] 
[INFO] [stdout] ---- tests::contract_schema_files_compile stdout ----
[INFO] [stdout] 
[INFO] [stdout] thread 'tests::contract_schema_files_compile' (5112) panicked at src/lib.rs:4480:55:
[INFO] [stdout] read summary schema: Os { code: 2, kind: NotFound, message: "No such file or directory" }
[INFO] [stdout] stack backtrace:
[INFO] [stdout]    0:     0x5972e2f65b91 - <<std[70759c8f55707aa4]::sys::backtrace::BacktraceLock>::print::DisplayBacktrace as core[df12db4294e9bfd3]::fmt::Display>::fmt
[INFO] [stdout]    1:     0x5972e2f8094a - core[df12db4294e9bfd3]::fmt::write
[INFO] [stdout]    2:     0x5972e2f6c09c - <alloc[2182bb758b4b3781]::vec::Vec<u8> as core[df12db4294e9bfd3]::io::write::Write>::write_fmt
[INFO] [stdout]    3:     0x5972e2f3a906 - std[70759c8f55707aa4]::panicking::default_hook::{closure#0}
[INFO] [stdout]    4:     0x5972e2f5ad59 - std[70759c8f55707aa4]::panicking::default_hook
[INFO] [stdout]    5:     0x5972e29f1940 - test[9d35eded1c95d3be]::test_main_inner::<test[9d35eded1c95d3be]::test_main_static::{closure#0}>::{closure#0}
[INFO] [stdout]    6:     0x5972e2f5b082 - std[70759c8f55707aa4]::panicking::panic_with_hook
[INFO] [stdout]    7:     0x5972e2f3a9b2 - std[70759c8f55707aa4]::panicking::panic_handler::{closure#0}
[INFO] [stdout]    8:     0x5972e2f32949 - std[70759c8f55707aa4]::sys::backtrace::__rust_end_short_backtrace::<std[70759c8f55707aa4]::panicking::panic_handler::{closure#0}, !>
[INFO] [stdout]    9:     0x5972e2f3bcdd - __rustc[8fa7c3cbc660c2b3]::rust_begin_unwind
[INFO] [stdout]   10:     0x5972e2f8112c - core[df12db4294e9bfd3]::panicking::panic_fmt
[INFO] [stdout]   11:     0x5972e2f80f02 - core[df12db4294e9bfd3]::result::unwrap_failed
[INFO] [stdout]   12:     0x5972e26d5460 - mobench[49479f25bb390f47]::tests::contract_schema_files_compile
[INFO] [stdout]   13:     0x5972e297e7b9 - <mobench[49479f25bb390f47]::tests::contract_schema_files_compile::{closure#0} as core[df12db4294e9bfd3]::ops::function::FnOnce<()>>::call_once
[INFO] [stdout]   14:     0x5972e29e4c2b - test[9d35eded1c95d3be]::__rust_begin_short_backtrace::<core[df12db4294e9bfd3]::result::Result<(), alloc[2182bb758b4b3781]::string::String>, fn() -> core[df12db4294e9bfd3]::result::Result<(), alloc[2182bb758b4b3781]::string::String>>
[INFO] [stdout]   15:     0x5972e29f2295 - test[9d35eded1c95d3be]::run_test::{closure#0}
[INFO] [stdout]   16:     0x5972e29ebb54 - std[70759c8f55707aa4]::sys::backtrace::__rust_begin_short_backtrace::<test[9d35eded1c95d3be]::run_test::{closure#1}, ()>
[INFO] [stdout]   17:     0x5972e29f53f2 - <std[70759c8f55707aa4]::thread::lifecycle::spawn_unchecked<test[9d35eded1c95d3be]::run_test::{closure#1}, ()>::{closure#1} as core[df12db4294e9bfd3]::ops::function::FnOnce<()>>::call_once::{shim:vtable#0}
[INFO] [stdout]   18:     0x5972e2f64529 - <std[70759c8f55707aa4]::sys::thread::unix::Thread>::new::thread_start
[INFO] [stdout]   19:     0x7677a5055dfa - <unknown>
[INFO] [stdout]   20:     0x7677a50e93d4 - clone
[INFO] [stdout]   21:                0x0 - <unknown>
[INFO] [stdout] 
[INFO] [stdout] ---- tests::example_trace_events_fixture_validates_against_trace_schema stdout ----
[INFO] [stdout] 
[INFO] [stdout] thread 'tests::example_trace_events_fixture_validates_against_trace_schema' (5137) panicked at src/lib.rs:4634:53:
[INFO] [stdout] read trace schema: Os { code: 2, kind: NotFound, message: "No such file or directory" }
[INFO] [stdout] stack backtrace:
[INFO] [stdout]    0:     0x5972e2f65b91 - <<std[70759c8f55707aa4]::sys::backtrace::BacktraceLock>::print::DisplayBacktrace as core[df12db4294e9bfd3]::fmt::Display>::fmt
[INFO] [stdout]    1:     0x5972e2f8094a - core[df12db4294e9bfd3]::fmt::write
[INFO] [stdout]    2:     0x5972e2f6c09c - <alloc[2182bb758b4b3781]::vec::Vec<u8> as core[df12db4294e9bfd3]::io::write::Write>::write_fmt
[INFO] [stdout]    3:     0x5972e2f3a906 - std[70759c8f55707aa4]::panicking::default_hook::{closure#0}
[INFO] [stdout]    4:     0x5972e2f5ad59 - std[70759c8f55707aa4]::panicking::default_hook
[INFO] [stdout]    5:     0x5972e29f1940 - test[9d35eded1c95d3be]::test_main_inner::<test[9d35eded1c95d3be]::test_main_static::{closure#0}>::{closure#0}
[INFO] [stdout]    6:     0x5972e2f5b082 - std[70759c8f55707aa4]::panicking::panic_with_hook
[INFO] [stdout]    7:     0x5972e2f3a9b2 - std[70759c8f55707aa4]::panicking::panic_handler::{closure#0}
[INFO] [stdout]    8:     0x5972e2f32949 - std[70759c8f55707aa4]::sys::backtrace::__rust_end_short_backtrace::<std[70759c8f55707aa4]::panicking::panic_handler::{closure#0}, !>
[INFO] [stdout]    9:     0x5972e2f3bcdd - __rustc[8fa7c3cbc660c2b3]::rust_begin_unwind
[INFO] [stdout]   10:     0x5972e2f8112c - core[df12db4294e9bfd3]::panicking::panic_fmt
[INFO] [stdout]   11:     0x5972e2f80f02 - core[df12db4294e9bfd3]::result::unwrap_failed
[INFO] [stdout]   12:     0x5972e26f2385 - mobench[49479f25bb390f47]::tests::example_trace_events_fixture_validates_against_trace_schema
[INFO] [stdout]   13:     0x5972e297f249 - <mobench[49479f25bb390f47]::tests::example_trace_events_fixture_validates_against_trace_schema::{closure#0} as core[df12db4294e9bfd3]::ops::function::FnOnce<()>>::call_once
[INFO] [stdout]   14:     0x5972e29e4c2b - test[9d35eded1c95d3be]::__rust_begin_short_backtrace::<core[df12db4294e9bfd3]::result::Result<(), alloc[2182bb758b4b3781]::string::String>, fn() -> core[df12db4294e9bfd3]::result::Result<(), alloc[2182bb758b4b3781]::string::String>>
[INFO] [stdout]   15:     0x5972e29f2295 - test[9d35eded1c95d3be]::run_test::{closure#0}
[INFO] [stdout]   16:     0x5972e29ebb54 - std[70759c8f55707aa4]::sys::backtrace::__rust_begin_short_backtrace::<test[9d35eded1c95d3be]::run_test::{closure#1}, ()>
[INFO] [stdout]   17:     0x5972e29f53f2 - <std[70759c8f55707aa4]::thread::lifecycle::spawn_unchecked<test[9d35eded1c95d3be]::run_test::{closure#1}, ()>::{closure#1} as core[df12db4294e9bfd3]::ops::function::FnOnce<()>>::call_once::{shim:vtable#0}
[INFO] [stdout]   18:     0x5972e2f64529 - <std[70759c8f55707aa4]::sys::thread::unix::Thread>::new::thread_start
[INFO] [stdout]   19:     0x7677a5055dfa - <unknown>
[INFO] [stdout]   20:     0x7677a50e93d4 - clone
[INFO] [stdout]   21:                0x0 - <unknown>
[INFO] [stdout] 
[INFO] [stdout] ---- tests::example_summary_fixtures_validate_against_summary_schema stdout ----
[INFO] [stdout] 
[INFO] [stdout] thread 'tests::example_summary_fixtures_validate_against_summary_schema' (5136) panicked at src/lib.rs:4600:55:
[INFO] [stdout] read summary schema: Os { code: 2, kind: NotFound, message: "No such file or directory" }
[INFO] [stdout] stack backtrace:
[INFO] [stdout]    0:     0x5972e2f65b91 - <<std[70759c8f55707aa4]::sys::backtrace::BacktraceLock>::print::DisplayBacktrace as core[df12db4294e9bfd3]::fmt::Display>::fmt
[INFO] [stdout]    1:     0x5972e2f8094a - core[df12db4294e9bfd3]::fmt::write
[INFO] [stdout]    2:     0x5972e2f6c09c - <alloc[2182bb758b4b3781]::vec::Vec<u8> as core[df12db4294e9bfd3]::io::write::Write>::write_fmt
[INFO] [stdout]    3:     0x5972e2f3a906 - std[70759c8f55707aa4]::panicking::default_hook::{closure#0}
[INFO] [stdout]    4:     0x5972e2f5ad59 - std[70759c8f55707aa4]::panicking::default_hook
[INFO] [stdout]    5:     0x5972e29f1940 - test[9d35eded1c95d3be]::test_main_inner::<test[9d35eded1c95d3be]::test_main_static::{closure#0}>::{closure#0}
[INFO] [stdout]    6:     0x5972e2f5b082 - std[70759c8f55707aa4]::panicking::panic_with_hook
[INFO] [stdout]    7:     0x5972e2f3a9b2 - std[70759c8f55707aa4]::panicking::panic_handler::{closure#0}
[INFO] [stdout]    8:     0x5972e2f32949 - std[70759c8f55707aa4]::sys::backtrace::__rust_end_short_backtrace::<std[70759c8f55707aa4]::panicking::panic_handler::{closure#0}, !>
[INFO] [stdout]    9:     0x5972e2f3bcdd - __rustc[8fa7c3cbc660c2b3]::rust_begin_unwind
[INFO] [stdout]   10:     0x5972e2f8112c - core[df12db4294e9bfd3]::panicking::panic_fmt
[INFO] [stdout]   11:     0x5972e2f80f02 - core[df12db4294e9bfd3]::result::unwrap_failed
[INFO] [stdout]   12:     0x5972e26ee0a3 - mobench[49479f25bb390f47]::tests::example_summary_fixtures_validate_against_summary_schema
[INFO] [stdout]   13:     0x5972e297f0e9 - <mobench[49479f25bb390f47]::tests::example_summary_fixtures_validate_against_summary_schema::{closure#0} as core[df12db4294e9bfd3]::ops::function::FnOnce<()>>::call_once
[INFO] [stdout]   14:     0x5972e29e4c2b - test[9d35eded1c95d3be]::__rust_begin_short_backtrace::<core[df12db4294e9bfd3]::result::Result<(), alloc[2182bb758b4b3781]::string::String>, fn() -> core[df12db4294e9bfd3]::result::Result<(), alloc[2182bb758b4b3781]::string::String>>
[INFO] [stdout]   15:     0x5972e29f2295 - test[9d35eded1c95d3be]::run_test::{closure#0}
[INFO] [stdout]   16:     0x5972e29ebb54 - std[70759c8f55707aa4]::sys::backtrace::__rust_begin_short_backtrace::<test[9d35eded1c95d3be]::run_test::{closure#1}, ()>
[INFO] [stdout]   17:     0x5972e29f53f2 - <std[70759c8f55707aa4]::thread::lifecycle::spawn_unchecked<test[9d35eded1c95d3be]::run_test::{closure#1}, ()>::{closure#1} as core[df12db4294e9bfd3]::ops::function::FnOnce<()>>::call_once::{shim:vtable#0}
[INFO] [stdout]   18:     0x5972e2f64529 - <std[70759c8f55707aa4]::sys::thread::unix::Thread>::new::thread_start
[INFO] [stdout]   19:     0x7677a5055dfa - <unknown>
[INFO] [stdout]   20:     0x7677a50e93d4 - clone
[INFO] [stdout]   21:                0x0 - <unknown>
[INFO] [stdout] 
[INFO] [stdout] ---- tests::run_summary_validates_against_summary_schema stdout ----
[INFO] [stdout] 
[INFO] [stdout] thread 'tests::run_summary_validates_against_summary_schema' (5329) panicked at src/lib.rs:4507:55:
[INFO] [stdout] read summary schema: Os { code: 2, kind: NotFound, message: "No such file or directory" }
[INFO] [stdout] stack backtrace:
[INFO] [stdout]    0:     0x5972e2f65b91 - <<std[70759c8f55707aa4]::sys::backtrace::BacktraceLock>::print::DisplayBacktrace as core[df12db4294e9bfd3]::fmt::Display>::fmt
[INFO] [stdout]    1:     0x5972e2f8094a - core[df12db4294e9bfd3]::fmt::write
[INFO] [stdout]    2:     0x5972e2f6c09c - <alloc[2182bb758b4b3781]::vec::Vec<u8> as core[df12db4294e9bfd3]::io::write::Write>::write_fmt
[INFO] [stdout]    3:     0x5972e2f3a906 - std[70759c8f55707aa4]::panicking::default_hook::{closure#0}
[INFO] [stdout]    4:     0x5972e2f5ad59 - std[70759c8f55707aa4]::panicking::default_hook
[INFO] [stdout]    5:     0x5972e29f1940 - test[9d35eded1c95d3be]::test_main_inner::<test[9d35eded1c95d3be]::test_main_static::{closure#0}>::{closure#0}
[INFO] [stdout]    6:     0x5972e2f5b082 - std[70759c8f55707aa4]::panicking::panic_with_hook
[INFO] [stdout]    7:     0x5972e2f3a9b2 - std[70759c8f55707aa4]::panicking::panic_handler::{closure#0}
[INFO] [stdout]    8:     0x5972e2f32949 - std[70759c8f55707aa4]::sys::backtrace::__rust_end_short_backtrace::<std[70759c8f55707aa4]::panicking::panic_handler::{closure#0}, !>
[INFO] [stdout]    9:     0x5972e2f3bcdd - __rustc[8fa7c3cbc660c2b3]::rust_begin_unwind
[INFO] [stdout]   10:     0x5972e2f8112c - core[df12db4294e9bfd3]::panicking::panic_fmt
[INFO] [stdout]   11:     0x5972e2f80f02 - core[df12db4294e9bfd3]::result::unwrap_failed
[INFO] [stdout]   12:     0x5972e26e2492 - mobench[49479f25bb390f47]::tests::run_summary_validates_against_summary_schema
[INFO] [stdout]   13:     0x5972e297eb69 - <mobench[49479f25bb390f47]::tests::run_summary_validates_against_summary_schema::{closure#0} as core[df12db4294e9bfd3]::ops::function::FnOnce<()>>::call_once
[INFO] [stdout]   14:     0x5972e29e4c2b - test[9d35eded1c95d3be]::__rust_begin_short_backtrace::<core[df12db4294e9bfd3]::result::Result<(), alloc[2182bb758b4b3781]::string::String>, fn() -> core[df12db4294e9bfd3]::result::Result<(), alloc[2182bb758b4b3781]::string::String>>
[INFO] [stdout]   15:     0x5972e29f2295 - test[9d35eded1c95d3be]::run_test::{closure#0}
[INFO] [stdout]   16:     0x5972e29ebb54 - std[70759c8f55707aa4]::sys::backtrace::__rust_begin_short_backtrace::<test[9d35eded1c95d3be]::run_test::{closure#1}, ()>
[INFO] [stdout]   17:     0x5972e29f53f2 - <std[70759c8f55707aa4]::thread::lifecycle::spawn_unchecked<test[9d35eded1c95d3be]::run_test::{closure#1}, ()>::{closure#1} as core[df12db4294e9bfd3]::ops::function::FnOnce<()>>::call_once::{shim:vtable#0}
[INFO] [stdout]   18:     0x5972e2f64529 - <std[70759c8f55707aa4]::sys::thread::unix::Thread>::new::thread_start
[INFO] [stdout]   19:     0x7677a5055dfa - <unknown>
[INFO] [stdout]   20:     0x7677a50e93d4 - clone
[INFO] [stdout]   21:                0x0 - <unknown>
[INFO] [stdout] 
[INFO] [stdout] 
[INFO] [stdout] failures:
[INFO] [stdout]     local_provider::tests::local_adapter_executes_the_basic_example_and_returns_real_samples
[INFO] [stdout]     profile::tests::write_profile_session_outputs_persists_semantic_phase_sidecar
[INFO] [stdout]     split_runs::tests::merge_split_run_summaries_recomputes_stats
[INFO] [stdout]     tests::basic_example_fixture_renders_stable_markdown_and_csv
[INFO] [stdout]     tests::ci_payload_validates_against_ci_schema
[INFO] [stdout]     tests::contract_schema_files_compile
[INFO] [stdout]     tests::example_summary_fixtures_validate_against_summary_schema
[INFO] [stdout]     tests::example_trace_events_fixture_validates_against_trace_schema
[INFO] [stdout]     tests::run_summary_validates_against_summary_schema
[INFO] [stdout] 
[INFO] [stdout] test result: FAILED. 343 passed; 9 failed; 2 ignored; 0 measured; 0 filtered out; finished in 2.06s
[INFO] [stdout] 
[INFO] [stderr] error: test failed, to rerun pass `--lib`
[INFO] running `Command { std: "docker" "inspect" "e5355cdbabd2d8832cb9d6019abc3b0dcf42433fa23032ff0287b9637c3cafdf", kill_on_drop: false }`
[INFO] running `Command { std: "docker" "rm" "-f" "e5355cdbabd2d8832cb9d6019abc3b0dcf42433fa23032ff0287b9637c3cafdf", kill_on_drop: false }`
[INFO] [stdout] e5355cdbabd2d8832cb9d6019abc3b0dcf42433fa23032ff0287b9637c3cafdf
