[INFO] fetching crate mobc-tonic 0.2.4...
[INFO] testing mobc-tonic-0.2.4 against 1.100.0-beta.1+cargoflags=--release for beta-release-1.100-2
[INFO] extracting crate mobc-tonic 0.2.4 into /workspace/builds/worker-4-tc2/source
[INFO] started tweaking crates.io crate mobc-tonic 0.2.4
[INFO] finished tweaking crates.io crate mobc-tonic 0.2.4
[INFO] tweaked toml for crates.io crate mobc-tonic 0.2.4 written to /workspace/builds/worker-4-tc2/source/Cargo.toml
[INFO] validating manifest of crates.io crate mobc-tonic 0.2.4 on toolchain 1.100.0-beta.1
[INFO] running `Command { std: CARGO_HOME="/workspace/cargo-home" RUSTUP_HOME="/workspace/rustup-home" "/workspace/cargo-home/bin/cargo" "+1.100.0-beta.1" "metadata" "--manifest-path" "Cargo.toml" "--no-deps", kill_on_drop: false }`
[INFO] running `Command { std: CARGO_HOME="/workspace/cargo-home" RUSTUP_HOME="/workspace/rustup-home" "/workspace/cargo-home/bin/cargo" "+1.100.0-beta.1" "generate-lockfile" "--manifest-path" "Cargo.toml", kill_on_drop: false }`
[INFO] [stderr]     Updating crates.io index
[INFO] [stderr]      Locking 163 packages to highest compatible versions
[INFO] [stderr]       Adding http v0.2.12 (available: v1.5.0)
[INFO] [stderr]       Adding mobc v0.7.3 (available: v0.9.0)
[INFO] [stderr]       Adding prost v0.7.0 (available: v0.14.4)
[INFO] [stderr]       Adding thiserror v1.0.69 (available: v2.0.21)
[INFO] [stderr]       Adding toml v0.5.11 (available: v1.1.8+spec-1.1.0)
[INFO] [stderr]       Adding tonic v0.4.3 (available: v0.14.6)
[INFO] [stderr]       Adding tonic-build v0.4.2 (available: v0.14.6)
[INFO] [stderr]       Adding tracing-subscriber v0.2.25 (available: v0.3.23)
[INFO] running `Command { std: CARGO_HOME="/workspace/cargo-home" RUSTUP_HOME="/workspace/rustup-home" "/workspace/cargo-home/bin/cargo" "+1.100.0-beta.1" "fetch" "--manifest-path" "Cargo.toml", kill_on_drop: false }`
[INFO] [stderr] warning: `package.homepage` is redundant with `package.repository`
[INFO] [stderr]   --> Cargo.toml:47:12
[INFO] [stderr]    |
[INFO] [stderr] 47 | homepage = "https://github.com/tyrchen/mobc-tonic"
[INFO] [stderr]    |            ^^^^^^^^^^^^^^^^^^^^^^^^^^^^^^^^^^^^^^^
[INFO] [stderr] ...
[INFO] [stderr] 52 | repository = "https://github.com/tyrchen/mobc-tonic"
[INFO] [stderr]    |              ---------------------------------------
[INFO] [stderr]    |
[INFO] [stderr]    = note: `cargo::redundant_homepage` is set to `warn` by default
[INFO] [stderr] help: consider removing `package.homepage`
[INFO] [stderr] warning: `mobc-tonic` (manifest) generated 1 warning
[INFO] running `Command { std: "docker" "create" "-v" "/var/lib/crater-agent-workspace/builds/worker-4-tc2/source:/opt/rustwide/workdir:ro,Z" "-v" "/var/lib/crater-agent-workspace/builds/worker-4-tc2/target:/opt/rustwide/target:rw,Z" "-v" "/var/lib/crater-agent-workspace/cargo-home:/opt/rustwide/cargo-home:ro,Z" "-v" "/var/lib/crater-agent-workspace/rustup-home:/opt/rustwide/rustup-home:ro,Z" "-m" "1610612736" "--network" "none" "ghcr.io/rust-lang/crates-build-env/linux@sha256:77db811e55d90add9212f6832c23229e3de5f1c1f9905e8cb07319ea15df73ac" "sleep" "infinity", kill_on_drop: false }`
[INFO] [stdout] a4bf64449db6033d49d0bcd491e21621ab0a82e037eeac080894da3e35eee07a
[INFO] running `Command { std: "docker" "start" "a4bf64449db6033d49d0bcd491e21621ab0a82e037eeac080894da3e35eee07a", kill_on_drop: false }`
[INFO] running `Command { std: "docker" "inspect" "a4bf64449db6033d49d0bcd491e21621ab0a82e037eeac080894da3e35eee07a", kill_on_drop: false }`
[INFO] running `Command { std: "docker" "exec" "-e" "SOURCE_DIR=/opt/rustwide/workdir" "-e" "CARGO_HOME=/opt/rustwide/cargo-home" "-e" "RUSTUP_HOME=/opt/rustwide/rustup-home" "-e" "CARGO_TARGET_DIR=/opt/rustwide/target" "-w" "/opt/rustwide/workdir" "--user" "0:0" "a4bf64449db6033d49d0bcd491e21621ab0a82e037eeac080894da3e35eee07a" "/opt/rustwide/cargo-home/bin/cargo" "+1.100.0-beta.1" "metadata" "--no-deps" "--format-version=1", kill_on_drop: false }`
[INFO] running `Command { std: "docker" "inspect" "a4bf64449db6033d49d0bcd491e21621ab0a82e037eeac080894da3e35eee07a", kill_on_drop: false }`
[INFO] running `Command { std: "docker" "exec" "-e" "SOURCE_DIR=/opt/rustwide/workdir" "-e" "CARGO_HOME=/opt/rustwide/cargo-home" "-e" "RUSTUP_HOME=/opt/rustwide/rustup-home" "-e" "CARGO_TARGET_DIR=/opt/rustwide/target" "-e" "CARGO_INCREMENTAL=0" "-e" "RUST_BACKTRACE=full" "-e" "RUSTFLAGS=--cap-lints=warn" "-e" "RUSTDOCFLAGS=--cap-lints=warn" "-w" "/opt/rustwide/workdir" "--user" "0:0" "a4bf64449db6033d49d0bcd491e21621ab0a82e037eeac080894da3e35eee07a" "/opt/rustwide/cargo-home/bin/cargo" "+1.100.0-beta.1" "build" "--frozen" "--message-format=json" "--release", kill_on_drop: false }`
[INFO] [stderr] warning: `package.homepage` is redundant with `package.repository`
[INFO] [stderr]   --> Cargo.toml:47:12
[INFO] [stderr]    |
[INFO] [stderr] 47 | homepage = "https://github.com/tyrchen/mobc-tonic"
[INFO] [stderr]    |            ^^^^^^^^^^^^^^^^^^^^^^^^^^^^^^^^^^^^^^^
[INFO] [stderr] ...
[INFO] [stderr] 52 | repository = "https://github.com/tyrchen/mobc-tonic"
[INFO] [stderr]    |              ---------------------------------------
[INFO] [stderr]    |
[INFO] [stderr]    = note: `cargo::redundant_homepage` is set to `warn` by default
[INFO] [stderr] help: consider removing `package.homepage`
[INFO] [stderr] warning: `mobc-tonic` (manifest) generated 1 warning
[INFO] [stderr]    Compiling syn v1.0.109
[INFO] [stderr]    Compiling itertools v0.9.0
[INFO] [stderr]    Compiling rustix v0.38.44
[INFO] [stderr]    Compiling linux-raw-sys v0.4.15
[INFO] [stderr]    Compiling libc v0.2.191
[INFO] [stderr]    Compiling home v0.5.12
[INFO] [stderr]    Compiling ring v0.16.20
[INFO] [stderr]    Compiling indexmap v1.9.3
[INFO] [stderr]    Compiling hashbrown v0.12.3
[INFO] [stderr]    Compiling syn v3.0.9
[INFO] [stderr]    Compiling socket2 v0.6.5
[INFO] [stderr]    Compiling mio v1.2.4
[INFO] [stderr]    Compiling bytes v1.12.1
[INFO] [stderr]    Compiling getrandom v0.2.17
[INFO] [stderr]    Compiling tracing v0.1.44
[INFO] [stderr]    Compiling multimap v0.8.3
[INFO] [stderr]    Compiling socket2 v0.5.10
[INFO] [stderr]    Compiling futures-timer v3.0.4
[INFO] [stderr]    Compiling tracing-futures v0.2.5
[INFO] [stderr]    Compiling rand_core v0.6.4
[INFO] [stderr]    Compiling rand_chacha v0.3.1
[INFO] [stderr]    Compiling rand v0.8.8
[INFO] [stderr]    Compiling petgraph v0.5.1
[INFO] [stderr]    Compiling which v4.4.2
[INFO] [stderr]    Compiling prost-build v0.7.0
[INFO] [stderr]    Compiling getrandom v0.4.3
[INFO] [stderr]    Compiling prost-derive v0.7.0
[INFO] [stderr]    Compiling tempfile v3.27.0
[INFO] [stderr]    Compiling prost v0.7.0
[INFO] [stderr]    Compiling tokio-macros v2.7.2
[INFO] [stderr]    Compiling futures-macro v0.3.34
[INFO] [stderr]    Compiling async-trait v0.1.92
[INFO] [stderr]    Compiling serde_derive v1.0.229
[INFO] [stderr]    Compiling prost-types v0.7.0
[INFO] [stderr]    Compiling tokio v1.53.3
[INFO] [stderr]    Compiling futures-util v0.3.34
[INFO] [stderr]    Compiling tonic-build v0.4.2
[INFO] [stderr]    Compiling mobc-tonic v0.2.4 (/opt/rustwide/workdir)
[INFO] [stderr]    Compiling webpki v0.21.4
[INFO] [stderr]    Compiling sct v0.6.1
[INFO] [stderr]    Compiling serde v1.0.229
[INFO] [stderr]    Compiling rustls v0.19.1
[INFO] [stderr]    Compiling tokio-util v0.7.20
[INFO] [stderr]    Compiling tokio-util v0.6.10
[INFO] [stderr]    Compiling tokio-rustls v0.22.0
[INFO] [stderr]    Compiling tokio-stream v0.1.19
[INFO] [stderr]    Compiling mobc v0.7.3
[INFO] [stderr]    Compiling h2 v0.3.27
[INFO] [stderr]    Compiling tower v0.4.13
[INFO] [stderr]    Compiling hyper v0.14.32
[INFO] [stderr]    Compiling tonic v0.4.3
[INFO] [stderr]     Finished `release` profile [optimized] target(s) in 1m 00s
[INFO] running `Command { std: "docker" "inspect" "a4bf64449db6033d49d0bcd491e21621ab0a82e037eeac080894da3e35eee07a", kill_on_drop: false }`
[INFO] running `Command { std: "docker" "exec" "-e" "SOURCE_DIR=/opt/rustwide/workdir" "-e" "CARGO_HOME=/opt/rustwide/cargo-home" "-e" "RUSTUP_HOME=/opt/rustwide/rustup-home" "-e" "CARGO_TARGET_DIR=/opt/rustwide/target" "-e" "CARGO_INCREMENTAL=0" "-e" "RUST_BACKTRACE=full" "-e" "RUSTFLAGS=--cap-lints=warn" "-e" "RUSTDOCFLAGS=--cap-lints=warn" "-w" "/opt/rustwide/workdir" "--user" "0:0" "a4bf64449db6033d49d0bcd491e21621ab0a82e037eeac080894da3e35eee07a" "/opt/rustwide/cargo-home/bin/cargo" "+1.100.0-beta.1" "test" "--frozen" "--no-run" "--message-format=json" "--release", kill_on_drop: false }`
[INFO] [stderr] warning: `package.homepage` is redundant with `package.repository`
[INFO] [stderr]   --> Cargo.toml:47:12
[INFO] [stderr]    |
[INFO] [stderr] 47 | homepage = "https://github.com/tyrchen/mobc-tonic"
[INFO] [stderr]    |            ^^^^^^^^^^^^^^^^^^^^^^^^^^^^^^^^^^^^^^^
[INFO] [stderr] ...
[INFO] [stderr] 52 | repository = "https://github.com/tyrchen/mobc-tonic"
[INFO] [stderr]    |              ---------------------------------------
[INFO] [stderr]    |
[INFO] [stderr]    = note: `cargo::redundant_homepage` is set to `warn` by default
[INFO] [stderr] help: consider removing `package.homepage`
[INFO] [stderr] warning: `mobc-tonic` (manifest) generated 1 warning
[INFO] [stderr]    Compiling regex-syntax v0.6.29
[INFO] [stderr]    Compiling chrono v0.4.45
[INFO] [stderr]    Compiling tracing-serde v0.1.3
[INFO] [stderr]    Compiling tracing-log v0.1.4
[INFO] [stderr]    Compiling toml v0.5.11
[INFO] [stderr]    Compiling regex-automata v0.1.10
[INFO] [stderr]    Compiling matchers v0.0.1
[INFO] [stderr]    Compiling tracing-subscriber v0.2.25
[INFO] [stderr]    Compiling mobc-tonic v0.2.4 (/opt/rustwide/workdir)
[INFO] [stderr]     Finished `release` profile [optimized] target(s) in 32.13s
[INFO] running `Command { std: "docker" "inspect" "a4bf64449db6033d49d0bcd491e21621ab0a82e037eeac080894da3e35eee07a", kill_on_drop: false }`
[INFO] running `Command { std: "docker" "exec" "-e" "SOURCE_DIR=/opt/rustwide/workdir" "-e" "CARGO_HOME=/opt/rustwide/cargo-home" "-e" "RUSTUP_HOME=/opt/rustwide/rustup-home" "-e" "CARGO_TARGET_DIR=/opt/rustwide/target" "-e" "CARGO_INCREMENTAL=0" "-e" "RUST_BACKTRACE=full" "-e" "RUSTFLAGS=--cap-lints=warn" "-e" "RUSTDOCFLAGS=--cap-lints=warn" "-w" "/opt/rustwide/workdir" "--user" "0:0" "a4bf64449db6033d49d0bcd491e21621ab0a82e037eeac080894da3e35eee07a" "/opt/rustwide/cargo-home/bin/cargo" "+1.100.0-beta.1" "test" "--frozen" "--release", kill_on_drop: false }`
[INFO] [stderr] warning: `package.homepage` is redundant with `package.repository`
[INFO] [stderr]   --> Cargo.toml:47:12
[INFO] [stderr]    |
[INFO] [stderr] 47 | homepage = "https://github.com/tyrchen/mobc-tonic"
[INFO] [stderr]    |            ^^^^^^^^^^^^^^^^^^^^^^^^^^^^^^^^^^^^^^^
[INFO] [stderr] ...
[INFO] [stderr] 52 | repository = "https://github.com/tyrchen/mobc-tonic"
[INFO] [stderr]    |              ---------------------------------------
[INFO] [stderr]    |
[INFO] [stderr]    = note: `cargo::redundant_homepage` is set to `warn` by default
[INFO] [stderr] help: consider removing `package.homepage`
[INFO] [stderr] warning: `mobc-tonic` (manifest) generated 1 warning
[INFO] [stderr]     Finished `release` profile [optimized] target(s) in 0.18s
[INFO] [stderr]      Running unittests src/lib.rs (/opt/rustwide/target/release/build/mobc-tonic/e75395d5a69ae71e/out/mobc_tonic-e75395d5a69ae71e)
[INFO] [stdout] 
[INFO] [stdout] running 4 tests
[INFO] [stdout] test tests::connect_pool_with_client_cert_and_intercepter_should_work ... FAILED
[INFO] [stdout] test tests::connect_pool_should_work ... FAILED
[INFO] [stdout] test tests::connect_pool_with_client_cert_should_work ... FAILED
[INFO] [stdout] test tests::connect_pool_with_invalid_client_cert_should_fail ... FAILED
[INFO] [stdout] 
[INFO] [stdout] failures:
[INFO] [stdout] 
[INFO] [stdout] ---- tests::connect_pool_with_client_cert_and_intercepter_should_work stdout ----
[INFO] [stdout] GreeterServer listening on 0.0.0.0:4003
[INFO] [stdout] 
[INFO] [stdout] thread 'tests::connect_pool_with_client_cert_and_intercepter_should_work' (1470) panicked at src/lib.rs:195:43:
[INFO] [stdout] called `Result::unwrap()` on an `Err` value: GrpcTransportError(tonic::transport::Error(Transport, hyper::Error(Connect, Custom { kind: InvalidData, error: WebPKIError(CertExpired) })))
[INFO] [stdout] stack backtrace:
[INFO] [stdout]    0:     0x5627d93851a1 - <<std[617be2ca0a6fd877]::sys::backtrace::BacktraceLock>::print::DisplayBacktrace as core[a373ad73a504971]::fmt::Display>::fmt
[INFO] [stdout]    1:     0x5627d939c7da - core[a373ad73a504971]::fmt::write
[INFO] [stdout]    2:     0x5627d9389edc - <alloc[2e1b2a31b91974c5]::vec::Vec<u8> as core[a373ad73a504971]::io::write::Write>::write_fmt
[INFO] [stdout]    3:     0x5627d935fc36 - std[617be2ca0a6fd877]::panicking::default_hook::{closure#0}
[INFO] [stdout]    4:     0x5627d937cd59 - std[617be2ca0a6fd877]::panicking::default_hook
[INFO] [stdout]    5:     0x5627d91af310 - test[aada8e7e76ba119b]::test_main_inner::{closure#0}
[INFO] [stdout]    6:     0x5627d937d082 - std[617be2ca0a6fd877]::panicking::panic_with_hook
[INFO] [stdout]    7:     0x5627d935fce2 - std[617be2ca0a6fd877]::panicking::panic_handler::{closure#0}
[INFO] [stdout]    8:     0x5627d9358389 - std[617be2ca0a6fd877]::sys::backtrace::__rust_end_short_backtrace::<std[617be2ca0a6fd877]::panicking::panic_handler::{closure#0}, !>
[INFO] [stdout]    9:     0x5627d9360bed - __rustc[ea4f61d10b84890b]::rust_begin_unwind
[INFO] [stdout]   10:     0x5627d939cf3c - core[a373ad73a504971]::panicking::panic_fmt
[INFO] [stdout]   11:     0x5627d939cd12 - core[a373ad73a504971]::result::unwrap_failed
[INFO] [stdout]   12:     0x5627d90d9623 - mobc_tonic[6d7482d6a63d64cd]::tests::connect_pool_with_client_cert_and_intercepter_should_work::{closure#0}
[INFO] [stdout]   13:     0x5627d911cd98 - <tokio[22ed8a8b1fe18348]::runtime::scheduler::current_thread::Context>::enter::<core[a373ad73a504971]::task::poll::Poll<core[a373ad73a504971]::result::Result<(), anyhow[99151d60601c3017]::Error>>, <tokio[22ed8a8b1fe18348]::runtime::scheduler::current_thread::CoreGuard>::block_on<core[a373ad73a504971]::pin::Pin<&mut core[a373ad73a504971]::pin::Pin<&mut dyn core[a373ad73a504971]::future::future::Future<Output = core[a373ad73a504971]::result::Result<(), anyhow[99151d60601c3017]::Error>>>>>::{closure#0}::{closure#0}>
[INFO] [stdout]   14:     0x5627d913ac17 - <tokio[22ed8a8b1fe18348]::runtime::context::scoped::Scoped<tokio[22ed8a8b1fe18348]::runtime::scheduler::Context>>::set::<<tokio[22ed8a8b1fe18348]::runtime::scheduler::current_thread::CoreGuard>::enter<<tokio[22ed8a8b1fe18348]::runtime::scheduler::current_thread::CoreGuard>::block_on<core[a373ad73a504971]::pin::Pin<&mut core[a373ad73a504971]::pin::Pin<&mut dyn core[a373ad73a504971]::future::future::Future<Output = core[a373ad73a504971]::result::Result<(), anyhow[99151d60601c3017]::Error>>>>>::{closure#0}, core[a373ad73a504971]::option::Option<core[a373ad73a504971]::result::Result<(), anyhow[99151d60601c3017]::Error>>>::{closure#0}, (alloc[2e1b2a31b91974c5]::boxed::Box<tokio[22ed8a8b1fe18348]::runtime::scheduler::current_thread::Core>, core[a373ad73a504971]::option::Option<core[a373ad73a504971]::result::Result<(), anyhow[99151d60601c3017]::Error>>)>
[INFO] [stdout]   15:     0x5627d911dfc9 - <tokio[22ed8a8b1fe18348]::runtime::scheduler::current_thread::CoreGuard>::block_on::<core[a373ad73a504971]::pin::Pin<&mut core[a373ad73a504971]::pin::Pin<&mut dyn core[a373ad73a504971]::future::future::Future<Output = core[a373ad73a504971]::result::Result<(), anyhow[99151d60601c3017]::Error>>>>>
[INFO] [stdout]   16:     0x5627d9145dbd - tokio[22ed8a8b1fe18348]::runtime::context::runtime::enter_runtime::<<tokio[22ed8a8b1fe18348]::runtime::scheduler::current_thread::CurrentThread>::block_on<core[a373ad73a504971]::pin::Pin<&mut dyn core[a373ad73a504971]::future::future::Future<Output = core[a373ad73a504971]::result::Result<(), anyhow[99151d60601c3017]::Error>>>>::{closure#0}, core[a373ad73a504971]::result::Result<(), anyhow[99151d60601c3017]::Error>>
[INFO] [stdout]   17:     0x5627d913a88e - <tokio[22ed8a8b1fe18348]::runtime::runtime::Runtime>::block_on::<core[a373ad73a504971]::pin::Pin<&mut dyn core[a373ad73a504971]::future::future::Future<Output = core[a373ad73a504971]::result::Result<(), anyhow[99151d60601c3017]::Error>>>>
[INFO] [stdout]   18:     0x5627d90e11c2 - <mobc_tonic[6d7482d6a63d64cd]::tests::connect_pool_with_client_cert_and_intercepter_should_work::{closure#0} as core[a373ad73a504971]::ops::function::FnOnce<()>>::call_once
[INFO] [stdout]   19:     0x5627d91a275b - test[aada8e7e76ba119b]::__rust_begin_short_backtrace::<core[a373ad73a504971]::result::Result<(), alloc[2e1b2a31b91974c5]::string::String>, fn() -> core[a373ad73a504971]::result::Result<(), alloc[2e1b2a31b91974c5]::string::String>>
[INFO] [stdout]   20:     0x5627d91af935 - test[aada8e7e76ba119b]::run_test::{closure#0}
[INFO] [stdout]   21:     0x5627d91a9224 - std[617be2ca0a6fd877]::sys::backtrace::__rust_begin_short_backtrace::<test[aada8e7e76ba119b]::run_test::{closure#1}, ()>
[INFO] [stdout]   22:     0x5627d91b29c2 - <std[617be2ca0a6fd877]::thread::lifecycle::spawn_unchecked<test[aada8e7e76ba119b]::run_test::{closure#1}, ()>::{closure#1} as core[a373ad73a504971]::ops::function::FnOnce<()>>::call_once::{shim:vtable#0}
[INFO] [stdout]   23:     0x5627d93843ff - <std[617be2ca0a6fd877]::sys::thread::unix::Thread>::new::thread_start
[INFO] [stdout]   24:     0x707a96af8dfa - <unknown>
[INFO] [stdout]   25:     0x707a96b8c3d4 - clone
[INFO] [stdout]   26:                0x0 - <unknown>
[INFO] [stdout] 
[INFO] [stdout] ---- tests::connect_pool_should_work stdout ----
[INFO] [stdout] GreeterServer listening on 0.0.0.0:4000
[INFO] [stdout] 
[INFO] [stdout] thread 'tests::connect_pool_should_work' (1469) panicked at src/lib.rs:143:43:
[INFO] [stdout] called `Result::unwrap()` on an `Err` value: GrpcTransportError(tonic::transport::Error(Transport, hyper::Error(Connect, Custom { kind: InvalidData, error: WebPKIError(CertExpired) })))
[INFO] [stdout] stack backtrace:
[INFO] [stdout]    0:     0x5627d93851a1 - <<std[617be2ca0a6fd877]::sys::backtrace::BacktraceLock>::print::DisplayBacktrace as core[a373ad73a504971]::fmt::Display>::fmt
[INFO] [stdout]    1:     0x5627d939c7da - core[a373ad73a504971]::fmt::write
[INFO] [stdout]    2:     0x5627d9389edc - <alloc[2e1b2a31b91974c5]::vec::Vec<u8> as core[a373ad73a504971]::io::write::Write>::write_fmt
[INFO] [stdout]    3:     0x5627d935fc36 - std[617be2ca0a6fd877]::panicking::default_hook::{closure#0}
[INFO] [stdout]    4:     0x5627d937cd59 - std[617be2ca0a6fd877]::panicking::default_hook
[INFO] [stdout]    5:     0x5627d91af310 - test[aada8e7e76ba119b]::test_main_inner::{closure#0}
[INFO] [stdout]    6:     0x5627d937d082 - std[617be2ca0a6fd877]::panicking::panic_with_hook
[INFO] [stdout]    7:     0x5627d935fce2 - std[617be2ca0a6fd877]::panicking::panic_handler::{closure#0}
[INFO] [stdout]    8:     0x5627d9358389 - std[617be2ca0a6fd877]::sys::backtrace::__rust_end_short_backtrace::<std[617be2ca0a6fd877]::panicking::panic_handler::{closure#0}, !>
[INFO] [stdout]    9:     0x5627d9360bed - __rustc[ea4f61d10b84890b]::rust_begin_unwind
[INFO] [stdout]   10:     0x5627d939cf3c - core[a373ad73a504971]::panicking::panic_fmt
[INFO] [stdout]   11:     0x5627d939cd12 - core[a373ad73a504971]::result::unwrap_failed
[INFO] [stdout]   12:     0x5627d90d7979 - mobc_tonic[6d7482d6a63d64cd]::tests::connect_pool_should_work::{closure#0}
[INFO] [stdout]   13:     0x5627d911cd98 - <tokio[22ed8a8b1fe18348]::runtime::scheduler::current_thread::Context>::enter::<core[a373ad73a504971]::task::poll::Poll<core[a373ad73a504971]::result::Result<(), anyhow[99151d60601c3017]::Error>>, <tokio[22ed8a8b1fe18348]::runtime::scheduler::current_thread::CoreGuard>::block_on<core[a373ad73a504971]::pin::Pin<&mut core[a373ad73a504971]::pin::Pin<&mut dyn core[a373ad73a504971]::future::future::Future<Output = core[a373ad73a504971]::result::Result<(), anyhow[99151d60601c3017]::Error>>>>>::{closure#0}::{closure#0}>
[INFO] [stdout]   14:     0x5627d913ac17 - <tokio[22ed8a8b1fe18348]::runtime::context::scoped::Scoped<tokio[22ed8a8b1fe18348]::runtime::scheduler::Context>>::set::<<tokio[22ed8a8b1fe18348]::runtime::scheduler::current_thread::CoreGuard>::enter<<tokio[22ed8a8b1fe18348]::runtime::scheduler::current_thread::CoreGuard>::block_on<core[a373ad73a504971]::pin::Pin<&mut core[a373ad73a504971]::pin::Pin<&mut dyn core[a373ad73a504971]::future::future::Future<Output = core[a373ad73a504971]::result::Result<(), anyhow[99151d60601c3017]::Error>>>>>::{closure#0}, core[a373ad73a504971]::option::Option<core[a373ad73a504971]::result::Result<(), anyhow[99151d60601c3017]::Error>>>::{closure#0}, (alloc[2e1b2a31b91974c5]::boxed::Box<tokio[22ed8a8b1fe18348]::runtime::scheduler::current_thread::Core>, core[a373ad73a504971]::option::Option<core[a373ad73a504971]::result::Result<(), anyhow[99151d60601c3017]::Error>>)>
[INFO] [stdout]   15:     0x5627d911dfc9 - <tokio[22ed8a8b1fe18348]::runtime::scheduler::current_thread::CoreGuard>::block_on::<core[a373ad73a504971]::pin::Pin<&mut core[a373ad73a504971]::pin::Pin<&mut dyn core[a373ad73a504971]::future::future::Future<Output = core[a373ad73a504971]::result::Result<(), anyhow[99151d60601c3017]::Error>>>>>
[INFO] [stdout]   16:     0x5627d9145dbd - tokio[22ed8a8b1fe18348]::runtime::context::runtime::enter_runtime::<<tokio[22ed8a8b1fe18348]::runtime::scheduler::current_thread::CurrentThread>::block_on<core[a373ad73a504971]::pin::Pin<&mut dyn core[a373ad73a504971]::future::future::Future<Output = core[a373ad73a504971]::result::Result<(), anyhow[99151d60601c3017]::Error>>>>::{closure#0}, core[a373ad73a504971]::result::Result<(), anyhow[99151d60601c3017]::Error>>
[INFO] [stdout]   17:     0x5627d913a88e - <tokio[22ed8a8b1fe18348]::runtime::runtime::Runtime>::block_on::<core[a373ad73a504971]::pin::Pin<&mut dyn core[a373ad73a504971]::future::future::Future<Output = core[a373ad73a504971]::result::Result<(), anyhow[99151d60601c3017]::Error>>>>
[INFO] [stdout]   18:     0x5627d90e0b92 - <mobc_tonic[6d7482d6a63d64cd]::tests::connect_pool_should_work::{closure#0} as core[a373ad73a504971]::ops::function::FnOnce<()>>::call_once
[INFO] [stdout]   19:     0x5627d91a275b - test[aada8e7e76ba119b]::__rust_begin_short_backtrace::<core[a373ad73a504971]::result::Result<(), alloc[2e1b2a31b91974c5]::string::String>, fn() -> core[a373ad73a504971]::result::Result<(), alloc[2e1b2a31b91974c5]::string::String>>
[INFO] [stdout]   20:     0x5627d91af935 - test[aada8e7e76ba119b]::run_test::{closure#0}
[INFO] [stdout]   21:     0x5627d91a9224 - std[617be2ca0a6fd877]::sys::backtrace::__rust_begin_short_backtrace::<test[aada8e7e76ba119b]::run_test::{closure#1}, ()>
[INFO] [stdout]   22:     0x5627d91b29c2 - <std[617be2ca0a6fd877]::thread::lifecycle::spawn_unchecked<test[aada8e7e76ba119b]::run_test::{closure#1}, ()>::{closure#1} as core[a373ad73a504971]::ops::function::FnOnce<()>>::call_once::{shim:vtable#0}
[INFO] [stdout]   23:     0x5627d93843ff - <std[617be2ca0a6fd877]::sys::thread::unix::Thread>::new::thread_start
[INFO] [stdout]   24:     0x707a96af8dfa - <unknown>
[INFO] [stdout]   25:     0x707a96b8c3d4 - clone
[INFO] [stdout]   26:                0x0 - <unknown>
[INFO] [stdout] 
[INFO] [stdout] ---- tests::connect_pool_with_client_cert_should_work stdout ----
[INFO] [stdout] GreeterServer listening on 0.0.0.0:4001
[INFO] [stdout] 
[INFO] [stdout] thread 'tests::connect_pool_with_client_cert_should_work' (1471) panicked at src/lib.rs:168:43:
[INFO] [stdout] called `Result::unwrap()` on an `Err` value: GrpcTransportError(tonic::transport::Error(Transport, hyper::Error(Connect, Custom { kind: InvalidData, error: WebPKIError(CertExpired) })))
[INFO] [stdout] stack backtrace:
[INFO] [stdout]    0:     0x5627d93851a1 - <<std[617be2ca0a6fd877]::sys::backtrace::BacktraceLock>::print::DisplayBacktrace as core[a373ad73a504971]::fmt::Display>::fmt
[INFO] [stdout]    1:     0x5627d939c7da - core[a373ad73a504971]::fmt::write
[INFO] [stdout]    2:     0x5627d9389edc - <alloc[2e1b2a31b91974c5]::vec::Vec<u8> as core[a373ad73a504971]::io::write::Write>::write_fmt
[INFO] [stdout]    3:     0x5627d935fc36 - std[617be2ca0a6fd877]::panicking::default_hook::{closure#0}
[INFO] [stdout]    4:     0x5627d937cd59 - std[617be2ca0a6fd877]::panicking::default_hook
[INFO] [stdout]    5:     0x5627d91af310 - test[aada8e7e76ba119b]::test_main_inner::{closure#0}
[INFO] [stdout]    6:     0x5627d937d082 - std[617be2ca0a6fd877]::panicking::panic_with_hook
[INFO] [stdout]    7:     0x5627d935fce2 - std[617be2ca0a6fd877]::panicking::panic_handler::{closure#0}
[INFO] [stdout]    8:     0x5627d9358389 - std[617be2ca0a6fd877]::sys::backtrace::__rust_end_short_backtrace::<std[617be2ca0a6fd877]::panicking::panic_handler::{closure#0}, !>
[INFO] [stdout]    9:     0x5627d9360bed - __rustc[ea4f61d10b84890b]::rust_begin_unwind
[INFO] [stdout]   10:     0x5627d939cf3c - core[a373ad73a504971]::panicking::panic_fmt
[INFO] [stdout]   11:     0x5627d939cd12 - core[a373ad73a504971]::result::unwrap_failed
[INFO] [stdout]   12:     0x5627d90d8399 - mobc_tonic[6d7482d6a63d64cd]::tests::connect_pool_with_client_cert_should_work::{closure#0}
[INFO] [stdout]   13:     0x5627d911cd98 - <tokio[22ed8a8b1fe18348]::runtime::scheduler::current_thread::Context>::enter::<core[a373ad73a504971]::task::poll::Poll<core[a373ad73a504971]::result::Result<(), anyhow[99151d60601c3017]::Error>>, <tokio[22ed8a8b1fe18348]::runtime::scheduler::current_thread::CoreGuard>::block_on<core[a373ad73a504971]::pin::Pin<&mut core[a373ad73a504971]::pin::Pin<&mut dyn core[a373ad73a504971]::future::future::Future<Output = core[a373ad73a504971]::result::Result<(), anyhow[99151d60601c3017]::Error>>>>>::{closure#0}::{closure#0}>
[INFO] [stdout]   14:     0x5627d913ac17 - <tokio[22ed8a8b1fe18348]::runtime::context::scoped::Scoped<tokio[22ed8a8b1fe18348]::runtime::scheduler::Context>>::set::<<tokio[22ed8a8b1fe18348]::runtime::scheduler::current_thread::CoreGuard>::enter<<tokio[22ed8a8b1fe18348]::runtime::scheduler::current_thread::CoreGuard>::block_on<core[a373ad73a504971]::pin::Pin<&mut core[a373ad73a504971]::pin::Pin<&mut dyn core[a373ad73a504971]::future::future::Future<Output = core[a373ad73a504971]::result::Result<(), anyhow[99151d60601c3017]::Error>>>>>::{closure#0}, core[a373ad73a504971]::option::Option<core[a373ad73a504971]::result::Result<(), anyhow[99151d60601c3017]::Error>>>::{closure#0}, (alloc[2e1b2a31b91974c5]::boxed::Box<tokio[22ed8a8b1fe18348]::runtime::scheduler::current_thread::Core>, core[a373ad73a504971]::option::Option<core[a373ad73a504971]::result::Result<(), anyhow[99151d60601c3017]::Error>>)>
[INFO] [stdout]   15:     0x5627d911dfc9 - <tokio[22ed8a8b1fe18348]::runtime::scheduler::current_thread::CoreGuard>::block_on::<core[a373ad73a504971]::pin::Pin<&mut core[a373ad73a504971]::pin::Pin<&mut dyn core[a373ad73a504971]::future::future::Future<Output = core[a373ad73a504971]::result::Result<(), anyhow[99151d60601c3017]::Error>>>>>
[INFO] [stdout]   16:     0x5627d9145dbd - tokio[22ed8a8b1fe18348]::runtime::context::runtime::enter_runtime::<<tokio[22ed8a8b1fe18348]::runtime::scheduler::current_thread::CurrentThread>::block_on<core[a373ad73a504971]::pin::Pin<&mut dyn core[a373ad73a504971]::future::future::Future<Output = core[a373ad73a504971]::result::Result<(), anyhow[99151d60601c3017]::Error>>>>::{closure#0}, core[a373ad73a504971]::result::Result<(), anyhow[99151d60601c3017]::Error>>
[INFO] [stdout]   17:     0x5627d913a88e - <tokio[22ed8a8b1fe18348]::runtime::runtime::Runtime>::block_on::<core[a373ad73a504971]::pin::Pin<&mut dyn core[a373ad73a504971]::future::future::Future<Output = core[a373ad73a504971]::result::Result<(), anyhow[99151d60601c3017]::Error>>>>
[INFO] [stdout]   18:     0x5627d90e0da2 - <mobc_tonic[6d7482d6a63d64cd]::tests::connect_pool_with_client_cert_should_work::{closure#0} as core[a373ad73a504971]::ops::function::FnOnce<()>>::call_once
[INFO] [stdout]   19:     0x5627d91a275b - test[aada8e7e76ba119b]::__rust_begin_short_backtrace::<core[a373ad73a504971]::result::Result<(), alloc[2e1b2a31b91974c5]::string::String>, fn() -> core[a373ad73a504971]::result::Result<(), alloc[2e1b2a31b91974c5]::string::String>>
[INFO] [stdout]   20:     0x5627d91af935 - test[aada8e7e76ba119b]::run_test::{closure#0}
[INFO] [stdout]   21:     0x5627d91a9224 - std[617be2ca0a6fd877]::sys::backtrace::__rust_begin_short_backtrace::<test[aada8e7e76ba119b]::run_test::{closure#1}, ()>
[INFO] [stdout]   22:     0x5627d91b29c2 - <std[617be2ca0a6fd877]::thread::lifecycle::spawn_unchecked<test[aada8e7e76ba119b]::run_test::{closure#1}, ()>::{closure#1} as core[a373ad73a504971]::ops::function::FnOnce<()>>::call_once::{shim:vtable#0}
[INFO] [stdout]   23:     0x5627d93843ff - <std[617be2ca0a6fd877]::sys::thread::unix::Thread>::new::thread_start
[INFO] [stdout]   24:     0x707a96af8dfa - <unknown>
[INFO] [stdout]   25:     0x707a96b8c3d4 - clone
[INFO] [stdout]   26:                0x0 - <unknown>
[INFO] [stdout] 
[INFO] [stdout] ---- tests::connect_pool_with_invalid_client_cert_should_fail stdout ----
[INFO] [stdout] GreeterServer listening on 0.0.0.0:4002
[INFO] [stdout] 
[INFO] [stdout] thread 'tests::connect_pool_with_invalid_client_cert_should_fail' (1472) panicked at src/lib.rs:219:43:
[INFO] [stdout] called `Result::unwrap()` on an `Err` value: GrpcTransportError(tonic::transport::Error(Transport, hyper::Error(Connect, Custom { kind: InvalidData, error: WebPKIError(CertExpired) })))
[INFO] [stdout] stack backtrace:
[INFO] [stdout]    0:     0x5627d93851a1 - <<std[617be2ca0a6fd877]::sys::backtrace::BacktraceLock>::print::DisplayBacktrace as core[a373ad73a504971]::fmt::Display>::fmt
[INFO] [stdout]    1:     0x5627d939c7da - core[a373ad73a504971]::fmt::write
[INFO] [stdout]    2:     0x5627d9389edc - <alloc[2e1b2a31b91974c5]::vec::Vec<u8> as core[a373ad73a504971]::io::write::Write>::write_fmt
[INFO] [stdout]    3:     0x5627d935fc36 - std[617be2ca0a6fd877]::panicking::default_hook::{closure#0}
[INFO] [stdout]    4:     0x5627d937cd59 - std[617be2ca0a6fd877]::panicking::default_hook
[INFO] [stdout]    5:     0x5627d91af310 - test[aada8e7e76ba119b]::test_main_inner::{closure#0}
[INFO] [stdout]    6:     0x5627d937d082 - std[617be2ca0a6fd877]::panicking::panic_with_hook
[INFO] [stdout]    7:     0x5627d935fce2 - std[617be2ca0a6fd877]::panicking::panic_handler::{closure#0}
[INFO] [stdout]    8:     0x5627d9358389 - std[617be2ca0a6fd877]::sys::backtrace::__rust_end_short_backtrace::<std[617be2ca0a6fd877]::panicking::panic_handler::{closure#0}, !>
[INFO] [stdout]    9:     0x5627d9360bed - __rustc[ea4f61d10b84890b]::rust_begin_unwind
[INFO] [stdout]   10:     0x5627d939cf3c - core[a373ad73a504971]::panicking::panic_fmt
[INFO] [stdout]   11:     0x5627d939cd12 - core[a373ad73a504971]::result::unwrap_failed
[INFO] [stdout]   12:     0x5627d90d8c61 - mobc_tonic[6d7482d6a63d64cd]::tests::connect_pool_with_invalid_client_cert_should_fail::{closure#0}
[INFO] [stdout]   13:     0x5627d911cd98 - <tokio[22ed8a8b1fe18348]::runtime::scheduler::current_thread::Context>::enter::<core[a373ad73a504971]::task::poll::Poll<core[a373ad73a504971]::result::Result<(), anyhow[99151d60601c3017]::Error>>, <tokio[22ed8a8b1fe18348]::runtime::scheduler::current_thread::CoreGuard>::block_on<core[a373ad73a504971]::pin::Pin<&mut core[a373ad73a504971]::pin::Pin<&mut dyn core[a373ad73a504971]::future::future::Future<Output = core[a373ad73a504971]::result::Result<(), anyhow[99151d60601c3017]::Error>>>>>::{closure#0}::{closure#0}>
[INFO] [stdout]   14:     0x5627d913ac17 - <tokio[22ed8a8b1fe18348]::runtime::context::scoped::Scoped<tokio[22ed8a8b1fe18348]::runtime::scheduler::Context>>::set::<<tokio[22ed8a8b1fe18348]::runtime::scheduler::current_thread::CoreGuard>::enter<<tokio[22ed8a8b1fe18348]::runtime::scheduler::current_thread::CoreGuard>::block_on<core[a373ad73a504971]::pin::Pin<&mut core[a373ad73a504971]::pin::Pin<&mut dyn core[a373ad73a504971]::future::future::Future<Output = core[a373ad73a504971]::result::Result<(), anyhow[99151d60601c3017]::Error>>>>>::{closure#0}, core[a373ad73a504971]::option::Option<core[a373ad73a504971]::result::Result<(), anyhow[99151d60601c3017]::Error>>>::{closure#0}, (alloc[2e1b2a31b91974c5]::boxed::Box<tokio[22ed8a8b1fe18348]::runtime::scheduler::current_thread::Core>, core[a373ad73a504971]::option::Option<core[a373ad73a504971]::result::Result<(), anyhow[99151d60601c3017]::Error>>)>
[INFO] [stdout]   15:     0x5627d911dfc9 - <tokio[22ed8a8b1fe18348]::runtime::scheduler::current_thread::CoreGuard>::block_on::<core[a373ad73a504971]::pin::Pin<&mut core[a373ad73a504971]::pin::Pin<&mut dyn core[a373ad73a504971]::future::future::Future<Output = core[a373ad73a504971]::result::Result<(), anyhow[99151d60601c3017]::Error>>>>>
[INFO] [stdout]   16:     0x5627d9145dbd - tokio[22ed8a8b1fe18348]::runtime::context::runtime::enter_runtime::<<tokio[22ed8a8b1fe18348]::runtime::scheduler::current_thread::CurrentThread>::block_on<core[a373ad73a504971]::pin::Pin<&mut dyn core[a373ad73a504971]::future::future::Future<Output = core[a373ad73a504971]::result::Result<(), anyhow[99151d60601c3017]::Error>>>>::{closure#0}, core[a373ad73a504971]::result::Result<(), anyhow[99151d60601c3017]::Error>>
[INFO] [stdout]   17:     0x5627d913a88e - <tokio[22ed8a8b1fe18348]::runtime::runtime::Runtime>::block_on::<core[a373ad73a504971]::pin::Pin<&mut dyn core[a373ad73a504971]::future::future::Future<Output = core[a373ad73a504971]::result::Result<(), anyhow[99151d60601c3017]::Error>>>>
[INFO] [stdout]   18:     0x5627d90e0fb2 - <mobc_tonic[6d7482d6a63d64cd]::tests::connect_pool_with_invalid_client_cert_should_fail::{closure#0} as core[a373ad73a504971]::ops::function::FnOnce<()>>::call_once
[INFO] [stdout]   19:     0x5627d91a275b - test[aada8e7e76ba119b]::__rust_begin_short_backtrace::<core[a373ad73a504971]::result::Result<(), alloc[2e1b2a31b91974c5]::string::String>, fn() -> core[a373ad73a504971]::result::Result<(), alloc[2e1b2a31b91974c5]::string::String>>
[INFO] [stdout]   20:     0x5627d91af935 - test[aada8e7e76ba119b]::run_test::{closure#0}
[INFO] [stdout]   21:     0x5627d91a9224 - std[617be2ca0a6fd877]::sys::backtrace::__rust_begin_short_backtrace::<test[aada8e7e76ba119b]::run_test::{closure#1}, ()>
[INFO] [stdout]   22:     0x5627d91b29c2 - <std[617be2ca0a6fd877]::thread::lifecycle::spawn_unchecked<test[aada8e7e76ba119b]::run_test::{closure#1}, ()>::{closure#1} as core[a373ad73a504971]::ops::function::FnOnce<()>>::call_once::{shim:vtable#0}
[INFO] [stdout]   23:     0x5627d93843ff - <std[617be2ca0a6fd877]::sys::thread::unix::Thread>::new::thread_start
[INFO] [stdout]   24:     0x707a96af8dfa - <unknown>
[INFO] [stdout]   25:     0x707a96b8c3d4 - clone
[INFO] [stdout]   26:                0x0 - <unknown>
[INFO] [stdout] 
[INFO] [stdout] 
[INFO] [stdout] failures:
[INFO] [stdout]     tests::connect_pool_should_work
[INFO] [stdout]     tests::connect_pool_with_client_cert_and_intercepter_should_work
[INFO] [stdout]     tests::connect_pool_with_client_cert_should_work
[INFO] [stdout]     tests::connect_pool_with_invalid_client_cert_should_fail
[INFO] [stdout] 
[INFO] [stdout] test result: FAILED. 0 passed; 4 failed; 0 ignored; 0 measured; 0 filtered out; finished in 0.07s
[INFO] [stdout] 
[INFO] [stderr] error: test failed, to rerun pass `--lib`
[INFO] running `Command { std: "docker" "inspect" "a4bf64449db6033d49d0bcd491e21621ab0a82e037eeac080894da3e35eee07a", kill_on_drop: false }`
[INFO] running `Command { std: "docker" "rm" "-f" "a4bf64449db6033d49d0bcd491e21621ab0a82e037eeac080894da3e35eee07a", kill_on_drop: false }`
[INFO] [stdout] a4bf64449db6033d49d0bcd491e21621ab0a82e037eeac080894da3e35eee07a
