[INFO] fetching crate mobc-diesel 1.0.0...
[INFO] testing mobc-diesel-1.0.0 against 1.99.0-beta.8+cargoflags=--release for beta-release-1.100-2
[INFO] extracting crate mobc-diesel 1.0.0 into /workspace/builds/worker-1-tc1/source
[INFO] started tweaking crates.io crate mobc-diesel 1.0.0
[INFO] finished tweaking crates.io crate mobc-diesel 1.0.0
[INFO] tweaked toml for crates.io crate mobc-diesel 1.0.0 written to /workspace/builds/worker-1-tc1/source/Cargo.toml
[INFO] validating manifest of crates.io crate mobc-diesel 1.0.0 on toolchain 1.99.0-beta.8
[INFO] running `Command { std: CARGO_HOME="/workspace/cargo-home" RUSTUP_HOME="/workspace/rustup-home" "/workspace/cargo-home/bin/cargo" "+1.99.0-beta.8" "metadata" "--manifest-path" "Cargo.toml" "--no-deps", kill_on_drop: false }`
[INFO] crate crates.io crate mobc-diesel 1.0.0 already has a lockfile, it will not be regenerated
[INFO] running `Command { std: CARGO_HOME="/workspace/cargo-home" RUSTUP_HOME="/workspace/rustup-home" "/workspace/cargo-home/bin/cargo" "+1.99.0-beta.8" "fetch" "--manifest-path" "Cargo.toml", kill_on_drop: false }`
[INFO] [stderr]     Updating crates.io index
[INFO] [stderr]  Downloading crates ...
[INFO] [stderr]   Downloaded tokio-macros v0.2.5
[INFO] [stderr]   Downloaded futures-sink v0.3.5
[INFO] [stderr]   Downloaded vcpkg v0.2.10
[INFO] [stderr]   Downloaded pq-sys v0.4.6
[INFO] [stderr]   Downloaded futures-task v0.3.5
[INFO] [stderr]   Downloaded futures-io v0.3.5
[INFO] [stderr]   Downloaded proc-macro-nested v0.1.6
[INFO] [stderr]   Downloaded futures-macro v0.3.5
[INFO] [stderr]   Downloaded quote v1.0.7
[INFO] [stderr]   Downloaded proc-macro-hack v0.5.18
[INFO] [stderr]   Downloaded futures-timer v3.0.2
[INFO] [stderr]   Downloaded pin-project-internal v0.4.23
[INFO] [stderr]   Downloaded memchr v2.3.3
[INFO] [stderr]   Downloaded once_cell v1.4.1
[INFO] [stderr]   Downloaded futures-executor v0.3.5
[INFO] [stderr]   Downloaded pkg-config v0.3.18
[INFO] [stderr]   Downloaded diesel_derives v1.4.1
[INFO] [stderr]   Downloaded async-trait v0.1.40
[INFO] [stderr]   Downloaded pin-project-lite v0.1.7
[INFO] [stderr]   Downloaded futures-core v0.3.5
[INFO] [stderr]   Downloaded futures-channel v0.3.5
[INFO] [stderr]   Downloaded proc-macro2 v1.0.20
[INFO] [stderr]   Downloaded log v0.4.11
[INFO] [stderr]   Downloaded pin-project v0.4.23
[INFO] [stderr]   Downloaded mobc v0.5.12
[INFO] [stderr]   Downloaded futures v0.3.5
[INFO] [stderr]   Downloaded futures-util v0.3.5
[INFO] [stderr]   Downloaded diesel v1.4.5
[INFO] [stderr]   Downloaded tokio v0.2.22
[INFO] [stderr]   Downloaded syn v1.0.40
[INFO] [stderr]   Downloaded libsqlite3-sys v0.18.0
[INFO] running `Command { std: "docker" "create" "-v" "/var/lib/crater-agent-workspace/builds/worker-1-tc1/source:/opt/rustwide/workdir:ro,Z" "-v" "/var/lib/crater-agent-workspace/builds/worker-1-tc1/target:/opt/rustwide/target:rw,Z" "-v" "/var/lib/crater-agent-workspace/cargo-home:/opt/rustwide/cargo-home:ro,Z" "-v" "/var/lib/crater-agent-workspace/rustup-home:/opt/rustwide/rustup-home:ro,Z" "-m" "1610612736" "--network" "none" "ghcr.io/rust-lang/crates-build-env/linux@sha256:77db811e55d90add9212f6832c23229e3de5f1c1f9905e8cb07319ea15df73ac" "sleep" "infinity", kill_on_drop: false }`
[INFO] [stdout] 6e6e5b81dc1a08b1a0b47b0790963d3ecb7eb3a38731e6e55a20aab6442f75ad
[INFO] running `Command { std: "docker" "start" "6e6e5b81dc1a08b1a0b47b0790963d3ecb7eb3a38731e6e55a20aab6442f75ad", kill_on_drop: false }`
[INFO] running `Command { std: "docker" "inspect" "6e6e5b81dc1a08b1a0b47b0790963d3ecb7eb3a38731e6e55a20aab6442f75ad", kill_on_drop: false }`
[INFO] running `Command { std: "docker" "exec" "-e" "SOURCE_DIR=/opt/rustwide/workdir" "-e" "CARGO_HOME=/opt/rustwide/cargo-home" "-e" "RUSTUP_HOME=/opt/rustwide/rustup-home" "-e" "CARGO_TARGET_DIR=/opt/rustwide/target" "-w" "/opt/rustwide/workdir" "--user" "0:0" "6e6e5b81dc1a08b1a0b47b0790963d3ecb7eb3a38731e6e55a20aab6442f75ad" "/opt/rustwide/cargo-home/bin/cargo" "+1.99.0-beta.8" "metadata" "--no-deps" "--format-version=1", kill_on_drop: false }`
[INFO] running `Command { std: "docker" "inspect" "6e6e5b81dc1a08b1a0b47b0790963d3ecb7eb3a38731e6e55a20aab6442f75ad", kill_on_drop: false }`
[INFO] running `Command { std: "docker" "exec" "-e" "SOURCE_DIR=/opt/rustwide/workdir" "-e" "CARGO_HOME=/opt/rustwide/cargo-home" "-e" "RUSTUP_HOME=/opt/rustwide/rustup-home" "-e" "CARGO_TARGET_DIR=/opt/rustwide/target" "-e" "CARGO_INCREMENTAL=0" "-e" "RUST_BACKTRACE=full" "-e" "RUSTFLAGS=--cap-lints=warn" "-e" "RUSTDOCFLAGS=--cap-lints=warn" "-w" "/opt/rustwide/workdir" "--user" "0:0" "6e6e5b81dc1a08b1a0b47b0790963d3ecb7eb3a38731e6e55a20aab6442f75ad" "/opt/rustwide/cargo-home/bin/cargo" "+1.99.0-beta.8" "build" "--frozen" "--message-format=json" "--release", kill_on_drop: false }`
[INFO] [stderr]    Compiling proc-macro2 v1.0.20
[INFO] [stderr]    Compiling syn v1.0.40
[INFO] [stderr]    Compiling pin-project-internal v0.4.23
[INFO] [stderr]    Compiling memchr v2.3.3
[INFO] [stderr]    Compiling proc-macro-nested v0.1.6
[INFO] [stderr]    Compiling futures-core v0.3.5
[INFO] [stderr]    Compiling futures-sink v0.3.5
[INFO] [stderr]    Compiling proc-macro-hack v0.5.18
[INFO] [stderr]    Compiling slab v0.4.2
[INFO] [stderr]    Compiling once_cell v1.4.1
[INFO] [stderr]    Compiling futures-io v0.3.5
[INFO] [stderr]    Compiling pkg-config v0.3.18
[INFO] [stderr]    Compiling log v0.4.11
[INFO] [stderr]    Compiling pq-sys v0.4.6
[INFO] [stderr]    Compiling byteorder v1.3.4
[INFO] [stderr]    Compiling pin-project-lite v0.1.7
[INFO] [stderr]    Compiling bytes v0.5.6
[INFO] [stderr]    Compiling futures-timer v3.0.2
[INFO] [stderr]    Compiling futures-channel v0.3.5
[INFO] [stderr]    Compiling futures-task v0.3.5
[INFO] [stderr]    Compiling libsqlite3-sys v0.18.0
[INFO] [stderr]    Compiling quote v1.0.7
[INFO] [stderr]    Compiling futures-macro v0.3.5
[INFO] [stderr]    Compiling tokio-macros v0.2.5
[INFO] [stderr]    Compiling async-trait v0.1.40
[INFO] [stderr]    Compiling diesel_derives v1.4.1
[INFO] [stderr]    Compiling tokio v0.2.22
[INFO] [stderr]    Compiling pin-project v0.4.23
[INFO] [stderr]    Compiling futures-util v0.3.5
[INFO] [stderr]    Compiling diesel v1.4.5
[INFO] [stderr]    Compiling futures-executor v0.3.5
[INFO] [stderr]    Compiling futures v0.3.5
[INFO] [stderr]    Compiling mobc v0.5.12
[INFO] [stderr]    Compiling mobc-diesel v1.0.0 (/opt/rustwide/workdir)
[INFO] [stdout] warning: use of deprecated method `std::error::Error::description`: use the Display impl or to_string()
[INFO] [stdout]   --> src/lib.rs:47:48
[INFO] [stdout]    |
[INFO] [stdout] 47 |             Error::ConnectionError(ref e) => e.description(),
[INFO] [stdout]    |                                                ^^^^^^^^^^^
[INFO] [stdout]    |
[INFO] [stdout]    = note: `#[warn(deprecated)]` on by default
[INFO] [stdout] 
[INFO] [stdout] 
[INFO] [stdout] warning: use of deprecated method `std::error::Error::description`: use the Display impl or to_string()
[INFO] [stdout]   --> src/lib.rs:48:43
[INFO] [stdout]    |
[INFO] [stdout] 48 |             Error::QueryError(ref e) => e.description(),
[INFO] [stdout]    |                                           ^^^^^^^^^^^
[INFO] [stdout] 
[INFO] [stdout] 
[INFO] [stderr]     Finished `release` profile [optimized] target(s) in 27.59s
[INFO] running `Command { std: "docker" "inspect" "6e6e5b81dc1a08b1a0b47b0790963d3ecb7eb3a38731e6e55a20aab6442f75ad", kill_on_drop: false }`
[INFO] running `Command { std: "docker" "exec" "-e" "SOURCE_DIR=/opt/rustwide/workdir" "-e" "CARGO_HOME=/opt/rustwide/cargo-home" "-e" "RUSTUP_HOME=/opt/rustwide/rustup-home" "-e" "CARGO_TARGET_DIR=/opt/rustwide/target" "-e" "CARGO_INCREMENTAL=0" "-e" "RUST_BACKTRACE=full" "-e" "RUSTFLAGS=--cap-lints=warn" "-e" "RUSTDOCFLAGS=--cap-lints=warn" "-w" "/opt/rustwide/workdir" "--user" "0:0" "6e6e5b81dc1a08b1a0b47b0790963d3ecb7eb3a38731e6e55a20aab6442f75ad" "/opt/rustwide/cargo-home/bin/cargo" "+1.99.0-beta.8" "test" "--frozen" "--no-run" "--message-format=json" "--release", kill_on_drop: false }`
[INFO] [stderr]    Compiling mobc-diesel v1.0.0 (/opt/rustwide/workdir)
[INFO] [stdout] warning: use of deprecated method `std::error::Error::description`: use the Display impl or to_string()
[INFO] [stdout]   --> src/lib.rs:47:48
[INFO] [stdout]    |
[INFO] [stdout] 47 |             Error::ConnectionError(ref e) => e.description(),
[INFO] [stdout]    |                                                ^^^^^^^^^^^
[INFO] [stdout]    |
[INFO] [stdout]    = note: `#[warn(deprecated)]` on by default
[INFO] [stdout] 
[INFO] [stdout] 
[INFO] [stdout] warning: use of deprecated method `std::error::Error::description`: use the Display impl or to_string()
[INFO] [stdout]   --> src/lib.rs:48:43
[INFO] [stdout]    |
[INFO] [stdout] 48 |             Error::QueryError(ref e) => e.description(),
[INFO] [stdout]    |                                           ^^^^^^^^^^^
[INFO] [stdout] 
[INFO] [stdout] 
[INFO] [stdout] warning: use of deprecated method `std::error::Error::description`: use the Display impl or to_string()
[INFO] [stdout]   --> src/lib.rs:47:48
[INFO] [stdout]    |
[INFO] [stdout] 47 |             Error::ConnectionError(ref e) => e.description(),
[INFO] [stdout]    |                                                ^^^^^^^^^^^
[INFO] [stdout]    |
[INFO] [stdout]    = note: `#[warn(deprecated)]` on by default
[INFO] [stdout] 
[INFO] [stdout] 
[INFO] [stdout] warning: use of deprecated method `std::error::Error::description`: use the Display impl or to_string()
[INFO] [stdout]   --> src/lib.rs:48:43
[INFO] [stdout]    |
[INFO] [stdout] 48 |             Error::QueryError(ref e) => e.description(),
[INFO] [stdout]    |                                           ^^^^^^^^^^^
[INFO] [stdout] 
[INFO] [stdout] 
[INFO] [stderr]     Finished `release` profile [optimized] target(s) in 5.90s
[INFO] running `Command { std: "docker" "inspect" "6e6e5b81dc1a08b1a0b47b0790963d3ecb7eb3a38731e6e55a20aab6442f75ad", kill_on_drop: false }`
[INFO] running `Command { std: "docker" "exec" "-e" "SOURCE_DIR=/opt/rustwide/workdir" "-e" "CARGO_HOME=/opt/rustwide/cargo-home" "-e" "RUSTUP_HOME=/opt/rustwide/rustup-home" "-e" "CARGO_TARGET_DIR=/opt/rustwide/target" "-e" "CARGO_INCREMENTAL=0" "-e" "RUST_BACKTRACE=full" "-e" "RUSTFLAGS=--cap-lints=warn" "-e" "RUSTDOCFLAGS=--cap-lints=warn" "-w" "/opt/rustwide/workdir" "--user" "0:0" "6e6e5b81dc1a08b1a0b47b0790963d3ecb7eb3a38731e6e55a20aab6442f75ad" "/opt/rustwide/cargo-home/bin/cargo" "+1.99.0-beta.8" "test" "--frozen" "--release", kill_on_drop: false }`
[INFO] [stderr] warning: use of deprecated method `std::error::Error::description`: use the Display impl or to_string()
[INFO] [stderr]   --> src/lib.rs:47:48
[INFO] [stderr]    |
[INFO] [stderr] 47 |             Error::ConnectionError(ref e) => e.description(),
[INFO] [stderr]    |                                                ^^^^^^^^^^^
[INFO] [stderr]    |
[INFO] [stderr]    = note: `#[warn(deprecated)]` on by default
[INFO] [stderr] 
[INFO] [stderr] warning: use of deprecated method `std::error::Error::description`: use the Display impl or to_string()
[INFO] [stderr]   --> src/lib.rs:48:43
[INFO] [stderr]    |
[INFO] [stderr] 48 |             Error::QueryError(ref e) => e.description(),
[INFO] [stderr]    |                                           ^^^^^^^^^^^
[INFO] [stderr] 
[INFO] [stderr] warning: `mobc-diesel` (lib) generated 2 warnings
[INFO] [stderr] warning: `mobc-diesel` (lib test) generated 2 warnings (2 duplicates)
[INFO] [stderr]     Finished `release` profile [optimized] target(s) in 0.05s
[INFO] [stderr]      Running unittests src/lib.rs (/opt/rustwide/target/release/deps/mobc_diesel-33e247037e48f664)
[INFO] [stderr]      Running tests/test.rs (/opt/rustwide/target/release/deps/test-70f0f3c20d27fe20)
[INFO] [stdout] 
[INFO] [stdout] running 0 tests
[INFO] [stdout] 
[INFO] [stdout] test result: ok. 0 passed; 0 failed; 0 ignored; 0 measured; 0 filtered out; finished in 0.00s
[INFO] [stdout] 
[INFO] [stdout] 
[INFO] [stdout] running 4 tests
[INFO] [stdout] test sqlite_is_valid ... ok
[INFO] [stdout] test sqlite_basic_connection ... ok
[INFO] [stdout] test pg_is_valid ... FAILED
[INFO] [stdout] test pg_basic_connection ... FAILED
[INFO] [stdout] 
[INFO] [stdout] failures:
[INFO] [stdout] 
[INFO] [stdout] ---- pg_is_valid stdout ----
[INFO] [stdout] 
[INFO] [stdout] thread 'pg_is_valid' (1035) panicked at tests/test.rs:57:26:
[INFO] [stdout] called `Result::unwrap()` on an `Err` value: ConnectionError(BadConnection("connection to server at \"localhost\" (::1), port 5432 failed: Connection refused\n\tIs the server running on that host and accepting TCP/IP connections?\nconnection to server at \"localhost\" (127.0.0.1), port 5432 failed: Connection refused\n\tIs the server running on that host and accepting TCP/IP connections?\n"))
[INFO] [stdout] stack backtrace:
[INFO] [stdout]    0:     0x6429119047b1 - <<std[70759c8f55707aa4]::sys::backtrace::BacktraceLock>::print::DisplayBacktrace as core[df12db4294e9bfd3]::fmt::Display>::fmt
[INFO] [stdout]    1:     0x642911918bea - core[df12db4294e9bfd3]::fmt::write
[INFO] [stdout]    2:     0x642911908cfc - <alloc[2182bb758b4b3781]::vec::Vec<u8> as core[df12db4294e9bfd3]::io::write::Write>::write_fmt
[INFO] [stdout]    3:     0x6429118e0846 - std[70759c8f55707aa4]::panicking::default_hook::{closure#0}
[INFO] [stdout]    4:     0x6429118fcc29 - std[70759c8f55707aa4]::panicking::default_hook
[INFO] [stdout]    5:     0x642911889b50 - test[9d35eded1c95d3be]::test_main_inner::<test[9d35eded1c95d3be]::test_main_static::{closure#0}>::{closure#0}
[INFO] [stdout]    6:     0x6429118fcde2 - std[70759c8f55707aa4]::panicking::panic_with_hook
[INFO] [stdout]    7:     0x6429118e08f2 - std[70759c8f55707aa4]::panicking::panic_handler::{closure#0}
[INFO] [stdout]    8:     0x6429118d9649 - std[70759c8f55707aa4]::sys::backtrace::__rust_end_short_backtrace::<std[70759c8f55707aa4]::panicking::panic_handler::{closure#0}, !>
[INFO] [stdout]    9:     0x6429118e14ed - __rustc[8fa7c3cbc660c2b3]::rust_begin_unwind
[INFO] [stdout]   10:     0x64291191934c - core[df12db4294e9bfd3]::panicking::panic_fmt
[INFO] [stdout]   11:     0x642911919122 - core[df12db4294e9bfd3]::result::unwrap_failed
[INFO] [stdout]   12:     0x642911856bca - test[3bac74a864fb5866]::pg_is_valid::{closure#0}
[INFO] [stdout]   13:     0x64291186cbb3 - <tokio[4faf053bddfca12e]::macros::scoped_tls::ScopedKey<tokio[4faf053bddfca12e]::runtime::basic_scheduler::Context>>::set::<tokio[4faf053bddfca12e]::runtime::basic_scheduler::enter<<tokio[4faf053bddfca12e]::runtime::basic_scheduler::BasicScheduler<tokio[4faf053bddfca12e]::park::either::Either<tokio[4faf053bddfca12e]::time::driver::Driver<tokio[4faf053bddfca12e]::park::thread::ParkThread>, tokio[4faf053bddfca12e]::park::thread::ParkThread>>>::block_on<test[3bac74a864fb5866]::pg_is_valid::{closure#0}>::{closure#0}, (), tokio[4faf053bddfca12e]::park::either::Either<tokio[4faf053bddfca12e]::time::driver::Driver<tokio[4faf053bddfca12e]::park::thread::ParkThread>, tokio[4faf053bddfca12e]::park::thread::ParkThread>>::{closure#0}, ()>
[INFO] [stdout]   14:     0x64291187657c - tokio[4faf053bddfca12e]::runtime::basic_scheduler::enter::<<tokio[4faf053bddfca12e]::runtime::basic_scheduler::BasicScheduler<tokio[4faf053bddfca12e]::park::either::Either<tokio[4faf053bddfca12e]::time::driver::Driver<tokio[4faf053bddfca12e]::park::thread::ParkThread>, tokio[4faf053bddfca12e]::park::thread::ParkThread>>>::block_on<test[3bac74a864fb5866]::pg_is_valid::{closure#0}>::{closure#0}, (), tokio[4faf053bddfca12e]::park::either::Either<tokio[4faf053bddfca12e]::time::driver::Driver<tokio[4faf053bddfca12e]::park::thread::ParkThread>, tokio[4faf053bddfca12e]::park::thread::ParkThread>>
[INFO] [stdout]   15:     0x64291186c4ee - tokio[4faf053bddfca12e]::runtime::context::enter::<<tokio[4faf053bddfca12e]::runtime::Runtime>::block_on<test[3bac74a864fb5866]::pg_is_valid::{closure#0}>::{closure#0}, ()>
[INFO] [stdout]   16:     0x64291187740d - <test[3bac74a864fb5866]::pg_is_valid::{closure#0} as core[df12db4294e9bfd3]::ops::function::FnOnce<()>>::call_once
[INFO] [stdout]   17:     0x64291187ce3b - test[9d35eded1c95d3be]::__rust_begin_short_backtrace::<core[df12db4294e9bfd3]::result::Result<(), alloc[2182bb758b4b3781]::string::String>, fn() -> core[df12db4294e9bfd3]::result::Result<(), alloc[2182bb758b4b3781]::string::String>>
[INFO] [stdout]   18:     0x64291188a4a5 - test[9d35eded1c95d3be]::run_test::{closure#0}
[INFO] [stdout]   19:     0x642911883d64 - std[70759c8f55707aa4]::sys::backtrace::__rust_begin_short_backtrace::<test[9d35eded1c95d3be]::run_test::{closure#1}, ()>
[INFO] [stdout]   20:     0x64291188d602 - <std[70759c8f55707aa4]::thread::lifecycle::spawn_unchecked<test[9d35eded1c95d3be]::run_test::{closure#1}, ()>::{closure#1} as core[df12db4294e9bfd3]::ops::function::FnOnce<()>>::call_once::{shim:vtable#0}
[INFO] [stdout]   21:     0x642911904059 - <std[70759c8f55707aa4]::sys::thread::unix::Thread>::new::thread_start
[INFO] [stdout]   22:     0x7ceb17f2bdfa - <unknown>
[INFO] [stdout]   23:     0x7ceb17fbf3d4 - clone
[INFO] [stdout]   24:                0x0 - <unknown>
[INFO] [stdout] 
[INFO] [stdout] ---- pg_basic_connection stdout ----
[INFO] [stdout] 
[INFO] [stdout] thread 'pg_basic_connection' (1034) panicked at tests/test.rs:27:42:
[INFO] [stdout] called `Result::unwrap()` on an `Err` value: ConnectionError(BadConnection("connection to server at \"localhost\" (::1), port 5432 failed: Connection refused\n\tIs the server running on that host and accepting TCP/IP connections?\nconnection to server at \"localhost\" (127.0.0.1), port 5432 failed: Connection refused\n\tIs the server running on that host and accepting TCP/IP connections?\n"))
[INFO] [stdout] stack backtrace:
[INFO] [stdout]    0:     0x6429119047b1 - <<std[70759c8f55707aa4]::sys::backtrace::BacktraceLock>::print::DisplayBacktrace as core[df12db4294e9bfd3]::fmt::Display>::fmt
[INFO] [stdout]    1:     0x642911918bea - core[df12db4294e9bfd3]::fmt::write
[INFO] [stdout]    2:     0x642911908cfc - <alloc[2182bb758b4b3781]::vec::Vec<u8> as core[df12db4294e9bfd3]::io::write::Write>::write_fmt
[INFO] [stdout]    3:     0x6429118e0846 - std[70759c8f55707aa4]::panicking::default_hook::{closure#0}
[INFO] [stdout]    4:     0x6429118fcc29 - std[70759c8f55707aa4]::panicking::default_hook
[INFO] [stdout]    5:     0x642911889b50 - test[9d35eded1c95d3be]::test_main_inner::<test[9d35eded1c95d3be]::test_main_static::{closure#0}>::{closure#0}
[INFO] [stdout]    6:     0x6429118fcde2 - std[70759c8f55707aa4]::panicking::panic_with_hook
[INFO] [stdout]    7:     0x6429118e08f2 - std[70759c8f55707aa4]::panicking::panic_handler::{closure#0}
[INFO] [stdout]    8:     0x6429118d9649 - std[70759c8f55707aa4]::sys::backtrace::__rust_end_short_backtrace::<std[70759c8f55707aa4]::panicking::panic_handler::{closure#0}, !>
[INFO] [stdout]    9:     0x6429118e14ed - __rustc[8fa7c3cbc660c2b3]::rust_begin_unwind
[INFO] [stdout]   10:     0x64291191934c - core[df12db4294e9bfd3]::panicking::panic_fmt
[INFO] [stdout]   11:     0x642911919122 - core[df12db4294e9bfd3]::result::unwrap_failed
[INFO] [stdout]   12:     0x64291184b89a - <tokio[4faf053bddfca12e]::runtime::task::core::Core<test[3bac74a864fb5866]::pg_basic_connection::{closure#0}::{closure#0}, alloc[2182bb758b4b3781]::sync::Arc<tokio[4faf053bddfca12e]::runtime::basic_scheduler::Shared>>>::poll
[INFO] [stdout]   13:     0x642911851b90 - <tokio[4faf053bddfca12e]::runtime::task::harness::Harness<test[3bac74a864fb5866]::pg_basic_connection::{closure#0}::{closure#0}, alloc[2182bb758b4b3781]::sync::Arc<tokio[4faf053bddfca12e]::runtime::basic_scheduler::Shared>>>::poll
[INFO] [stdout]   14:     0x64291186d701 - <tokio[4faf053bddfca12e]::macros::scoped_tls::ScopedKey<tokio[4faf053bddfca12e]::runtime::basic_scheduler::Context>>::set::<tokio[4faf053bddfca12e]::runtime::basic_scheduler::enter<<tokio[4faf053bddfca12e]::runtime::basic_scheduler::BasicScheduler<tokio[4faf053bddfca12e]::park::either::Either<tokio[4faf053bddfca12e]::time::driver::Driver<tokio[4faf053bddfca12e]::park::thread::ParkThread>, tokio[4faf053bddfca12e]::park::thread::ParkThread>>>::block_on<test[3bac74a864fb5866]::pg_basic_connection::{closure#0}>::{closure#0}, (), tokio[4faf053bddfca12e]::park::either::Either<tokio[4faf053bddfca12e]::time::driver::Driver<tokio[4faf053bddfca12e]::park::thread::ParkThread>, tokio[4faf053bddfca12e]::park::thread::ParkThread>>::{closure#0}, ()>
[INFO] [stdout]   15:     0x64291187679c - tokio[4faf053bddfca12e]::runtime::basic_scheduler::enter::<<tokio[4faf053bddfca12e]::runtime::basic_scheduler::BasicScheduler<tokio[4faf053bddfca12e]::park::either::Either<tokio[4faf053bddfca12e]::time::driver::Driver<tokio[4faf053bddfca12e]::park::thread::ParkThread>, tokio[4faf053bddfca12e]::park::thread::ParkThread>>>::block_on<test[3bac74a864fb5866]::pg_basic_connection::{closure#0}>::{closure#0}, (), tokio[4faf053bddfca12e]::park::either::Either<tokio[4faf053bddfca12e]::time::driver::Driver<tokio[4faf053bddfca12e]::park::thread::ParkThread>, tokio[4faf053bddfca12e]::park::thread::ParkThread>>
[INFO] [stdout]   16:     0x64291186c66e - tokio[4faf053bddfca12e]::runtime::context::enter::<<tokio[4faf053bddfca12e]::runtime::Runtime>::block_on<test[3bac74a864fb5866]::pg_basic_connection::{closure#0}>::{closure#0}, ()>
[INFO] [stdout]   17:     0x64291187770d - <test[3bac74a864fb5866]::pg_basic_connection::{closure#0} as core[df12db4294e9bfd3]::ops::function::FnOnce<()>>::call_once
[INFO] [stdout]   18:     0x64291187ce3b - test[9d35eded1c95d3be]::__rust_begin_short_backtrace::<core[df12db4294e9bfd3]::result::Result<(), alloc[2182bb758b4b3781]::string::String>, fn() -> core[df12db4294e9bfd3]::result::Result<(), alloc[2182bb758b4b3781]::string::String>>
[INFO] [stdout]   19:     0x64291188a4a5 - test[9d35eded1c95d3be]::run_test::{closure#0}
[INFO] [stdout]   20:     0x642911883d64 - std[70759c8f55707aa4]::sys::backtrace::__rust_begin_short_backtrace::<test[9d35eded1c95d3be]::run_test::{closure#1}, ()>
[INFO] [stdout]   21:     0x64291188d602 - <std[70759c8f55707aa4]::thread::lifecycle::spawn_unchecked<test[9d35eded1c95d3be]::run_test::{closure#1}, ()>::{closure#1} as core[df12db4294e9bfd3]::ops::function::FnOnce<()>>::call_once::{shim:vtable#0}
[INFO] [stdout]   22:     0x642911904059 - <std[70759c8f55707aa4]::sys::thread::unix::Thread>::new::thread_start
[INFO] [stdout]   23:     0x7ceb17f2bdfa - <unknown>
[INFO] [stdout]   24:     0x7ceb17fbf3d4 - clone
[INFO] [stdout]   25:                0x0 - <unknown>
[INFO] [stdout] 
[INFO] [stdout] thread 'pg_basic_connection' (1034) panicked at tests/test.rs:35:42:
[INFO] [stdout] called `Result::unwrap()` on an `Err` value: ConnectionError(BadConnection("connection to server at \"localhost\" (::1), port 5432 failed: Connection refused\n\tIs the server running on that host and accepting TCP/IP connections?\nconnection to server at \"localhost\" (127.0.0.1), port 5432 failed: Connection refused\n\tIs the server running on that host and accepting TCP/IP connections?\n"))
[INFO] [stdout] stack backtrace:
[INFO] [stdout]    0:     0x6429119047b1 - <<std[70759c8f55707aa4]::sys::backtrace::BacktraceLock>::print::DisplayBacktrace as core[df12db4294e9bfd3]::fmt::Display>::fmt
[INFO] [stdout]    1:     0x642911918bea - core[df12db4294e9bfd3]::fmt::write
[INFO] [stdout]    2:     0x642911908cfc - <alloc[2182bb758b4b3781]::vec::Vec<u8> as core[df12db4294e9bfd3]::io::write::Write>::write_fmt
[INFO] [stdout]    3:     0x6429118e0846 - std[70759c8f55707aa4]::panicking::default_hook::{closure#0}
[INFO] [stdout]    4:     0x6429118fcc29 - std[70759c8f55707aa4]::panicking::default_hook
[INFO] [stdout]    5:     0x642911889b50 - test[9d35eded1c95d3be]::test_main_inner::<test[9d35eded1c95d3be]::test_main_static::{closure#0}>::{closure#0}
[INFO] [stdout]    6:     0x6429118fcde2 - std[70759c8f55707aa4]::panicking::panic_with_hook
[INFO] [stdout]    7:     0x6429118e08f2 - std[70759c8f55707aa4]::panicking::panic_handler::{closure#0}
[INFO] [stdout]    8:     0x6429118d9649 - std[70759c8f55707aa4]::sys::backtrace::__rust_end_short_backtrace::<std[70759c8f55707aa4]::panicking::panic_handler::{closure#0}, !>
[INFO] [stdout]    9:     0x6429118e14ed - __rustc[8fa7c3cbc660c2b3]::rust_begin_unwind
[INFO] [stdout]   10:     0x64291191934c - core[df12db4294e9bfd3]::panicking::panic_fmt
[INFO] [stdout]   11:     0x642911919122 - core[df12db4294e9bfd3]::result::unwrap_failed
[INFO] [stdout]   12:     0x64291184bfea - <tokio[4faf053bddfca12e]::runtime::task::core::Core<test[3bac74a864fb5866]::pg_basic_connection::{closure#0}::{closure#1}, alloc[2182bb758b4b3781]::sync::Arc<tokio[4faf053bddfca12e]::runtime::basic_scheduler::Shared>>>::poll
[INFO] [stdout]   13:     0x642911851ff0 - <tokio[4faf053bddfca12e]::runtime::task::harness::Harness<test[3bac74a864fb5866]::pg_basic_connection::{closure#0}::{closure#1}, alloc[2182bb758b4b3781]::sync::Arc<tokio[4faf053bddfca12e]::runtime::basic_scheduler::Shared>>>::poll
[INFO] [stdout]   14:     0x64291186d701 - <tokio[4faf053bddfca12e]::macros::scoped_tls::ScopedKey<tokio[4faf053bddfca12e]::runtime::basic_scheduler::Context>>::set::<tokio[4faf053bddfca12e]::runtime::basic_scheduler::enter<<tokio[4faf053bddfca12e]::runtime::basic_scheduler::BasicScheduler<tokio[4faf053bddfca12e]::park::either::Either<tokio[4faf053bddfca12e]::time::driver::Driver<tokio[4faf053bddfca12e]::park::thread::ParkThread>, tokio[4faf053bddfca12e]::park::thread::ParkThread>>>::block_on<test[3bac74a864fb5866]::pg_basic_connection::{closure#0}>::{closure#0}, (), tokio[4faf053bddfca12e]::park::either::Either<tokio[4faf053bddfca12e]::time::driver::Driver<tokio[4faf053bddfca12e]::park::thread::ParkThread>, tokio[4faf053bddfca12e]::park::thread::ParkThread>>::{closure#0}, ()>
[INFO] [stdout]   15:     0x64291187679c - tokio[4faf053bddfca12e]::runtime::basic_scheduler::enter::<<tokio[4faf053bddfca12e]::runtime::basic_scheduler::BasicScheduler<tokio[4faf053bddfca12e]::park::either::Either<tokio[4faf053bddfca12e]::time::driver::Driver<tokio[4faf053bddfca12e]::park::thread::ParkThread>, tokio[4faf053bddfca12e]::park::thread::ParkThread>>>::block_on<test[3bac74a864fb5866]::pg_basic_connection::{closure#0}>::{closure#0}, (), tokio[4faf053bddfca12e]::park::either::Either<tokio[4faf053bddfca12e]::time::driver::Driver<tokio[4faf053bddfca12e]::park::thread::ParkThread>, tokio[4faf053bddfca12e]::park::thread::ParkThread>>
[INFO] [stdout]   16:     0x64291186c66e - tokio[4faf053bddfca12e]::runtime::context::enter::<<tokio[4faf053bddfca12e]::runtime::Runtime>::block_on<test[3bac74a864fb5866]::pg_basic_connection::{closure#0}>::{closure#0}, ()>
[INFO] [stdout]   17:     0x64291187770d - <test[3bac74a864fb5866]::pg_basic_connection::{closure#0} as core[df12db4294e9bfd3]::ops::function::FnOnce<()>>::call_once
[INFO] [stdout]   18:     0x64291187ce3b - test[9d35eded1c95d3be]::__rust_begin_short_backtrace::<core[df12db4294e9bfd3]::result::Result<(), alloc[2182bb758b4b3781]::string::String>, fn() -> core[df12db4294e9bfd3]::result::Result<(), alloc[2182bb758b4b3781]::string::String>>
[INFO] [stdout]   19:     0x64291188a4a5 - test[9d35eded1c95d3be]::run_test::{closure#0}
[INFO] [stdout]   20:     0x642911883d64 - std[70759c8f55707aa4]::sys::backtrace::__rust_begin_short_backtrace::<test[9d35eded1c95d3be]::run_test::{closure#1}, ()>
[INFO] [stdout]   21:     0x64291188d602 - <std[70759c8f55707aa4]::thread::lifecycle::spawn_unchecked<test[9d35eded1c95d3be]::run_test::{closure#1}, ()>::{closure#1} as core[df12db4294e9bfd3]::ops::function::FnOnce<()>>::call_once::{shim:vtable#0}
[INFO] [stdout]   22:     0x642911904059 - <std[70759c8f55707aa4]::sys::thread::unix::Thread>::new::thread_start
[INFO] [stdout]   23:     0x7ceb17f2bdfa - <unknown>
[INFO] [stdout]   24:     0x7ceb17fbf3d4 - clone
[INFO] [stdout]   25:                0x0 - <unknown>
[INFO] [stdout] 
[INFO] [stdout] thread 'pg_basic_connection' (1034) panicked at tests/test.rs:41:18:
[INFO] [stdout] called `Result::unwrap()` on an `Err` value: JoinError::Panic(...)
[INFO] [stdout] stack backtrace:
[INFO] [stdout]    0:     0x6429119047b1 - <<std[70759c8f55707aa4]::sys::backtrace::BacktraceLock>::print::DisplayBacktrace as core[df12db4294e9bfd3]::fmt::Display>::fmt
[INFO] [stdout]    1:     0x642911918bea - core[df12db4294e9bfd3]::fmt::write
[INFO] [stdout]    2:     0x642911908cfc - <alloc[2182bb758b4b3781]::vec::Vec<u8> as core[df12db4294e9bfd3]::io::write::Write>::write_fmt
[INFO] [stdout]    3:     0x6429118e0846 - std[70759c8f55707aa4]::panicking::default_hook::{closure#0}
[INFO] [stdout]    4:     0x6429118fcc29 - std[70759c8f55707aa4]::panicking::default_hook
[INFO] [stdout]    5:     0x642911889b50 - test[9d35eded1c95d3be]::test_main_inner::<test[9d35eded1c95d3be]::test_main_static::{closure#0}>::{closure#0}
[INFO] [stdout]    6:     0x6429118fcde2 - std[70759c8f55707aa4]::panicking::panic_with_hook
[INFO] [stdout]    7:     0x6429118e08f2 - std[70759c8f55707aa4]::panicking::panic_handler::{closure#0}
[INFO] [stdout]    8:     0x6429118d9649 - std[70759c8f55707aa4]::sys::backtrace::__rust_end_short_backtrace::<std[70759c8f55707aa4]::panicking::panic_handler::{closure#0}, !>
[INFO] [stdout]    9:     0x6429118e14ed - __rustc[8fa7c3cbc660c2b3]::rust_begin_unwind
[INFO] [stdout]   10:     0x64291191934c - core[df12db4294e9bfd3]::panicking::panic_fmt
[INFO] [stdout]   11:     0x642911919122 - core[df12db4294e9bfd3]::result::unwrap_failed
[INFO] [stdout]   12:     0x6429118575f7 - test[3bac74a864fb5866]::pg_basic_connection::{closure#0}
[INFO] [stdout]   13:     0x64291186d5f3 - <tokio[4faf053bddfca12e]::macros::scoped_tls::ScopedKey<tokio[4faf053bddfca12e]::runtime::basic_scheduler::Context>>::set::<tokio[4faf053bddfca12e]::runtime::basic_scheduler::enter<<tokio[4faf053bddfca12e]::runtime::basic_scheduler::BasicScheduler<tokio[4faf053bddfca12e]::park::either::Either<tokio[4faf053bddfca12e]::time::driver::Driver<tokio[4faf053bddfca12e]::park::thread::ParkThread>, tokio[4faf053bddfca12e]::park::thread::ParkThread>>>::block_on<test[3bac74a864fb5866]::pg_basic_connection::{closure#0}>::{closure#0}, (), tokio[4faf053bddfca12e]::park::either::Either<tokio[4faf053bddfca12e]::time::driver::Driver<tokio[4faf053bddfca12e]::park::thread::ParkThread>, tokio[4faf053bddfca12e]::park::thread::ParkThread>>::{closure#0}, ()>
[INFO] [stdout]   14:     0x64291187679c - tokio[4faf053bddfca12e]::runtime::basic_scheduler::enter::<<tokio[4faf053bddfca12e]::runtime::basic_scheduler::BasicScheduler<tokio[4faf053bddfca12e]::park::either::Either<tokio[4faf053bddfca12e]::time::driver::Driver<tokio[4faf053bddfca12e]::park::thread::ParkThread>, tokio[4faf053bddfca12e]::park::thread::ParkThread>>>::block_on<test[3bac74a864fb5866]::pg_basic_connection::{closure#0}>::{closure#0}, (), tokio[4faf053bddfca12e]::park::either::Either<tokio[4faf053bddfca12e]::time::driver::Driver<tokio[4faf053bddfca12e]::park::thread::ParkThread>, tokio[4faf053bddfca12e]::park::thread::ParkThread>>
[INFO] [stdout]   15:     0x64291186c66e - tokio[4faf053bddfca12e]::runtime::context::enter::<<tokio[4faf053bddfca12e]::runtime::Runtime>::block_on<test[3bac74a864fb5866]::pg_basic_connection::{closure#0}>::{closure#0}, ()>
[INFO] [stdout]   16:     0x64291187770d - <test[3bac74a864fb5866]::pg_basic_connection::{closure#0} as core[df12db4294e9bfd3]::ops::function::FnOnce<()>>::call_once
[INFO] [stdout]   17:     0x64291187ce3b - test[9d35eded1c95d3be]::__rust_begin_short_backtrace::<core[df12db4294e9bfd3]::result::Result<(), alloc[2182bb758b4b3781]::string::String>, fn() -> core[df12db4294e9bfd3]::result::Result<(), alloc[2182bb758b4b3781]::string::String>>
[INFO] [stdout]   18:     0x64291188a4a5 - test[9d35eded1c95d3be]::run_test::{closure#0}
[INFO] [stdout]   19:     0x642911883d64 - std[70759c8f55707aa4]::sys::backtrace::__rust_begin_short_backtrace::<test[9d35eded1c95d3be]::run_test::{closure#1}, ()>
[INFO] [stdout]   20:     0x64291188d602 - <std[70759c8f55707aa4]::thread::lifecycle::spawn_unchecked<test[9d35eded1c95d3be]::run_test::{closure#1}, ()>::{closure#1} as core[df12db4294e9bfd3]::ops::function::FnOnce<()>>::call_once::{shim:vtable#0}
[INFO] [stdout]   21:     0x642911904059 - <std[70759c8f55707aa4]::sys::thread::unix::Thread>::new::thread_start
[INFO] [stdout]   22:     0x7ceb17f2bdfa - <unknown>
[INFO] [stdout]   23:     0x7ceb17fbf3d4 - clone
[INFO] [stdout]   24:                0x0 - <unknown>
[INFO] [stdout] 
[INFO] [stdout] 
[INFO] [stdout] failures:
[INFO] [stdout]     pg_basic_connection
[INFO] [stdout]     pg_is_valid
[INFO] [stdout] 
[INFO] [stdout] test result: FAILED. 2 passed; 2 failed; 0 ignored; 0 measured; 0 filtered out; finished in 0.04s
[INFO] [stdout] 
[INFO] [stderr] error: test failed, to rerun pass `--test test`
[INFO] running `Command { std: "docker" "inspect" "6e6e5b81dc1a08b1a0b47b0790963d3ecb7eb3a38731e6e55a20aab6442f75ad", kill_on_drop: false }`
[INFO] running `Command { std: "docker" "rm" "-f" "6e6e5b81dc1a08b1a0b47b0790963d3ecb7eb3a38731e6e55a20aab6442f75ad", kill_on_drop: false }`
[INFO] [stdout] 6e6e5b81dc1a08b1a0b47b0790963d3ecb7eb3a38731e6e55a20aab6442f75ad
