[INFO] fetching crate mnm-content 0.14.0...
[INFO] testing mnm-content-0.14.0 against 1.100.0-beta.1+cargoflags=--release for beta-release-1.100-2
[INFO] extracting crate mnm-content 0.14.0 into /workspace/builds/worker-6-tc2/source
[INFO] started tweaking crates.io crate mnm-content 0.14.0
[INFO] removed 0 missing tests
[INFO] finished tweaking crates.io crate mnm-content 0.14.0
[INFO] tweaked toml for crates.io crate mnm-content 0.14.0 written to /workspace/builds/worker-6-tc2/source/Cargo.toml
[INFO] validating manifest of crates.io crate mnm-content 0.14.0 on toolchain 1.100.0-beta.1
[INFO] running `Command { std: CARGO_HOME="/workspace/cargo-home" RUSTUP_HOME="/workspace/rustup-home" "/workspace/cargo-home/bin/cargo" "+1.100.0-beta.1" "metadata" "--manifest-path" "Cargo.toml" "--no-deps", kill_on_drop: false }`
[INFO] crate crates.io crate mnm-content 0.14.0 already has a lockfile, it will not be regenerated
[INFO] running `Command { std: CARGO_HOME="/workspace/cargo-home" RUSTUP_HOME="/workspace/rustup-home" "/workspace/cargo-home/bin/cargo" "+1.100.0-beta.1" "fetch" "--manifest-path" "Cargo.toml", kill_on_drop: false }`
[INFO] running `Command { std: "docker" "create" "-v" "/var/lib/crater-agent-workspace/builds/worker-6-tc2/source:/opt/rustwide/workdir:ro,Z" "-v" "/var/lib/crater-agent-workspace/builds/worker-6-tc2/target:/opt/rustwide/target:rw,Z" "-v" "/var/lib/crater-agent-workspace/cargo-home:/opt/rustwide/cargo-home:ro,Z" "-v" "/var/lib/crater-agent-workspace/rustup-home:/opt/rustwide/rustup-home:ro,Z" "-m" "1610612736" "--network" "none" "ghcr.io/rust-lang/crates-build-env/linux@sha256:77db811e55d90add9212f6832c23229e3de5f1c1f9905e8cb07319ea15df73ac" "sleep" "infinity", kill_on_drop: false }`
[INFO] [stdout] ed3a8979b3d890169d56332748b1094fe63c84dd1cf66f67dad5f5cab394d3df
[INFO] running `Command { std: "docker" "start" "ed3a8979b3d890169d56332748b1094fe63c84dd1cf66f67dad5f5cab394d3df", kill_on_drop: false }`
[INFO] running `Command { std: "docker" "inspect" "ed3a8979b3d890169d56332748b1094fe63c84dd1cf66f67dad5f5cab394d3df", kill_on_drop: false }`
[INFO] running `Command { std: "docker" "exec" "-e" "SOURCE_DIR=/opt/rustwide/workdir" "-e" "CARGO_HOME=/opt/rustwide/cargo-home" "-e" "RUSTUP_HOME=/opt/rustwide/rustup-home" "-e" "CARGO_TARGET_DIR=/opt/rustwide/target" "-w" "/opt/rustwide/workdir" "--user" "0:0" "ed3a8979b3d890169d56332748b1094fe63c84dd1cf66f67dad5f5cab394d3df" "/opt/rustwide/cargo-home/bin/cargo" "+1.100.0-beta.1" "metadata" "--no-deps" "--format-version=1", kill_on_drop: false }`
[INFO] running `Command { std: "docker" "inspect" "ed3a8979b3d890169d56332748b1094fe63c84dd1cf66f67dad5f5cab394d3df", kill_on_drop: false }`
[INFO] running `Command { std: "docker" "exec" "-e" "SOURCE_DIR=/opt/rustwide/workdir" "-e" "CARGO_HOME=/opt/rustwide/cargo-home" "-e" "RUSTUP_HOME=/opt/rustwide/rustup-home" "-e" "CARGO_TARGET_DIR=/opt/rustwide/target" "-e" "CARGO_INCREMENTAL=0" "-e" "RUST_BACKTRACE=full" "-e" "RUSTFLAGS=--cap-lints=warn" "-e" "RUSTDOCFLAGS=--cap-lints=warn" "-w" "/opt/rustwide/workdir" "--user" "0:0" "ed3a8979b3d890169d56332748b1094fe63c84dd1cf66f67dad5f5cab394d3df" "/opt/rustwide/cargo-home/bin/cargo" "+1.100.0-beta.1" "build" "--frozen" "--message-format=json" "--release", kill_on_drop: false }`
[INFO] [stderr]    Compiling libc v0.2.186
[INFO] [stderr]    Compiling stable_deref_trait v1.2.1
[INFO] [stderr]    Compiling tree-sitter-language v0.1.7
[INFO] [stderr]    Compiling writeable v0.6.3
[INFO] [stderr]    Compiling pkg-config v0.3.33
[INFO] [stderr]    Compiling litemap v0.8.2
[INFO] [stderr]    Compiling zerofrom v0.1.8
[INFO] [stderr]    Compiling aho-corasick v1.1.4
[INFO] [stderr]    Compiling crossbeam-epoch v0.9.20
[INFO] [stderr]    Compiling serde v1.0.228
[INFO] [stderr]    Compiling darling_core v0.20.11
[INFO] [stderr]    Compiling tokio v1.52.3
[INFO] [stderr]    Compiling zmij v1.0.21
[INFO] [stderr]    Compiling serde_json v1.0.149
[INFO] [stderr]    Compiling rustls-pki-types v1.14.1
[INFO] [stderr]    Compiling getrandom v0.3.4
[INFO] [stderr]    Compiling getrandom v0.2.17
[INFO] [stderr]    Compiling countme v3.0.1
[INFO] [stderr]    Compiling yoke v0.8.2
[INFO] [stderr]    Compiling text-size v1.1.1
[INFO] [stderr]    Compiling futures-task v0.3.32
[INFO] [stderr]    Compiling slab v0.4.12
[INFO] [stderr]    Compiling hashbrown v0.14.5
[INFO] [stderr]    Compiling zerovec v0.11.6
[INFO] [stderr]    Compiling zerotrie v0.2.4
[INFO] [stderr]    Compiling libm v0.2.16
[INFO] [stderr]    Compiling futures-util v0.3.32
[INFO] [stderr]    Compiling rustls v0.23.40
[INFO] [stderr]    Compiling either v1.15.0
[INFO] [stderr]    Compiling thiserror v2.0.18
[INFO] [stderr]    Compiling crossbeam-deque v0.8.6
[INFO] [stderr]    Compiling icu_locale_data v2.2.0
[INFO] [stderr]    Compiling generic-array v0.14.9
[INFO] [stderr]    Compiling rand_core v0.9.5
[INFO] [stderr]    Compiling thiserror-impl v2.0.18
[INFO] [stderr]    Compiling rayon-core v1.13.0
[INFO] [stderr]    Compiling minimal-lexical v0.2.1
[INFO] [stderr]    Compiling zstd-safe v7.2.4
[INFO] [stderr]    Compiling icu_segmenter_data v2.2.0
[INFO] [stderr]    Compiling esaxx-rs v0.1.10
[INFO] [stderr]    Compiling tinyvec_macros v0.1.1
[INFO] [stderr]    Compiling tinyvec v1.11.0
[INFO] [stderr]    Compiling rowan v0.16.1
[INFO] [stderr]    Compiling nom v7.1.3
[INFO] [stderr]    Compiling rayon v1.12.0
[INFO] [stderr]    Compiling serde_spanned v0.6.9
[INFO] [stderr]    Compiling toml_datetime v0.6.11
[INFO] [stderr]    Compiling regex-automata v0.4.14
[INFO] [stderr]    Compiling jobserver v0.1.34
[INFO] [stderr]    Compiling cc v1.2.62
[INFO] [stderr]    Compiling tinystr v0.8.3
[INFO] [stderr]    Compiling potential_utf v0.1.5
[INFO] [stderr]    Compiling icu_collections v2.2.0
[INFO] [stderr]    Compiling rand_chacha v0.9.0
[INFO] [stderr]    Compiling icu_locale_core v2.2.0
[INFO] [stderr]    Compiling compactp_syntax v0.1.0-beta.1
[INFO] [stderr]    Compiling castaway v0.2.4
[INFO] [stderr]    Compiling itertools v0.14.0
[INFO] [stderr]    Compiling monostate-impl v0.1.18
[INFO] [stderr]    Compiling macro_rules_attribute-proc_macro v0.2.2
[INFO] [stderr]    Compiling unicode-segmentation v1.13.2
[INFO] [stderr]    Compiling toml_edit v0.22.27
[INFO] [stderr]    Compiling macro_rules_attribute v0.2.2
[INFO] [stderr]    Compiling monostate v0.1.18
[INFO] [stderr]    Compiling time-macros v0.2.27
[INFO] [stderr]    Compiling compact_str v0.9.0
[INFO] [stderr]    Compiling deranged v0.5.8
[INFO] [stderr]    Compiling strum_macros v0.27.2
[INFO] [stderr]    Compiling darling_macro v0.20.11
[INFO] [stderr]    Compiling darling v0.20.11
[INFO] [stderr]    Compiling derive_builder_core v0.20.2
[INFO] [stderr]    Compiling ring v0.17.14
[INFO] [stderr]    Compiling icu_provider v2.2.0
[INFO] [stderr]    Compiling zstd-sys v2.0.16+zstd.1.5.7
[INFO] [stderr]    Compiling icu_properties v2.2.0
[INFO] [stderr]    Compiling icu_normalizer v2.2.0
[INFO] [stderr]    Compiling onig_sys v69.9.3
[INFO] [stderr]    Compiling tree-sitter v0.25.10
[INFO] [stderr]    Compiling derive_builder_macro v0.20.2
[INFO] [stderr]    Compiling derive_builder v0.20.2
[INFO] [stderr]    Compiling rayon-cond v0.4.0
[INFO] [stderr]    Compiling icu_locale v2.2.0
[INFO] [stderr]    Compiling spm_precompiled v0.1.4
[INFO] [stderr]    Compiling tree-sitter-bash v0.25.1
[INFO] [stderr]    Compiling hyper v1.9.0
[INFO] [stderr]    Compiling tower v0.5.3
[INFO] [stderr]    Compiling tree-sitter-javascript v0.25.0
[INFO] [stderr]    Compiling tree-sitter-rust v0.24.2
[INFO] [stderr]    Compiling tree-sitter-typescript v0.23.2
[INFO] [stderr]    Compiling core_maths v0.1.1
[INFO] [stderr]    Compiling rand v0.9.4
[INFO] [stderr]    Compiling ahash v0.8.12
[INFO] [stderr]    Compiling hyper-util v0.1.20
[INFO] [stderr]    Compiling unicode-normalization v0.1.25
[INFO] [stderr]    Compiling crypto-common v0.1.6
[INFO] [stderr]    Compiling idna_adapter v1.2.2
[INFO] [stderr]    Compiling block-buffer v0.10.4
[INFO] [stderr]    Compiling idna v1.1.0
[INFO] [stderr]    Compiling regex v1.12.3
[INFO] [stderr]    Compiling fancy-regex v0.14.0
[INFO] [stderr]    Compiling url v2.5.8
[INFO] [stderr]    Compiling dary_heap v0.3.9
[INFO] [stderr]    Compiling webpki-roots v1.0.7
[INFO] [stderr]    Compiling unicode-normalization-alignments v0.1.12
[INFO] [stderr]    Compiling bstr v1.12.1
[INFO] [stderr]    Compiling derive_utils v0.15.1
[INFO] [stderr]    Compiling num-conv v0.2.1
[INFO] [stderr]    Compiling unicode_categories v0.1.1
[INFO] [stderr]    Compiling pulldown-cmark v0.12.2
[INFO] [stderr]    Compiling anyhow v1.0.103
[INFO] [stderr]    Compiling auto_enums v0.8.8
[INFO] [stderr]    Compiling getopts v0.2.24
[INFO] [stderr]    Compiling time v0.3.47
[INFO] [stderr]    Compiling tower-http v0.6.10
[INFO] [stderr]    Compiling globset v0.4.18
[INFO] [stderr]    Compiling icu_segmenter v2.2.0
[INFO] [stderr]    Compiling uuid v1.23.1
[INFO] [stderr]    Compiling digest v0.10.7
[INFO] [stderr]    Compiling strum v0.27.2
[INFO] [stderr]    Compiling toml v0.8.23
[INFO] [stderr]    Compiling mnm-content v0.14.0 (/opt/rustwide/workdir)
[INFO] [stderr]    Compiling compactp_diagnostics v0.1.0-beta.1
[INFO] [stderr]    Compiling compactp_lexer v0.1.0-beta.1
[INFO] [stderr]    Compiling serde_urlencoded v0.7.1
[INFO] [stderr]    Compiling semver v1.0.28
[INFO] [stderr]    Compiling pulldown-cmark-escape v0.11.0
[INFO] [stderr]    Compiling drop_bomb v0.1.5
[INFO] [stderr]    Compiling compactp_parser v0.1.0-beta.1
[INFO] [stderr]    Compiling sha2 v0.10.9
[INFO] [stderr]    Compiling mnm-core v0.14.0
[INFO] [stderr]    Compiling serde_yaml v0.9.34+deprecated
[INFO] [stderr]    Compiling ignore v0.4.25
[INFO] [stderr]    Compiling compactp_ast v0.1.0-beta.1
[INFO] [stderr]    Compiling quick-xml v0.41.0
[INFO] [stderr]    Compiling onig v6.5.3
[INFO] [stderr]    Compiling rustls-webpki v0.103.13
[INFO] [stderr]    Compiling tokenizers v0.21.4
[INFO] [stderr]    Compiling tokio-rustls v0.26.4
[INFO] [stderr]    Compiling hyper-rustls v0.27.9
[INFO] [stderr]    Compiling reqwest v0.12.28
[INFO] [stderr]    Compiling text-splitter v0.27.0
[INFO] [stderr]    Compiling zstd v0.13.3
[INFO] [stderr]    Compiling spdx v0.13.4
[INFO] [stderr]     Finished `release` profile [optimized] target(s) in 3m 42s
[INFO] running `Command { std: "docker" "inspect" "ed3a8979b3d890169d56332748b1094fe63c84dd1cf66f67dad5f5cab394d3df", kill_on_drop: false }`
[INFO] running `Command { std: "docker" "exec" "-e" "SOURCE_DIR=/opt/rustwide/workdir" "-e" "CARGO_HOME=/opt/rustwide/cargo-home" "-e" "RUSTUP_HOME=/opt/rustwide/rustup-home" "-e" "CARGO_TARGET_DIR=/opt/rustwide/target" "-e" "CARGO_INCREMENTAL=0" "-e" "RUST_BACKTRACE=full" "-e" "RUSTFLAGS=--cap-lints=warn" "-e" "RUSTDOCFLAGS=--cap-lints=warn" "-w" "/opt/rustwide/workdir" "--user" "0:0" "ed3a8979b3d890169d56332748b1094fe63c84dd1cf66f67dad5f5cab394d3df" "/opt/rustwide/cargo-home/bin/cargo" "+1.100.0-beta.1" "test" "--frozen" "--no-run" "--message-format=json" "--release", kill_on_drop: false }`
[INFO] [stderr]    Compiling bit-vec v0.8.0
[INFO] [stderr]    Compiling onig v6.5.3
[INFO] [stderr]    Compiling num-traits v0.2.19
[INFO] [stderr]    Compiling tower-http v0.6.10
[INFO] [stderr]    Compiling rusty-fork v0.3.1
[INFO] [stderr]    Compiling pulldown-cmark v0.12.2
[INFO] [stderr]    Compiling rand_xorshift v0.4.0
[INFO] [stderr]    Compiling bit-set v0.8.0
[INFO] [stderr]    Compiling fancy-regex v0.14.0
[INFO] [stderr]    Compiling reqwest v0.12.28
[INFO] [stderr]    Compiling proptest v1.11.0
[INFO] [stderr]    Compiling tokenizers v0.21.4
[INFO] [stderr]    Compiling text-splitter v0.27.0
[INFO] [stderr]    Compiling mnm-content v0.14.0 (/opt/rustwide/workdir)
[INFO] [stderr]     Finished `release` profile [optimized] target(s) in 1m 27s
[INFO] running `Command { std: "docker" "inspect" "ed3a8979b3d890169d56332748b1094fe63c84dd1cf66f67dad5f5cab394d3df", kill_on_drop: false }`
[INFO] running `Command { std: "docker" "exec" "-e" "SOURCE_DIR=/opt/rustwide/workdir" "-e" "CARGO_HOME=/opt/rustwide/cargo-home" "-e" "RUSTUP_HOME=/opt/rustwide/rustup-home" "-e" "CARGO_TARGET_DIR=/opt/rustwide/target" "-e" "CARGO_INCREMENTAL=0" "-e" "RUST_BACKTRACE=full" "-e" "RUSTFLAGS=--cap-lints=warn" "-e" "RUSTDOCFLAGS=--cap-lints=warn" "-w" "/opt/rustwide/workdir" "--user" "0:0" "ed3a8979b3d890169d56332748b1094fe63c84dd1cf66f67dad5f5cab394d3df" "/opt/rustwide/cargo-home/bin/cargo" "+1.100.0-beta.1" "test" "--frozen" "--release", kill_on_drop: false }`
[INFO] [stderr]     Finished `release` profile [optimized] target(s) in 0.27s
[INFO] [stderr]      Running unittests src/lib.rs (/opt/rustwide/target/release/build/mnm-content/83f66cbc61a39b27/out/mnm_content-83f66cbc61a39b27)
[INFO] [stdout] 
[INFO] [stdout] running 264 tests
[INFO] [stdout] test chunk::tests::default_config_is_token_budgeted ... ok
[INFO] [stdout] test chunk::tests::coalesce_target_is_90_pct_of_max_tokens ... ok
[INFO] [stdout] test code::compact::tests::language_version_pragma_extracted ... ok
[INFO] [stdout] test code::compact::tests::multiple_modules_is_none ... ok
[INFO] [stdout] test code::compact::tests::no_module_is_none ... ok
[INFO] [stdout] test code::compact::tests::empty_input_yields_no_chunks ... ok
[INFO] [stdout] test code::coalesce_tests::entries_from_path_emits_ancestors_and_leaf ... ok
[INFO] [stdout] test chunk::tests::guard_passes_through_chunks_when_no_panic ... ok
[INFO] [stdout] test code::compact::tests::one_module_detected_as_package ... ok
[INFO] [stdout] test code::compact::tests::parses_and_emits_a_chunk ... ok
[INFO] [stdout] test code::compact::tests::preamble_only_start_recovers_symbol ... ok
[INFO] [stdout] test code::compact::tests::garbage_falls_back_to_line_window ... ok
[INFO] [stdout] test code::compact::tests::small_siblings_pack_into_one_chunk ... ok
[INFO] [stdout] test code::compact::tests::top_level_circuit_and_ledger_symbol_paths ... ok
[INFO] [stdout] test chunk::tests::chunk_document_recovers_from_the_panic_sentinel ... ok
[INFO] [stdout] test chunk::tests::guard_catches_a_panic_and_degrades_to_line_window ... ok
[INFO] [stdout] test code::js::tests::js_function_and_class_paths ... ok
[INFO] [stdout] test code::compact::tests::token_soup_falls_back_to_line_window ... ok
[INFO] [stdout] test code::compact::tests::split_compact_symbol_interior_chunk_gets_breadcrumb ... ok
[INFO] [stdout] test chunk::tests::guarded_chunk_reports_no_panic_on_the_normal_path ... ok
[INFO] [stdout] test code::coalesce_tests::merged_chunk_unions_symbol_entries ... ok
[INFO] [stdout] test code::coalesce_tests::packs_adjacent_units_up_to_target ... ok
[INFO] [stdout] test code::bash::tests::bash_function_path ... ok
[INFO] [stdout] test code::language::tests::shebang_detects_bash ... ok
[INFO] [stdout] test code::line_window::tests::empty_input_no_chunks ... ok
[INFO] [stdout] test code::compact::tests::module_nested_circuit_has_module_prefix ... ok
[INFO] [stdout] test code::rust::tests::chunks_carry_symbol_path ... ok
[INFO] [stdout] test code::rust::tests::leading_preamble_still_yields_symbol_path ... ok
[INFO] [stdout] test chunk::tests::panic_reason_handles_string_and_non_string_payloads ... ok
[INFO] [stdout] test code::symbols::tests::enclosing_headers_capture_signature_lines ... ok
[INFO] [stdout] test code::splitter::tests::splits_rust_into_budgeted_ranges ... ok
[INFO] [stdout] test code::ts::tests::class_method_symbol_path ... ok
[INFO] [stdout] test code::compact::tests::tiny_budget_splits_into_multiple_chunks ... ok
[INFO] [stdout] test code::scheme::tests::scheme_defines_chunk ... ok
[INFO] [stdout] test content_hash::tests::different_content_different_hash ... ok
[INFO] [stdout] test content_hash::tests::document_hash_is_normalized ... ok
[INFO] [stdout] test context_group::tests::single_small_doc_is_one_group ... ok
[INFO] [stdout] test content_hash::tests::hex_output_is_64_chars ... ok
[INFO] [stdout] test context_group::tests::empty_doc_yields_no_groups ... ok
[INFO] [stdout] test code::ts::tests::tsx_component_parses ... ok
[INFO] [stdout] test content_hash::tests::chunk_hash_is_exact ... ok
[INFO] [stdout] test code::symbols::tests::rust_symbol_path_for_byte_range ... ok
[INFO] [stdout] test context_group::tests::grouping_properties ... ok
[INFO] [stdout] test frontmatter::tests::open_fence_without_close_is_passed_through ... ok
[INFO] [stdout] test extract::tests::npm_deps_filtered_by_allowlist ... ok
[INFO] [stdout] test frontmatter::tests::passthrough_keeps_leading_fenced_block_in_body ... ok
[INFO] [stdout] test context_group::tests::spec_example_220pct_doc_splits_into_three_balanced_groups ... ok
[INFO] [stdout] test frontmatter::tests::crlf_endings_tolerated ... ok
[INFO] [stdout] test code::coalesce_tests::stops_when_next_unit_would_exceed_target ... ok
[INFO] [stdout] test frontmatter::tests::extracts_recognized_provenance_fields ... ok
[INFO] [stdout] test frontmatter::tests::malformed_yaml_does_not_panic ... ok
[INFO] [stdout] test frontmatter::tests::no_frontmatter_passes_body_through ... ok
[INFO] [stdout] test frontmatter::tests::passthrough_normalizes_crlf_like_split ... ok
[INFO] [stdout] test frontmatter::tests::unknown_keys_are_preserved_in_frontmatter_jsonb ... ok
[INFO] [stdout] test ingest::filter::tests::disable_default_list_allows_node_modules ... ok
[INFO] [stdout] test extract::tests::cargo_deps_with_workspace_inheritance ... ok
[INFO] [stdout] test ingest::filter::tests::default_skip_list_covers_noise_dirs_files_and_boilerplate ... ok
[INFO] [stdout] test ingest::filter::tests::license_files_are_default_skipped_by_stem ... ok
[INFO] [stdout] test ingest::filter::tests::require_known_kind_drops_unknown_unless_included ... ok
[INFO] [stdout] test ingest::filter::tests::gitignore_is_repo_local_not_parent_or_global ... ok
[INFO] [stdout] test ingest::plan::tests::carried_documents_do_not_emit_chunks ... ok
[INFO] [stdout] test ingest::filter::tests::precedence_ladder ... ok
[INFO] [stdout] test ingest::plan::tests::changed_hash_lands_in_new_vector_even_when_path_matches ... ok
[INFO] [stdout] test ingest::plan::tests::chunk_content_hashes_are_stable_and_unique_for_distinct_content ... ok
[INFO] [stdout] test ingest::filter::tests::walk_honours_skip_hidden_and_prunes_node_modules ... ok
[INFO] [stdout] test ingest::filter::tests::walk_subtree_returns_base_relative_paths ... ok
[INFO] [stdout] test ingest::plan::tests::all_three_vectors_are_sorted_lexicographically ... ok
[INFO] [stdout] test ingest::plan::tests::chunker_panic_degrades_to_line_window_by_default ... ok
[INFO] [stdout] test ingest::plan::tests::chunker_panic_is_a_run_failure_under_strict ... ok
[INFO] [stdout] test ingest::plan::tests::document_paths_never_overlap_across_three_vectors ... ok
[INFO] [stdout] test ingest::plan::tests::code_documents_get_symbol_paths ... ok
[INFO] [stdout] test ingest::plan::tests::duplicate_path_is_rejected ... ok
[INFO] [stdout] test code::ts::tests::split_symbol_interior_chunk_gets_breadcrumb ... ok
[INFO] [stdout] test ingest::plan::tests::finalize_preserves_target_revision_and_source_metadata ... ok
[INFO] [stdout] test ingest::plan::tests::frontmatter_is_preserved_on_planned_documents ... ok
[INFO] [stdout] test ingest::plan::tests::frontmatter_only_document_is_skipped ... ok
[INFO] [stdout] test ingest::plan::tests::matching_hash_lands_in_carried_vector ... ok
[INFO] [stdout] test ingest::plan::tests::mixed_scenario_3_new_2_carried_1_deleted ... ok
[INFO] [stdout] test ingest::plan::tests::new_document_runs_chunker_and_lands_in_new_vector ... ok
[INFO] [stdout] test ingest::plan::tests::merge_precedence_frontmatter_extracted_manifest ... ok
[INFO] [stdout] test ingest::plan::tests::hash_covers_frontmatter_and_processed_body ... ok
[INFO] [stdout] test ingest::plan::tests::chunks_carry_total_and_index_for_multi_chunk_documents ... ok
[INFO] [stdout] test ingest::plan::tests::planned_document_carries_resolved_metadata ... ok
[INFO] [stdout] test ingest::plan::tests::whitespace_only_document_is_skipped_not_planned ... ok
[INFO] [stdout] test ingest::plan::tests::one_empty_among_several_only_drops_the_empty ... ok
[INFO] [stdout] test ingest::plan::tests::planned_chunk_has_symbol_path_field ... ok
[INFO] [stdout] test ingest::plan::tests::prior_path_absent_from_walk_lands_in_deleted_vector ... ok
[INFO] [stdout] test ingest::plan::tests::prior_document_emptied_is_skipped_not_deleted ... ok
[INFO] [stdout] test ingest::plan::tests::token_counts_are_populated_and_sum_to_document_total ... ok
[INFO] [stdout] test code::rust::tests::split_fn_interior_chunk_gets_breadcrumb ... ok
[INFO] [stdout] test code::rust::tests::malformed_falls_back_to_line_window ... ok
[INFO] [stdout] test code::compact::tests::valid_compact_does_not_fall_back ... ok
[INFO] [stdout] test code::language::tests::extension_mapping ... ok
[INFO] [stdout] test ingest::walker::tests::long_line_skip_reason_display ... ok
[INFO] [stdout] test ingest::plan::proptests::paths_are_disjoint_across_three_vectors ... ok
[INFO] [stdout] test code::line_window::tests::windows_are_token_budgeted_and_disjoint ... ok
[INFO] [stdout] test ingest::walker::tests::crlf_carriage_return_counts_toward_line_length ... ok
[INFO] [stdout] test ingest::walker::tests::multi_document_yaml_keeps_both_documents_in_body ... ok
[INFO] [stdout] test ingest::walker::tests::missing_file_is_reported ... ok
[INFO] [stdout] test ingest::walker::tests::binary_file_is_skipped ... ok
[INFO] [stdout] test ingest::walker::tests::default_walk_keeps_normal_files_with_no_skips ... ok
[INFO] [stdout] test ingest::walker::tests::long_line_file_is_skipped_and_normal_ones_kept ... ok
[INFO] [stdout] test ingest::walker::tests::long_line_boundary_is_strictly_greater ... ok
[INFO] [stdout] test ingest::walker::tests::duplicate_file_in_manifest_yields_unique_walks ... ok
[INFO] [stdout] test ingest::walker::tests::directory_referenced_as_file_is_skipped_not_fatal ... ok
[INFO] [stdout] test ingest::walker::tests::default_walk_keeps_normal_multiline_file_with_no_long_line_skip ... ok
[INFO] [stdout] test ingest::walker::tests::chain_spec_like_single_long_hex_line_is_dropped_at_default ... ok
[INFO] [stdout] test ingest::walker::tests::markdown_frontmatter_is_still_extracted_after_gating ... ok
[INFO] [stdout] test ingest::walker::tests::max_line_bytes_zero_disables_the_check ... ok
[INFO] [stdout] test ingest::walker::tests::non_utf8_file_is_skipped_not_fatal ... ok
[INFO] [stdout] test ingest::walker::tests::walker_defaults_to_hermetic_filter_options ... ok
[INFO] [stdout] test ingest::walker::tests::preprocess_panic_non_strict_degrades_to_raw_body_and_continues ... ok
[INFO] [stdout] test ingest::walker::tests::single_fenced_yaml_body_is_not_emptied ... ok
[INFO] [stdout] test ingest::walker::tests::parses_frontmatter_during_walk ... ok
[INFO] [stdout] test ingest::walker::tests::walker_captures_source_modified_at ... ok
[INFO] [stdout] test ingest::walker::tests::oversize_file_is_skipped_and_smaller_ones_kept ... ok
[INFO] [stdout] test ingest::walker::tests::frontmatter_raw_is_retained_for_markdown ... ok
[INFO] [stdout] test ingest::walker::tests::walker_emits_resolved_leaves_including_path_discovery ... ok
[INFO] [stdout] test ingest::walker::tests::empty_and_newline_only_files_are_not_long_line_skipped ... ok
[INFO] [stdout] test ingest::walker::tests::preprocess_panic_strict_mode_aborts_with_error ... ok
[INFO] [stdout] test manifest::generate::tests::emit_yaml_starts_with_header_comment ... ok
[INFO] [stdout] test manifest::generate::tests::pin_dirs_collapses_dense_child_set_to_path_node ... ok
[INFO] [stdout] test manifest::generate::tests::build_manifest_produces_a_tree_and_hoists_common_url_prefix ... ok
[INFO] [stdout] test ingest::walker::tests::skips_files_not_in_manifest ... ok
[INFO] [stdout] test manifest::matcher::tests::leaf_ambiguous_resolved_by_parent_dir ... ok
[INFO] [stdout] test manifest::matcher::tests::slug_match_wins_when_frontmatter_has_one ... ok
[INFO] [stdout] test ingest::walker::tests::walker_preprocesses_bodies_and_captures_licenses ... ok
[INFO] [stdout] test ingest::walker::tests::walker_skips_generated_files_with_reason ... ok
[INFO] [stdout] test manifest::resolve::tests::leaf_published_url_override_wins ... ok
[INFO] [stdout] test manifest::resolve::tests::leaf_provenance_overrides_ancestor_fieldwise ... ok
[INFO] [stdout] test manifest::resolve::tests::provenance_merges_field_by_field_top_down ... ok
[INFO] [stdout] test ingest::walker::tests::walks_every_manifest_file_in_sorted_order ... ok
[INFO] [stdout] test language::tests::code_chunker_languages_are_discoverable ... ok
[INFO] [stdout] test language::tests::known_extensions_resolve ... ok
[INFO] [stdout] test manifest::resolve::tests::published_url_null_at_leaf_clears_inherited ... ok
[INFO] [stdout] test manifest::resolve::tests::txt_is_plaintext_json_is_code ... ok
[INFO] [stdout] test manifest::robots::tests::directive_match_is_case_insensitive ... ok
[INFO] [stdout] test manifest::resolve::tests::path_node_discovers_files_under_directory ... ok
[INFO] [stdout] test manifest::robots::tests::ignores_comments_and_blank_lines ... ok
[INFO] [stdout] test manifest::resolve::tests::no_extract_inherits_and_leaf_overrides ... ok
[INFO] [stdout] test manifest::generate::tests::collect_files_respects_gitignore_and_default_skip_list ... ok
[INFO] [stdout] test language::tests::unknown_or_missing_extension_returns_none ... ok
[INFO] [stdout] test manifest::resolve::tests::explicit_file_in_children_wins_over_path_discovery ... ok
[INFO] [stdout] test manifest::resolve::tests::discover_matches_unified_filter_semantics ... ok
[INFO] [stdout] test manifest::resolve::tests::explicit_files_become_leaves ... ok
[INFO] [stdout] test manifest::generate::tests::collect_respects_include_exclude ... ok
[INFO] [stdout] test manifest::robots::tests::malformed_lines_are_skipped ... ok
[INFO] [stdout] test manifest::matcher::tests::leaf_match_unique ... ok
[INFO] [stdout] test manifest::resolve::tests::published_url_inherits_with_prefix_join ... ok
[INFO] [stdout] test manifest::robots::tests::deduplicates_repeated_urls ... ok
[INFO] [stdout] test manifest::robots::tests::empty_when_no_directives_present ... ok
[INFO] [stdout] test manifest::robots::tests::parses_multiple_sitemap_lines_in_order ... ok
[INFO] [stdout] test manifest::robots::tests::parses_single_sitemap_line ... ok
[INFO] [stdout] test manifest::robots::tests::looks_like_sitemap_recognises_common_forms ... ok
[INFO] [stdout] test manifest::robots::tests::robots_url_preserves_explicit_port ... ok
[INFO] [stdout] test manifest::robots::tests::looks_like_sitemap_rejects_bare_site_urls ... ok
[INFO] [stdout] test manifest::robots::tests::robots_url_rejects_non_http_schemes ... ok
[INFO] [stdout] test manifest::sitemap::tests::load_from_file_returns_urls ... ok
[INFO] [stdout] test manifest::matcher::tests::leaf_ambiguous_still_tied_returns_none ... ok
[INFO] [stdout] test manifest::sitemap::tests::parses_loc_with_hex_ampersand_reference ... ok
[INFO] [stdout] test manifest::sitemap::tests::parses_loc_with_numeric_ampersand_reference ... ok
[INFO] [stdout] test manifest::sitemap::tests::parses_loc_with_named_ampersand_entity ... ok
[INFO] [stdout] test manifest::robots::tests::robots_url_strips_path_and_query ... ok
[INFO] [stdout] test manifest::resolve::tests::golden_walk_documents_the_deltas ... ok
[INFO] [stdout] test manifest::tests::minimal_manifest_round_trips ... ok
[INFO] [stdout] test manifest::robots::tests::skips_blank_values ... ok
[INFO] [stdout] test manifest::tests::parses_include_and_exclude_on_node ... ok
[INFO] [stdout] test manifest::robots::tests::skips_non_http_values ... ok
[INFO] [stdout] test manifest::sitemap::tests::parses_sitemap_index ... ok
[INFO] [stdout] test manifest::sitemap::tests::parses_urlset ... ok
[INFO] [stdout] test manifest::tests::code_embeddings_defaults_true_and_parses_false ... ok
[INFO] [stdout] test manifest::tests::validate_rejects_unsafe_path_field ... ok
[INFO] [stdout] test manifest::tests::validate_rejects_duplicate_file_reference ... ok
[INFO] [stdout] test manifest::tests::validate_rejects_parent_dir_components ... ok
[INFO] [stdout] test markdown::tests::empty_input_produces_no_chunks ... ok
[INFO] [stdout] test markdown::tests::coalesced_chunks_have_valid_offsets_and_indices ... ok
[INFO] [stdout] test manifest::tests::include_and_exclude_default_to_empty ... ok
[INFO] [stdout] test manifest::tests::validate_files_exist_reports_missing ... ok
[INFO] [stdout] test manifest::tests::validate_rejects_absolute_file_path ... ok
[INFO] [stdout] test markdown::tests::heading_with_inline_emphasis_captures_full_text ... ok
[INFO] [stdout] test markdown::tests::heading_with_inline_link_captures_full_text ... ok
[INFO] [stdout] test markdown::tests::headingless_document_produces_chunks ... ok
[INFO] [stdout] test markdown::tests::chunk_indices_are_sequential ... ok
[INFO] [stdout] test manifest::tests::rejects_unknown_version ... ok
[INFO] [stdout] test markdown::tests::orphan_parent_heading_merges_with_child ... ok
[INFO] [stdout] test markdown::tests::merged_chunk_uses_first_segments_path ... ok
[INFO] [stdout] test markdown::tests::single_heading_produces_one_chunk ... ok
[INFO] [stdout] test markdown::tests::tiny_leaf_sections_merge ... ok
[INFO] [stdout] test markdown::tests::flat_sibling_members_coalesce ... ok
[INFO] [stdout] test markdown::tests::nested_headings_record_path ... ok
[INFO] [stdout] test package::tests::npm_package_from_package_json ... ok
[INFO] [stdout] test package::tests::rust_package_from_cargo_toml ... ok
[INFO] [stdout] test package::tests::version_extracted_from_manifests ... ok
[INFO] [stdout] test package::tests::workspace_root_is_skipped ... ok
[INFO] [stdout] test preprocess::comment_syntax::tests::other_has_no_syntax ... ok
[INFO] [stdout] test preprocess::detect::tests::detector_loads ... ok
[INFO] [stdout] test preprocess::lexer::tests::block_comment_is_one_block_with_markers_stripped ... ok
[INFO] [stdout] test preprocess::comment_syntax::tests::python_and_bash_are_hash_line_only ... ok
[INFO] [stdout] test preprocess::comment_syntax::tests::rust_has_line_and_block_comments ... ok
[INFO] [stdout] test preprocess::comment_syntax::tests::xml_family_is_block_only ... ok
[INFO] [stdout] test preprocess::lexer::tests::comment_lookalike_inside_string_is_not_a_block ... ok
[INFO] [stdout] test preprocess::detect::tests::prose_mentioning_license_is_not_detected ... ok
[INFO] [stdout] test preprocess::lexer::tests::groups_consecutive_line_comments_into_one_block ... ok
[INFO] [stdout] test preprocess::lexer::tests::hash_line_syntax_ignores_shebang ... ok
[INFO] [stdout] test markdown::tests::large_single_section_still_windows ... ok
[INFO] [stdout] test markdown::tests::over_sized_chunk_falls_back_to_window ... ok
[INFO] [stdout] test preprocess::lexer::tests::head_len_counts_leading_blocks_shebang_tolerant ... ok
[INFO] [stdout] test preprocess::lexer::tests::mid_line_closed_block_with_trailing_code_flushes_run ... ok
[INFO] [stdout] test preprocess::normalize::tests::is_a_fixpoint ... ok
[INFO] [stdout] test preprocess::resolver::tests::nearer_package_json_overrides_root ... ok
[INFO] [stdout] test preprocess::resolver::tests::package_json_license_dedups_position_independently ... ok
[INFO] [stdout] test preprocess::resolver::tests::nothing_found_is_none_and_memoized ... ok
[INFO] [stdout] test preprocess::resolver::tests::invalid_expression_is_skipped_and_walk_continues ... ok
[INFO] [stdout] test preprocess::rules_code::tests::decorative_runs_collapse_and_empty_lines_drop ... ok
[INFO] [stdout] test preprocess::resolver::tests::workspace_package_license_honored ... ok
[INFO] [stdout] test preprocess::normalize::tests::trims_collapses_and_edge_trims ... ok
[INFO] [stdout] test preprocess::resolver::tests::cargo_toml_package_license_wins_at_root ... ok
[INFO] [stdout] test preprocess::resolver::tests::manifest_beats_license_file_at_same_level ... ok
[INFO] [stdout] test preprocess::rules_code::tests::generated_banner_past_line_10_is_ignored ... ok
[INFO] [stdout] test preprocess::rules_code::tests::doc_comment_mentioning_license_survives_head_when_not_licenseish ... ok
[INFO] [stdout] test preprocess::rules_code::tests::letters_are_never_decorative ... ok
[INFO] [stdout] test preprocess::rules_code::tests::mid_file_license_needs_tag_or_detector ... ok
[INFO] [stdout] test preprocess::rules_code::tests::edits_apply_cleanly ... ok
[INFO] [stdout] test preprocess::lexer::tests::trailing_comment_after_code_is_not_a_block ... ok
[INFO] [stdout] test preprocess::rules_code::tests::strips_head_license_block_without_detector ... ok
[INFO] [stdout] test preprocess::normalize::tests::empty_input_stays_empty ... ok
[INFO] [stdout] test preprocess::rules_code::tests::oversized_multibyte_license_block_does_not_panic ... ok
[INFO] [stdout] test preprocess::rules_code::tests::mid_file_spdx_tagged_block_is_stripped ... ok
[INFO] [stdout] test preprocess::rules_code::tests::spdx_tag_yields_expression_without_detector ... ok
[INFO] [stdout] test markdown::tests::markdown_chunks_never_overlap ... ok
[INFO] [stdout] test preprocess::rules_markdown::tests::comment_spanning_across_a_fence_is_left_untouched ... ok
[INFO] [stdout] test preprocess::rules_markdown::tests::badge_only_lines_drop_but_plain_images_stay ... ok
[INFO] [stdout] test preprocess::rules_code::tests::generated_banner_skips_file_but_not_dts ... ok
[INFO] [stdout] test preprocess::rules_markdown::tests::inline_code_spans_protect_comments ... ok
[INFO] [stdout] test preprocess::rules_markdown::tests::lowercase_html_tags_untouched_in_mdx ... ok
[INFO] [stdout] test preprocess::rules_markdown::tests::fenced_blocks_are_untouchable ... ok
[INFO] [stdout] test preprocess::rules_markdown::tests::mdx_esm_imports_and_solo_jsx_tags_drop_in_mdx_only ... ok
[INFO] [stdout] test preprocess::rules_markdown::tests::tilde_fences_and_indented_fences_tracked ... ok
[INFO] [stdout] test preprocess::tests::generated_signal_propagates ... ok
[INFO] [stdout] test preprocess::rules_markdown::tests::strips_html_and_mdx_comments ... ok
[INFO] [stdout] test preprocess::rules_markdown::tests::multiline_html_comment_stripped ... ok
[INFO] [stdout] test preprocess::tests::idempotent ... ok
[INFO] [stdout] test preprocess::tests::md_is_not_mdx ... ok
[INFO] [stdout] test preprocess::tests::mdx_pipeline_end_to_end ... ok
[INFO] [stdout] test preprocess::tests::normalization_trims_and_collapses ... ok
[INFO] [stdout] test tokens::tests::code_identifiers_decompose_aggressively ... ok
[INFO] [stdout] test preprocess::rules_markdown::tests::multiline_import_consumed_until_terminator ... ok
[INFO] [stdout] test tokens::tests::ascii_words_match_wordpiece_pieces_plus_specials ... ok
[INFO] [stdout] test tokens::tests::empty_text_counts_only_special_tokens ... ok
[INFO] [stdout] test preprocess::rules_markdown::tests::multiline_jsx_open_tag_is_kept ... ok
[INFO] [stdout] test tokens::tests::count_is_monotonic_in_prefix ... ok
[INFO] [stdout] test preprocess::tests::code_pipeline_end_to_end ... ok
[INFO] [stdout] test tokens::tests::singleton_returns_same_tokenizer ... ok
[INFO] [stdout] test tokens::tests::rare_words_split_into_subwords ... ok
[INFO] [stdout] test tokens::tests::unicode_input_does_not_panic ... ok
[INFO] [stdout] test tokens::tests::whitespace_only_counts_only_special_tokens ... ok
[INFO] [stdout] test preprocess::detect::tests::full_realistic_mit_license_file_detects ... ok
[INFO] [stdout] test preprocess::detect::tests::calibration_bsd3 ... ok
[INFO] [stdout] test preprocess::detect::tests::calibration_apache_header ... ok
[INFO] [stdout] test preprocess::detect::tests::calibration_mit ... ok
[INFO] [stdout] test preprocess::detect::tests::full_realistic_bsd3_license_file_detects ... ok
[INFO] [stdout] test preprocess::detect::tests::full_realistic_apache2_license_file_detects ... ok
[INFO] [stdout] test preprocess::resolver::tests::sibling_license_files_yield_multiple_elements ... ok
[INFO] [stdout] test code::compact::tests::ranges_tile_and_cover_non_whitespace ... ok
[INFO] [stdout] 
[INFO] [stdout] test result: ok. 264 passed; 0 failed; 0 ignored; 0 measured; 0 filtered out; finished in 0.73s
[INFO] [stdout] 
[INFO] [stderr]      Running tests/compact_corpus.rs (/opt/rustwide/target/release/build/mnm-content/13961fc04f588ecb/out/compact_corpus-13961fc04f588ecb)
[INFO] [stdout] 
[INFO] [stdout] running 3 tests
[INFO] [stdout] test two_modules_leave_package_untagged ... ok
[INFO] [stdout] test counter_has_symbol_chunks_and_no_package ... ok
[INFO] [stdout] test module_file_tags_package_and_nested_symbols ... ok
[INFO] [stdout] 
[INFO] [stdout] test result: ok. 3 passed; 0 failed; 0 ignored; 0 measured; 0 filtered out; finished in 0.07s
[INFO] [stdout] 
[INFO] [stderr]      Running tests/no_overlap.rs (/opt/rustwide/target/release/build/mnm-content/29733022aa611174/out/no_overlap-29733022aa611174)
[INFO] [stdout] 
[INFO] [stdout] running 3 tests
[INFO] [stdout] test rust_code_disjoint ... ok
[INFO] [stdout] test markdown_disjoint ... ok
[INFO] [stdout] test line_window_disjoint ... ok
[INFO] [stderr]      Running tests/preprocess_properties.rs (/opt/rustwide/target/release/build/mnm-content/0b61c826b1abb0c5/out/preprocess_properties-0b61c826b1abb0c5)
[INFO] [stdout] 
[INFO] [stdout] test result: ok. 3 passed; 0 failed; 0 ignored; 0 measured; 0 filtered out; finished in 0.50s
[INFO] [stdout] 
[INFO] [stdout] 
[INFO] [stdout] running 3 tests
[INFO] [stdout] test string_literal_adversaries_survive ... ok
[INFO] [stdout] test never_panics_and_idempotent_code ... ok
[INFO] [stderr]      Running tests/sample_corpus.rs (/opt/rustwide/target/release/build/mnm-content/756fe229fae4f2e1/out/sample_corpus-756fe229fae4f2e1)
[INFO] [stdout] test never_panics_and_idempotent_markdown ... ok
[INFO] [stdout] 
[INFO] [stdout] test result: ok. 3 passed; 0 failed; 0 ignored; 0 measured; 0 filtered out; finished in 0.13s
[INFO] [stdout] 
[INFO] [stdout] 
[INFO] [stdout] running 2 tests
[INFO] [stdout] test sample_manifest_parses_against_current_schema ... FAILED
[INFO] [stderr] error: test failed, to rerun pass `--test sample_corpus`
[INFO] [stdout] test sample_files_exist_on_disk ... FAILED
[INFO] [stdout] 
[INFO] [stdout] failures:
[INFO] [stdout] 
[INFO] [stdout] ---- sample_manifest_parses_against_current_schema stdout ----
[INFO] [stdout] 
[INFO] [stdout] thread 'sample_manifest_parses_against_current_schema' (4203) panicked at tests/sample_corpus.rs:26:59:
[INFO] [stdout] read /opt/corpus/sample/hierarchy.yaml: No such file or directory (os error 2)
[INFO] [stdout] stack backtrace:
[INFO] [stdout]    0:     0x64e7832a6631 - <<std[617be2ca0a6fd877]::sys::backtrace::BacktraceLock>::print::DisplayBacktrace as core[a373ad73a504971]::fmt::Display>::fmt
[INFO] [stdout]    1:     0x64e7832bb0ea - core[a373ad73a504971]::fmt::write
[INFO] [stdout]    2:     0x64e7832aa86c - <alloc[2e1b2a31b91974c5]::vec::Vec<u8> as core[a373ad73a504971]::io::write::Write>::write_fmt
[INFO] [stdout]    3:     0x64e783282476 - std[617be2ca0a6fd877]::panicking::default_hook::{closure#0}
[INFO] [stdout]    4:     0x64e78329e969 - std[617be2ca0a6fd877]::panicking::default_hook
[INFO] [stdout]    5:     0x64e783215570 - test[aada8e7e76ba119b]::test_main_inner::{closure#0}
[INFO] [stdout]    6:     0x64e78329eb22 - std[617be2ca0a6fd877]::panicking::panic_with_hook
[INFO] [stdout]    7:     0x64e783282522 - std[617be2ca0a6fd877]::panicking::panic_handler::{closure#0}
[INFO] [stdout]    8:     0x64e78327b0a9 - std[617be2ca0a6fd877]::sys::backtrace::__rust_end_short_backtrace::<std[617be2ca0a6fd877]::panicking::panic_handler::{closure#0}, !>
[INFO] [stdout]    9:     0x64e78328312d - __rustc[ea4f61d10b84890b]::rust_begin_unwind
[INFO] [stdout]   10:     0x64e7832bb81c - core[a373ad73a504971]::panicking::panic_fmt
[INFO] [stdout]   11:     0x64e783207759 - sample_corpus[d32cf48d335d0b54]::sample_manifest_parses_against_current_schema::{closure#0}
[INFO] [stdout]   12:     0x64e78320885a - <sample_corpus[d32cf48d335d0b54]::sample_manifest_parses_against_current_schema::{closure#0} as core[a373ad73a504971]::ops::function::FnOnce<()>>::call_once
[INFO] [stdout]   13:     0x64e7832089bb - test[aada8e7e76ba119b]::__rust_begin_short_backtrace::<core[a373ad73a504971]::result::Result<(), alloc[2e1b2a31b91974c5]::string::String>, fn() -> core[a373ad73a504971]::result::Result<(), alloc[2e1b2a31b91974c5]::string::String>>
[INFO] [stdout]   14:     0x64e783215b95 - test[aada8e7e76ba119b]::run_test::{closure#0}
[INFO] [stdout]   15:     0x64e78320f484 - std[617be2ca0a6fd877]::sys::backtrace::__rust_begin_short_backtrace::<test[aada8e7e76ba119b]::run_test::{closure#1}, ()>
[INFO] [stdout]   16:     0x64e783218c22 - <std[617be2ca0a6fd877]::thread::lifecycle::spawn_unchecked<test[aada8e7e76ba119b]::run_test::{closure#1}, ()>::{closure#1} as core[a373ad73a504971]::ops::function::FnOnce<()>>::call_once::{shim:vtable#0}
[INFO] [stdout]   17:     0x64e7832a5b2f - <std[617be2ca0a6fd877]::sys::thread::unix::Thread>::new::thread_start
[INFO] [stdout]   18:     0x78becc774dfa - <unknown>
[INFO] [stdout]   19:     0x78becc8083d4 - clone
[INFO] [stdout]   20:                0x0 - <unknown>
[INFO] [stdout] 
[INFO] [stdout] ---- sample_files_exist_on_disk stdout ----
[INFO] [stdout] 
[INFO] [stdout] thread 'sample_files_exist_on_disk' (4202) panicked at tests/sample_corpus.rs:49:9:
[INFO] [stdout] sample file missing: /opt/corpus/sample/welcome.md
[INFO] [stdout] stack backtrace:
[INFO] [stdout]    0:     0x64e7832a6631 - <<std[617be2ca0a6fd877]::sys::backtrace::BacktraceLock>::print::DisplayBacktrace as core[a373ad73a504971]::fmt::Display>::fmt
[INFO] [stdout]    1:     0x64e7832bb0ea - core[a373ad73a504971]::fmt::write
[INFO] [stdout]    2:     0x64e7832aa86c - <alloc[2e1b2a31b91974c5]::vec::Vec<u8> as core[a373ad73a504971]::io::write::Write>::write_fmt
[INFO] [stdout]    3:     0x64e783282476 - std[617be2ca0a6fd877]::panicking::default_hook::{closure#0}
[INFO] [stdout]    4:     0x64e78329e969 - std[617be2ca0a6fd877]::panicking::default_hook
[INFO] [stdout]    5:     0x64e783215570 - test[aada8e7e76ba119b]::test_main_inner::{closure#0}
[INFO] [stdout]    6:     0x64e78329eb22 - std[617be2ca0a6fd877]::panicking::panic_with_hook
[INFO] [stdout]    7:     0x64e783282522 - std[617be2ca0a6fd877]::panicking::panic_handler::{closure#0}
[INFO] [stdout]    8:     0x64e78327b0a9 - std[617be2ca0a6fd877]::sys::backtrace::__rust_end_short_backtrace::<std[617be2ca0a6fd877]::panicking::panic_handler::{closure#0}, !>
[INFO] [stdout]    9:     0x64e78328312d - __rustc[ea4f61d10b84890b]::rust_begin_unwind
[INFO] [stdout]   10:     0x64e7832bb81c - core[a373ad73a504971]::panicking::panic_fmt
[INFO] [stdout]   11:     0x64e78320813d - <sample_corpus[d32cf48d335d0b54]::sample_files_exist_on_disk::{closure#0} as core[a373ad73a504971]::ops::function::FnOnce<()>>::call_once
[INFO] [stdout]   12:     0x64e7832089bb - test[aada8e7e76ba119b]::__rust_begin_short_backtrace::<core[a373ad73a504971]::result::Result<(), alloc[2e1b2a31b91974c5]::string::String>, fn() -> core[a373ad73a504971]::result::Result<(), alloc[2e1b2a31b91974c5]::string::String>>
[INFO] [stdout]   13:     0x64e783215b95 - test[aada8e7e76ba119b]::run_test::{closure#0}
[INFO] [stdout]   14:     0x64e78320f484 - std[617be2ca0a6fd877]::sys::backtrace::__rust_begin_short_backtrace::<test[aada8e7e76ba119b]::run_test::{closure#1}, ()>
[INFO] [stdout]   15:     0x64e783218c22 - <std[617be2ca0a6fd877]::thread::lifecycle::spawn_unchecked<test[aada8e7e76ba119b]::run_test::{closure#1}, ()>::{closure#1} as core[a373ad73a504971]::ops::function::FnOnce<()>>::call_once::{shim:vtable#0}
[INFO] [stdout]   16:     0x64e7832a5b2f - <std[617be2ca0a6fd877]::sys::thread::unix::Thread>::new::thread_start
[INFO] [stdout]   17:     0x78becc774dfa - <unknown>
[INFO] [stdout]   18:     0x78becc8083d4 - clone
[INFO] [stdout]   19:                0x0 - <unknown>
[INFO] [stdout] 
[INFO] [stdout] 
[INFO] [stdout] failures:
[INFO] [stdout]     sample_files_exist_on_disk
[INFO] [stdout]     sample_manifest_parses_against_current_schema
[INFO] [stdout] 
[INFO] [stdout] test result: FAILED. 0 passed; 2 failed; 0 ignored; 0 measured; 0 filtered out; finished in 0.00s
[INFO] [stdout] 
[INFO] running `Command { std: "docker" "inspect" "ed3a8979b3d890169d56332748b1094fe63c84dd1cf66f67dad5f5cab394d3df", kill_on_drop: false }`
[INFO] running `Command { std: "docker" "rm" "-f" "ed3a8979b3d890169d56332748b1094fe63c84dd1cf66f67dad5f5cab394d3df", kill_on_drop: false }`
[INFO] [stdout] ed3a8979b3d890169d56332748b1094fe63c84dd1cf66f67dad5f5cab394d3df
