[INFO] fetching crate mnemex 0.5.0...
[INFO] testing mnemex-0.5.0 against 1.99.0-beta.8+cargoflags=--release for beta-release-1.100-2
[INFO] extracting crate mnemex 0.5.0 into /workspace/builds/worker-4-tc1/source
[INFO] started tweaking crates.io crate mnemex 0.5.0
[INFO] removed 0 missing tests
[INFO] finished tweaking crates.io crate mnemex 0.5.0
[INFO] tweaked toml for crates.io crate mnemex 0.5.0 written to /workspace/builds/worker-4-tc1/source/Cargo.toml
[INFO] validating manifest of crates.io crate mnemex 0.5.0 on toolchain 1.99.0-beta.8
[INFO] running `Command { std: CARGO_HOME="/workspace/cargo-home" RUSTUP_HOME="/workspace/rustup-home" "/workspace/cargo-home/bin/cargo" "+1.99.0-beta.8" "metadata" "--manifest-path" "Cargo.toml" "--no-deps", kill_on_drop: false }`
[INFO] crate crates.io crate mnemex 0.5.0 already has a lockfile, it will not be regenerated
[INFO] running `Command { std: CARGO_HOME="/workspace/cargo-home" RUSTUP_HOME="/workspace/rustup-home" "/workspace/cargo-home/bin/cargo" "+1.99.0-beta.8" "fetch" "--manifest-path" "Cargo.toml", kill_on_drop: false }`
[INFO] [stderr]     Updating crates.io index
[INFO] [stderr]  Downloading crates ...
[INFO] [stderr]   Downloaded saphyr-parser v0.1.0
[INFO] [stderr]   Downloaded saphyr v0.1.0
[INFO] [stderr]   Downloaded is_executable v1.0.6
[INFO] [stderr]   Downloaded clap_complete v4.6.11
[INFO] running `Command { std: "docker" "create" "-v" "/var/lib/crater-agent-workspace/builds/worker-4-tc1/source:/opt/rustwide/workdir:ro,Z" "-v" "/var/lib/crater-agent-workspace/builds/worker-4-tc1/target:/opt/rustwide/target:rw,Z" "-v" "/var/lib/crater-agent-workspace/cargo-home:/opt/rustwide/cargo-home:ro,Z" "-v" "/var/lib/crater-agent-workspace/rustup-home:/opt/rustwide/rustup-home:ro,Z" "-m" "1610612736" "--network" "none" "ghcr.io/rust-lang/crates-build-env/linux@sha256:77db811e55d90add9212f6832c23229e3de5f1c1f9905e8cb07319ea15df73ac" "sleep" "infinity", kill_on_drop: false }`
[INFO] [stdout] ab8872fba9436bfe361e6f9f0256804e8065e36d3340c4e0ebaaf7e53c5de52f
[INFO] running `Command { std: "docker" "start" "ab8872fba9436bfe361e6f9f0256804e8065e36d3340c4e0ebaaf7e53c5de52f", kill_on_drop: false }`
[INFO] running `Command { std: "docker" "inspect" "ab8872fba9436bfe361e6f9f0256804e8065e36d3340c4e0ebaaf7e53c5de52f", kill_on_drop: false }`
[INFO] running `Command { std: "docker" "exec" "-e" "SOURCE_DIR=/opt/rustwide/workdir" "-e" "CARGO_HOME=/opt/rustwide/cargo-home" "-e" "RUSTUP_HOME=/opt/rustwide/rustup-home" "-e" "CARGO_TARGET_DIR=/opt/rustwide/target" "-w" "/opt/rustwide/workdir" "--user" "0:0" "ab8872fba9436bfe361e6f9f0256804e8065e36d3340c4e0ebaaf7e53c5de52f" "/opt/rustwide/cargo-home/bin/cargo" "+1.99.0-beta.8" "metadata" "--no-deps" "--format-version=1", kill_on_drop: false }`
[INFO] running `Command { std: "docker" "inspect" "ab8872fba9436bfe361e6f9f0256804e8065e36d3340c4e0ebaaf7e53c5de52f", kill_on_drop: false }`
[INFO] running `Command { std: "docker" "exec" "-e" "SOURCE_DIR=/opt/rustwide/workdir" "-e" "CARGO_HOME=/opt/rustwide/cargo-home" "-e" "RUSTUP_HOME=/opt/rustwide/rustup-home" "-e" "CARGO_TARGET_DIR=/opt/rustwide/target" "-e" "CARGO_INCREMENTAL=0" "-e" "RUST_BACKTRACE=full" "-e" "RUSTFLAGS=--cap-lints=warn" "-e" "RUSTDOCFLAGS=--cap-lints=warn" "-w" "/opt/rustwide/workdir" "--user" "0:0" "ab8872fba9436bfe361e6f9f0256804e8065e36d3340c4e0ebaaf7e53c5de52f" "/opt/rustwide/cargo-home/bin/cargo" "+1.99.0-beta.8" "build" "--frozen" "--message-format=json" "--release", kill_on_drop: false }`
[INFO] [stderr]    Compiling arraydeque v0.5.1
[INFO] [stderr]    Compiling shlex v2.0.1
[INFO] [stderr]    Compiling jiff-core v0.1.1
[INFO] [stderr]    Compiling hashlink v0.12.2
[INFO] [stderr]    Compiling encoding_rs v0.8.35
[INFO] [stderr]    Compiling indexmap v2.14.2
[INFO] [stderr]    Compiling is_executable v1.0.6
[INFO] [stderr]    Compiling clap_builder v4.6.7
[INFO] [stderr]    Compiling thiserror-impl v2.0.21
[INFO] [stderr]    Compiling clap_derive v4.6.7
[INFO] [stderr]    Compiling ordered-float v5.4.0
[INFO] [stderr]    Compiling serde v1.0.229
[INFO] [stderr]    Compiling thiserror v2.0.21
[INFO] [stderr]    Compiling saphyr-parser v0.1.0
[INFO] [stderr]    Compiling saphyr v0.1.0
[INFO] [stderr]    Compiling serde_json v1.0.151
[INFO] [stderr]    Compiling jiff v0.2.38
[INFO] [stderr]    Compiling clap v4.6.7
[INFO] [stderr]    Compiling clap_complete v4.6.11
[INFO] [stderr]    Compiling mnemex v0.5.0 (/opt/rustwide/workdir)
[INFO] [stderr]     Finished `release` profile [optimized] target(s) in 42.32s
[INFO] running `Command { std: "docker" "inspect" "ab8872fba9436bfe361e6f9f0256804e8065e36d3340c4e0ebaaf7e53c5de52f", kill_on_drop: false }`
[INFO] running `Command { std: "docker" "exec" "-e" "SOURCE_DIR=/opt/rustwide/workdir" "-e" "CARGO_HOME=/opt/rustwide/cargo-home" "-e" "RUSTUP_HOME=/opt/rustwide/rustup-home" "-e" "CARGO_TARGET_DIR=/opt/rustwide/target" "-e" "CARGO_INCREMENTAL=0" "-e" "RUST_BACKTRACE=full" "-e" "RUSTFLAGS=--cap-lints=warn" "-e" "RUSTDOCFLAGS=--cap-lints=warn" "-w" "/opt/rustwide/workdir" "--user" "0:0" "ab8872fba9436bfe361e6f9f0256804e8065e36d3340c4e0ebaaf7e53c5de52f" "/opt/rustwide/cargo-home/bin/cargo" "+1.99.0-beta.8" "test" "--frozen" "--no-run" "--message-format=json" "--release", kill_on_drop: false }`
[INFO] [stderr]    Compiling libc v0.2.190
[INFO] [stderr]    Compiling zerocopy v0.8.60
[INFO] [stderr]    Compiling regex-automata v0.4.18
[INFO] [stderr]    Compiling predicates-core v1.0.10
[INFO] [stderr]    Compiling ordered-float v5.4.0
[INFO] [stderr]    Compiling float-cmp v0.10.0
[INFO] [stderr]    Compiling difflib v0.4.0
[INFO] [stderr]    Compiling assert_cmd v2.2.2
[INFO] [stderr]    Compiling termtree v0.5.1
[INFO] [stderr]    Compiling normalize-line-endings v0.3.0
[INFO] [stderr]    Compiling predicates-tree v1.0.13
[INFO] [stderr]    Compiling saphyr v0.1.0
[INFO] [stderr]    Compiling getrandom v0.3.4
[INFO] [stderr]    Compiling getrandom v0.4.3
[INFO] [stderr]    Compiling wait-timeout v0.2.1
[INFO] [stderr]    Compiling console v0.16.6
[INFO] [stderr]    Compiling rand_core v0.9.5
[INFO] [stderr]    Compiling mnemex v0.5.0 (/opt/rustwide/workdir)
[INFO] [stderr]    Compiling tempfile v3.27.0
[INFO] [stderr]    Compiling rand_xorshift v0.4.0
[INFO] [stderr]    Compiling rand v0.9.5
[INFO] [stderr]    Compiling rusty-fork v0.3.1
[INFO] [stderr]    Compiling insta v1.49.0
[INFO] [stderr]    Compiling regex v1.13.1
[INFO] [stderr]    Compiling bstr v1.13.1
[INFO] [stderr]    Compiling predicates v3.1.4
[INFO] [stderr]    Compiling ppv-lite86 v0.2.21
[INFO] [stderr]    Compiling rand_chacha v0.9.0
[INFO] [stderr]    Compiling proptest v1.11.0
[INFO] [stderr]     Finished `release` profile [optimized] target(s) in 1m 03s
[INFO] running `Command { std: "docker" "inspect" "ab8872fba9436bfe361e6f9f0256804e8065e36d3340c4e0ebaaf7e53c5de52f", kill_on_drop: false }`
[INFO] running `Command { std: "docker" "exec" "-e" "SOURCE_DIR=/opt/rustwide/workdir" "-e" "CARGO_HOME=/opt/rustwide/cargo-home" "-e" "RUSTUP_HOME=/opt/rustwide/rustup-home" "-e" "CARGO_TARGET_DIR=/opt/rustwide/target" "-e" "CARGO_INCREMENTAL=0" "-e" "RUST_BACKTRACE=full" "-e" "RUSTFLAGS=--cap-lints=warn" "-e" "RUSTDOCFLAGS=--cap-lints=warn" "-w" "/opt/rustwide/workdir" "--user" "0:0" "ab8872fba9436bfe361e6f9f0256804e8065e36d3340c4e0ebaaf7e53c5de52f" "/opt/rustwide/cargo-home/bin/cargo" "+1.99.0-beta.8" "test" "--frozen" "--release", kill_on_drop: false }`
[INFO] [stderr]     Finished `release` profile [optimized] target(s) in 0.13s
[INFO] [stderr]      Running unittests src/lib.rs (/opt/rustwide/target/release/deps/mnemex-4d17979091b3b4a9)
[INFO] [stdout] 
[INFO] [stdout] running 21 tests
[INFO] [stdout] test markdown::tests::an_indented_line_is_neither_a_fence_nor_a_heading ... ok
[INFO] [stdout] test markdown::tests::a_fence_closes_only_on_its_own_character_at_least_as_long ... ok
[INFO] [stdout] test spec::tests::every_shape_maps_to_an_obsidian_type ... ok
[INFO] [stdout] test obsidian::tests::a_missing_file_is_one_error ... ok
[INFO] [stdout] test spec::tests::a_required_field_keeps_its_default_and_an_optional_one_has_none ... ok
[INFO] [stdout] test obsidian::tests::an_unreadable_file_is_one_error ... ok
[INFO] [stdout] test obsidian::tests::a_document_without_a_types_object_is_one_error ... ok
[INFO] [stdout] test obsidian::tests::a_non_string_type_is_named_as_its_json ... ok
[INFO] [stdout] test spec::tests::every_shape_renders_and_tags ... ok
[INFO] [stdout] test spec::tests::only_text_and_url_lists_are_lists ... ok
[INFO] [stdout] test spec::tests::to_names_the_target_kind_at_run_time_too ... ok
[INFO] [stdout] test obsidian::tests::an_extra_property_fails_and_is_named ... ok
[INFO] [stdout] test obsidian::tests::an_unparseable_file_is_one_error ... ok
[INFO] [stdout] test obsidian::tests::a_wrong_type_fails_and_names_both_types ... ok
[INFO] [stdout] test obsidian::tests::a_vault_without_obsidian_is_skipped ... ok
[INFO] [stdout] test obsidian::tests::a_missing_property_fails_and_is_named ... ok
[INFO] [stdout] test obsidian::tests::a_matching_file_passes ... ok
[INFO] [stdout] test obsidian::tests::multiple_mismatches_are_sorted_by_property_name ... ok
[INFO] [stdout] test obsidian::tests::the_derived_map_is_exact ... ok
[INFO] [stdout] test refs::tests::idempotent ... ok
[INFO] [stdout] test spec::tests::a_link_field_names_the_kind_it_points_at ... ok
[INFO] [stdout] 
[INFO] [stdout] test result: ok. 21 passed; 0 failed; 0 ignored; 0 measured; 0 filtered out; finished in 0.01s
[INFO] [stdout] 
[INFO] [stderr]      Running unittests src/main.rs (/opt/rustwide/target/release/deps/mnemex-a8926fc7fc006d69)
[INFO] [stderr]      Running tests/acceptance.rs (/opt/rustwide/target/release/deps/acceptance-011ae2a32ff3ea09)
[INFO] [stdout] 
[INFO] [stdout] running 0 tests
[INFO] [stdout] 
[INFO] [stdout] test result: ok. 0 passed; 0 failed; 0 ignored; 0 measured; 0 filtered out; finished in 0.00s
[INFO] [stdout] 
[INFO] [stdout] 
[INFO] [stdout] running 4 tests
[INFO] [stdout] test a_project_rename_that_cannot_finish_leaves_nothing_rewritten ... FAILED
[INFO] [stdout] test a_project_rename_that_cannot_rewrite_a_spoke_leaves_everything ... FAILED
[INFO] [stdout] test every_writing_verb_refuses_frontmatter_it_cannot_rewrite ... ok
[INFO] [stdout] test set_covers_every_settable_field_of_every_kind ... ok
[INFO] [stdout] 
[INFO] [stdout] failures:
[INFO] [stdout] 
[INFO] [stdout] ---- a_project_rename_that_cannot_finish_leaves_nothing_rewritten stdout ----
[INFO] [stdout] 
[INFO] [stdout] thread 'a_project_rename_that_cannot_finish_leaves_nothing_rewritten' (2060) panicked at tests/acceptance.rs:130:5:
[INFO] [stdout] the rename could not finish
[INFO] [stdout] stack backtrace:
[INFO] [stdout]    0:     0x5c021be27501 - <<std[70759c8f55707aa4]::sys::backtrace::BacktraceLock>::print::DisplayBacktrace as core[df12db4294e9bfd3]::fmt::Display>::fmt
[INFO] [stdout]    1:     0x5c021be3d08a - core[df12db4294e9bfd3]::fmt::write
[INFO] [stdout]    2:     0x5c021be2bc8c - <alloc[2182bb758b4b3781]::vec::Vec<u8> as core[df12db4294e9bfd3]::io::write::Write>::write_fmt
[INFO] [stdout]    3:     0x5c021be00fe6 - std[70759c8f55707aa4]::panicking::default_hook::{closure#0}
[INFO] [stdout]    4:     0x5c021be1e9c9 - std[70759c8f55707aa4]::panicking::default_hook
[INFO] [stdout]    5:     0x5c021bd5c2a0 - test[9d35eded1c95d3be]::test_main_inner::<test[9d35eded1c95d3be]::test_main_static::{closure#0}>::{closure#0}
[INFO] [stdout]    6:     0x5c021be1eb82 - std[70759c8f55707aa4]::panicking::panic_with_hook
[INFO] [stdout]    7:     0x5c021be010c4 - std[70759c8f55707aa4]::panicking::panic_handler::{closure#0}
[INFO] [stdout]    8:     0x5c021bdf9a69 - std[70759c8f55707aa4]::sys::backtrace::__rust_end_short_backtrace::<std[70759c8f55707aa4]::panicking::panic_handler::{closure#0}, !>
[INFO] [stdout]    9:     0x5c021be01e3d - __rustc[8fa7c3cbc660c2b3]::rust_begin_unwind
[INFO] [stdout]   10:     0x5c021be3d7bc - core[df12db4294e9bfd3]::panicking::panic_fmt
[INFO] [stdout]   11:     0x5c021bd4cf17 - <acceptance[a411a233e7565c14]::a_project_rename_that_cannot_finish_leaves_nothing_rewritten::{closure#0} as core[df12db4294e9bfd3]::ops::function::FnOnce<()>>::call_once
[INFO] [stdout]   12:     0x5c021bd4f58b - test[9d35eded1c95d3be]::__rust_begin_short_backtrace::<core[df12db4294e9bfd3]::result::Result<(), alloc[2182bb758b4b3781]::string::String>, fn() -> core[df12db4294e9bfd3]::result::Result<(), alloc[2182bb758b4b3781]::string::String>>
[INFO] [stdout]   13:     0x5c021bd5cbf5 - test[9d35eded1c95d3be]::run_test::{closure#0}
[INFO] [stdout]   14:     0x5c021bd564b4 - std[70759c8f55707aa4]::sys::backtrace::__rust_begin_short_backtrace::<test[9d35eded1c95d3be]::run_test::{closure#1}, ()>
[INFO] [stdout]   15:     0x5c021bd5fd52 - <std[70759c8f55707aa4]::thread::lifecycle::spawn_unchecked<test[9d35eded1c95d3be]::run_test::{closure#1}, ()>::{closure#1} as core[df12db4294e9bfd3]::ops::function::FnOnce<()>>::call_once::{shim:vtable#0}
[INFO] [stdout]   16:     0x5c021be26879 - <std[70759c8f55707aa4]::sys::thread::unix::Thread>::new::thread_start
[INFO] [stdout]   17:     0x7407f8676dfa - <unknown>
[INFO] [stdout]   18:     0x7407f870a3d4 - clone
[INFO] [stdout]   19:                0x0 - <unknown>
[INFO] [stdout] 
[INFO] [stdout] ---- a_project_rename_that_cannot_rewrite_a_spoke_leaves_everything stdout ----
[INFO] [stdout] 
[INFO] [stdout] thread 'a_project_rename_that_cannot_rewrite_a_spoke_leaves_everything' (2061) panicked at tests/acceptance.rs:175:5:
[INFO] [stdout] the rewrite could not finish
[INFO] [stdout] stack backtrace:
[INFO] [stdout]    0:     0x5c021be27501 - <<std[70759c8f55707aa4]::sys::backtrace::BacktraceLock>::print::DisplayBacktrace as core[df12db4294e9bfd3]::fmt::Display>::fmt
[INFO] [stdout]    1:     0x5c021be3d08a - core[df12db4294e9bfd3]::fmt::write
[INFO] [stdout]    2:     0x5c021be2bc8c - <alloc[2182bb758b4b3781]::vec::Vec<u8> as core[df12db4294e9bfd3]::io::write::Write>::write_fmt
[INFO] [stdout]    3:     0x5c021be00fe6 - std[70759c8f55707aa4]::panicking::default_hook::{closure#0}
[INFO] [stdout]    4:     0x5c021be1e9c9 - std[70759c8f55707aa4]::panicking::default_hook
[INFO] [stdout]    5:     0x5c021bd5c2a0 - test[9d35eded1c95d3be]::test_main_inner::<test[9d35eded1c95d3be]::test_main_static::{closure#0}>::{closure#0}
[INFO] [stdout]    6:     0x5c021be1eb82 - std[70759c8f55707aa4]::panicking::panic_with_hook
[INFO] [stdout]    7:     0x5c021be010c4 - std[70759c8f55707aa4]::panicking::panic_handler::{closure#0}
[INFO] [stdout]    8:     0x5c021bdf9a69 - std[70759c8f55707aa4]::sys::backtrace::__rust_end_short_backtrace::<std[70759c8f55707aa4]::panicking::panic_handler::{closure#0}, !>
[INFO] [stdout]    9:     0x5c021be01e3d - __rustc[8fa7c3cbc660c2b3]::rust_begin_unwind
[INFO] [stdout]   10:     0x5c021be3d7bc - core[df12db4294e9bfd3]::panicking::panic_fmt
[INFO] [stdout]   11:     0x5c021bd4d7c5 - <acceptance[a411a233e7565c14]::a_project_rename_that_cannot_rewrite_a_spoke_leaves_everything::{closure#0} as core[df12db4294e9bfd3]::ops::function::FnOnce<()>>::call_once
[INFO] [stdout]   12:     0x5c021bd4f58b - test[9d35eded1c95d3be]::__rust_begin_short_backtrace::<core[df12db4294e9bfd3]::result::Result<(), alloc[2182bb758b4b3781]::string::String>, fn() -> core[df12db4294e9bfd3]::result::Result<(), alloc[2182bb758b4b3781]::string::String>>
[INFO] [stdout]   13:     0x5c021bd5cbf5 - test[9d35eded1c95d3be]::run_test::{closure#0}
[INFO] [stdout]   14:     0x5c021bd564b4 - std[70759c8f55707aa4]::sys::backtrace::__rust_begin_short_backtrace::<test[9d35eded1c95d3be]::run_test::{closure#1}, ()>
[INFO] [stdout]   15:     0x5c021bd5fd52 - <std[70759c8f55707aa4]::thread::lifecycle::spawn_unchecked<test[9d35eded1c95d3be]::run_test::{closure#1}, ()>::{closure#1} as core[df12db4294e9bfd3]::ops::function::FnOnce<()>>::call_once::{shim:vtable#0}
[INFO] [stdout]   16:     0x5c021be26879 - <std[70759c8f55707aa4]::sys::thread::unix::Thread>::new::thread_start
[INFO] [stdout]   17:     0x7407f8676dfa - <unknown>
[INFO] [stdout]   18:     0x7407f870a3d4 - clone
[INFO] [stdout]   19:                0x0 - <unknown>
[INFO] [stdout] 
[INFO] [stdout] 
[INFO] [stdout] failures:
[INFO] [stdout]     a_project_rename_that_cannot_finish_leaves_nothing_rewritten
[INFO] [stdout]     a_project_rename_that_cannot_rewrite_a_spoke_leaves_everything
[INFO] [stdout] 
[INFO] [stdout] test result: FAILED. 2 passed; 2 failed; 0 ignored; 0 measured; 0 filtered out; finished in 0.07s
[INFO] [stdout] 
[INFO] [stderr] error: test failed, to rerun pass `--test acceptance`
[INFO] running `Command { std: "docker" "inspect" "ab8872fba9436bfe361e6f9f0256804e8065e36d3340c4e0ebaaf7e53c5de52f", kill_on_drop: false }`
[INFO] running `Command { std: "docker" "rm" "-f" "ab8872fba9436bfe361e6f9f0256804e8065e36d3340c4e0ebaaf7e53c5de52f", kill_on_drop: false }`
[INFO] [stdout] ab8872fba9436bfe361e6f9f0256804e8065e36d3340c4e0ebaaf7e53c5de52f
