[INFO] fetching crate mnemara-store-file 0.6.0...
[INFO] testing mnemara-store-file-0.6.0 against 1.100.0-beta.1+cargoflags=--release for beta-release-1.100-2
[INFO] extracting crate mnemara-store-file 0.6.0 into /workspace/builds/worker-1-tc2/source
[INFO] started tweaking crates.io crate mnemara-store-file 0.6.0
[INFO] removed 0 missing tests
[INFO] finished tweaking crates.io crate mnemara-store-file 0.6.0
[INFO] tweaked toml for crates.io crate mnemara-store-file 0.6.0 written to /workspace/builds/worker-1-tc2/source/Cargo.toml
[INFO] validating manifest of crates.io crate mnemara-store-file 0.6.0 on toolchain 1.100.0-beta.1
[INFO] running `Command { std: CARGO_HOME="/workspace/cargo-home" RUSTUP_HOME="/workspace/rustup-home" "/workspace/cargo-home/bin/cargo" "+1.100.0-beta.1" "metadata" "--manifest-path" "Cargo.toml" "--no-deps", kill_on_drop: false }`
[INFO] crate crates.io crate mnemara-store-file 0.6.0 already has a lockfile, it will not be regenerated
[INFO] running `Command { std: CARGO_HOME="/workspace/cargo-home" RUSTUP_HOME="/workspace/rustup-home" "/workspace/cargo-home/bin/cargo" "+1.100.0-beta.1" "fetch" "--manifest-path" "Cargo.toml", kill_on_drop: false }`
[INFO] [stderr] warning: `package.homepage` is redundant with `package.repository`
[INFO] [stderr]   --> Cargo.toml:37:12
[INFO] [stderr]    |
[INFO] [stderr] 37 | homepage = "https://github.com/deliberium/mnemara"
[INFO] [stderr]    |            ^^^^^^^^^^^^^^^^^^^^^^^^^^^^^^^^^^^^^^^
[INFO] [stderr] ...
[INFO] [stderr] 42 | repository = "https://github.com/deliberium/mnemara"
[INFO] [stderr]    |              ---------------------------------------
[INFO] [stderr]    |
[INFO] [stderr]    = note: `cargo::redundant_homepage` is set to `warn` by default
[INFO] [stderr] help: consider removing `package.homepage`
[INFO] [stderr] warning: `mnemara-store-file` (manifest) generated 1 warning
[INFO] running `Command { std: "docker" "create" "-v" "/var/lib/crater-agent-workspace/builds/worker-1-tc2/source:/opt/rustwide/workdir:ro,Z" "-v" "/var/lib/crater-agent-workspace/builds/worker-1-tc2/target:/opt/rustwide/target:rw,Z" "-v" "/var/lib/crater-agent-workspace/cargo-home:/opt/rustwide/cargo-home:ro,Z" "-v" "/var/lib/crater-agent-workspace/rustup-home:/opt/rustwide/rustup-home:ro,Z" "-m" "1610612736" "--network" "none" "ghcr.io/rust-lang/crates-build-env/linux@sha256:77db811e55d90add9212f6832c23229e3de5f1c1f9905e8cb07319ea15df73ac" "sleep" "infinity", kill_on_drop: false }`
[INFO] [stdout] df379969769576866138676e66ef56d36a4ac3042327248c051e70602f637296
[INFO] running `Command { std: "docker" "start" "df379969769576866138676e66ef56d36a4ac3042327248c051e70602f637296", kill_on_drop: false }`
[INFO] running `Command { std: "docker" "inspect" "df379969769576866138676e66ef56d36a4ac3042327248c051e70602f637296", kill_on_drop: false }`
[INFO] running `Command { std: "docker" "exec" "-e" "SOURCE_DIR=/opt/rustwide/workdir" "-e" "CARGO_HOME=/opt/rustwide/cargo-home" "-e" "RUSTUP_HOME=/opt/rustwide/rustup-home" "-e" "CARGO_TARGET_DIR=/opt/rustwide/target" "-w" "/opt/rustwide/workdir" "--user" "0:0" "df379969769576866138676e66ef56d36a4ac3042327248c051e70602f637296" "/opt/rustwide/cargo-home/bin/cargo" "+1.100.0-beta.1" "metadata" "--no-deps" "--format-version=1", kill_on_drop: false }`
[INFO] running `Command { std: "docker" "inspect" "df379969769576866138676e66ef56d36a4ac3042327248c051e70602f637296", kill_on_drop: false }`
[INFO] running `Command { std: "docker" "exec" "-e" "SOURCE_DIR=/opt/rustwide/workdir" "-e" "CARGO_HOME=/opt/rustwide/cargo-home" "-e" "RUSTUP_HOME=/opt/rustwide/rustup-home" "-e" "CARGO_TARGET_DIR=/opt/rustwide/target" "-e" "CARGO_INCREMENTAL=0" "-e" "RUST_BACKTRACE=full" "-e" "RUSTFLAGS=--cap-lints=warn" "-e" "RUSTDOCFLAGS=--cap-lints=warn" "-w" "/opt/rustwide/workdir" "--user" "0:0" "df379969769576866138676e66ef56d36a4ac3042327248c051e70602f637296" "/opt/rustwide/cargo-home/bin/cargo" "+1.100.0-beta.1" "build" "--frozen" "--message-format=json" "--release", kill_on_drop: false }`
[INFO] [stderr] warning: `package.homepage` is redundant with `package.repository`
[INFO] [stderr]   --> Cargo.toml:37:12
[INFO] [stderr]    |
[INFO] [stderr] 37 | homepage = "https://github.com/deliberium/mnemara"
[INFO] [stderr]    |            ^^^^^^^^^^^^^^^^^^^^^^^^^^^^^^^^^^^^^^^
[INFO] [stderr] ...
[INFO] [stderr] 42 | repository = "https://github.com/deliberium/mnemara"
[INFO] [stderr]    |              ---------------------------------------
[INFO] [stderr]    |
[INFO] [stderr]    = note: `cargo::redundant_homepage` is set to `warn` by default
[INFO] [stderr] help: consider removing `package.homepage`
[INFO] [stderr] warning: `mnemara-store-file` (manifest) generated 1 warning
[INFO] [stderr]    Compiling syn v2.0.117
[INFO] [stderr]    Compiling serde_json v1.0.149
[INFO] [stderr]    Compiling serde_derive v1.0.228
[INFO] [stderr]    Compiling async-trait v0.1.89
[INFO] [stderr]    Compiling serde v1.0.228
[INFO] [stderr]    Compiling mnemara-core v0.6.0
[INFO] [stderr]    Compiling mnemara-store-file v0.6.0 (/opt/rustwide/workdir)
[INFO] [stderr]     Finished `release` profile [optimized] target(s) in 32.29s
[INFO] running `Command { std: "docker" "inspect" "df379969769576866138676e66ef56d36a4ac3042327248c051e70602f637296", kill_on_drop: false }`
[INFO] running `Command { std: "docker" "exec" "-e" "SOURCE_DIR=/opt/rustwide/workdir" "-e" "CARGO_HOME=/opt/rustwide/cargo-home" "-e" "RUSTUP_HOME=/opt/rustwide/rustup-home" "-e" "CARGO_TARGET_DIR=/opt/rustwide/target" "-e" "CARGO_INCREMENTAL=0" "-e" "RUST_BACKTRACE=full" "-e" "RUSTFLAGS=--cap-lints=warn" "-e" "RUSTDOCFLAGS=--cap-lints=warn" "-w" "/opt/rustwide/workdir" "--user" "0:0" "df379969769576866138676e66ef56d36a4ac3042327248c051e70602f637296" "/opt/rustwide/cargo-home/bin/cargo" "+1.100.0-beta.1" "test" "--frozen" "--no-run" "--message-format=json" "--release", kill_on_drop: false }`
[INFO] [stderr] warning: `package.homepage` is redundant with `package.repository`
[INFO] [stderr]   --> Cargo.toml:37:12
[INFO] [stderr]    |
[INFO] [stderr] 37 | homepage = "https://github.com/deliberium/mnemara"
[INFO] [stderr]    |            ^^^^^^^^^^^^^^^^^^^^^^^^^^^^^^^^^^^^^^^
[INFO] [stderr] ...
[INFO] [stderr] 42 | repository = "https://github.com/deliberium/mnemara"
[INFO] [stderr]    |              ---------------------------------------
[INFO] [stderr]    |
[INFO] [stderr]    = note: `cargo::redundant_homepage` is set to `warn` by default
[INFO] [stderr] help: consider removing `package.homepage`
[INFO] [stderr] warning: `mnemara-store-file` (manifest) generated 1 warning
[INFO] [stderr]    Compiling libc v0.2.185
[INFO] [stderr]    Compiling getrandom v0.4.2
[INFO] [stderr]    Compiling syn v2.0.117
[INFO] [stderr]    Compiling mio v1.2.0
[INFO] [stderr]    Compiling socket2 v0.6.3
[INFO] [stderr]    Compiling uuid v1.23.1
[INFO] [stderr]    Compiling serde_derive v1.0.228
[INFO] [stderr]    Compiling async-trait v0.1.89
[INFO] [stderr]    Compiling tokio-macros v2.7.0
[INFO] [stderr]    Compiling tokio v1.52.0
[INFO] [stderr]    Compiling serde v1.0.228
[INFO] [stderr]    Compiling mnemara-core v0.6.0
[INFO] [stderr]    Compiling mnemara-store-file v0.6.0 (/opt/rustwide/workdir)
[INFO] [stderr]     Finished `release` profile [optimized] target(s) in 47.10s
[INFO] running `Command { std: "docker" "inspect" "df379969769576866138676e66ef56d36a4ac3042327248c051e70602f637296", kill_on_drop: false }`
[INFO] running `Command { std: "docker" "exec" "-e" "SOURCE_DIR=/opt/rustwide/workdir" "-e" "CARGO_HOME=/opt/rustwide/cargo-home" "-e" "RUSTUP_HOME=/opt/rustwide/rustup-home" "-e" "CARGO_TARGET_DIR=/opt/rustwide/target" "-e" "CARGO_INCREMENTAL=0" "-e" "RUST_BACKTRACE=full" "-e" "RUSTFLAGS=--cap-lints=warn" "-e" "RUSTDOCFLAGS=--cap-lints=warn" "-w" "/opt/rustwide/workdir" "--user" "0:0" "df379969769576866138676e66ef56d36a4ac3042327248c051e70602f637296" "/opt/rustwide/cargo-home/bin/cargo" "+1.100.0-beta.1" "test" "--frozen" "--release", kill_on_drop: false }`
[INFO] [stderr] warning: `package.homepage` is redundant with `package.repository`
[INFO] [stderr]   --> Cargo.toml:37:12
[INFO] [stderr]    |
[INFO] [stderr] 37 | homepage = "https://github.com/deliberium/mnemara"
[INFO] [stderr]    |            ^^^^^^^^^^^^^^^^^^^^^^^^^^^^^^^^^^^^^^^
[INFO] [stderr] ...
[INFO] [stderr] 42 | repository = "https://github.com/deliberium/mnemara"
[INFO] [stderr]    |              ---------------------------------------
[INFO] [stderr]    |
[INFO] [stderr]    = note: `cargo::redundant_homepage` is set to `warn` by default
[INFO] [stderr] help: consider removing `package.homepage`
[INFO] [stderr] warning: `mnemara-store-file` (manifest) generated 1 warning
[INFO] [stderr]     Finished `release` profile [optimized] target(s) in 0.08s
[INFO] [stderr]      Running unittests src/lib.rs (/opt/rustwide/target/release/build/mnemara-store-file/9ef68089e59092ef/out/mnemara_store_file-9ef68089e59092ef)
[INFO] [stdout] 
[INFO] [stdout] running 0 tests
[INFO] [stdout] 
[INFO] [stdout] test result: ok. 0 passed; 0 failed; 0 ignored; 0 measured; 0 filtered out; finished in 0.00s
[INFO] [stdout] 
[INFO] [stderr]      Running tests/changefeed_time_travel.rs (/opt/rustwide/target/release/build/mnemara-store-file/bf023da8c8acc46c/out/changefeed_time_travel-bf023da8c8acc46c)
[INFO] [stdout] 
[INFO] [stdout] running 1 test
[INFO] [stdout] test changefeed_lists_mutations_and_time_travel_recall_uses_versions ... ok
[INFO] [stdout] 
[INFO] [stdout] test result: ok. 1 passed; 0 failed; 0 ignored; 0 measured; 0 filtered out; finished in 0.00s
[INFO] [stdout] 
[INFO] [stderr]      Running tests/replay_fixtures.rs (/opt/rustwide/target/release/build/mnemara-store-file/98da1a344e5ad20a/out/replay_fixtures-98da1a344e5ad20a)
[INFO] [stdout] 
[INFO] [stdout] running 12 tests
[INFO] [stdout] test exact_lookup_fixture_retrieves_backend_record ... FAILED
[INFO] [stdout] test compaction_can_roll_up_duplicate_clusters_and_cold_archive_stale_records ... FAILED
[INFO] [stdout] test compaction_and_ingestion_policy_work ... FAILED
[INFO] [stdout] test durable_capture_fixture_retrieves_summary_lane ... FAILED
[INFO] [stdout] test file_store_persists_episodic_fields_across_reopen ... ok
[INFO] [stdout] test semantic_embedding_can_surface_semantic_channel_in_explanations ... ok
[INFO] [stdout] test shared_embedder_injection_can_enable_semantic_recall_without_engine_embedding ... ok
[INFO] [stdout] test synthesis_proposes_reviewable_summary_records_with_lineage ... FAILED
[INFO] [stdout] test scoring_profile_can_shift_rank_order_toward_importance ... ok
[INFO] [stderr] error: test failed, to rerun pass `--test replay_fixtures`
[INFO] [stdout] test retention_and_deletion_are_enforced ... FAILED
[INFO] [stdout] test file_store_repair_recovers_missing_idempotency_after_restart_without_losing_lineage ... ok
[INFO] [stdout] test file_store_snapshot_and_repair_preserve_lineage_and_scope ... ok
[INFO] [stdout] 
[INFO] [stdout] failures:
[INFO] [stdout] 
[INFO] [stdout] ---- exact_lookup_fixture_retrieves_backend_record stdout ----
[INFO] [stdout] 
[INFO] [stdout] thread 'exact_lookup_fixture_retrieves_backend_record' (671) panicked at tests/replay_fixtures.rs:80:5:
[INFO] [stdout] fixture file should exist under a parent data/cortex directory of /opt/rustwide/workdir
[INFO] [stdout] stack backtrace:
[INFO] [stdout]    0:     0x59b0866e8851 - <<std[617be2ca0a6fd877]::sys::backtrace::BacktraceLock>::print::DisplayBacktrace as core[a373ad73a504971]::fmt::Display>::fmt
[INFO] [stdout]    1:     0x59b0866fd3ca - core[a373ad73a504971]::fmt::write
[INFO] [stdout]    2:     0x59b0866ecdec - <alloc[2e1b2a31b91974c5]::vec::Vec<u8> as core[a373ad73a504971]::io::write::Write>::write_fmt
[INFO] [stdout]    3:     0x59b0866c2676 - std[617be2ca0a6fd877]::panicking::default_hook::{closure#0}
[INFO] [stdout]    4:     0x59b0866dfc89 - std[617be2ca0a6fd877]::panicking::default_hook
[INFO] [stdout]    5:     0x59b0865eb3e0 - test[aada8e7e76ba119b]::test_main_inner::{closure#0}
[INFO] [stdout]    6:     0x59b0866dfe42 - std[617be2ca0a6fd877]::panicking::panic_with_hook
[INFO] [stdout]    7:     0x59b0866c2722 - std[617be2ca0a6fd877]::panicking::panic_handler::{closure#0}
[INFO] [stdout]    8:     0x59b0866bb0e9 - std[617be2ca0a6fd877]::sys::backtrace::__rust_end_short_backtrace::<std[617be2ca0a6fd877]::panicking::panic_handler::{closure#0}, !>
[INFO] [stdout]    9:     0x59b0866c332d - __rustc[ea4f61d10b84890b]::rust_begin_unwind
[INFO] [stdout]   10:     0x59b0866fdb2c - core[a373ad73a504971]::panicking::panic_fmt
[INFO] [stdout]   11:     0x59b0865c9837 - replay_fixtures[29b481565ed1b260]::load_fixtures
[INFO] [stdout]   12:     0x59b0865ba1e6 - replay_fixtures[29b481565ed1b260]::exact_lookup_fixture_retrieves_backend_record::{closure#0}
[INFO] [stdout]   13:     0x59b0865d6ea3 - <tokio[286c9b4e1873a775]::runtime::scheduler::current_thread::Context>::enter::<core[a373ad73a504971]::task::poll::Poll<()>, <tokio[286c9b4e1873a775]::runtime::scheduler::current_thread::CoreGuard>::block_on<core[a373ad73a504971]::pin::Pin<&mut core[a373ad73a504971]::pin::Pin<&mut dyn core[a373ad73a504971]::future::future::Future<Output = ()>>>>::{closure#0}::{closure#0}>
[INFO] [stdout]   14:     0x59b0865dd159 - <std[617be2ca0a6fd877]::thread::local::LocalKey<tokio[286c9b4e1873a775]::runtime::context::Context>>::with::<tokio[286c9b4e1873a775]::runtime::context::set_scheduler<(alloc[2e1b2a31b91974c5]::boxed::Box<tokio[286c9b4e1873a775]::runtime::scheduler::current_thread::Core>, core[a373ad73a504971]::option::Option<()>), <tokio[286c9b4e1873a775]::runtime::scheduler::current_thread::CoreGuard>::enter<<tokio[286c9b4e1873a775]::runtime::scheduler::current_thread::CoreGuard>::block_on<core[a373ad73a504971]::pin::Pin<&mut core[a373ad73a504971]::pin::Pin<&mut dyn core[a373ad73a504971]::future::future::Future<Output = ()>>>>::{closure#0}, core[a373ad73a504971]::option::Option<()>>::{closure#0}>::{closure#0}, (alloc[2e1b2a31b91974c5]::boxed::Box<tokio[286c9b4e1873a775]::runtime::scheduler::current_thread::Core>, core[a373ad73a504971]::option::Option<()>)>
[INFO] [stdout]   15:     0x59b0865d74a7 - <tokio[286c9b4e1873a775]::runtime::scheduler::current_thread::CoreGuard>::block_on::<core[a373ad73a504971]::pin::Pin<&mut core[a373ad73a504971]::pin::Pin<&mut dyn core[a373ad73a504971]::future::future::Future<Output = ()>>>>
[INFO] [stdout]   16:     0x59b0865dddc7 - tokio[286c9b4e1873a775]::runtime::context::runtime::enter_runtime::<<tokio[286c9b4e1873a775]::runtime::scheduler::current_thread::CurrentThread>::block_on<core[a373ad73a504971]::pin::Pin<&mut dyn core[a373ad73a504971]::future::future::Future<Output = ()>>>::{closure#0}, ()>
[INFO] [stdout]   17:     0x59b0865dceda - <tokio[286c9b4e1873a775]::runtime::runtime::Runtime>::block_on::<core[a373ad73a504971]::pin::Pin<&mut dyn core[a373ad73a504971]::future::future::Future<Output = ()>>>
[INFO] [stdout]   18:     0x59b0865cdaae - <replay_fixtures[29b481565ed1b260]::exact_lookup_fixture_retrieves_backend_record::{closure#0} as core[a373ad73a504971]::ops::function::FnOnce<()>>::call_once
[INFO] [stdout]   19:     0x59b0865de82b - test[aada8e7e76ba119b]::__rust_begin_short_backtrace::<core[a373ad73a504971]::result::Result<(), alloc[2e1b2a31b91974c5]::string::String>, fn() -> core[a373ad73a504971]::result::Result<(), alloc[2e1b2a31b91974c5]::string::String>>
[INFO] [stdout]   20:     0x59b0865eba05 - test[aada8e7e76ba119b]::run_test::{closure#0}
[INFO] [stdout]   21:     0x59b0865e52f4 - std[617be2ca0a6fd877]::sys::backtrace::__rust_begin_short_backtrace::<test[aada8e7e76ba119b]::run_test::{closure#1}, ()>
[INFO] [stdout]   22:     0x59b0865eea92 - <std[617be2ca0a6fd877]::thread::lifecycle::spawn_unchecked<test[aada8e7e76ba119b]::run_test::{closure#1}, ()>::{closure#1} as core[a373ad73a504971]::ops::function::FnOnce<()>>::call_once::{shim:vtable#0}
[INFO] [stdout]   23:     0x59b0866e785f - <std[617be2ca0a6fd877]::sys::thread::unix::Thread>::new::thread_start
[INFO] [stdout]   24:     0x7e263c1cbdfa - <unknown>
[INFO] [stdout]   25:     0x7e263c25f3d4 - clone
[INFO] [stdout]   26:                0x0 - <unknown>
[INFO] [stdout] 
[INFO] [stdout] ---- compaction_can_roll_up_duplicate_clusters_and_cold_archive_stale_records stdout ----
[INFO] [stdout] 
[INFO] [stdout] thread 'compaction_can_roll_up_duplicate_clusters_and_cold_archive_stale_records' (669) panicked at tests/replay_fixtures.rs:80:5:
[INFO] [stdout] fixture file should exist under a parent data/cortex directory of /opt/rustwide/workdir
[INFO] [stdout] stack backtrace:
[INFO] [stdout]    0:     0x59b0866e8851 - <<std[617be2ca0a6fd877]::sys::backtrace::BacktraceLock>::print::DisplayBacktrace as core[a373ad73a504971]::fmt::Display>::fmt
[INFO] [stdout]    1:     0x59b0866fd3ca - core[a373ad73a504971]::fmt::write
[INFO] [stdout]    2:     0x59b0866ecdec - <alloc[2e1b2a31b91974c5]::vec::Vec<u8> as core[a373ad73a504971]::io::write::Write>::write_fmt
[INFO] [stdout]    3:     0x59b0866c2676 - std[617be2ca0a6fd877]::panicking::default_hook::{closure#0}
[INFO] [stdout]    4:     0x59b0866dfc89 - std[617be2ca0a6fd877]::panicking::default_hook
[INFO] [stdout]    5:     0x59b0865eb3e0 - test[aada8e7e76ba119b]::test_main_inner::{closure#0}
[INFO] [stdout]    6:     0x59b0866dfe42 - std[617be2ca0a6fd877]::panicking::panic_with_hook
[INFO] [stdout]    7:     0x59b0866c2722 - std[617be2ca0a6fd877]::panicking::panic_handler::{closure#0}
[INFO] [stdout]    8:     0x59b0866bb0e9 - std[617be2ca0a6fd877]::sys::backtrace::__rust_end_short_backtrace::<std[617be2ca0a6fd877]::panicking::panic_handler::{closure#0}, !>
[INFO] [stdout]    9:     0x59b0866c332d - __rustc[ea4f61d10b84890b]::rust_begin_unwind
[INFO] [stdout]   10:     0x59b0866fdb2c - core[a373ad73a504971]::panicking::panic_fmt
[INFO] [stdout]   11:     0x59b0865c9837 - replay_fixtures[29b481565ed1b260]::load_fixtures
[INFO] [stdout]   12:     0x59b0865c3ea1 - replay_fixtures[29b481565ed1b260]::compaction_can_roll_up_duplicate_clusters_and_cold_archive_stale_records::{closure#0}
[INFO] [stdout]   13:     0x59b0865d6ea3 - <tokio[286c9b4e1873a775]::runtime::scheduler::current_thread::Context>::enter::<core[a373ad73a504971]::task::poll::Poll<()>, <tokio[286c9b4e1873a775]::runtime::scheduler::current_thread::CoreGuard>::block_on<core[a373ad73a504971]::pin::Pin<&mut core[a373ad73a504971]::pin::Pin<&mut dyn core[a373ad73a504971]::future::future::Future<Output = ()>>>>::{closure#0}::{closure#0}>
[INFO] [stdout]   14:     0x59b0865dd159 - <std[617be2ca0a6fd877]::thread::local::LocalKey<tokio[286c9b4e1873a775]::runtime::context::Context>>::with::<tokio[286c9b4e1873a775]::runtime::context::set_scheduler<(alloc[2e1b2a31b91974c5]::boxed::Box<tokio[286c9b4e1873a775]::runtime::scheduler::current_thread::Core>, core[a373ad73a504971]::option::Option<()>), <tokio[286c9b4e1873a775]::runtime::scheduler::current_thread::CoreGuard>::enter<<tokio[286c9b4e1873a775]::runtime::scheduler::current_thread::CoreGuard>::block_on<core[a373ad73a504971]::pin::Pin<&mut core[a373ad73a504971]::pin::Pin<&mut dyn core[a373ad73a504971]::future::future::Future<Output = ()>>>>::{closure#0}, core[a373ad73a504971]::option::Option<()>>::{closure#0}>::{closure#0}, (alloc[2e1b2a31b91974c5]::boxed::Box<tokio[286c9b4e1873a775]::runtime::scheduler::current_thread::Core>, core[a373ad73a504971]::option::Option<()>)>
[INFO] [stdout]   15:     0x59b0865d74a7 - <tokio[286c9b4e1873a775]::runtime::scheduler::current_thread::CoreGuard>::block_on::<core[a373ad73a504971]::pin::Pin<&mut core[a373ad73a504971]::pin::Pin<&mut dyn core[a373ad73a504971]::future::future::Future<Output = ()>>>>
[INFO] [stdout]   16:     0x59b0865dddc7 - tokio[286c9b4e1873a775]::runtime::context::runtime::enter_runtime::<<tokio[286c9b4e1873a775]::runtime::scheduler::current_thread::CurrentThread>::block_on<core[a373ad73a504971]::pin::Pin<&mut dyn core[a373ad73a504971]::future::future::Future<Output = ()>>>::{closure#0}, ()>
[INFO] [stdout]   17:     0x59b0865dceda - <tokio[286c9b4e1873a775]::runtime::runtime::Runtime>::block_on::<core[a373ad73a504971]::pin::Pin<&mut dyn core[a373ad73a504971]::future::future::Future<Output = ()>>>
[INFO] [stdout]   18:     0x59b0865ce45d - <replay_fixtures[29b481565ed1b260]::compaction_can_roll_up_duplicate_clusters_and_cold_archive_stale_records::{closure#0} as core[a373ad73a504971]::ops::function::FnOnce<()>>::call_once
[INFO] [stdout]   19:     0x59b0865de82b - test[aada8e7e76ba119b]::__rust_begin_short_backtrace::<core[a373ad73a504971]::result::Result<(), alloc[2e1b2a31b91974c5]::string::String>, fn() -> core[a373ad73a504971]::result::Result<(), alloc[2e1b2a31b91974c5]::string::String>>
[INFO] [stdout]   20:     0x59b0865eba05 - test[aada8e7e76ba119b]::run_test::{closure#0}
[INFO] [stdout]   21:     0x59b0865e52f4 - std[617be2ca0a6fd877]::sys::backtrace::__rust_begin_short_backtrace::<test[aada8e7e76ba119b]::run_test::{closure#1}, ()>
[INFO] [stdout]   22:     0x59b0865eea92 - <std[617be2ca0a6fd877]::thread::lifecycle::spawn_unchecked<test[aada8e7e76ba119b]::run_test::{closure#1}, ()>::{closure#1} as core[a373ad73a504971]::ops::function::FnOnce<()>>::call_once::{shim:vtable#0}
[INFO] [stdout]   23:     0x59b0866e785f - <std[617be2ca0a6fd877]::sys::thread::unix::Thread>::new::thread_start
[INFO] [stdout]   24:     0x7e263c1cbdfa - <unknown>
[INFO] [stdout]   25:     0x7e263c25f3d4 - clone
[INFO] [stdout]   26:                0x0 - <unknown>
[INFO] [stdout] 
[INFO] [stdout] ---- compaction_and_ingestion_policy_work stdout ----
[INFO] [stdout] 
[INFO] [stdout] thread 'compaction_and_ingestion_policy_work' (668) panicked at tests/replay_fixtures.rs:80:5:
[INFO] [stdout] fixture file should exist under a parent data/cortex directory of /opt/rustwide/workdir
[INFO] [stdout] stack backtrace:
[INFO] [stdout]    0:     0x59b0866e8851 - <<std[617be2ca0a6fd877]::sys::backtrace::BacktraceLock>::print::DisplayBacktrace as core[a373ad73a504971]::fmt::Display>::fmt
[INFO] [stdout]    1:     0x59b0866fd3ca - core[a373ad73a504971]::fmt::write
[INFO] [stdout]    2:     0x59b0866ecdec - <alloc[2e1b2a31b91974c5]::vec::Vec<u8> as core[a373ad73a504971]::io::write::Write>::write_fmt
[INFO] [stdout]    3:     0x59b0866c2676 - std[617be2ca0a6fd877]::panicking::default_hook::{closure#0}
[INFO] [stdout]    4:     0x59b0866dfc89 - std[617be2ca0a6fd877]::panicking::default_hook
[INFO] [stdout]    5:     0x59b0865eb3e0 - test[aada8e7e76ba119b]::test_main_inner::{closure#0}
[INFO] [stdout]    6:     0x59b0866dfe42 - std[617be2ca0a6fd877]::panicking::panic_with_hook
[INFO] [stdout]    7:     0x59b0866c2722 - std[617be2ca0a6fd877]::panicking::panic_handler::{closure#0}
[INFO] [stdout]    8:     0x59b0866bb0e9 - std[617be2ca0a6fd877]::sys::backtrace::__rust_end_short_backtrace::<std[617be2ca0a6fd877]::panicking::panic_handler::{closure#0}, !>
[INFO] [stdout]    9:     0x59b0866c332d - __rustc[ea4f61d10b84890b]::rust_begin_unwind
[INFO] [stdout]   10:     0x59b0866fdb2c - core[a373ad73a504971]::panicking::panic_fmt
[INFO] [stdout]   11:     0x59b0865c9837 - replay_fixtures[29b481565ed1b260]::load_fixtures
[INFO] [stdout]   12:     0x59b0865b9573 - replay_fixtures[29b481565ed1b260]::compaction_and_ingestion_policy_work::{closure#0}
[INFO] [stdout]   13:     0x59b0865d6ea3 - <tokio[286c9b4e1873a775]::runtime::scheduler::current_thread::Context>::enter::<core[a373ad73a504971]::task::poll::Poll<()>, <tokio[286c9b4e1873a775]::runtime::scheduler::current_thread::CoreGuard>::block_on<core[a373ad73a504971]::pin::Pin<&mut core[a373ad73a504971]::pin::Pin<&mut dyn core[a373ad73a504971]::future::future::Future<Output = ()>>>>::{closure#0}::{closure#0}>
[INFO] [stdout]   14:     0x59b0865dd159 - <std[617be2ca0a6fd877]::thread::local::LocalKey<tokio[286c9b4e1873a775]::runtime::context::Context>>::with::<tokio[286c9b4e1873a775]::runtime::context::set_scheduler<(alloc[2e1b2a31b91974c5]::boxed::Box<tokio[286c9b4e1873a775]::runtime::scheduler::current_thread::Core>, core[a373ad73a504971]::option::Option<()>), <tokio[286c9b4e1873a775]::runtime::scheduler::current_thread::CoreGuard>::enter<<tokio[286c9b4e1873a775]::runtime::scheduler::current_thread::CoreGuard>::block_on<core[a373ad73a504971]::pin::Pin<&mut core[a373ad73a504971]::pin::Pin<&mut dyn core[a373ad73a504971]::future::future::Future<Output = ()>>>>::{closure#0}, core[a373ad73a504971]::option::Option<()>>::{closure#0}>::{closure#0}, (alloc[2e1b2a31b91974c5]::boxed::Box<tokio[286c9b4e1873a775]::runtime::scheduler::current_thread::Core>, core[a373ad73a504971]::option::Option<()>)>
[INFO] [stdout]   15:     0x59b0865d74a7 - <tokio[286c9b4e1873a775]::runtime::scheduler::current_thread::CoreGuard>::block_on::<core[a373ad73a504971]::pin::Pin<&mut core[a373ad73a504971]::pin::Pin<&mut dyn core[a373ad73a504971]::future::future::Future<Output = ()>>>>
[INFO] [stdout]   16:     0x59b0865dddc7 - tokio[286c9b4e1873a775]::runtime::context::runtime::enter_runtime::<<tokio[286c9b4e1873a775]::runtime::scheduler::current_thread::CurrentThread>::block_on<core[a373ad73a504971]::pin::Pin<&mut dyn core[a373ad73a504971]::future::future::Future<Output = ()>>>::{closure#0}, ()>
[INFO] [stdout]   17:     0x59b0865dceda - <tokio[286c9b4e1873a775]::runtime::runtime::Runtime>::block_on::<core[a373ad73a504971]::pin::Pin<&mut dyn core[a373ad73a504971]::future::future::Future<Output = ()>>>
[INFO] [stdout]   18:     0x59b0865cd94e - <replay_fixtures[29b481565ed1b260]::compaction_and_ingestion_policy_work::{closure#0} as core[a373ad73a504971]::ops::function::FnOnce<()>>::call_once
[INFO] [stdout]   19:     0x59b0865de82b - test[aada8e7e76ba119b]::__rust_begin_short_backtrace::<core[a373ad73a504971]::result::Result<(), alloc[2e1b2a31b91974c5]::string::String>, fn() -> core[a373ad73a504971]::result::Result<(), alloc[2e1b2a31b91974c5]::string::String>>
[INFO] [stdout]   20:     0x59b0865eba05 - test[aada8e7e76ba119b]::run_test::{closure#0}
[INFO] [stdout]   21:     0x59b0865e52f4 - std[617be2ca0a6fd877]::sys::backtrace::__rust_begin_short_backtrace::<test[aada8e7e76ba119b]::run_test::{closure#1}, ()>
[INFO] [stdout]   22:     0x59b0865eea92 - <std[617be2ca0a6fd877]::thread::lifecycle::spawn_unchecked<test[aada8e7e76ba119b]::run_test::{closure#1}, ()>::{closure#1} as core[a373ad73a504971]::ops::function::FnOnce<()>>::call_once::{shim:vtable#0}
[INFO] [stdout]   23:     0x59b0866e785f - <std[617be2ca0a6fd877]::sys::thread::unix::Thread>::new::thread_start
[INFO] [stdout]   24:     0x7e263c1cbdfa - <unknown>
[INFO] [stdout]   25:     0x7e263c25f3d4 - clone
[INFO] [stdout]   26:                0x0 - <unknown>
[INFO] [stdout] 
[INFO] [stdout] ---- durable_capture_fixture_retrieves_summary_lane stdout ----
[INFO] [stdout] 
[INFO] [stdout] thread 'durable_capture_fixture_retrieves_summary_lane' (670) panicked at tests/replay_fixtures.rs:80:5:
[INFO] [stdout] fixture file should exist under a parent data/cortex directory of /opt/rustwide/workdir
[INFO] [stdout] stack backtrace:
[INFO] [stdout]    0:     0x59b0866e8851 - <<std[617be2ca0a6fd877]::sys::backtrace::BacktraceLock>::print::DisplayBacktrace as core[a373ad73a504971]::fmt::Display>::fmt
[INFO] [stdout]    1:     0x59b0866fd3ca - core[a373ad73a504971]::fmt::write
[INFO] [stdout]    2:     0x59b0866ecdec - <alloc[2e1b2a31b91974c5]::vec::Vec<u8> as core[a373ad73a504971]::io::write::Write>::write_fmt
[INFO] [stdout]    3:     0x59b0866c2676 - std[617be2ca0a6fd877]::panicking::default_hook::{closure#0}
[INFO] [stdout]    4:     0x59b0866dfc89 - std[617be2ca0a6fd877]::panicking::default_hook
[INFO] [stdout]    5:     0x59b0865eb3e0 - test[aada8e7e76ba119b]::test_main_inner::{closure#0}
[INFO] [stdout]    6:     0x59b0866dfe42 - std[617be2ca0a6fd877]::panicking::panic_with_hook
[INFO] [stdout]    7:     0x59b0866c2722 - std[617be2ca0a6fd877]::panicking::panic_handler::{closure#0}
[INFO] [stdout]    8:     0x59b0866bb0e9 - std[617be2ca0a6fd877]::sys::backtrace::__rust_end_short_backtrace::<std[617be2ca0a6fd877]::panicking::panic_handler::{closure#0}, !>
[INFO] [stdout]    9:     0x59b0866c332d - __rustc[ea4f61d10b84890b]::rust_begin_unwind
[INFO] [stdout]   10:     0x59b0866fdb2c - core[a373ad73a504971]::panicking::panic_fmt
[INFO] [stdout]   11:     0x59b0865c9837 - replay_fixtures[29b481565ed1b260]::load_fixtures
[INFO] [stdout]   12:     0x59b0865baa86 - replay_fixtures[29b481565ed1b260]::durable_capture_fixture_retrieves_summary_lane::{closure#0}
[INFO] [stdout]   13:     0x59b0865d6ea3 - <tokio[286c9b4e1873a775]::runtime::scheduler::current_thread::Context>::enter::<core[a373ad73a504971]::task::poll::Poll<()>, <tokio[286c9b4e1873a775]::runtime::scheduler::current_thread::CoreGuard>::block_on<core[a373ad73a504971]::pin::Pin<&mut core[a373ad73a504971]::pin::Pin<&mut dyn core[a373ad73a504971]::future::future::Future<Output = ()>>>>::{closure#0}::{closure#0}>
[INFO] [stdout]   14:     0x59b0865dd159 - <std[617be2ca0a6fd877]::thread::local::LocalKey<tokio[286c9b4e1873a775]::runtime::context::Context>>::with::<tokio[286c9b4e1873a775]::runtime::context::set_scheduler<(alloc[2e1b2a31b91974c5]::boxed::Box<tokio[286c9b4e1873a775]::runtime::scheduler::current_thread::Core>, core[a373ad73a504971]::option::Option<()>), <tokio[286c9b4e1873a775]::runtime::scheduler::current_thread::CoreGuard>::enter<<tokio[286c9b4e1873a775]::runtime::scheduler::current_thread::CoreGuard>::block_on<core[a373ad73a504971]::pin::Pin<&mut core[a373ad73a504971]::pin::Pin<&mut dyn core[a373ad73a504971]::future::future::Future<Output = ()>>>>::{closure#0}, core[a373ad73a504971]::option::Option<()>>::{closure#0}>::{closure#0}, (alloc[2e1b2a31b91974c5]::boxed::Box<tokio[286c9b4e1873a775]::runtime::scheduler::current_thread::Core>, core[a373ad73a504971]::option::Option<()>)>
[INFO] [stdout]   15:     0x59b0865d74a7 - <tokio[286c9b4e1873a775]::runtime::scheduler::current_thread::CoreGuard>::block_on::<core[a373ad73a504971]::pin::Pin<&mut core[a373ad73a504971]::pin::Pin<&mut dyn core[a373ad73a504971]::future::future::Future<Output = ()>>>>
[INFO] [stdout]   16:     0x59b0865dddc7 - tokio[286c9b4e1873a775]::runtime::context::runtime::enter_runtime::<<tokio[286c9b4e1873a775]::runtime::scheduler::current_thread::CurrentThread>::block_on<core[a373ad73a504971]::pin::Pin<&mut dyn core[a373ad73a504971]::future::future::Future<Output = ()>>>::{closure#0}, ()>
[INFO] [stdout]   17:     0x59b0865dceda - <tokio[286c9b4e1873a775]::runtime::runtime::Runtime>::block_on::<core[a373ad73a504971]::pin::Pin<&mut dyn core[a373ad73a504971]::future::future::Future<Output = ()>>>
[INFO] [stdout]   18:     0x59b0865cdc0e - <replay_fixtures[29b481565ed1b260]::durable_capture_fixture_retrieves_summary_lane::{closure#0} as core[a373ad73a504971]::ops::function::FnOnce<()>>::call_once
[INFO] [stdout]   19:     0x59b0865de82b - test[aada8e7e76ba119b]::__rust_begin_short_backtrace::<core[a373ad73a504971]::result::Result<(), alloc[2e1b2a31b91974c5]::string::String>, fn() -> core[a373ad73a504971]::result::Result<(), alloc[2e1b2a31b91974c5]::string::String>>
[INFO] [stdout]   20:     0x59b0865eba05 - test[aada8e7e76ba119b]::run_test::{closure#0}
[INFO] [stdout]   21:     0x59b0865e52f4 - std[617be2ca0a6fd877]::sys::backtrace::__rust_begin_short_backtrace::<test[aada8e7e76ba119b]::run_test::{closure#1}, ()>
[INFO] [stdout]   22:     0x59b0865eea92 - <std[617be2ca0a6fd877]::thread::lifecycle::spawn_unchecked<test[aada8e7e76ba119b]::run_test::{closure#1}, ()>::{closure#1} as core[a373ad73a504971]::ops::function::FnOnce<()>>::call_once::{shim:vtable#0}
[INFO] [stdout]   23:     0x59b0866e785f - <std[617be2ca0a6fd877]::sys::thread::unix::Thread>::new::thread_start
[INFO] [stdout]   24:     0x7e263c1cbdfa - <unknown>
[INFO] [stdout]   25:     0x7e263c25f3d4 - clone
[INFO] [stdout]   26:                0x0 - <unknown>
[INFO] [stdout] 
[INFO] [stdout] ---- synthesis_proposes_reviewable_summary_records_with_lineage stdout ----
[INFO] [stdout] 
[INFO] [stdout] thread 'synthesis_proposes_reviewable_summary_records_with_lineage' (679) panicked at tests/replay_fixtures.rs:80:5:
[INFO] [stdout] fixture file should exist under a parent data/cortex directory of /opt/rustwide/workdir
[INFO] [stdout] stack backtrace:
[INFO] [stdout]    0:     0x59b0866e8851 - <<std[617be2ca0a6fd877]::sys::backtrace::BacktraceLock>::print::DisplayBacktrace as core[a373ad73a504971]::fmt::Display>::fmt
[INFO] [stdout]    1:     0x59b0866fd3ca - core[a373ad73a504971]::fmt::write
[INFO] [stdout]    2:     0x59b0866ecdec - <alloc[2e1b2a31b91974c5]::vec::Vec<u8> as core[a373ad73a504971]::io::write::Write>::write_fmt
[INFO] [stdout]    3:     0x59b0866c2676 - std[617be2ca0a6fd877]::panicking::default_hook::{closure#0}
[INFO] [stdout]    4:     0x59b0866dfc89 - std[617be2ca0a6fd877]::panicking::default_hook
[INFO] [stdout]    5:     0x59b0865eb3e0 - test[aada8e7e76ba119b]::test_main_inner::{closure#0}
[INFO] [stdout]    6:     0x59b0866dfe42 - std[617be2ca0a6fd877]::panicking::panic_with_hook
[INFO] [stdout]    7:     0x59b0866c2722 - std[617be2ca0a6fd877]::panicking::panic_handler::{closure#0}
[INFO] [stdout]    8:     0x59b0866bb0e9 - std[617be2ca0a6fd877]::sys::backtrace::__rust_end_short_backtrace::<std[617be2ca0a6fd877]::panicking::panic_handler::{closure#0}, !>
[INFO] [stdout]    9:     0x59b0866c332d - __rustc[ea4f61d10b84890b]::rust_begin_unwind
[INFO] [stdout]   10:     0x59b0866fdb2c - core[a373ad73a504971]::panicking::panic_fmt
[INFO] [stdout]   11:     0x59b0865c9837 - replay_fixtures[29b481565ed1b260]::load_fixtures
[INFO] [stdout]   12:     0x59b0865c074e - replay_fixtures[29b481565ed1b260]::synthesis_proposes_reviewable_summary_records_with_lineage::{closure#0}
[INFO] [stdout]   13:     0x59b0865d6ea3 - <tokio[286c9b4e1873a775]::runtime::scheduler::current_thread::Context>::enter::<core[a373ad73a504971]::task::poll::Poll<()>, <tokio[286c9b4e1873a775]::runtime::scheduler::current_thread::CoreGuard>::block_on<core[a373ad73a504971]::pin::Pin<&mut core[a373ad73a504971]::pin::Pin<&mut dyn core[a373ad73a504971]::future::future::Future<Output = ()>>>>::{closure#0}::{closure#0}>
[INFO] [stdout]   14:     0x59b0865dd159 - <std[617be2ca0a6fd877]::thread::local::LocalKey<tokio[286c9b4e1873a775]::runtime::context::Context>>::with::<tokio[286c9b4e1873a775]::runtime::context::set_scheduler<(alloc[2e1b2a31b91974c5]::boxed::Box<tokio[286c9b4e1873a775]::runtime::scheduler::current_thread::Core>, core[a373ad73a504971]::option::Option<()>), <tokio[286c9b4e1873a775]::runtime::scheduler::current_thread::CoreGuard>::enter<<tokio[286c9b4e1873a775]::runtime::scheduler::current_thread::CoreGuard>::block_on<core[a373ad73a504971]::pin::Pin<&mut core[a373ad73a504971]::pin::Pin<&mut dyn core[a373ad73a504971]::future::future::Future<Output = ()>>>>::{closure#0}, core[a373ad73a504971]::option::Option<()>>::{closure#0}>::{closure#0}, (alloc[2e1b2a31b91974c5]::boxed::Box<tokio[286c9b4e1873a775]::runtime::scheduler::current_thread::Core>, core[a373ad73a504971]::option::Option<()>)>
[INFO] [stdout]   15:     0x59b0865d74a7 - <tokio[286c9b4e1873a775]::runtime::scheduler::current_thread::CoreGuard>::block_on::<core[a373ad73a504971]::pin::Pin<&mut core[a373ad73a504971]::pin::Pin<&mut dyn core[a373ad73a504971]::future::future::Future<Output = ()>>>>
[INFO] [stdout]   16:     0x59b0865dddc7 - tokio[286c9b4e1873a775]::runtime::context::runtime::enter_runtime::<<tokio[286c9b4e1873a775]::runtime::scheduler::current_thread::CurrentThread>::block_on<core[a373ad73a504971]::pin::Pin<&mut dyn core[a373ad73a504971]::future::future::Future<Output = ()>>>::{closure#0}, ()>
[INFO] [stdout]   17:     0x59b0865dceda - <tokio[286c9b4e1873a775]::runtime::runtime::Runtime>::block_on::<core[a373ad73a504971]::pin::Pin<&mut dyn core[a373ad73a504971]::future::future::Future<Output = ()>>>
[INFO] [stdout]   18:     0x59b0865ce18e - <replay_fixtures[29b481565ed1b260]::synthesis_proposes_reviewable_summary_records_with_lineage::{closure#0} as core[a373ad73a504971]::ops::function::FnOnce<()>>::call_once
[INFO] [stdout]   19:     0x59b0865de82b - test[aada8e7e76ba119b]::__rust_begin_short_backtrace::<core[a373ad73a504971]::result::Result<(), alloc[2e1b2a31b91974c5]::string::String>, fn() -> core[a373ad73a504971]::result::Result<(), alloc[2e1b2a31b91974c5]::string::String>>
[INFO] [stdout]   20:     0x59b0865eba05 - test[aada8e7e76ba119b]::run_test::{closure#0}
[INFO] [stdout]   21:     0x59b0865e52f4 - std[617be2ca0a6fd877]::sys::backtrace::__rust_begin_short_backtrace::<test[aada8e7e76ba119b]::run_test::{closure#1}, ()>
[INFO] [stdout]   22:     0x59b0865eea92 - <std[617be2ca0a6fd877]::thread::lifecycle::spawn_unchecked<test[aada8e7e76ba119b]::run_test::{closure#1}, ()>::{closure#1} as core[a373ad73a504971]::ops::function::FnOnce<()>>::call_once::{shim:vtable#0}
[INFO] [stdout]   23:     0x59b0866e785f - <std[617be2ca0a6fd877]::sys::thread::unix::Thread>::new::thread_start
[INFO] [stdout]   24:     0x7e263c1cbdfa - <unknown>
[INFO] [stdout]   25:     0x7e263c25f3d4 - clone
[INFO] [stdout]   26:                0x0 - <unknown>
[INFO] [stdout] 
[INFO] [stdout] ---- retention_and_deletion_are_enforced stdout ----
[INFO] [stdout] 
[INFO] [stdout] thread 'retention_and_deletion_are_enforced' (675) panicked at tests/replay_fixtures.rs:80:5:
[INFO] [stdout] fixture file should exist under a parent data/cortex directory of /opt/rustwide/workdir
[INFO] [stdout] stack backtrace:
[INFO] [stdout]    0:     0x59b0866e8851 - <<std[617be2ca0a6fd877]::sys::backtrace::BacktraceLock>::print::DisplayBacktrace as core[a373ad73a504971]::fmt::Display>::fmt
[INFO] [stdout]    1:     0x59b0866fd3ca - core[a373ad73a504971]::fmt::write
[INFO] [stdout]    2:     0x59b0866ecdec - <alloc[2e1b2a31b91974c5]::vec::Vec<u8> as core[a373ad73a504971]::io::write::Write>::write_fmt
[INFO] [stdout]    3:     0x59b0866c2676 - std[617be2ca0a6fd877]::panicking::default_hook::{closure#0}
[INFO] [stdout]    4:     0x59b0866dfc89 - std[617be2ca0a6fd877]::panicking::default_hook
[INFO] [stdout]    5:     0x59b0865eb3e0 - test[aada8e7e76ba119b]::test_main_inner::{closure#0}
[INFO] [stdout]    6:     0x59b0866dfe42 - std[617be2ca0a6fd877]::panicking::panic_with_hook
[INFO] [stdout]    7:     0x59b0866c2722 - std[617be2ca0a6fd877]::panicking::panic_handler::{closure#0}
[INFO] [stdout]    8:     0x59b0866bb0e9 - std[617be2ca0a6fd877]::sys::backtrace::__rust_end_short_backtrace::<std[617be2ca0a6fd877]::panicking::panic_handler::{closure#0}, !>
[INFO] [stdout]    9:     0x59b0866c332d - __rustc[ea4f61d10b84890b]::rust_begin_unwind
[INFO] [stdout]   10:     0x59b0866fdb2c - core[a373ad73a504971]::panicking::panic_fmt
[INFO] [stdout]   11:     0x59b0865c9837 - replay_fixtures[29b481565ed1b260]::load_fixtures
[INFO] [stdout]   12:     0x59b0865b898a - replay_fixtures[29b481565ed1b260]::retention_and_deletion_are_enforced::{closure#0}
[INFO] [stdout]   13:     0x59b0865d6ea3 - <tokio[286c9b4e1873a775]::runtime::scheduler::current_thread::Context>::enter::<core[a373ad73a504971]::task::poll::Poll<()>, <tokio[286c9b4e1873a775]::runtime::scheduler::current_thread::CoreGuard>::block_on<core[a373ad73a504971]::pin::Pin<&mut core[a373ad73a504971]::pin::Pin<&mut dyn core[a373ad73a504971]::future::future::Future<Output = ()>>>>::{closure#0}::{closure#0}>
[INFO] [stdout]   14:     0x59b0865dd159 - <std[617be2ca0a6fd877]::thread::local::LocalKey<tokio[286c9b4e1873a775]::runtime::context::Context>>::with::<tokio[286c9b4e1873a775]::runtime::context::set_scheduler<(alloc[2e1b2a31b91974c5]::boxed::Box<tokio[286c9b4e1873a775]::runtime::scheduler::current_thread::Core>, core[a373ad73a504971]::option::Option<()>), <tokio[286c9b4e1873a775]::runtime::scheduler::current_thread::CoreGuard>::enter<<tokio[286c9b4e1873a775]::runtime::scheduler::current_thread::CoreGuard>::block_on<core[a373ad73a504971]::pin::Pin<&mut core[a373ad73a504971]::pin::Pin<&mut dyn core[a373ad73a504971]::future::future::Future<Output = ()>>>>::{closure#0}, core[a373ad73a504971]::option::Option<()>>::{closure#0}>::{closure#0}, (alloc[2e1b2a31b91974c5]::boxed::Box<tokio[286c9b4e1873a775]::runtime::scheduler::current_thread::Core>, core[a373ad73a504971]::option::Option<()>)>
[INFO] [stdout]   15:     0x59b0865d74a7 - <tokio[286c9b4e1873a775]::runtime::scheduler::current_thread::CoreGuard>::block_on::<core[a373ad73a504971]::pin::Pin<&mut core[a373ad73a504971]::pin::Pin<&mut dyn core[a373ad73a504971]::future::future::Future<Output = ()>>>>
[INFO] [stdout]   16:     0x59b0865dddc7 - tokio[286c9b4e1873a775]::runtime::context::runtime::enter_runtime::<<tokio[286c9b4e1873a775]::runtime::scheduler::current_thread::CurrentThread>::block_on<core[a373ad73a504971]::pin::Pin<&mut dyn core[a373ad73a504971]::future::future::Future<Output = ()>>>::{closure#0}, ()>
[INFO] [stdout]   17:     0x59b0865dceda - <tokio[286c9b4e1873a775]::runtime::runtime::Runtime>::block_on::<core[a373ad73a504971]::pin::Pin<&mut dyn core[a373ad73a504971]::future::future::Future<Output = ()>>>
[INFO] [stdout]   18:     0x59b0865cd7ee - <replay_fixtures[29b481565ed1b260]::retention_and_deletion_are_enforced::{closure#0} as core[a373ad73a504971]::ops::function::FnOnce<()>>::call_once
[INFO] [stdout]   19:     0x59b0865de82b - test[aada8e7e76ba119b]::__rust_begin_short_backtrace::<core[a373ad73a504971]::result::Result<(), alloc[2e1b2a31b91974c5]::string::String>, fn() -> core[a373ad73a504971]::result::Result<(), alloc[2e1b2a31b91974c5]::string::String>>
[INFO] [stdout]   20:     0x59b0865eba05 - test[aada8e7e76ba119b]::run_test::{closure#0}
[INFO] [stdout]   21:     0x59b0865e52f4 - std[617be2ca0a6fd877]::sys::backtrace::__rust_begin_short_backtrace::<test[aada8e7e76ba119b]::run_test::{closure#1}, ()>
[INFO] [stdout]   22:     0x59b0865eea92 - <std[617be2ca0a6fd877]::thread::lifecycle::spawn_unchecked<test[aada8e7e76ba119b]::run_test::{closure#1}, ()>::{closure#1} as core[a373ad73a504971]::ops::function::FnOnce<()>>::call_once::{shim:vtable#0}
[INFO] [stdout]   23:     0x59b0866e785f - <std[617be2ca0a6fd877]::sys::thread::unix::Thread>::new::thread_start
[INFO] [stdout]   24:     0x7e263c1cbdfa - <unknown>
[INFO] [stdout]   25:     0x7e263c25f3d4 - clone
[INFO] [stdout]   26:                0x0 - <unknown>
[INFO] [stdout] 
[INFO] [stdout] 
[INFO] [stdout] failures:
[INFO] [stdout]     compaction_and_ingestion_policy_work
[INFO] [stdout]     compaction_can_roll_up_duplicate_clusters_and_cold_archive_stale_records
[INFO] [stdout]     durable_capture_fixture_retrieves_summary_lane
[INFO] [stdout]     exact_lookup_fixture_retrieves_backend_record
[INFO] [stdout]     retention_and_deletion_are_enforced
[INFO] [stdout]     synthesis_proposes_reviewable_summary_records_with_lineage
[INFO] [stdout] 
[INFO] [stdout] test result: FAILED. 6 passed; 6 failed; 0 ignored; 0 measured; 0 filtered out; finished in 0.01s
[INFO] [stdout] 
[INFO] running `Command { std: "docker" "inspect" "df379969769576866138676e66ef56d36a4ac3042327248c051e70602f637296", kill_on_drop: false }`
[INFO] running `Command { std: "docker" "rm" "-f" "df379969769576866138676e66ef56d36a4ac3042327248c051e70602f637296", kill_on_drop: false }`
[INFO] [stdout] df379969769576866138676e66ef56d36a4ac3042327248c051e70602f637296
