[INFO] fetching crate mnemara-core 0.6.0...
[INFO] testing mnemara-core-0.6.0 against 1.100.0-beta.1+cargoflags=--release for beta-release-1.100-2
[INFO] extracting crate mnemara-core 0.6.0 into /workspace/builds/worker-3-tc2/source
[INFO] started tweaking crates.io crate mnemara-core 0.6.0
[INFO] removed 0 missing tests
[INFO] finished tweaking crates.io crate mnemara-core 0.6.0
[INFO] tweaked toml for crates.io crate mnemara-core 0.6.0 written to /workspace/builds/worker-3-tc2/source/Cargo.toml
[INFO] validating manifest of crates.io crate mnemara-core 0.6.0 on toolchain 1.100.0-beta.1
[INFO] running `Command { std: CARGO_HOME="/workspace/cargo-home" RUSTUP_HOME="/workspace/rustup-home" "/workspace/cargo-home/bin/cargo" "+1.100.0-beta.1" "metadata" "--manifest-path" "Cargo.toml" "--no-deps", kill_on_drop: false }`
[INFO] crate crates.io crate mnemara-core 0.6.0 already has a lockfile, it will not be regenerated
[INFO] running `Command { std: CARGO_HOME="/workspace/cargo-home" RUSTUP_HOME="/workspace/rustup-home" "/workspace/cargo-home/bin/cargo" "+1.100.0-beta.1" "fetch" "--manifest-path" "Cargo.toml", kill_on_drop: false }`
[INFO] [stderr] warning: `package.homepage` is redundant with `package.repository`
[INFO] [stderr]   --> Cargo.toml:26:12
[INFO] [stderr]    |
[INFO] [stderr] 26 | homepage = "https://github.com/deliberium/mnemara"
[INFO] [stderr]    |            ^^^^^^^^^^^^^^^^^^^^^^^^^^^^^^^^^^^^^^^
[INFO] [stderr] ...
[INFO] [stderr] 31 | repository = "https://github.com/deliberium/mnemara"
[INFO] [stderr]    |              ---------------------------------------
[INFO] [stderr]    |
[INFO] [stderr]    = note: `cargo::redundant_homepage` is set to `warn` by default
[INFO] [stderr] help: consider removing `package.homepage`
[INFO] [stderr] warning: `mnemara-core` (manifest) generated 1 warning
[INFO] running `Command { std: "docker" "create" "-v" "/var/lib/crater-agent-workspace/builds/worker-3-tc2/source:/opt/rustwide/workdir:ro,Z" "-v" "/var/lib/crater-agent-workspace/builds/worker-3-tc2/target:/opt/rustwide/target:rw,Z" "-v" "/var/lib/crater-agent-workspace/cargo-home:/opt/rustwide/cargo-home:ro,Z" "-v" "/var/lib/crater-agent-workspace/rustup-home:/opt/rustwide/rustup-home:ro,Z" "-m" "1610612736" "--network" "none" "ghcr.io/rust-lang/crates-build-env/linux@sha256:77db811e55d90add9212f6832c23229e3de5f1c1f9905e8cb07319ea15df73ac" "sleep" "infinity", kill_on_drop: false }`
[INFO] [stdout] 7ef6e0b092cd471346c75bd3b1cd3d2c68c979bda91b8522ee6cc41c6d8122ed
[INFO] running `Command { std: "docker" "start" "7ef6e0b092cd471346c75bd3b1cd3d2c68c979bda91b8522ee6cc41c6d8122ed", kill_on_drop: false }`
[INFO] running `Command { std: "docker" "inspect" "7ef6e0b092cd471346c75bd3b1cd3d2c68c979bda91b8522ee6cc41c6d8122ed", kill_on_drop: false }`
[INFO] running `Command { std: "docker" "exec" "-e" "SOURCE_DIR=/opt/rustwide/workdir" "-e" "CARGO_HOME=/opt/rustwide/cargo-home" "-e" "RUSTUP_HOME=/opt/rustwide/rustup-home" "-e" "CARGO_TARGET_DIR=/opt/rustwide/target" "-w" "/opt/rustwide/workdir" "--user" "0:0" "7ef6e0b092cd471346c75bd3b1cd3d2c68c979bda91b8522ee6cc41c6d8122ed" "/opt/rustwide/cargo-home/bin/cargo" "+1.100.0-beta.1" "metadata" "--no-deps" "--format-version=1", kill_on_drop: false }`
[INFO] running `Command { std: "docker" "inspect" "7ef6e0b092cd471346c75bd3b1cd3d2c68c979bda91b8522ee6cc41c6d8122ed", kill_on_drop: false }`
[INFO] running `Command { std: "docker" "exec" "-e" "SOURCE_DIR=/opt/rustwide/workdir" "-e" "CARGO_HOME=/opt/rustwide/cargo-home" "-e" "RUSTUP_HOME=/opt/rustwide/rustup-home" "-e" "CARGO_TARGET_DIR=/opt/rustwide/target" "-e" "CARGO_INCREMENTAL=0" "-e" "RUST_BACKTRACE=full" "-e" "RUSTFLAGS=--cap-lints=warn" "-e" "RUSTDOCFLAGS=--cap-lints=warn" "-w" "/opt/rustwide/workdir" "--user" "0:0" "7ef6e0b092cd471346c75bd3b1cd3d2c68c979bda91b8522ee6cc41c6d8122ed" "/opt/rustwide/cargo-home/bin/cargo" "+1.100.0-beta.1" "build" "--frozen" "--message-format=json" "--release", kill_on_drop: false }`
[INFO] [stderr] warning: `package.homepage` is redundant with `package.repository`
[INFO] [stderr]   --> Cargo.toml:26:12
[INFO] [stderr]    |
[INFO] [stderr] 26 | homepage = "https://github.com/deliberium/mnemara"
[INFO] [stderr]    |            ^^^^^^^^^^^^^^^^^^^^^^^^^^^^^^^^^^^^^^^
[INFO] [stderr] ...
[INFO] [stderr] 31 | repository = "https://github.com/deliberium/mnemara"
[INFO] [stderr]    |              ---------------------------------------
[INFO] [stderr]    |
[INFO] [stderr]    = note: `cargo::redundant_homepage` is set to `warn` by default
[INFO] [stderr] help: consider removing `package.homepage`
[INFO] [stderr] warning: `mnemara-core` (manifest) generated 1 warning
[INFO] [stderr]    Compiling syn v2.0.117
[INFO] [stderr]    Compiling serde_derive v1.0.228
[INFO] [stderr]    Compiling async-trait v0.1.89
[INFO] [stderr]    Compiling serde v1.0.228
[INFO] [stderr]    Compiling mnemara-core v0.6.0 (/opt/rustwide/workdir)
[INFO] [stderr]     Finished `release` profile [optimized] target(s) in 12.31s
[INFO] running `Command { std: "docker" "inspect" "7ef6e0b092cd471346c75bd3b1cd3d2c68c979bda91b8522ee6cc41c6d8122ed", kill_on_drop: false }`
[INFO] running `Command { std: "docker" "exec" "-e" "SOURCE_DIR=/opt/rustwide/workdir" "-e" "CARGO_HOME=/opt/rustwide/cargo-home" "-e" "RUSTUP_HOME=/opt/rustwide/rustup-home" "-e" "CARGO_TARGET_DIR=/opt/rustwide/target" "-e" "CARGO_INCREMENTAL=0" "-e" "RUST_BACKTRACE=full" "-e" "RUSTFLAGS=--cap-lints=warn" "-e" "RUSTDOCFLAGS=--cap-lints=warn" "-w" "/opt/rustwide/workdir" "--user" "0:0" "7ef6e0b092cd471346c75bd3b1cd3d2c68c979bda91b8522ee6cc41c6d8122ed" "/opt/rustwide/cargo-home/bin/cargo" "+1.100.0-beta.1" "test" "--frozen" "--no-run" "--message-format=json" "--release", kill_on_drop: false }`
[INFO] [stderr] warning: `package.homepage` is redundant with `package.repository`
[INFO] [stderr]   --> Cargo.toml:26:12
[INFO] [stderr]    |
[INFO] [stderr] 26 | homepage = "https://github.com/deliberium/mnemara"
[INFO] [stderr]    |            ^^^^^^^^^^^^^^^^^^^^^^^^^^^^^^^^^^^^^^^
[INFO] [stderr] ...
[INFO] [stderr] 31 | repository = "https://github.com/deliberium/mnemara"
[INFO] [stderr]    |              ---------------------------------------
[INFO] [stderr]    |
[INFO] [stderr]    = note: `cargo::redundant_homepage` is set to `warn` by default
[INFO] [stderr] help: consider removing `package.homepage`
[INFO] [stderr] warning: `mnemara-core` (manifest) generated 1 warning
[INFO] [stderr]    Compiling serde_json v1.0.149
[INFO] [stderr]    Compiling mnemara-core v0.6.0 (/opt/rustwide/workdir)
[INFO] [stderr]     Finished `release` profile [optimized] target(s) in 14.08s
[INFO] running `Command { std: "docker" "inspect" "7ef6e0b092cd471346c75bd3b1cd3d2c68c979bda91b8522ee6cc41c6d8122ed", kill_on_drop: false }`
[INFO] running `Command { std: "docker" "exec" "-e" "SOURCE_DIR=/opt/rustwide/workdir" "-e" "CARGO_HOME=/opt/rustwide/cargo-home" "-e" "RUSTUP_HOME=/opt/rustwide/rustup-home" "-e" "CARGO_TARGET_DIR=/opt/rustwide/target" "-e" "CARGO_INCREMENTAL=0" "-e" "RUST_BACKTRACE=full" "-e" "RUSTFLAGS=--cap-lints=warn" "-e" "RUSTDOCFLAGS=--cap-lints=warn" "-w" "/opt/rustwide/workdir" "--user" "0:0" "7ef6e0b092cd471346c75bd3b1cd3d2c68c979bda91b8522ee6cc41c6d8122ed" "/opt/rustwide/cargo-home/bin/cargo" "+1.100.0-beta.1" "test" "--frozen" "--release", kill_on_drop: false }`
[INFO] [stderr] warning: `package.homepage` is redundant with `package.repository`
[INFO] [stderr]   --> Cargo.toml:26:12
[INFO] [stderr]    |
[INFO] [stderr] 26 | homepage = "https://github.com/deliberium/mnemara"
[INFO] [stderr]    |            ^^^^^^^^^^^^^^^^^^^^^^^^^^^^^^^^^^^^^^^
[INFO] [stderr] ...
[INFO] [stderr] 31 | repository = "https://github.com/deliberium/mnemara"
[INFO] [stderr]    |              ---------------------------------------
[INFO] [stderr]    |
[INFO] [stderr]    = note: `cargo::redundant_homepage` is set to `warn` by default
[INFO] [stderr] help: consider removing `package.homepage`
[INFO] [stderr] warning: `mnemara-core` (manifest) generated 1 warning
[INFO] [stderr]     Finished `release` profile [optimized] target(s) in 0.05s
[INFO] [stderr]      Running unittests src/lib.rs (/opt/rustwide/target/release/build/mnemara-core/4e514890b8587e77/out/mnemara_core-4e514890b8587e77)
[INFO] [stdout] 
[INFO] [stdout] running 32 tests
[INFO] [stdout] test embedding::tests::configured_embedder_uses_engine_config_provider ... ok
[INFO] [stdout] test model::tests::episode_defaults_and_unresolved_states_are_explicit ... ok
[INFO] [stdout] test embedding::tests::deterministic_embedder_returns_stable_dimensions ... ok
[INFO] [stdout] test scorer::tests::configured_scorer_uses_engine_config_kind ... ok
[INFO] [stdout] test embedding::tests::deterministic_embedder_scores_related_texts_higher ... ok
[INFO] [stdout] test embedding::tests::shared_embedder_keeps_custom_provider_note ... ok
[INFO] [stdout] test model::tests::memory_record_deserializes_missing_additive_fields_with_safe_defaults ... ok
[INFO] [stdout] test evaluation::tests::evaluates_judged_recall_cases_with_assertions ... ok
[INFO] [stdout] test model::tests::memory_record_rejects_invalid_episode_association_rules ... ok
[INFO] [stdout] test evaluation::tests::computes_standard_ranking_metrics ... ok
[INFO] [stdout] test scorer::tests::continuity_planner_expands_graph_neighbors ... ok
[INFO] [stdout] test model::tests::derived_affective_annotations_require_bounded_confidence ... ok
[INFO] [stdout] test model::tests::episodic_fields_roundtrip_through_json_serialization ... ok
[INFO] [stdout] test scorer::tests::continuity_planner_stays_within_query_scope_boundaries ... ok
[INFO] [stdout] test model::tests::episode_duration_and_recurrence_require_coherent_values ... ok
[INFO] [stdout] test embedding::tests::cosine_similarity_returns_zero_for_mismatched_vectors ... ok
[INFO] [stdout] test scorer::tests::episodic_and_salience_scores_are_reported_when_present ... ok
[INFO] [stdout] test scorer::tests::curated_scorer_rewards_verified_high_trust_records ... ok
[INFO] [stdout] test embedding::tests::configured_embedder_disabled_is_safe_fallback ... ok
[INFO] [stdout] test query::tests::graph_inspection_builds_typed_edges_and_filters_hidden_records ... ok
[INFO] [stdout] test model::tests::conflict_annotations_validate_review_workflow_shape ... ok
[INFO] [stdout] test scorer::tests::fast_path_planner_skips_graph_expansion ... ok
[INFO] [stdout] test scorer::tests::temporal_score_rewards_recurrence_duration_and_boundary_cues ... ok
[INFO] [stdout] test scorer::tests::configured_scorer_uses_engine_policy_profile ... ok
[INFO] [stdout] test scorer::tests::deterministic_embedder_populates_semantic_score ... ok
[INFO] [stdout] test scorer::tests::continuity_intent_queries_trigger_episode_reasoning_and_continuity_planning ... ok
[INFO] [stdout] test scorer::tests::continuity_planner_respects_graph_hop_limit ... ok
[INFO] [stdout] test scorer::tests::planner_can_use_shared_embedder_and_report_provider_note ... ok
[INFO] [stdout] test scorer::tests::support_policy_penalizes_superseded_conflicts_until_history_is_requested ... ok
[INFO] [stdout] test scorer::tests::support_policy_prefers_current_verified_records ... ok
[INFO] [stdout] test scorer::tests::profile_scorer_changes_total_weighting ... ok
[INFO] [stdout] test scorer::tests::research_policy_is_more_tolerant_of_historical_context ... ok
[INFO] [stdout] 
[INFO] [stdout] test result: ok. 32 passed; 0 failed; 0 ignored; 0 measured; 0 filtered out; finished in 0.01s
[INFO] [stdout] 
[INFO] [stderr]      Running tests/evaluation_corpus.rs (/opt/rustwide/target/release/build/mnemara-core/ae9240e3dfebb5d2/out/evaluation_corpus-ae9240e3dfebb5d2)
[INFO] [stdout] 
[INFO] [stdout] running 1 test
[INFO] [stdout] test curated_scorer_meets_stratified_quality_baseline_on_ranked_corpus ... FAILED
[INFO] [stdout] 
[INFO] [stdout] failures:
[INFO] [stdout] 
[INFO] [stdout] ---- curated_scorer_meets_stratified_quality_baseline_on_ranked_corpus stdout ----
[INFO] [stdout] 
[INFO] [stdout] thread 'curated_scorer_meets_stratified_quality_baseline_on_ranked_corpus' (398) panicked at tests/evaluation_corpus.rs:188:61:
[INFO] [stdout] corpus file should exist: Os { code: 2, kind: NotFound, message: "No such file or directory" }
[INFO] [stdout] stack backtrace:
[INFO] [stdout]    0:     0x562e9cf4f561 - <<std[617be2ca0a6fd877]::sys::backtrace::BacktraceLock>::print::DisplayBacktrace as core[a373ad73a504971]::fmt::Display>::fmt
[INFO] [stdout]    1:     0x562e9cf63bfa - core[a373ad73a504971]::fmt::write
[INFO] [stdout]    2:     0x562e9cf5377c - <alloc[2e1b2a31b91974c5]::vec::Vec<u8> as core[a373ad73a504971]::io::write::Write>::write_fmt
[INFO] [stdout]    3:     0x562e9cf2b4d6 - std[617be2ca0a6fd877]::panicking::default_hook::{closure#0}
[INFO] [stdout]    4:     0x562e9cf47899 - std[617be2ca0a6fd877]::panicking::default_hook
[INFO] [stdout]    5:     0x562e9ced6ac0 - test[aada8e7e76ba119b]::test_main_inner::{closure#0}
[INFO] [stdout]    6:     0x562e9cf47a52 - std[617be2ca0a6fd877]::panicking::panic_with_hook
[INFO] [stdout]    7:     0x562e9cf2b582 - std[617be2ca0a6fd877]::panicking::panic_handler::{closure#0}
[INFO] [stdout]    8:     0x562e9cf24109 - std[617be2ca0a6fd877]::sys::backtrace::__rust_end_short_backtrace::<std[617be2ca0a6fd877]::panicking::panic_handler::{closure#0}, !>
[INFO] [stdout]    9:     0x562e9cf2c18d - __rustc[ea4f61d10b84890b]::rust_begin_unwind
[INFO] [stdout]   10:     0x562e9cf6432c - core[a373ad73a504971]::panicking::panic_fmt
[INFO] [stdout]   11:     0x562e9cf64102 - core[a373ad73a504971]::result::unwrap_failed
[INFO] [stdout]   12:     0x562e9ceb92c1 - <evaluation_corpus[6154f7eac20c8b5]::curated_scorer_meets_stratified_quality_baseline_on_ranked_corpus::{closure#0} as core[a373ad73a504971]::ops::function::FnOnce<()>>::call_once
[INFO] [stdout]   13:     0x562e9cec9f0b - test[aada8e7e76ba119b]::__rust_begin_short_backtrace::<core[a373ad73a504971]::result::Result<(), alloc[2e1b2a31b91974c5]::string::String>, fn() -> core[a373ad73a504971]::result::Result<(), alloc[2e1b2a31b91974c5]::string::String>>
[INFO] [stdout]   14:     0x562e9ced70e5 - test[aada8e7e76ba119b]::run_test::{closure#0}
[INFO] [stdout]   15:     0x562e9ced09d4 - std[617be2ca0a6fd877]::sys::backtrace::__rust_begin_short_backtrace::<test[aada8e7e76ba119b]::run_test::{closure#1}, ()>
[INFO] [stdout]   16:     0x562e9ceda172 - <std[617be2ca0a6fd877]::thread::lifecycle::spawn_unchecked<test[aada8e7e76ba119b]::run_test::{closure#1}, ()>::{closure#1} as core[a373ad73a504971]::ops::function::FnOnce<()>>::call_once::{shim:vtable#0}
[INFO] [stdout]   17:     0x562e9cf4ea5f - <std[617be2ca0a6fd877]::sys::thread::unix::Thread>::new::thread_start
[INFO] [stdout]   18:     0x74b8a41fcdfa - <unknown>
[INFO] [stdout]   19:     0x74b8a42903d4 - clone
[INFO] [stdout]   20:                0x0 - <unknown>
[INFO] [stdout] 
[INFO] [stdout] 
[INFO] [stdout] failures:
[INFO] [stdout]     curated_scorer_meets_stratified_quality_baseline_on_ranked_corpus
[INFO] [stdout] 
[INFO] [stdout] test result: FAILED. 0 passed; 1 failed; 0 ignored; 0 measured; 0 filtered out; finished in 0.00s
[INFO] [stdout] 
[INFO] [stderr] error: test failed, to rerun pass `--test evaluation_corpus`
[INFO] running `Command { std: "docker" "inspect" "7ef6e0b092cd471346c75bd3b1cd3d2c68c979bda91b8522ee6cc41c6d8122ed", kill_on_drop: false }`
[INFO] running `Command { std: "docker" "rm" "-f" "7ef6e0b092cd471346c75bd3b1cd3d2c68c979bda91b8522ee6cc41c6d8122ed", kill_on_drop: false }`
[INFO] [stdout] 7ef6e0b092cd471346c75bd3b1cd3d2c68c979bda91b8522ee6cc41c6d8122ed
