[INFO] fetching crate mma 0.1.2...
[INFO] testing mma-0.1.2 against 1.100.0-beta.1+cargoflags=--release for beta-release-1.100-2
[INFO] extracting crate mma 0.1.2 into /workspace/builds/worker-2-tc2/source
[INFO] removed /workspace/builds/worker-2-tc2/source/.cargo/config.toml
[INFO] started tweaking crates.io crate mma 0.1.2
[INFO] removed 0 missing tests
[INFO] finished tweaking crates.io crate mma 0.1.2
[INFO] tweaked toml for crates.io crate mma 0.1.2 written to /workspace/builds/worker-2-tc2/source/Cargo.toml
[INFO] validating manifest of crates.io crate mma 0.1.2 on toolchain 1.100.0-beta.1
[INFO] running `Command { std: CARGO_HOME="/workspace/cargo-home" RUSTUP_HOME="/workspace/rustup-home" "/workspace/cargo-home/bin/cargo" "+1.100.0-beta.1" "metadata" "--manifest-path" "Cargo.toml" "--no-deps", kill_on_drop: false }`
[INFO] crate crates.io crate mma 0.1.2 already has a lockfile, it will not be regenerated
[INFO] running `Command { std: CARGO_HOME="/workspace/cargo-home" RUSTUP_HOME="/workspace/rustup-home" "/workspace/cargo-home/bin/cargo" "+1.100.0-beta.1" "fetch" "--manifest-path" "Cargo.toml", kill_on_drop: false }`
[INFO] running `Command { std: "docker" "create" "-v" "/var/lib/crater-agent-workspace/builds/worker-2-tc2/source:/opt/rustwide/workdir:ro,Z" "-v" "/var/lib/crater-agent-workspace/builds/worker-2-tc2/target:/opt/rustwide/target:rw,Z" "-v" "/var/lib/crater-agent-workspace/cargo-home:/opt/rustwide/cargo-home:ro,Z" "-v" "/var/lib/crater-agent-workspace/rustup-home:/opt/rustwide/rustup-home:ro,Z" "-m" "1610612736" "--network" "none" "ghcr.io/rust-lang/crates-build-env/linux@sha256:77db811e55d90add9212f6832c23229e3de5f1c1f9905e8cb07319ea15df73ac" "sleep" "infinity", kill_on_drop: false }`
[INFO] [stdout] ff0339bbc565de0aa0e84c194cfac1171f5b6d4387313eb55c9af53675184ae7
[INFO] running `Command { std: "docker" "start" "ff0339bbc565de0aa0e84c194cfac1171f5b6d4387313eb55c9af53675184ae7", kill_on_drop: false }`
[INFO] running `Command { std: "docker" "inspect" "ff0339bbc565de0aa0e84c194cfac1171f5b6d4387313eb55c9af53675184ae7", kill_on_drop: false }`
[INFO] running `Command { std: "docker" "exec" "-e" "SOURCE_DIR=/opt/rustwide/workdir" "-e" "CARGO_HOME=/opt/rustwide/cargo-home" "-e" "RUSTUP_HOME=/opt/rustwide/rustup-home" "-e" "CARGO_TARGET_DIR=/opt/rustwide/target" "-w" "/opt/rustwide/workdir" "--user" "0:0" "ff0339bbc565de0aa0e84c194cfac1171f5b6d4387313eb55c9af53675184ae7" "/opt/rustwide/cargo-home/bin/cargo" "+1.100.0-beta.1" "metadata" "--no-deps" "--format-version=1", kill_on_drop: false }`
[INFO] running `Command { std: "docker" "inspect" "ff0339bbc565de0aa0e84c194cfac1171f5b6d4387313eb55c9af53675184ae7", kill_on_drop: false }`
[INFO] running `Command { std: "docker" "exec" "-e" "SOURCE_DIR=/opt/rustwide/workdir" "-e" "CARGO_HOME=/opt/rustwide/cargo-home" "-e" "RUSTUP_HOME=/opt/rustwide/rustup-home" "-e" "CARGO_TARGET_DIR=/opt/rustwide/target" "-e" "CARGO_INCREMENTAL=0" "-e" "RUST_BACKTRACE=full" "-e" "RUSTFLAGS=--cap-lints=warn" "-e" "RUSTDOCFLAGS=--cap-lints=warn" "-w" "/opt/rustwide/workdir" "--user" "0:0" "ff0339bbc565de0aa0e84c194cfac1171f5b6d4387313eb55c9af53675184ae7" "/opt/rustwide/cargo-home/bin/cargo" "+1.100.0-beta.1" "build" "--frozen" "--message-format=json" "--release", kill_on_drop: false }`
[INFO] [stderr]    Compiling zerocopy v0.8.53
[INFO] [stderr]    Compiling cc v1.2.65
[INFO] [stderr]    Compiling syn v2.0.118
[INFO] [stderr]    Compiling bitflags v2.13.0
[INFO] [stderr]    Compiling getrandom v0.2.17
[INFO] [stderr]    Compiling rustls-pki-types v1.15.0
[INFO] [stderr]    Compiling parking_lot_core v0.9.12
[INFO] [stderr]    Compiling once_cell v1.21.4
[INFO] [stderr]    Compiling pest v2.8.7
[INFO] [stderr]    Compiling getrandom v0.3.4
[INFO] [stderr]    Compiling rustls v0.22.4
[INFO] [stderr]    Compiling sha1 v0.10.6
[INFO] [stderr]    Compiling regex-automata v0.4.14
[INFO] [stderr]    Compiling num_cpus v1.17.0
[INFO] [stderr]    Compiling rust_decimal v1.42.1
[INFO] [stderr]    Compiling rand_core v0.9.5
[INFO] [stderr]    Compiling const-random-macro v0.1.16
[INFO] [stderr]    Compiling parking_lot v0.12.5
[INFO] [stderr]    Compiling arraydeque v0.5.1
[INFO] [stderr]    Compiling nom v7.1.3
[INFO] [stderr]    Compiling core_affinity v0.8.3
[INFO] [stderr]    Compiling convert_case v0.6.0
[INFO] [stderr]    Compiling flume v0.11.1
[INFO] [stderr]    Compiling const-random v0.1.18
[INFO] [stderr]    Compiling rustls-pemfile v2.2.0
[INFO] [stderr]    Compiling dlv-list v0.5.2
[INFO] [stderr]    Compiling serde_json v1.0.150
[INFO] [stderr]    Compiling rustls-native-certs v0.7.3
[INFO] [stderr]    Compiling tracing-log v0.2.0
[INFO] [stderr]    Compiling openssl-sys v0.9.117
[INFO] [stderr]    Compiling ring v0.17.14
[INFO] [stderr]    Compiling pest_meta v2.8.7
[INFO] [stderr]    Compiling openssl v0.10.81
[INFO] [stderr]    Compiling native-tls v0.2.18
[INFO] [stderr]    Compiling matchers v0.2.0
[INFO] [stderr]    Compiling pest_generator v2.8.7
[INFO] [stderr]    Compiling serde_derive v1.0.228
[INFO] [stderr]    Compiling openssl-macros v0.1.1
[INFO] [stderr]    Compiling tokio-macros v2.7.0
[INFO] [stderr]    Compiling futures-macro v0.3.32
[INFO] [stderr]    Compiling thiserror-impl v2.0.18
[INFO] [stderr]    Compiling thiserror-impl v1.0.69
[INFO] [stderr]    Compiling pest_derive v2.8.7
[INFO] [stderr]    Compiling tracing-attributes v0.1.31
[INFO] [stderr]    Compiling async-trait v0.1.89
[INFO] [stderr]    Compiling ahash v0.8.12
[INFO] [stderr]    Compiling ppv-lite86 v0.2.21
[INFO] [stderr]    Compiling tokio v1.52.3
[INFO] [stderr]    Compiling futures-util v0.3.32
[INFO] [stderr]    Compiling hashbrown v0.14.5
[INFO] [stderr]    Compiling tracing v0.1.44
[INFO] [stderr]    Compiling rand_chacha v0.9.0
[INFO] [stderr]    Compiling thiserror v1.0.69
[INFO] [stderr]    Compiling disruptor v4.3.0
[INFO] [stderr]    Compiling thiserror v2.0.18
[INFO] [stderr]    Compiling tracing-subscriber v0.3.23
[INFO] [stderr]    Compiling rand v0.9.4
[INFO] [stderr]    Compiling hashlink v0.8.4
[INFO] [stderr]    Compiling ordered-multimap v0.7.3
[INFO] [stderr]    Compiling rust-ini v0.20.0
[INFO] [stderr]    Compiling yaml-rust2 v0.8.1
[INFO] [stderr]    Compiling serde v1.0.228
[INFO] [stderr]    Compiling serde_spanned v0.6.9
[INFO] [stderr]    Compiling toml_datetime v0.6.11
[INFO] [stderr]    Compiling json5 v0.4.1
[INFO] [stderr]    Compiling ron v0.8.1
[INFO] [stderr]    Compiling toml_edit v0.22.27
[INFO] [stderr]    Compiling tungstenite v0.29.0
[INFO] [stderr]    Compiling toml v0.8.23
[INFO] [stderr]    Compiling tokio-native-tls v0.3.1
[INFO] [stderr]    Compiling tokio-tungstenite v0.29.0
[INFO] [stderr]    Compiling config v0.14.1
[INFO] [stderr]    Compiling rustls-webpki v0.102.8
[INFO] [stderr]    Compiling tokio-rustls v0.25.0
[INFO] [stderr]    Compiling rumqttc v0.24.0
[INFO] [stderr]    Compiling mma v0.1.2 (/opt/rustwide/workdir)
[INFO] [stderr]     Finished `release` profile [optimized] target(s) in 21.07s
[INFO] running `Command { std: "docker" "inspect" "ff0339bbc565de0aa0e84c194cfac1171f5b6d4387313eb55c9af53675184ae7", kill_on_drop: false }`
[INFO] running `Command { std: "docker" "exec" "-e" "SOURCE_DIR=/opt/rustwide/workdir" "-e" "CARGO_HOME=/opt/rustwide/cargo-home" "-e" "RUSTUP_HOME=/opt/rustwide/rustup-home" "-e" "CARGO_TARGET_DIR=/opt/rustwide/target" "-e" "CARGO_INCREMENTAL=0" "-e" "RUST_BACKTRACE=full" "-e" "RUSTFLAGS=--cap-lints=warn" "-e" "RUSTDOCFLAGS=--cap-lints=warn" "-w" "/opt/rustwide/workdir" "--user" "0:0" "ff0339bbc565de0aa0e84c194cfac1171f5b6d4387313eb55c9af53675184ae7" "/opt/rustwide/cargo-home/bin/cargo" "+1.100.0-beta.1" "test" "--frozen" "--no-run" "--message-format=json" "--release", kill_on_drop: false }`
[INFO] [stderr]    Compiling mma v0.1.2 (/opt/rustwide/workdir)
[INFO] [stderr]     Finished `release` profile [optimized] target(s) in 1.94s
[INFO] running `Command { std: "docker" "inspect" "ff0339bbc565de0aa0e84c194cfac1171f5b6d4387313eb55c9af53675184ae7", kill_on_drop: false }`
[INFO] running `Command { std: "docker" "exec" "-e" "SOURCE_DIR=/opt/rustwide/workdir" "-e" "CARGO_HOME=/opt/rustwide/cargo-home" "-e" "RUSTUP_HOME=/opt/rustwide/rustup-home" "-e" "CARGO_TARGET_DIR=/opt/rustwide/target" "-e" "CARGO_INCREMENTAL=0" "-e" "RUST_BACKTRACE=full" "-e" "RUSTFLAGS=--cap-lints=warn" "-e" "RUSTDOCFLAGS=--cap-lints=warn" "-w" "/opt/rustwide/workdir" "--user" "0:0" "ff0339bbc565de0aa0e84c194cfac1171f5b6d4387313eb55c9af53675184ae7" "/opt/rustwide/cargo-home/bin/cargo" "+1.100.0-beta.1" "test" "--frozen" "--release", kill_on_drop: false }`
[INFO] [stderr]     Finished `release` profile [optimized] target(s) in 0.15s
[INFO] [stderr]      Running unittests src/lib.rs (/opt/rustwide/target/release/build/mma/4cc8c843aa5c53ad/out/mma-4cc8c843aa5c53ad)
[INFO] [stdout] 
[INFO] [stdout] running 26 tests
[INFO] [stdout] test common_data_representation::message::asmm_quote::tests::clone_equality ... ok
[INFO] [stdout] test common_data_representation::message::asmm_quote::tests::construction_and_fields ... ok
[INFO] [stdout] test common_data_representation::message::asmm_quote::tests::bid_below_ask ... ok
[INFO] [stdout] test common_data_representation::message::asmm_quote::tests::debug_format ... ok
[INFO] [stdout] test common_data_representation::message::asmm_quote::tests::zero_values_accepted ... ok
[INFO] [stdout] test common_data_representation::message::bbo_update::tests::bid_below_ask ... ok
[INFO] [stdout] test common_data_representation::message::bbo_update::tests::clone_equality ... ok
[INFO] [stdout] test common_data_representation::message::bbo_update::tests::construction_and_fields ... ok
[INFO] [stdout] test common_data_representation::message::bbo_update::tests::debug_format ... ok
[INFO] [stdout] test common_data_representation::message::bbo_update::tests::zero_values_accepted ... ok
[INFO] [stdout] test common_data_representation::message::tests::asmm_quote_variant ... ok
[INFO] [stdout] test common_data_representation::message::tests::bbo_update_variant ... ok
[INFO] [stdout] test common_data_representation::message::tests::clone_preserves_variant ... ok
[INFO] [stdout] test common_data_representation::message::tests::debug_format ... ok
[INFO] [stdout] test common_data_representation::message::tests::empty_does_not_match_data_variants ... ok
[INFO] [stdout] test common_data_representation::message::tests::empty_variant ... ok
[INFO] [stdout] test common_data_representation::message::tests::trade_update_variant ... ok
[INFO] [stdout] test common_data_representation::message::trade_update::tests::clone_equality ... ok
[INFO] [stdout] test common_data_representation::message::trade_update::tests::construction_and_fields ... ok
[INFO] [stdout] test common_data_representation::message::trade_update::tests::debug_format ... ok
[INFO] [stdout] test common_data_representation::message::trade_update::tests::zero_values_accepted ... ok
[INFO] [stdout] test common_data_representation::mqtt::tests::publish_empty_does_not_crash ... ok
[INFO] [stdout] test common_data_representation::mqtt::tests::publish_bbo_update ... ok
[INFO] [stdout] test common_data_representation::mqtt::tests::publish_trade_update ... ok
[INFO] [stdout] test exchange::hyperliquid::tests::connect_and_receive_trades ... FAILED
[INFO] [stdout] test exchange::hyperliquid::tests::ping_latency_under_500ms ... FAILED
[INFO] [stdout] 
[INFO] [stdout] failures:
[INFO] [stdout] 
[INFO] [stdout] ---- exchange::hyperliquid::tests::connect_and_receive_trades stdout ----
[INFO] [stdout] 
[INFO] [stdout] thread 'exchange::hyperliquid::tests::connect_and_receive_trades' (1920) panicked at src/exchange/hyperliquid.rs:245:69:
[INFO] [stdout] failed to connect: Io(Custom { kind: Uncategorized, error: "failed to lookup address information: Temporary failure in name resolution" })
[INFO] [stdout] stack backtrace:
[INFO] [stdout]    0:     0x5c4e24a5f721 - <<std[617be2ca0a6fd877]::sys::backtrace::BacktraceLock>::print::DisplayBacktrace as core[a373ad73a504971]::fmt::Display>::fmt
[INFO] [stdout]    1:     0x5c4e24a7609a - core[a373ad73a504971]::fmt::write
[INFO] [stdout]    2:     0x5c4e24a6402c - <alloc[2e1b2a31b91974c5]::vec::Vec<u8> as core[a373ad73a504971]::io::write::Write>::write_fmt
[INFO] [stdout]    3:     0x5c4e24a3aa86 - std[617be2ca0a6fd877]::panicking::default_hook::{closure#0}
[INFO] [stdout]    4:     0x5c4e24a57489 - std[617be2ca0a6fd877]::panicking::default_hook
[INFO] [stdout]    5:     0x5c4e248dd6e0 - test[aada8e7e76ba119b]::test_main_inner::{closure#0}
[INFO] [stdout]    6:     0x5c4e24a577b2 - std[617be2ca0a6fd877]::panicking::panic_with_hook
[INFO] [stdout]    7:     0x5c4e24a3ab32 - std[617be2ca0a6fd877]::panicking::panic_handler::{closure#0}
[INFO] [stdout]    8:     0x5c4e24a33799 - std[617be2ca0a6fd877]::sys::backtrace::__rust_end_short_backtrace::<std[617be2ca0a6fd877]::panicking::panic_handler::{closure#0}, !>
[INFO] [stdout]    9:     0x5c4e24a3b92d - __rustc[ea4f61d10b84890b]::rust_begin_unwind
[INFO] [stdout]   10:     0x5c4e24a767fc - core[a373ad73a504971]::panicking::panic_fmt
[INFO] [stdout]   11:     0x5c4e24a765d2 - core[a373ad73a504971]::result::unwrap_failed
[INFO] [stdout]   12:     0x5c4e248bcd09 - mma[fff8fdb2a341a95d]::exchange::hyperliquid::tests::connect_and_receive_trades::{closure#0}
[INFO] [stdout]   13:     0x5c4e248a0bc3 - <tokio[4724bb31ffdc6316]::runtime::scheduler::current_thread::Context>::enter::<core[a373ad73a504971]::task::poll::Poll<()>, <tokio[4724bb31ffdc6316]::runtime::scheduler::current_thread::CoreGuard>::block_on<core[a373ad73a504971]::pin::Pin<&mut core[a373ad73a504971]::pin::Pin<&mut dyn core[a373ad73a504971]::future::future::Future<Output = ()>>>>::{closure#0}::{closure#0}>
[INFO] [stdout]   14:     0x5c4e2489364c - <tokio[4724bb31ffdc6316]::runtime::context::scoped::Scoped<tokio[4724bb31ffdc6316]::runtime::scheduler::Context>>::set::<<tokio[4724bb31ffdc6316]::runtime::scheduler::current_thread::CoreGuard>::enter<<tokio[4724bb31ffdc6316]::runtime::scheduler::current_thread::CoreGuard>::block_on<core[a373ad73a504971]::pin::Pin<&mut core[a373ad73a504971]::pin::Pin<&mut dyn core[a373ad73a504971]::future::future::Future<Output = ()>>>>::{closure#0}, core[a373ad73a504971]::option::Option<()>>::{closure#0}, (alloc[2e1b2a31b91974c5]::boxed::Box<tokio[4724bb31ffdc6316]::runtime::scheduler::current_thread::Core>, core[a373ad73a504971]::option::Option<()>)>
[INFO] [stdout]   15:     0x5c4e248a07f4 - <tokio[4724bb31ffdc6316]::runtime::runtime::Runtime>::block_on::<core[a373ad73a504971]::pin::Pin<&mut dyn core[a373ad73a504971]::future::future::Future<Output = ()>>>
[INFO] [stdout]   16:     0x5c4e248be6be - <mma[fff8fdb2a341a95d]::exchange::hyperliquid::tests::connect_and_receive_trades::{closure#0} as core[a373ad73a504971]::ops::function::FnOnce<()>>::call_once
[INFO] [stdout]   17:     0x5c4e248d0b2b - test[aada8e7e76ba119b]::__rust_begin_short_backtrace::<core[a373ad73a504971]::result::Result<(), alloc[2e1b2a31b91974c5]::string::String>, fn() -> core[a373ad73a504971]::result::Result<(), alloc[2e1b2a31b91974c5]::string::String>>
[INFO] [stdout]   18:     0x5c4e248ddd05 - test[aada8e7e76ba119b]::run_test::{closure#0}
[INFO] [stdout]   19:     0x5c4e248d75f4 - std[617be2ca0a6fd877]::sys::backtrace::__rust_begin_short_backtrace::<test[aada8e7e76ba119b]::run_test::{closure#1}, ()>
[INFO] [stdout]   20:     0x5c4e248e0d92 - <std[617be2ca0a6fd877]::thread::lifecycle::spawn_unchecked<test[aada8e7e76ba119b]::run_test::{closure#1}, ()>::{closure#1} as core[a373ad73a504971]::ops::function::FnOnce<()>>::call_once::{shim:vtable#0}
[INFO] [stdout]   21:     0x5c4e24a5ebcf - <std[617be2ca0a6fd877]::sys::thread::unix::Thread>::new::thread_start
[INFO] [stdout]   22:     0x746599729dfa - <unknown>
[INFO] [stdout]   23:     0x7465997bd3d4 - clone
[INFO] [stdout]   24:                0x0 - <unknown>
[INFO] [stdout] 
[INFO] [stdout] ---- exchange::hyperliquid::tests::ping_latency_under_500ms stdout ----
[INFO] [stdout] 
[INFO] [stdout] thread 'exchange::hyperliquid::tests::ping_latency_under_500ms' (1921) panicked at src/exchange/hyperliquid.rs:303:69:
[INFO] [stdout] failed to connect: Io(Custom { kind: Uncategorized, error: "failed to lookup address information: Temporary failure in name resolution" })
[INFO] [stdout] stack backtrace:
[INFO] [stdout]    0:     0x5c4e24a5f721 - <<std[617be2ca0a6fd877]::sys::backtrace::BacktraceLock>::print::DisplayBacktrace as core[a373ad73a504971]::fmt::Display>::fmt
[INFO] [stdout]    1:     0x5c4e24a7609a - core[a373ad73a504971]::fmt::write
[INFO] [stdout]    2:     0x5c4e24a6402c - <alloc[2e1b2a31b91974c5]::vec::Vec<u8> as core[a373ad73a504971]::io::write::Write>::write_fmt
[INFO] [stdout]    3:     0x5c4e24a3aa86 - std[617be2ca0a6fd877]::panicking::default_hook::{closure#0}
[INFO] [stdout]    4:     0x5c4e24a57489 - std[617be2ca0a6fd877]::panicking::default_hook
[INFO] [stdout]    5:     0x5c4e248dd6e0 - test[aada8e7e76ba119b]::test_main_inner::{closure#0}
[INFO] [stdout]    6:     0x5c4e24a577b2 - std[617be2ca0a6fd877]::panicking::panic_with_hook
[INFO] [stdout]    7:     0x5c4e24a3ab32 - std[617be2ca0a6fd877]::panicking::panic_handler::{closure#0}
[INFO] [stdout]    8:     0x5c4e24a33799 - std[617be2ca0a6fd877]::sys::backtrace::__rust_end_short_backtrace::<std[617be2ca0a6fd877]::panicking::panic_handler::{closure#0}, !>
[INFO] [stdout]    9:     0x5c4e24a3b92d - __rustc[ea4f61d10b84890b]::rust_begin_unwind
[INFO] [stdout]   10:     0x5c4e24a767fc - core[a373ad73a504971]::panicking::panic_fmt
[INFO] [stdout]   11:     0x5c4e24a765d2 - core[a373ad73a504971]::result::unwrap_failed
[INFO] [stdout]   12:     0x5c4e248bc2dd - mma[fff8fdb2a341a95d]::exchange::hyperliquid::tests::ping_latency_under_500ms::{closure#0}
[INFO] [stdout]   13:     0x5c4e248a0bc3 - <tokio[4724bb31ffdc6316]::runtime::scheduler::current_thread::Context>::enter::<core[a373ad73a504971]::task::poll::Poll<()>, <tokio[4724bb31ffdc6316]::runtime::scheduler::current_thread::CoreGuard>::block_on<core[a373ad73a504971]::pin::Pin<&mut core[a373ad73a504971]::pin::Pin<&mut dyn core[a373ad73a504971]::future::future::Future<Output = ()>>>>::{closure#0}::{closure#0}>
[INFO] [stdout]   14:     0x5c4e2489364c - <tokio[4724bb31ffdc6316]::runtime::context::scoped::Scoped<tokio[4724bb31ffdc6316]::runtime::scheduler::Context>>::set::<<tokio[4724bb31ffdc6316]::runtime::scheduler::current_thread::CoreGuard>::enter<<tokio[4724bb31ffdc6316]::runtime::scheduler::current_thread::CoreGuard>::block_on<core[a373ad73a504971]::pin::Pin<&mut core[a373ad73a504971]::pin::Pin<&mut dyn core[a373ad73a504971]::future::future::Future<Output = ()>>>>::{closure#0}, core[a373ad73a504971]::option::Option<()>>::{closure#0}, (alloc[2e1b2a31b91974c5]::boxed::Box<tokio[4724bb31ffdc6316]::runtime::scheduler::current_thread::Core>, core[a373ad73a504971]::option::Option<()>)>
[INFO] [stdout]   15:     0x5c4e248a07f4 - <tokio[4724bb31ffdc6316]::runtime::runtime::Runtime>::block_on::<core[a373ad73a504971]::pin::Pin<&mut dyn core[a373ad73a504971]::future::future::Future<Output = ()>>>
[INFO] [stdout]   16:     0x5c4e248be55e - <mma[fff8fdb2a341a95d]::exchange::hyperliquid::tests::ping_latency_under_500ms::{closure#0} as core[a373ad73a504971]::ops::function::FnOnce<()>>::call_once
[INFO] [stdout]   17:     0x5c4e248d0b2b - test[aada8e7e76ba119b]::__rust_begin_short_backtrace::<core[a373ad73a504971]::result::Result<(), alloc[2e1b2a31b91974c5]::string::String>, fn() -> core[a373ad73a504971]::result::Result<(), alloc[2e1b2a31b91974c5]::string::String>>
[INFO] [stdout]   18:     0x5c4e248ddd05 - test[aada8e7e76ba119b]::run_test::{closure#0}
[INFO] [stdout]   19:     0x5c4e248d75f4 - std[617be2ca0a6fd877]::sys::backtrace::__rust_begin_short_backtrace::<test[aada8e7e76ba119b]::run_test::{closure#1}, ()>
[INFO] [stdout]   20:     0x5c4e248e0d92 - <std[617be2ca0a6fd877]::thread::lifecycle::spawn_unchecked<test[aada8e7e76ba119b]::run_test::{closure#1}, ()>::{closure#1} as core[a373ad73a504971]::ops::function::FnOnce<()>>::call_once::{shim:vtable#0}
[INFO] [stdout]   21:     0x5c4e24a5ebcf - <std[617be2ca0a6fd877]::sys::thread::unix::Thread>::new::thread_start
[INFO] [stdout]   22:     0x746599729dfa - <unknown>
[INFO] [stdout]   23:     0x7465997bd3d4 - clone
[INFO] [stdout]   24:                0x0 - <unknown>
[INFO] [stdout] 
[INFO] [stdout] 
[INFO] [stdout] failures:
[INFO] [stdout]     exchange::hyperliquid::tests::connect_and_receive_trades
[INFO] [stdout]     exchange::hyperliquid::tests::ping_latency_under_500ms
[INFO] [stdout] 
[INFO] [stdout] test result: FAILED. 24 passed; 2 failed; 0 ignored; 0 measured; 0 filtered out; finished in 0.00s
[INFO] [stdout] 
[INFO] [stderr] error: test failed, to rerun pass `--lib`
[INFO] running `Command { std: "docker" "inspect" "ff0339bbc565de0aa0e84c194cfac1171f5b6d4387313eb55c9af53675184ae7", kill_on_drop: false }`
[INFO] running `Command { std: "docker" "rm" "-f" "ff0339bbc565de0aa0e84c194cfac1171f5b6d4387313eb55c9af53675184ae7", kill_on_drop: false }`
[INFO] [stdout] ff0339bbc565de0aa0e84c194cfac1171f5b6d4387313eb55c9af53675184ae7
