[INFO] fetching crate mm1-address 0.7.26...
[INFO] testing mm1-address-0.7.26 against 1.99.0-beta.8+cargoflags=--release for beta-release-1.100-2
[INFO] extracting crate mm1-address 0.7.26 into /workspace/builds/worker-5-tc1/source
[INFO] started tweaking crates.io crate mm1-address 0.7.26
[INFO] finished tweaking crates.io crate mm1-address 0.7.26
[INFO] tweaked toml for crates.io crate mm1-address 0.7.26 written to /workspace/builds/worker-5-tc1/source/Cargo.toml
[INFO] validating manifest of crates.io crate mm1-address 0.7.26 on toolchain 1.99.0-beta.8
[INFO] running `Command { std: CARGO_HOME="/workspace/cargo-home" RUSTUP_HOME="/workspace/rustup-home" "/workspace/cargo-home/bin/cargo" "+1.99.0-beta.8" "metadata" "--manifest-path" "Cargo.toml" "--no-deps", kill_on_drop: false }`
[INFO] crate crates.io crate mm1-address 0.7.26 already has a lockfile, it will not be regenerated
[INFO] running `Command { std: CARGO_HOME="/workspace/cargo-home" RUSTUP_HOME="/workspace/rustup-home" "/workspace/cargo-home/bin/cargo" "+1.99.0-beta.8" "fetch" "--manifest-path" "Cargo.toml", kill_on_drop: false }`
[INFO] [stderr]     Updating crates.io index
[INFO] [stderr]  Downloading crates ...
[INFO] [stderr]   Downloaded rmp-serde v1.3.0
[INFO] [stderr]   Downloaded redox_syscall v0.5.13
[INFO] [stderr]   Downloaded rmp v0.8.14
[INFO] [stderr]   Downloaded mm1-proto v0.7.26
[INFO] [stderr]   Downloaded mm1-proc-macros v0.7.26
[INFO] [stderr]   Downloaded insta v1.44.3
[INFO] [stderr]   Downloaded syn v2.0.104
[INFO] [stderr]   Downloaded libc v0.2.174
[INFO] running `Command { std: "docker" "create" "-v" "/var/lib/crater-agent-workspace/builds/worker-5-tc1/source:/opt/rustwide/workdir:ro,Z" "-v" "/var/lib/crater-agent-workspace/builds/worker-5-tc1/target:/opt/rustwide/target:rw,Z" "-v" "/var/lib/crater-agent-workspace/cargo-home:/opt/rustwide/cargo-home:ro,Z" "-v" "/var/lib/crater-agent-workspace/rustup-home:/opt/rustwide/rustup-home:ro,Z" "-m" "1610612736" "--network" "none" "ghcr.io/rust-lang/crates-build-env/linux@sha256:77db811e55d90add9212f6832c23229e3de5f1c1f9905e8cb07319ea15df73ac" "sleep" "infinity", kill_on_drop: false }`
[INFO] [stdout] 6defc696c37fcbffc05d2c3e47a41164c7b2a95842eafe9dd2084c7f5e5354e0
[INFO] running `Command { std: "docker" "start" "6defc696c37fcbffc05d2c3e47a41164c7b2a95842eafe9dd2084c7f5e5354e0", kill_on_drop: false }`
[INFO] running `Command { std: "docker" "inspect" "6defc696c37fcbffc05d2c3e47a41164c7b2a95842eafe9dd2084c7f5e5354e0", kill_on_drop: false }`
[INFO] running `Command { std: "docker" "exec" "-e" "SOURCE_DIR=/opt/rustwide/workdir" "-e" "CARGO_HOME=/opt/rustwide/cargo-home" "-e" "RUSTUP_HOME=/opt/rustwide/rustup-home" "-e" "CARGO_TARGET_DIR=/opt/rustwide/target" "-w" "/opt/rustwide/workdir" "--user" "0:0" "6defc696c37fcbffc05d2c3e47a41164c7b2a95842eafe9dd2084c7f5e5354e0" "/opt/rustwide/cargo-home/bin/cargo" "+1.99.0-beta.8" "metadata" "--no-deps" "--format-version=1", kill_on_drop: false }`
[INFO] running `Command { std: "docker" "inspect" "6defc696c37fcbffc05d2c3e47a41164c7b2a95842eafe9dd2084c7f5e5354e0", kill_on_drop: false }`
[INFO] running `Command { std: "docker" "exec" "-e" "SOURCE_DIR=/opt/rustwide/workdir" "-e" "CARGO_HOME=/opt/rustwide/cargo-home" "-e" "RUSTUP_HOME=/opt/rustwide/rustup-home" "-e" "CARGO_TARGET_DIR=/opt/rustwide/target" "-e" "CARGO_INCREMENTAL=0" "-e" "RUST_BACKTRACE=full" "-e" "RUSTFLAGS=--cap-lints=warn" "-e" "RUSTDOCFLAGS=--cap-lints=warn" "-w" "/opt/rustwide/workdir" "--user" "0:0" "6defc696c37fcbffc05d2c3e47a41164c7b2a95842eafe9dd2084c7f5e5354e0" "/opt/rustwide/cargo-home/bin/cargo" "+1.99.0-beta.8" "build" "--frozen" "--message-format=json" "--release", kill_on_drop: false }`
[INFO] [stderr]    Compiling proc-macro2 v1.0.95
[INFO] [stderr]    Compiling libc v0.2.174
[INFO] [stderr]    Compiling serde_core v1.0.228
[INFO] [stderr]    Compiling serde v1.0.228
[INFO] [stderr]    Compiling cfg-if v1.0.1
[INFO] [stderr]    Compiling either v1.15.0
[INFO] [stderr]    Compiling quote v1.0.40
[INFO] [stderr]    Compiling syn v2.0.104
[INFO] [stderr]    Compiling parking_lot_core v0.9.12
[INFO] [stderr]    Compiling parking_lot v0.12.5
[INFO] [stderr]    Compiling serde_derive v1.0.228
[INFO] [stderr]    Compiling thiserror-impl v2.0.17
[INFO] [stderr]    Compiling mm1-proc-macros v0.7.26
[INFO] [stderr]    Compiling thiserror v2.0.17
[INFO] [stderr]    Compiling mm1-proto v0.7.26
[INFO] [stderr]    Compiling mm1-address v0.7.26 (/opt/rustwide/workdir)
[INFO] [stderr]     Finished `release` profile [optimized] target(s) in 16.89s
[INFO] running `Command { std: "docker" "inspect" "6defc696c37fcbffc05d2c3e47a41164c7b2a95842eafe9dd2084c7f5e5354e0", kill_on_drop: false }`
[INFO] running `Command { std: "docker" "exec" "-e" "SOURCE_DIR=/opt/rustwide/workdir" "-e" "CARGO_HOME=/opt/rustwide/cargo-home" "-e" "RUSTUP_HOME=/opt/rustwide/rustup-home" "-e" "CARGO_TARGET_DIR=/opt/rustwide/target" "-e" "CARGO_INCREMENTAL=0" "-e" "RUST_BACKTRACE=full" "-e" "RUSTFLAGS=--cap-lints=warn" "-e" "RUSTDOCFLAGS=--cap-lints=warn" "-w" "/opt/rustwide/workdir" "--user" "0:0" "6defc696c37fcbffc05d2c3e47a41164c7b2a95842eafe9dd2084c7f5e5354e0" "/opt/rustwide/cargo-home/bin/cargo" "+1.99.0-beta.8" "test" "--frozen" "--no-run" "--message-format=json" "--release", kill_on_drop: false }`
[INFO] [stderr]    Compiling memchr v2.7.5
[INFO] [stderr]    Compiling thiserror v2.0.17
[INFO] [stderr]    Compiling ucd-trie v0.1.7
[INFO] [stderr]    Compiling num-traits v0.2.19
[INFO] [stderr]    Compiling paste v1.0.15
[INFO] [stderr]    Compiling serde_json v1.0.145
[INFO] [stderr]    Compiling console v0.15.11
[INFO] [stderr]    Compiling similar v2.7.0
[INFO] [stderr]    Compiling pest v2.8.1
[INFO] [stderr]    Compiling rmp v0.8.14
[INFO] [stderr]    Compiling rmp-serde v1.3.0
[INFO] [stderr]    Compiling pest_meta v2.8.1
[INFO] [stderr]    Compiling pest_generator v2.8.1
[INFO] [stderr]    Compiling pest_derive v2.8.1
[INFO] [stderr]    Compiling insta v1.44.3
[INFO] [stderr]    Compiling mm1-address v0.7.26 (/opt/rustwide/workdir)
[INFO] [stderr]     Finished `release` profile [optimized] target(s) in 38.56s
[INFO] running `Command { std: "docker" "inspect" "6defc696c37fcbffc05d2c3e47a41164c7b2a95842eafe9dd2084c7f5e5354e0", kill_on_drop: false }`
[INFO] running `Command { std: "docker" "exec" "-e" "SOURCE_DIR=/opt/rustwide/workdir" "-e" "CARGO_HOME=/opt/rustwide/cargo-home" "-e" "RUSTUP_HOME=/opt/rustwide/rustup-home" "-e" "CARGO_TARGET_DIR=/opt/rustwide/target" "-e" "CARGO_INCREMENTAL=0" "-e" "RUST_BACKTRACE=full" "-e" "RUSTFLAGS=--cap-lints=warn" "-e" "RUSTDOCFLAGS=--cap-lints=warn" "-w" "/opt/rustwide/workdir" "--user" "0:0" "6defc696c37fcbffc05d2c3e47a41164c7b2a95842eafe9dd2084c7f5e5354e0" "/opt/rustwide/cargo-home/bin/cargo" "+1.99.0-beta.8" "test" "--frozen" "--release", kill_on_drop: false }`
[INFO] [stderr]     Finished `release` profile [optimized] target(s) in 0.06s
[INFO] [stderr]      Running unittests src/lib.rs (/opt/rustwide/target/release/deps/mm1_address-6bb1f60ac423d340)
[INFO] [stdout] 
[INFO] [stdout] running 22 tests
[INFO] [stdout] test pool::trie::tests::common_ancestor ... ok
[INFO] [stdout] test pool::trie::tests::leading_and_trailing_zeroes_and_ones ... ok
[INFO] [stdout] test address::address_str::tests::test_digits ... ok
[INFO] [stdout] test pool::tests::pool_normalizes_noncanonical_network_address ... ok
[INFO] [stdout] test address::address_str::tests::test_to_str ... ok
[INFO] [stdout] test address_range::tests::ordering_semantics ... ok
[INFO] [stdout] test address::address_str::tests::test_from_str ... ok
[INFO] [stdout] test pool::tests::lease_reuses_coalesced_halves ... ok
[INFO] [stdout] test pool::trie::tests::pool_08 ... ok
[INFO] [stdout] test pool::trie::tests::pool_09 ... ok
[INFO] [stdout] test subnet::tests::mask_to_u64 ... ok
[INFO] [stdout] test subnet::tests::net_address_parse ... ok
[INFO] [stdout] test subnet::tests::net_address_wire_deserialize_rejects_out_of_range_mask ... ok
[INFO] [stdout] test subnet::tests::netmask_deserialize_rejects_out_of_range ... ok
[INFO] [stdout] test subnet::tests::parse_mask ... ok
[INFO] [stdout] test pool::trie::tests::pool_03 ... FAILED
[INFO] [stdout] test pool::trie::tests::pool_04 ... FAILED
[INFO] [stdout] test pool::trie::tests::pool_02 ... FAILED
[INFO] [stdout] test pool::trie::tests::pool_05 ... FAILED
[INFO] [stdout] test pool::trie::tests::pool_01 ... FAILED
[INFO] [stdout] test pool::trie::tests::pool_06 ... FAILED
[INFO] [stderr] error: test failed, to rerun pass `--lib`
[INFO] [stdout] test pool::trie::tests::pool_07 ... FAILED
[INFO] [stdout] 
[INFO] [stdout] failures:
[INFO] [stdout] 
[INFO] [stdout] ---- pool::trie::tests::pool_03 stdout ----
[INFO] [stdout] ━━━━━━━━━━━━━━━━━━━━━━━━━━━━━━━ Snapshot Summary ━━━━━━━━━━━━━━━━━━━━━━━━━━━━━━━
[INFO] [stdout] Snapshot file: src/pool/snapshots/mm1_address__pool__trie__tests__pool_03.snap
[INFO] [stdout] Snapshot: pool_03
[INFO] [stdout] Source: src/pool/trie.rs:416
[INFO] [stdout] ────────────────────────────────────────────────────────────────────────────────
[INFO] [stdout] Expression: (addr, &pool)
[INFO] [stdout] ────────────────────────────────────────────────────────────────────────────────
[INFO] [stdout] +new results
[INFO] [stdout] ────────────┬───────────────────────────────────────────────────────────────────
[INFO] [stdout]           1 │+(
[INFO] [stdout]           2 │+    18446744073709551360,
[INFO] [stdout]           3 │+    Pool {
[INFO] [stdout]           4 │+        root: None,
[INFO] [stdout]           5 │+    },
[INFO] [stdout]           6 │+)
[INFO] [stdout] ────────────┴───────────────────────────────────────────────────────────────────
[INFO] [stdout] 
[INFO] [stdout] thread 'pool::trie::tests::pool_03' (801) panicked at src/pool/trie.rs:416:9:
[INFO] [stdout] called `Result::unwrap()` on an `Err` value: Os { code: 30, kind: ReadOnlyFilesystem, message: "Read-only file system" }
[INFO] [stdout] stack backtrace:
[INFO] [stdout]    0:     0x573730797631 - <<std[70759c8f55707aa4]::sys::backtrace::BacktraceLock>::print::DisplayBacktrace as core[df12db4294e9bfd3]::fmt::Display>::fmt
[INFO] [stdout]    1:     0x5737307aedea - core[df12db4294e9bfd3]::fmt::write
[INFO] [stdout]    2:     0x57373079c03c - <alloc[2182bb758b4b3781]::vec::Vec<u8> as core[df12db4294e9bfd3]::io::write::Write>::write_fmt
[INFO] [stdout]    3:     0x5737307711d6 - std[70759c8f55707aa4]::panicking::default_hook::{closure#0}
[INFO] [stdout]    4:     0x57373078eef9 - std[70759c8f55707aa4]::panicking::default_hook
[INFO] [stdout]    5:     0x5737307271a0 - test[9d35eded1c95d3be]::test_main_inner::<test[9d35eded1c95d3be]::test_main_static::{closure#0}>::{closure#0}
[INFO] [stdout]    6:     0x57373078f0b2 - std[70759c8f55707aa4]::panicking::panic_with_hook
[INFO] [stdout]    7:     0x573730771282 - std[70759c8f55707aa4]::panicking::panic_handler::{closure#0}
[INFO] [stdout]    8:     0x573730769b29 - std[70759c8f55707aa4]::sys::backtrace::__rust_end_short_backtrace::<std[70759c8f55707aa4]::panicking::panic_handler::{closure#0}, !>
[INFO] [stdout]    9:     0x573730771f1d - __rustc[8fa7c3cbc660c2b3]::rust_begin_unwind
[INFO] [stdout]   10:     0x5737307af54c - core[df12db4294e9bfd3]::panicking::panic_fmt
[INFO] [stdout]   11:     0x5737307af322 - core[df12db4294e9bfd3]::result::unwrap_failed
[INFO] [stdout]   12:     0x57373069aa96 - mm1_address[bd62ebee604f7bfa]::pool::trie::tests::pool_03
[INFO] [stdout]   13:     0x5737306a6899 - <mm1_address[bd62ebee604f7bfa]::pool::trie::tests::pool_03::{closure#0} as core[df12db4294e9bfd3]::ops::function::FnOnce<()>>::call_once
[INFO] [stdout]   14:     0x57373071a48b - test[9d35eded1c95d3be]::__rust_begin_short_backtrace::<core[df12db4294e9bfd3]::result::Result<(), alloc[2182bb758b4b3781]::string::String>, fn() -> core[df12db4294e9bfd3]::result::Result<(), alloc[2182bb758b4b3781]::string::String>>
[INFO] [stdout]   15:     0x573730727af5 - test[9d35eded1c95d3be]::run_test::{closure#0}
[INFO] [stdout]   16:     0x5737307213b4 - std[70759c8f55707aa4]::sys::backtrace::__rust_begin_short_backtrace::<test[9d35eded1c95d3be]::run_test::{closure#1}, ()>
[INFO] [stdout]   17:     0x57373072ac52 - <std[70759c8f55707aa4]::thread::lifecycle::spawn_unchecked<test[9d35eded1c95d3be]::run_test::{closure#1}, ()>::{closure#1} as core[df12db4294e9bfd3]::ops::function::FnOnce<()>>::call_once::{shim:vtable#0}
[INFO] [stdout]   18:     0x573730796659 - <std[70759c8f55707aa4]::sys::thread::unix::Thread>::new::thread_start
[INFO] [stdout]   19:     0x77ef04b1fdfa - <unknown>
[INFO] [stdout]   20:     0x77ef04bb33d4 - clone
[INFO] [stdout]   21:                0x0 - <unknown>
[INFO] [stdout] 
[INFO] [stdout] ---- pool::trie::tests::pool_04 stdout ----
[INFO] [stdout] ━━━━━━━━━━━━━━━━━━━━━━━━━━━━━━━ Snapshot Summary ━━━━━━━━━━━━━━━━━━━━━━━━━━━━━━━
[INFO] [stdout] Snapshot file: src/pool/snapshots/mm1_address__pool__trie__tests__pool_04.snap
[INFO] [stdout] Snapshot: pool_04
[INFO] [stdout] Source: src/pool/trie.rs:427
[INFO] [stdout] ────────────────────────────────────────────────────────────────────────────────
[INFO] [stdout] Expression: ([a_61, a_62, a_63, a_64,], &pool)
[INFO] [stdout] ────────────────────────────────────────────────────────────────────────────────
[INFO] [stdout] +new results
[INFO] [stdout] ────────────┬───────────────────────────────────────────────────────────────────
[INFO] [stdout]           1 │+(
[INFO] [stdout]           2 │+    [
[INFO] [stdout]           3 │+        18446744073709551600,
[INFO] [stdout]           4 │+        18446744073709551608,
[INFO] [stdout]           5 │+        18446744073709551612,
[INFO] [stdout]           6 │+        18446744073709551614,
[INFO] [stdout]           7 │+    ],
[INFO] [stdout]           8 │+    Pool {
[INFO] [stdout]           9 │+        root: Some(
[INFO] [stdout]          10 │+            Node {
[INFO] [stdout]          11 │+                addr: "ffffffffffffffff (1111111111111111111111111111111111111111111111111111111111111111)",
[INFO] [stdout]          12 │+                mask: "ffffffffffffffff (1111111111111111111111111111111111111111111111111111111111111111)",
[INFO] [stdout]          13 │+                next: Leaf,
[INFO] [stdout]          14 │+            },
[INFO] [stdout]          15 │+        ),
[INFO] [stdout]          16 │+    },
[INFO] [stdout]          17 │+)
[INFO] [stdout] ────────────┴───────────────────────────────────────────────────────────────────
[INFO] [stdout] 
[INFO] [stdout] thread 'pool::trie::tests::pool_04' (802) panicked at src/pool/trie.rs:427:9:
[INFO] [stdout] called `Result::unwrap()` on an `Err` value: Os { code: 30, kind: ReadOnlyFilesystem, message: "Read-only file system" }
[INFO] [stdout] stack backtrace:
[INFO] [stdout]    0:     0x573730797631 - <<std[70759c8f55707aa4]::sys::backtrace::BacktraceLock>::print::DisplayBacktrace as core[df12db4294e9bfd3]::fmt::Display>::fmt
[INFO] [stdout]    1:     0x5737307aedea - core[df12db4294e9bfd3]::fmt::write
[INFO] [stdout]    2:     0x57373079c03c - <alloc[2182bb758b4b3781]::vec::Vec<u8> as core[df12db4294e9bfd3]::io::write::Write>::write_fmt
[INFO] [stdout]    3:     0x5737307711d6 - std[70759c8f55707aa4]::panicking::default_hook::{closure#0}
[INFO] [stdout]    4:     0x57373078eef9 - std[70759c8f55707aa4]::panicking::default_hook
[INFO] [stdout]    5:     0x5737307271a0 - test[9d35eded1c95d3be]::test_main_inner::<test[9d35eded1c95d3be]::test_main_static::{closure#0}>::{closure#0}
[INFO] [stdout]    6:     0x57373078f0b2 - std[70759c8f55707aa4]::panicking::panic_with_hook
[INFO] [stdout]    7:     0x573730771282 - std[70759c8f55707aa4]::panicking::panic_handler::{closure#0}
[INFO] [stdout]    8:     0x573730769b29 - std[70759c8f55707aa4]::sys::backtrace::__rust_end_short_backtrace::<std[70759c8f55707aa4]::panicking::panic_handler::{closure#0}, !>
[INFO] [stdout]    9:     0x573730771f1d - __rustc[8fa7c3cbc660c2b3]::rust_begin_unwind
[INFO] [stdout]   10:     0x5737307af54c - core[df12db4294e9bfd3]::panicking::panic_fmt
[INFO] [stdout]   11:     0x5737307af322 - core[df12db4294e9bfd3]::result::unwrap_failed
[INFO] [stdout]   12:     0x57373069ad80 - mm1_address[bd62ebee604f7bfa]::pool::trie::tests::pool_04
[INFO] [stdout]   13:     0x5737306a68b9 - <mm1_address[bd62ebee604f7bfa]::pool::trie::tests::pool_04::{closure#0} as core[df12db4294e9bfd3]::ops::function::FnOnce<()>>::call_once
[INFO] [stdout]   14:     0x57373071a48b - test[9d35eded1c95d3be]::__rust_begin_short_backtrace::<core[df12db4294e9bfd3]::result::Result<(), alloc[2182bb758b4b3781]::string::String>, fn() -> core[df12db4294e9bfd3]::result::Result<(), alloc[2182bb758b4b3781]::string::String>>
[INFO] [stdout]   15:     0x573730727af5 - test[9d35eded1c95d3be]::run_test::{closure#0}
[INFO] [stdout]   16:     0x5737307213b4 - std[70759c8f55707aa4]::sys::backtrace::__rust_begin_short_backtrace::<test[9d35eded1c95d3be]::run_test::{closure#1}, ()>
[INFO] [stdout]   17:     0x57373072ac52 - <std[70759c8f55707aa4]::thread::lifecycle::spawn_unchecked<test[9d35eded1c95d3be]::run_test::{closure#1}, ()>::{closure#1} as core[df12db4294e9bfd3]::ops::function::FnOnce<()>>::call_once::{shim:vtable#0}
[INFO] [stdout]   18:     0x573730796659 - <std[70759c8f55707aa4]::sys::thread::unix::Thread>::new::thread_start
[INFO] [stdout]   19:     0x77ef04b1fdfa - <unknown>
[INFO] [stdout]   20:     0x77ef04bb33d4 - clone
[INFO] [stdout]   21:                0x0 - <unknown>
[INFO] [stdout] 
[INFO] [stdout] ---- pool::trie::tests::pool_02 stdout ----
[INFO] [stdout] ━━━━━━━━━━━━━━━━━━━━━━━━━━━━━━━ Snapshot Summary ━━━━━━━━━━━━━━━━━━━━━━━━━━━━━━━
[INFO] [stdout] Snapshot file: src/pool/snapshots/mm1_address__pool__trie__tests__pool_02.snap
[INFO] [stdout] Snapshot: pool_02
[INFO] [stdout] Source: src/pool/trie.rs:408
[INFO] [stdout] ────────────────────────────────────────────────────────────────────────────────
[INFO] [stdout] Expression: &pool
[INFO] [stdout] ────────────────────────────────────────────────────────────────────────────────
[INFO] [stdout] +new results
[INFO] [stdout] ────────────┬───────────────────────────────────────────────────────────────────
[INFO] [stdout]           1 │+Pool {
[INFO] [stdout]           2 │+    root: Some(
[INFO] [stdout]           3 │+        Node {
[INFO] [stdout]           4 │+            addr: "ffffffffffffff00 (1111111111111111111111111111111111111111111111111111111100000000)",
[INFO] [stdout]           5 │+            mask: "ffffffffffffff00 (1111111111111111111111111111111111111111111111111111111100000000)",
[INFO] [stdout]           6 │+            next: Leaf,
[INFO] [stdout]           7 │+        },
[INFO] [stdout]           8 │+    ),
[INFO] [stdout]           9 │+}
[INFO] [stdout] ────────────┴───────────────────────────────────────────────────────────────────
[INFO] [stdout] 
[INFO] [stdout] thread 'pool::trie::tests::pool_02' (800) panicked at src/pool/trie.rs:408:9:
[INFO] [stdout] called `Result::unwrap()` on an `Err` value: Os { code: 30, kind: ReadOnlyFilesystem, message: "Read-only file system" }
[INFO] [stdout] stack backtrace:
[INFO] [stdout]    0:     0x573730797631 - <<std[70759c8f55707aa4]::sys::backtrace::BacktraceLock>::print::DisplayBacktrace as core[df12db4294e9bfd3]::fmt::Display>::fmt
[INFO] [stdout]    1:     0x5737307aedea - core[df12db4294e9bfd3]::fmt::write
[INFO] [stdout]    2:     0x57373079c03c - <alloc[2182bb758b4b3781]::vec::Vec<u8> as core[df12db4294e9bfd3]::io::write::Write>::write_fmt
[INFO] [stdout]    3:     0x5737307711d6 - std[70759c8f55707aa4]::panicking::default_hook::{closure#0}
[INFO] [stdout]    4:     0x57373078eef9 - std[70759c8f55707aa4]::panicking::default_hook
[INFO] [stdout]    5:     0x5737307271a0 - test[9d35eded1c95d3be]::test_main_inner::<test[9d35eded1c95d3be]::test_main_static::{closure#0}>::{closure#0}
[INFO] [stdout]    6:     0x57373078f0b2 - std[70759c8f55707aa4]::panicking::panic_with_hook
[INFO] [stdout]    7:     0x573730771282 - std[70759c8f55707aa4]::panicking::panic_handler::{closure#0}
[INFO] [stdout]    8:     0x573730769b29 - std[70759c8f55707aa4]::sys::backtrace::__rust_end_short_backtrace::<std[70759c8f55707aa4]::panicking::panic_handler::{closure#0}, !>
[INFO] [stdout]    9:     0x573730771f1d - __rustc[8fa7c3cbc660c2b3]::rust_begin_unwind
[INFO] [stdout]   10:     0x5737307af54c - core[df12db4294e9bfd3]::panicking::panic_fmt
[INFO] [stdout]   11:     0x5737307af322 - core[df12db4294e9bfd3]::result::unwrap_failed
[INFO] [stdout]   12:     0x57373069a854 - mm1_address[bd62ebee604f7bfa]::pool::trie::tests::pool_02
[INFO] [stdout]   13:     0x5737306a6879 - <mm1_address[bd62ebee604f7bfa]::pool::trie::tests::pool_02::{closure#0} as core[df12db4294e9bfd3]::ops::function::FnOnce<()>>::call_once
[INFO] [stdout]   14:     0x57373071a48b - test[9d35eded1c95d3be]::__rust_begin_short_backtrace::<core[df12db4294e9bfd3]::result::Result<(), alloc[2182bb758b4b3781]::string::String>, fn() -> core[df12db4294e9bfd3]::result::Result<(), alloc[2182bb758b4b3781]::string::String>>
[INFO] [stdout]   15:     0x573730727af5 - test[9d35eded1c95d3be]::run_test::{closure#0}
[INFO] [stdout]   16:     0x5737307213b4 - std[70759c8f55707aa4]::sys::backtrace::__rust_begin_short_backtrace::<test[9d35eded1c95d3be]::run_test::{closure#1}, ()>
[INFO] [stdout]   17:     0x57373072ac52 - <std[70759c8f55707aa4]::thread::lifecycle::spawn_unchecked<test[9d35eded1c95d3be]::run_test::{closure#1}, ()>::{closure#1} as core[df12db4294e9bfd3]::ops::function::FnOnce<()>>::call_once::{shim:vtable#0}
[INFO] [stdout]   18:     0x573730796659 - <std[70759c8f55707aa4]::sys::thread::unix::Thread>::new::thread_start
[INFO] [stdout]   19:     0x77ef04b1fdfa - <unknown>
[INFO] [stdout]   20:     0x77ef04bb33d4 - clone
[INFO] [stdout]   21:                0x0 - <unknown>
[INFO] [stdout] 
[INFO] [stdout] ---- pool::trie::tests::pool_05 stdout ----
[INFO] [stdout] ━━━━━━━━━━━━━━━━━━━━━━━━━━━━━━━ Snapshot Summary ━━━━━━━━━━━━━━━━━━━━━━━━━━━━━━━
[INFO] [stdout] Snapshot file: src/pool/snapshots/mm1_address__pool__trie__tests__pool_05.snap
[INFO] [stdout] Snapshot: pool_05
[INFO] [stdout] Source: src/pool/trie.rs:435
[INFO] [stdout] ────────────────────────────────────────────────────────────────────────────────
[INFO] [stdout] Expression: (a_64, &pool)
[INFO] [stdout] ────────────────────────────────────────────────────────────────────────────────
[INFO] [stdout] +new results
[INFO] [stdout] ────────────┬───────────────────────────────────────────────────────────────────
[INFO] [stdout]           1 │+(
[INFO] [stdout]           2 │+    18446744073709551615,
[INFO] [stdout]           3 │+    Pool {
[INFO] [stdout]           4 │+        root: None,
[INFO] [stdout]           5 │+    },
[INFO] [stdout]           6 │+)
[INFO] [stdout] ────────────┴───────────────────────────────────────────────────────────────────
[INFO] [stdout] 
[INFO] [stdout] thread 'pool::trie::tests::pool_05' (803) panicked at src/pool/trie.rs:435:9:
[INFO] [stdout] called `Result::unwrap()` on an `Err` value: Os { code: 30, kind: ReadOnlyFilesystem, message: "Read-only file system" }
[INFO] [stdout] stack backtrace:
[INFO] [stdout]    0:     0x573730797631 - <<std[70759c8f55707aa4]::sys::backtrace::BacktraceLock>::print::DisplayBacktrace as core[df12db4294e9bfd3]::fmt::Display>::fmt
[INFO] [stdout]    1:     0x5737307aedea - core[df12db4294e9bfd3]::fmt::write
[INFO] [stdout]    2:     0x57373079c03c - <alloc[2182bb758b4b3781]::vec::Vec<u8> as core[df12db4294e9bfd3]::io::write::Write>::write_fmt
[INFO] [stdout]    3:     0x5737307711d6 - std[70759c8f55707aa4]::panicking::default_hook::{closure#0}
[INFO] [stdout]    4:     0x57373078eef9 - std[70759c8f55707aa4]::panicking::default_hook
[INFO] [stdout]    5:     0x5737307271a0 - test[9d35eded1c95d3be]::test_main_inner::<test[9d35eded1c95d3be]::test_main_static::{closure#0}>::{closure#0}
[INFO] [stdout]    6:     0x57373078f0b2 - std[70759c8f55707aa4]::panicking::panic_with_hook
[INFO] [stdout]    7:     0x573730771282 - std[70759c8f55707aa4]::panicking::panic_handler::{closure#0}
[INFO] [stdout]    8:     0x573730769b29 - std[70759c8f55707aa4]::sys::backtrace::__rust_end_short_backtrace::<std[70759c8f55707aa4]::panicking::panic_handler::{closure#0}, !>
[INFO] [stdout]    9:     0x573730771f1d - __rustc[8fa7c3cbc660c2b3]::rust_begin_unwind
[INFO] [stdout]   10:     0x5737307af54c - core[df12db4294e9bfd3]::panicking::panic_fmt
[INFO] [stdout]   11:     0x5737307af322 - core[df12db4294e9bfd3]::result::unwrap_failed
[INFO] [stdout]   12:     0x57373069afc6 - mm1_address[bd62ebee604f7bfa]::pool::trie::tests::pool_05
[INFO] [stdout]   13:     0x5737306a68d9 - <mm1_address[bd62ebee604f7bfa]::pool::trie::tests::pool_05::{closure#0} as core[df12db4294e9bfd3]::ops::function::FnOnce<()>>::call_once
[INFO] [stdout]   14:     0x57373071a48b - test[9d35eded1c95d3be]::__rust_begin_short_backtrace::<core[df12db4294e9bfd3]::result::Result<(), alloc[2182bb758b4b3781]::string::String>, fn() -> core[df12db4294e9bfd3]::result::Result<(), alloc[2182bb758b4b3781]::string::String>>
[INFO] [stdout]   15:     0x573730727af5 - test[9d35eded1c95d3be]::run_test::{closure#0}
[INFO] [stdout]   16:     0x5737307213b4 - std[70759c8f55707aa4]::sys::backtrace::__rust_begin_short_backtrace::<test[9d35eded1c95d3be]::run_test::{closure#1}, ()>
[INFO] [stdout]   17:     0x57373072ac52 - <std[70759c8f55707aa4]::thread::lifecycle::spawn_unchecked<test[9d35eded1c95d3be]::run_test::{closure#1}, ()>::{closure#1} as core[df12db4294e9bfd3]::ops::function::FnOnce<()>>::call_once::{shim:vtable#0}
[INFO] [stdout]   18:     0x573730796659 - <std[70759c8f55707aa4]::sys::thread::unix::Thread>::new::thread_start
[INFO] [stdout]   19:     0x77ef04b1fdfa - <unknown>
[INFO] [stdout]   20:     0x77ef04bb33d4 - clone
[INFO] [stdout]   21:                0x0 - <unknown>
[INFO] [stdout] 
[INFO] [stdout] ---- pool::trie::tests::pool_01 stdout ----
[INFO] [stdout] ━━━━━━━━━━━━━━━━━━━━━━━━━━━━━━━ Snapshot Summary ━━━━━━━━━━━━━━━━━━━━━━━━━━━━━━━
[INFO] [stdout] Snapshot file: src/pool/snapshots/mm1_address__pool__trie__tests__pool_01.snap
[INFO] [stdout] Snapshot: pool_01
[INFO] [stdout] Source: src/pool/trie.rs:400
[INFO] [stdout] ────────────────────────────────────────────────────────────────────────────────
[INFO] [stdout] Expression: &pool
[INFO] [stdout] ────────────────────────────────────────────────────────────────────────────────
[INFO] [stdout] +new results
[INFO] [stdout] ────────────┬───────────────────────────────────────────────────────────────────
[INFO] [stdout]           1 │+Pool {
[INFO] [stdout]           2 │+    root: Some(
[INFO] [stdout]           3 │+        Node {
[INFO] [stdout]           4 │+            addr: "fffffffffffffffe (1111111111111111111111111111111111111111111111111111111111111110)",
[INFO] [stdout]           5 │+            mask: "fffffffffffffffe (1111111111111111111111111111111111111111111111111111111111111110)",
[INFO] [stdout]           6 │+            next: Leaf,
[INFO] [stdout]           7 │+        },
[INFO] [stdout]           8 │+    ),
[INFO] [stdout]           9 │+}
[INFO] [stdout] ────────────┴───────────────────────────────────────────────────────────────────
[INFO] [stdout] 
[INFO] [stdout] thread 'pool::trie::tests::pool_01' (799) panicked at src/pool/trie.rs:400:9:
[INFO] [stdout] called `Result::unwrap()` on an `Err` value: Os { code: 30, kind: ReadOnlyFilesystem, message: "Read-only file system" }
[INFO] [stdout] stack backtrace:
[INFO] [stdout]    0:     0x573730797631 - <<std[70759c8f55707aa4]::sys::backtrace::BacktraceLock>::print::DisplayBacktrace as core[df12db4294e9bfd3]::fmt::Display>::fmt
[INFO] [stdout]    1:     0x5737307aedea - core[df12db4294e9bfd3]::fmt::write
[INFO] [stdout]    2:     0x57373079c03c - <alloc[2182bb758b4b3781]::vec::Vec<u8> as core[df12db4294e9bfd3]::io::write::Write>::write_fmt
[INFO] [stdout]    3:     0x5737307711d6 - std[70759c8f55707aa4]::panicking::default_hook::{closure#0}
[INFO] [stdout]    4:     0x57373078eef9 - std[70759c8f55707aa4]::panicking::default_hook
[INFO] [stdout]    5:     0x5737307271a0 - test[9d35eded1c95d3be]::test_main_inner::<test[9d35eded1c95d3be]::test_main_static::{closure#0}>::{closure#0}
[INFO] [stdout]    6:     0x57373078f0b2 - std[70759c8f55707aa4]::panicking::panic_with_hook
[INFO] [stdout]    7:     0x573730771282 - std[70759c8f55707aa4]::panicking::panic_handler::{closure#0}
[INFO] [stdout]    8:     0x573730769b29 - std[70759c8f55707aa4]::sys::backtrace::__rust_end_short_backtrace::<std[70759c8f55707aa4]::panicking::panic_handler::{closure#0}, !>
[INFO] [stdout]    9:     0x573730771f1d - __rustc[8fa7c3cbc660c2b3]::rust_begin_unwind
[INFO] [stdout]   10:     0x5737307af54c - core[df12db4294e9bfd3]::panicking::panic_fmt
[INFO] [stdout]   11:     0x5737307af322 - core[df12db4294e9bfd3]::result::unwrap_failed
[INFO] [stdout]   12:     0x57373069a61f - mm1_address[bd62ebee604f7bfa]::pool::trie::tests::pool_01
[INFO] [stdout]   13:     0x5737306a6859 - <mm1_address[bd62ebee604f7bfa]::pool::trie::tests::pool_01::{closure#0} as core[df12db4294e9bfd3]::ops::function::FnOnce<()>>::call_once
[INFO] [stdout]   14:     0x57373071a48b - test[9d35eded1c95d3be]::__rust_begin_short_backtrace::<core[df12db4294e9bfd3]::result::Result<(), alloc[2182bb758b4b3781]::string::String>, fn() -> core[df12db4294e9bfd3]::result::Result<(), alloc[2182bb758b4b3781]::string::String>>
[INFO] [stdout]   15:     0x573730727af5 - test[9d35eded1c95d3be]::run_test::{closure#0}
[INFO] [stdout]   16:     0x5737307213b4 - std[70759c8f55707aa4]::sys::backtrace::__rust_begin_short_backtrace::<test[9d35eded1c95d3be]::run_test::{closure#1}, ()>
[INFO] [stdout]   17:     0x57373072ac52 - <std[70759c8f55707aa4]::thread::lifecycle::spawn_unchecked<test[9d35eded1c95d3be]::run_test::{closure#1}, ()>::{closure#1} as core[df12db4294e9bfd3]::ops::function::FnOnce<()>>::call_once::{shim:vtable#0}
[INFO] [stdout]   18:     0x573730796659 - <std[70759c8f55707aa4]::sys::thread::unix::Thread>::new::thread_start
[INFO] [stdout]   19:     0x77ef04b1fdfa - <unknown>
[INFO] [stdout]   20:     0x77ef04bb33d4 - clone
[INFO] [stdout]   21:                0x0 - <unknown>
[INFO] [stdout] 
[INFO] [stdout] ---- pool::trie::tests::pool_06 stdout ----
[INFO] [stdout] - fffffffffffffff0
[INFO] [stdout] - fffffffffffffff1
[INFO] [stdout] - fffffffffffffff2
[INFO] [stdout] - fffffffffffffff3
[INFO] [stdout] - fffffffffffffff4
[INFO] [stdout] - fffffffffffffff5
[INFO] [stdout] - fffffffffffffff6
[INFO] [stdout] - fffffffffffffff7
[INFO] [stdout] - fffffffffffffff8
[INFO] [stdout] - fffffffffffffff9
[INFO] [stdout] - fffffffffffffffa
[INFO] [stdout] - fffffffffffffffb
[INFO] [stdout] - fffffffffffffffc
[INFO] [stdout] - fffffffffffffffd
[INFO] [stdout] - fffffffffffffffe
[INFO] [stdout] - ffffffffffffffff
[INFO] [stdout] ━━━━━━━━━━━━━━━━━━━━━━━━━━━━━━━ Snapshot Summary ━━━━━━━━━━━━━━━━━━━━━━━━━━━━━━━
[INFO] [stdout] Snapshot file: src/pool/snapshots/mm1_address__pool__trie__tests__pool_06.snap
[INFO] [stdout] Snapshot: pool_06
[INFO] [stdout] Source: src/pool/trie.rs:452
[INFO] [stdout] ────────────────────────────────────────────────────────────────────────────────
[INFO] [stdout] Expression: &pool
[INFO] [stdout] ────────────────────────────────────────────────────────────────────────────────
[INFO] [stdout] +new results
[INFO] [stdout] ────────────┬───────────────────────────────────────────────────────────────────
[INFO] [stdout]           1 │+Pool {
[INFO] [stdout]           2 │+    root: Some(
[INFO] [stdout]           3 │+        Node {
[INFO] [stdout]           4 │+            addr: "fffffffffffffff0 (1111111111111111111111111111111111111111111111111111111111110000)",
[INFO] [stdout]           5 │+            mask: "fffffffffffffff0 (1111111111111111111111111111111111111111111111111111111111110000)",
[INFO] [stdout]           6 │+            next: Leaf,
[INFO] [stdout]           7 │+        },
[INFO] [stdout]           8 │+    ),
[INFO] [stdout]           9 │+}
[INFO] [stdout] ────────────┴───────────────────────────────────────────────────────────────────
[INFO] [stdout] 
[INFO] [stdout] thread 'pool::trie::tests::pool_06' (804) panicked at src/pool/trie.rs:452:9:
[INFO] [stdout] called `Result::unwrap()` on an `Err` value: Os { code: 30, kind: ReadOnlyFilesystem, message: "Read-only file system" }
[INFO] [stdout] stack backtrace:
[INFO] [stdout]    0:     0x573730797631 - <<std[70759c8f55707aa4]::sys::backtrace::BacktraceLock>::print::DisplayBacktrace as core[df12db4294e9bfd3]::fmt::Display>::fmt
[INFO] [stdout]    1:     0x5737307aedea - core[df12db4294e9bfd3]::fmt::write
[INFO] [stdout]    2:     0x57373079c03c - <alloc[2182bb758b4b3781]::vec::Vec<u8> as core[df12db4294e9bfd3]::io::write::Write>::write_fmt
[INFO] [stdout]    3:     0x5737307711d6 - std[70759c8f55707aa4]::panicking::default_hook::{closure#0}
[INFO] [stdout]    4:     0x57373078eef9 - std[70759c8f55707aa4]::panicking::default_hook
[INFO] [stdout]    5:     0x5737307271a0 - test[9d35eded1c95d3be]::test_main_inner::<test[9d35eded1c95d3be]::test_main_static::{closure#0}>::{closure#0}
[INFO] [stdout]    6:     0x57373078f0b2 - std[70759c8f55707aa4]::panicking::panic_with_hook
[INFO] [stdout]    7:     0x573730771282 - std[70759c8f55707aa4]::panicking::panic_handler::{closure#0}
[INFO] [stdout]    8:     0x573730769b29 - std[70759c8f55707aa4]::sys::backtrace::__rust_end_short_backtrace::<std[70759c8f55707aa4]::panicking::panic_handler::{closure#0}, !>
[INFO] [stdout]    9:     0x573730771f1d - __rustc[8fa7c3cbc660c2b3]::rust_begin_unwind
[INFO] [stdout]   10:     0x5737307af54c - core[df12db4294e9bfd3]::panicking::panic_fmt
[INFO] [stdout]   11:     0x5737307af322 - core[df12db4294e9bfd3]::result::unwrap_failed
[INFO] [stdout]   12:     0x57373069b462 - mm1_address[bd62ebee604f7bfa]::pool::trie::tests::pool_06
[INFO] [stdout]   13:     0x5737306a68f9 - <mm1_address[bd62ebee604f7bfa]::pool::trie::tests::pool_06::{closure#0} as core[df12db4294e9bfd3]::ops::function::FnOnce<()>>::call_once
[INFO] [stdout]   14:     0x57373071a48b - test[9d35eded1c95d3be]::__rust_begin_short_backtrace::<core[df12db4294e9bfd3]::result::Result<(), alloc[2182bb758b4b3781]::string::String>, fn() -> core[df12db4294e9bfd3]::result::Result<(), alloc[2182bb758b4b3781]::string::String>>
[INFO] [stdout]   15:     0x573730727af5 - test[9d35eded1c95d3be]::run_test::{closure#0}
[INFO] [stdout]   16:     0x5737307213b4 - std[70759c8f55707aa4]::sys::backtrace::__rust_begin_short_backtrace::<test[9d35eded1c95d3be]::run_test::{closure#1}, ()>
[INFO] [stdout]   17:     0x57373072ac52 - <std[70759c8f55707aa4]::thread::lifecycle::spawn_unchecked<test[9d35eded1c95d3be]::run_test::{closure#1}, ()>::{closure#1} as core[df12db4294e9bfd3]::ops::function::FnOnce<()>>::call_once::{shim:vtable#0}
[INFO] [stdout]   18:     0x573730796659 - <std[70759c8f55707aa4]::sys::thread::unix::Thread>::new::thread_start
[INFO] [stdout]   19:     0x77ef04b1fdfa - <unknown>
[INFO] [stdout]   20:     0x77ef04bb33d4 - clone
[INFO] [stdout]   21:                0x0 - <unknown>
[INFO] [stdout] 
[INFO] [stdout] ---- pool::trie::tests::pool_07 stdout ----
[INFO] [stdout] - fffffffffffffff0
[INFO] [stdout] - fffffffffffffff1
[INFO] [stdout] - fffffffffffffff2
[INFO] [stdout] - fffffffffffffff3
[INFO] [stdout] - fffffffffffffff4
[INFO] [stdout] - fffffffffffffff5
[INFO] [stdout] - fffffffffffffff6
[INFO] [stdout] - fffffffffffffff7
[INFO] [stdout] - fffffffffffffff8
[INFO] [stdout] - fffffffffffffff9
[INFO] [stdout] - fffffffffffffffa
[INFO] [stdout] - fffffffffffffffb
[INFO] [stdout] - fffffffffffffffc
[INFO] [stdout] - fffffffffffffffd
[INFO] [stdout] - fffffffffffffffe
[INFO] [stdout] - ffffffffffffffff
[INFO] [stdout] [
[INFO] [stdout]     18446744073709551600,
[INFO] [stdout]     18446744073709551608,
[INFO] [stdout]     18446744073709551604,
[INFO] [stdout]     18446744073709551612,
[INFO] [stdout]     18446744073709551602,
[INFO] [stdout]     18446744073709551610,
[INFO] [stdout]     18446744073709551606,
[INFO] [stdout]     18446744073709551614,
[INFO] [stdout]     18446744073709551601,
[INFO] [stdout]     18446744073709551609,
[INFO] [stdout]     18446744073709551605,
[INFO] [stdout]     18446744073709551613,
[INFO] [stdout]     18446744073709551603,
[INFO] [stdout]     18446744073709551611,
[INFO] [stdout]     18446744073709551607,
[INFO] [stdout]     18446744073709551615,
[INFO] [stdout] ]
[INFO] [stdout] ━━━━━━━━━━━━━━━━━━━━━━━━━━━━━━━ Snapshot Summary ━━━━━━━━━━━━━━━━━━━━━━━━━━━━━━━
[INFO] [stdout] Snapshot file: src/pool/snapshots/mm1_address__pool__trie__tests__pool_07.snap
[INFO] [stdout] Snapshot: pool_07
[INFO] [stdout] Source: src/pool/trie.rs:471
[INFO] [stdout] ────────────────────────────────────────────────────────────────────────────────
[INFO] [stdout] Expression: &pool
[INFO] [stdout] ────────────────────────────────────────────────────────────────────────────────
[INFO] [stdout] +new results
[INFO] [stdout] ────────────┬───────────────────────────────────────────────────────────────────
[INFO] [stdout]           1 │+Pool {
[INFO] [stdout]           2 │+    root: Some(
[INFO] [stdout]           3 │+        Node {
[INFO] [stdout]           4 │+            addr: "fffffffffffffff0 (1111111111111111111111111111111111111111111111111111111111110000)",
[INFO] [stdout]           5 │+            mask: "fffffffffffffff0 (1111111111111111111111111111111111111111111111111111111111110000)",
[INFO] [stdout]           6 │+            next: Leaf,
[INFO] [stdout]           7 │+        },
[INFO] [stdout]           8 │+    ),
[INFO] [stdout]           9 │+}
[INFO] [stdout] ────────────┴───────────────────────────────────────────────────────────────────
[INFO] [stdout] 
[INFO] [stdout] thread 'pool::trie::tests::pool_07' (924) panicked at src/pool/trie.rs:471:9:
[INFO] [stdout] called `Result::unwrap()` on an `Err` value: Os { code: 30, kind: ReadOnlyFilesystem, message: "Read-only file system" }
[INFO] [stdout] stack backtrace:
[INFO] [stdout]    0:     0x573730797631 - <<std[70759c8f55707aa4]::sys::backtrace::BacktraceLock>::print::DisplayBacktrace as core[df12db4294e9bfd3]::fmt::Display>::fmt
[INFO] [stdout]    1:     0x5737307aedea - core[df12db4294e9bfd3]::fmt::write
[INFO] [stdout]    2:     0x57373079c03c - <alloc[2182bb758b4b3781]::vec::Vec<u8> as core[df12db4294e9bfd3]::io::write::Write>::write_fmt
[INFO] [stdout]    3:     0x5737307711d6 - std[70759c8f55707aa4]::panicking::default_hook::{closure#0}
[INFO] [stdout]    4:     0x57373078eef9 - std[70759c8f55707aa4]::panicking::default_hook
[INFO] [stdout]    5:     0x5737307271a0 - test[9d35eded1c95d3be]::test_main_inner::<test[9d35eded1c95d3be]::test_main_static::{closure#0}>::{closure#0}
[INFO] [stdout]    6:     0x57373078f0b2 - std[70759c8f55707aa4]::panicking::panic_with_hook
[INFO] [stdout]    7:     0x573730771282 - std[70759c8f55707aa4]::panicking::panic_handler::{closure#0}
[INFO] [stdout]    8:     0x573730769b29 - std[70759c8f55707aa4]::sys::backtrace::__rust_end_short_backtrace::<std[70759c8f55707aa4]::panicking::panic_handler::{closure#0}, !>
[INFO] [stdout]    9:     0x573730771f1d - __rustc[8fa7c3cbc660c2b3]::rust_begin_unwind
[INFO] [stdout]   10:     0x5737307af54c - core[df12db4294e9bfd3]::panicking::panic_fmt
[INFO] [stdout]   11:     0x5737307af322 - core[df12db4294e9bfd3]::result::unwrap_failed
[INFO] [stdout]   12:     0x57373069ba09 - mm1_address[bd62ebee604f7bfa]::pool::trie::tests::pool_07
[INFO] [stdout]   13:     0x5737306a6919 - <mm1_address[bd62ebee604f7bfa]::pool::trie::tests::pool_07::{closure#0} as core[df12db4294e9bfd3]::ops::function::FnOnce<()>>::call_once
[INFO] [stdout]   14:     0x57373071a48b - test[9d35eded1c95d3be]::__rust_begin_short_backtrace::<core[df12db4294e9bfd3]::result::Result<(), alloc[2182bb758b4b3781]::string::String>, fn() -> core[df12db4294e9bfd3]::result::Result<(), alloc[2182bb758b4b3781]::string::String>>
[INFO] [stdout]   15:     0x573730727af5 - test[9d35eded1c95d3be]::run_test::{closure#0}
[INFO] [stdout]   16:     0x5737307213b4 - std[70759c8f55707aa4]::sys::backtrace::__rust_begin_short_backtrace::<test[9d35eded1c95d3be]::run_test::{closure#1}, ()>
[INFO] [stdout]   17:     0x57373072ac52 - <std[70759c8f55707aa4]::thread::lifecycle::spawn_unchecked<test[9d35eded1c95d3be]::run_test::{closure#1}, ()>::{closure#1} as core[df12db4294e9bfd3]::ops::function::FnOnce<()>>::call_once::{shim:vtable#0}
[INFO] [stdout]   18:     0x573730796659 - <std[70759c8f55707aa4]::sys::thread::unix::Thread>::new::thread_start
[INFO] [stdout]   19:     0x77ef04b1fdfa - <unknown>
[INFO] [stdout]   20:     0x77ef04bb33d4 - clone
[INFO] [stdout]   21:                0x0 - <unknown>
[INFO] [stdout] 
[INFO] [stdout] 
[INFO] [stdout] failures:
[INFO] [stdout]     pool::trie::tests::pool_01
[INFO] [stdout]     pool::trie::tests::pool_02
[INFO] [stdout]     pool::trie::tests::pool_03
[INFO] [stdout]     pool::trie::tests::pool_04
[INFO] [stdout]     pool::trie::tests::pool_05
[INFO] [stdout]     pool::trie::tests::pool_06
[INFO] [stdout]     pool::trie::tests::pool_07
[INFO] [stdout] 
[INFO] [stdout] test result: FAILED. 15 passed; 7 failed; 0 ignored; 0 measured; 0 filtered out; finished in 0.99s
[INFO] [stdout] 
[INFO] running `Command { std: "docker" "inspect" "6defc696c37fcbffc05d2c3e47a41164c7b2a95842eafe9dd2084c7f5e5354e0", kill_on_drop: false }`
[INFO] running `Command { std: "docker" "rm" "-f" "6defc696c37fcbffc05d2c3e47a41164c7b2a95842eafe9dd2084c7f5e5354e0", kill_on_drop: false }`
[INFO] [stdout] 6defc696c37fcbffc05d2c3e47a41164c7b2a95842eafe9dd2084c7f5e5354e0
