[INFO] fetching crate mlua-pulse 0.1.0...
[INFO] testing mlua-pulse-0.1.0 against 1.99.0-beta.8+cargoflags=--release for beta-release-1.100-2
[INFO] extracting crate mlua-pulse 0.1.0 into /workspace/builds/worker-4-tc1/source
[INFO] started tweaking crates.io crate mlua-pulse 0.1.0
[INFO] removed 0 missing examples
[INFO] removed 0 missing tests
[INFO] finished tweaking crates.io crate mlua-pulse 0.1.0
[INFO] tweaked toml for crates.io crate mlua-pulse 0.1.0 written to /workspace/builds/worker-4-tc1/source/Cargo.toml
[INFO] validating manifest of crates.io crate mlua-pulse 0.1.0 on toolchain 1.99.0-beta.8
[INFO] running `Command { std: CARGO_HOME="/workspace/cargo-home" RUSTUP_HOME="/workspace/rustup-home" "/workspace/cargo-home/bin/cargo" "+1.99.0-beta.8" "metadata" "--manifest-path" "Cargo.toml" "--no-deps", kill_on_drop: false }`
[INFO] crate crates.io crate mlua-pulse 0.1.0 already has a lockfile, it will not be regenerated
[INFO] running `Command { std: CARGO_HOME="/workspace/cargo-home" RUSTUP_HOME="/workspace/rustup-home" "/workspace/cargo-home/bin/cargo" "+1.99.0-beta.8" "fetch" "--manifest-path" "Cargo.toml", kill_on_drop: false }`
[INFO] [stderr]     Updating crates.io index
[INFO] [stderr]  Downloading crates ...
[INFO] [stderr]   Downloaded wgpu-types v23.0.0
[INFO] [stderr]   Downloaded symphonia-codec-adpcm v0.5.5
[INFO] [stderr]   Downloaded symphonia-codec-pcm v0.5.5
[INFO] [stderr]   Downloaded extended v0.1.0
[INFO] [stderr]   Downloaded symphonia v0.5.5
[INFO] [stderr]   Downloaded symphonia-utils-xiph v0.5.5
[INFO] [stderr]   Downloaded gpu-alloc-types v0.3.1
[INFO] [stderr]   Downloaded pollster v0.3.0
[INFO] [stderr]   Downloaded symphonia-format-riff v0.5.5
[INFO] [stderr]   Downloaded symphonia-codec-vorbis v0.5.5
[INFO] [stderr]   Downloaded symphonia-codec-aac v0.5.5
[INFO] [stderr]   Downloaded gpu-alloc v0.6.2
[INFO] [stderr]   Downloaded symphonia-metadata v0.5.5
[INFO] [stderr]   Downloaded symphonia-bundle-flac v0.5.5
[INFO] [stderr]   Downloaded symphonia-format-mkv v0.5.5
[INFO] [stderr]   Downloaded symphonia-format-ogg v0.5.5
[INFO] [stderr]   Downloaded symphonia-format-isomp4 v0.5.5
[INFO] [stderr]   Downloaded crc-catalog v2.5.0
[INFO] [stderr]   Downloaded ringbuf v0.4.8
[INFO] [stderr]   Downloaded symphonia-bundle-mp3 v0.5.5
[INFO] [stderr]   Downloaded coreaudio-sys v0.2.18
[INFO] [stderr]   Downloaded mlua_derive v0.11.0
[INFO] [stderr]   Downloaded symphonia-core v0.5.5
[INFO] [stderr]   Downloaded mlua-sys v0.10.0
[INFO] [stderr]   Downloaded which v8.0.4
[INFO] [stderr]   Downloaded wgpu v23.0.1
[INFO] [stderr]   Downloaded wgpu-core v23.0.1
[INFO] [stderr]   Downloaded flacenc v0.5.1
[INFO] [stderr]   Downloaded wgpu-hal v23.0.1
[INFO] [stderr]   Downloaded mlua v0.11.6
[INFO] [stderr]   Downloaded naga v23.1.0
[INFO] [stderr]   Downloaded luau0-src v0.18.3+luau709
[INFO] [stderr]   Downloaded tunes v1.1.0
[INFO] [stderr]   Downloaded lua-src v550.0.0
[INFO] [stderr]   Downloaded luajit-src v210.6.6+707c12b
[INFO] running `Command { std: "docker" "create" "-v" "/var/lib/crater-agent-workspace/builds/worker-4-tc1/source:/opt/rustwide/workdir:ro,Z" "-v" "/var/lib/crater-agent-workspace/builds/worker-4-tc1/target:/opt/rustwide/target:rw,Z" "-v" "/var/lib/crater-agent-workspace/cargo-home:/opt/rustwide/cargo-home:ro,Z" "-v" "/var/lib/crater-agent-workspace/rustup-home:/opt/rustwide/rustup-home:ro,Z" "-m" "1610612736" "--network" "none" "ghcr.io/rust-lang/crates-build-env/linux@sha256:77db811e55d90add9212f6832c23229e3de5f1c1f9905e8cb07319ea15df73ac" "sleep" "infinity", kill_on_drop: false }`
[INFO] [stdout] f14aeb2ae6307ae443153294882fe40ea5570fe0451cc3b3bcd33410a2839152
[INFO] running `Command { std: "docker" "start" "f14aeb2ae6307ae443153294882fe40ea5570fe0451cc3b3bcd33410a2839152", kill_on_drop: false }`
[INFO] running `Command { std: "docker" "inspect" "f14aeb2ae6307ae443153294882fe40ea5570fe0451cc3b3bcd33410a2839152", kill_on_drop: false }`
[INFO] running `Command { std: "docker" "exec" "-e" "SOURCE_DIR=/opt/rustwide/workdir" "-e" "CARGO_HOME=/opt/rustwide/cargo-home" "-e" "RUSTUP_HOME=/opt/rustwide/rustup-home" "-e" "CARGO_TARGET_DIR=/opt/rustwide/target" "-w" "/opt/rustwide/workdir" "--user" "0:0" "f14aeb2ae6307ae443153294882fe40ea5570fe0451cc3b3bcd33410a2839152" "/opt/rustwide/cargo-home/bin/cargo" "+1.99.0-beta.8" "metadata" "--no-deps" "--format-version=1", kill_on_drop: false }`
[INFO] running `Command { std: "docker" "inspect" "f14aeb2ae6307ae443153294882fe40ea5570fe0451cc3b3bcd33410a2839152", kill_on_drop: false }`
[INFO] running `Command { std: "docker" "exec" "-e" "SOURCE_DIR=/opt/rustwide/workdir" "-e" "CARGO_HOME=/opt/rustwide/cargo-home" "-e" "RUSTUP_HOME=/opt/rustwide/rustup-home" "-e" "CARGO_TARGET_DIR=/opt/rustwide/target" "-e" "CARGO_INCREMENTAL=0" "-e" "RUST_BACKTRACE=full" "-e" "RUSTFLAGS=--cap-lints=warn" "-e" "RUSTDOCFLAGS=--cap-lints=warn" "-w" "/opt/rustwide/workdir" "--user" "0:0" "f14aeb2ae6307ae443153294882fe40ea5570fe0451cc3b3bcd33410a2839152" "/opt/rustwide/cargo-home/bin/cargo" "+1.99.0-beta.8" "build" "--frozen" "--message-format=json" "--release", kill_on_drop: false }`
[INFO] [stderr]    Compiling bytemuck v1.25.0
[INFO] [stderr]    Compiling arrayvec v0.7.7
[INFO] [stderr]    Compiling syn v2.0.118
[INFO] [stderr]    Compiling cc v1.2.65
[INFO] [stderr]    Compiling which v8.0.4
[INFO] [stderr]    Compiling getrandom v0.3.4
[INFO] [stderr]    Compiling alsa-sys v0.3.1
[INFO] [stderr]    Compiling parking_lot_core v0.9.12
[INFO] [stderr]    Compiling crypto-common v0.1.7
[INFO] [stderr]    Compiling num-integer v0.1.46
[INFO] [stderr]    Compiling heapless v0.8.0
[INFO] [stderr]    Compiling either v1.16.0
[INFO] [stderr]    Compiling flacenc v0.5.1
[INFO] [stderr]    Compiling rand_core v0.9.5
[INFO] [stderr]    Compiling symphonia-core v0.5.5
[INFO] [stderr]    Compiling digest v0.10.7
[INFO] [stderr]    Compiling rayon-core v1.13.0
[INFO] [stderr]    Compiling inotify-sys v0.1.5
[INFO] [stderr]    Compiling crc-catalog v2.5.0
[INFO] [stderr]    Compiling cpal v0.15.3
[INFO] [stderr]    Compiling extended v0.1.0
[INFO] [stderr]    Compiling transpose v0.2.3
[INFO] [stderr]    Compiling alsa v0.9.1
[INFO] [stderr]    Compiling crc v3.4.0
[INFO] [stderr]    Compiling inotify v0.9.6
[INFO] [stderr]    Compiling rand_chacha v0.9.0
[INFO] [stderr]    Compiling md-5 v0.10.6
[INFO] [stderr]    Compiling lua-src v550.0.0
[INFO] [stderr]    Compiling luajit-src v210.6.6+707c12b
[INFO] [stderr]    Compiling rayon v1.12.0
[INFO] [stderr]    Compiling primal-check v0.3.4
[INFO] [stderr]    Compiling safe_arch v0.7.4
[INFO] [stderr]    Compiling num-complex v0.4.6
[INFO] [stderr]    Compiling mlua-sys v0.10.0
[INFO] [stderr]    Compiling symphonia-metadata v0.5.5
[INFO] [stderr]    Compiling symphonia-utils-xiph v0.5.5
[INFO] [stderr]    Compiling symphonia-bundle-flac v0.5.5
[INFO] [stderr]    Compiling symphonia-format-isomp4 v0.5.5
[INFO] [stderr]    Compiling symphonia-format-ogg v0.5.5
[INFO] [stderr]    Compiling serde_derive v1.0.228
[INFO] [stderr]    Compiling symphonia-codec-vorbis v0.5.5
[INFO] [stderr]    Compiling symphonia-format-mkv v0.5.5
[INFO] [stderr]    Compiling symphonia-bundle-mp3 v0.5.5
[INFO] [stderr]    Compiling symphonia-format-riff v0.5.5
[INFO] [stderr]    Compiling symphonia-codec-aac v0.5.5
[INFO] [stderr]    Compiling symphonia-codec-adpcm v0.5.5
[INFO] [stderr]    Compiling symphonia-codec-pcm v0.5.5
[INFO] [stderr]    Compiling crossbeam-queue v0.3.12
[INFO] [stderr]    Compiling mio v0.8.11
[INFO] [stderr]    Compiling filetime v0.2.29
[INFO] [stderr]    Compiling serde v1.0.228
[INFO] [stderr]    Compiling seq-macro v0.3.6
[INFO] [stderr]    Compiling dasp_sample v0.11.0
[INFO] [stderr]    Compiling memchr v2.8.2
[INFO] [stderr]    Compiling dashmap v6.2.1
[INFO] [stderr]    Compiling notify v6.1.1
[INFO] [stderr]    Compiling crossbeam v0.8.4
[INFO] [stderr]    Compiling symphonia v0.5.5
[INFO] [stderr]    Compiling midly v0.5.3
[INFO] [stderr]    Compiling bstr v1.12.3
[INFO] [stderr]    Compiling thiserror-impl v2.0.18
[INFO] [stderr]    Compiling rustfft v6.4.1
[INFO] [stderr]    Compiling wide v0.7.33
[INFO] [stderr]    Compiling rand v0.9.4
[INFO] [stderr]    Compiling ahash v0.8.12
[INFO] [stderr]    Compiling parking_lot v0.12.5
[INFO] [stderr]    Compiling ringbuf v0.4.8
[INFO] [stderr]    Compiling hound v3.5.1
[INFO] [stderr]    Compiling rustc-hash v2.1.2
[INFO] [stderr]    Compiling inventory v0.3.24
[INFO] [stderr]    Compiling thiserror v2.0.18
[INFO] [stderr]    Compiling tunes v1.1.0
[INFO] [stderr]    Compiling mlua v0.11.6
[INFO] [stderr]    Compiling mlua-pulse v0.1.0 (/opt/rustwide/workdir)
[INFO] [stderr]     Finished `release` profile [optimized] target(s) in 3m 31s
[INFO] running `Command { std: "docker" "inspect" "f14aeb2ae6307ae443153294882fe40ea5570fe0451cc3b3bcd33410a2839152", kill_on_drop: false }`
[INFO] running `Command { std: "docker" "exec" "-e" "SOURCE_DIR=/opt/rustwide/workdir" "-e" "CARGO_HOME=/opt/rustwide/cargo-home" "-e" "RUSTUP_HOME=/opt/rustwide/rustup-home" "-e" "CARGO_TARGET_DIR=/opt/rustwide/target" "-e" "CARGO_INCREMENTAL=0" "-e" "RUST_BACKTRACE=full" "-e" "RUSTFLAGS=--cap-lints=warn" "-e" "RUSTDOCFLAGS=--cap-lints=warn" "-w" "/opt/rustwide/workdir" "--user" "0:0" "f14aeb2ae6307ae443153294882fe40ea5570fe0451cc3b3bcd33410a2839152" "/opt/rustwide/cargo-home/bin/cargo" "+1.99.0-beta.8" "test" "--frozen" "--no-run" "--message-format=json" "--release", kill_on_drop: false }`
[INFO] [stderr]    Compiling alsa v0.9.1
[INFO] [stderr]    Compiling getrandom v0.4.3
[INFO] [stderr]    Compiling tempfile v3.27.0
[INFO] [stderr]    Compiling cpal v0.15.3
[INFO] [stderr]    Compiling tunes v1.1.0
[INFO] [stderr]    Compiling mlua-pulse v0.1.0 (/opt/rustwide/workdir)
[INFO] [stderr]     Finished `release` profile [optimized] target(s) in 2m 17s
[INFO] running `Command { std: "docker" "inspect" "f14aeb2ae6307ae443153294882fe40ea5570fe0451cc3b3bcd33410a2839152", kill_on_drop: false }`
[INFO] running `Command { std: "docker" "exec" "-e" "SOURCE_DIR=/opt/rustwide/workdir" "-e" "CARGO_HOME=/opt/rustwide/cargo-home" "-e" "RUSTUP_HOME=/opt/rustwide/rustup-home" "-e" "CARGO_TARGET_DIR=/opt/rustwide/target" "-e" "CARGO_INCREMENTAL=0" "-e" "RUST_BACKTRACE=full" "-e" "RUSTFLAGS=--cap-lints=warn" "-e" "RUSTDOCFLAGS=--cap-lints=warn" "-w" "/opt/rustwide/workdir" "--user" "0:0" "f14aeb2ae6307ae443153294882fe40ea5570fe0451cc3b3bcd33410a2839152" "/opt/rustwide/cargo-home/bin/cargo" "+1.99.0-beta.8" "test" "--frozen" "--release", kill_on_drop: false }`
[INFO] [stderr]     Finished `release` profile [optimized] target(s) in 0.32s
[INFO] [stderr]      Running unittests src/lib.rs (/opt/rustwide/target/release/deps/mlua_pulse-ad9e42a561ac8b32)
[INFO] [stdout] 
[INFO] [stdout] running 92 tests
[INFO] [stdout] test composition::tests::phrase_repeats_sample_clips_on_the_song_timeline ... ok
[INFO] [stdout] test composition::tests::phrase_rejects_unrenderable_repeat_expansion_before_looping ... ok
[INFO] [stdout] test composition::tests::sample_clip_duration_accounts_for_loop_stretch_and_playback_rate ... ok
[INFO] [stdout] test composition::tests::midi_clip_rejects_unrenderable_repeat_expansion ... ok
[INFO] [stdout] test composition::tests::phrase_repeats_sequences_and_drums_on_the_song_timeline ... ok
[INFO] [stdout] test composition::tests::sample_clip_applies_track_name_volume_pan_and_effects ... ok
[INFO] [stdout] test composition::tests::sample_clip_metadata_duration_matches_public_duration_for_wav_transforms ... ok
[INFO] [stdout] test composition::tests::sample_clip_offset_places_song_and_phrase_events_on_the_timeline ... ok
[INFO] [stdout] test composition::tests::sample_clip_loop_for_expands_source_to_requested_duration ... ok
[INFO] [stdout] test composition::tests::granular_sequence_duration_uses_output_duration_for_phrase_timing ... ok
[INFO] [stdout] test composition::tests::sample_clip_fade_in_and_out_shape_exported_sample_edges ... ok
[INFO] [stdout] test composition::tests::sample_clip_rejects_invalid_track_volume_and_pan ... ok
[INFO] [stdout] test composition::tests::sample_clip_reverse_flips_the_selected_source_range ... ok
[INFO] [stdout] test composition::tests::sample_clip_normalize_scales_source_peak_before_gain ... ok
[INFO] [stdout] test composition::tests::sequence_can_render_polyphonic_chords_with_mix_controls ... ok
[INFO] [stdout] test composition::tests::sequence_applies_fm_synth_to_exported_notes ... ok
[INFO] [stdout] test composition::tests::sample_frame_count_rejects_vec_capacity_overflow ... ok
[INFO] [stdout] test composition::tests::sequence_stores_and_applies_track_effects ... ok
[INFO] [stdout] test composition::tests::sequence_validates_duration_count_and_positive_values ... ok
[INFO] [stdout] test composition::tests::sample_clip_slice_uses_only_the_selected_source_range ... ok
[INFO] [stdout] test composition::tests::sequence_renders_karplus_strong_synth_as_sample_events ... ok
[INFO] [stdout] test composition::tests::sequence_transposes_without_mutating_original ... ok
[INFO] [stdout] test composition::tests::song_converts_drum_grid_to_tunes_composition ... ok
[INFO] [stdout] test composition::tests::sample_clip_duration_rejects_slice_beyond_wav_duration ... ok
[INFO] [stdout] test composition::tests::sample_clip_loop_for_rejects_unrenderable_durations ... ok
[INFO] [stdout] test composition::tests::sequence_applies_additive_and_wavetable_synths_to_exported_notes ... ok
[INFO] [stdout] test composition::tests::song_rejects_invalid_tempo ... ok
[INFO] [stdout] test composition::tests::song_converts_sample_clips_to_sample_events ... ok
[INFO] [stdout] test composition::tests::song_stores_and_applies_master_effects ... ok
[INFO] [stdout] test composition::tests::song_rejects_track_only_filter_on_master ... ok
[INFO] [stdout] test composition::tests::song_converts_valid_sequence_to_tunes_composition ... ok
[INFO] [stdout] test drums::tests::drum_grid_repeat_times_uses_total_play_count ... ok
[INFO] [stdout] test drums::tests::drum_grid_applies_volume_and_pan_to_exported_track ... ok
[INFO] [stdout] test drums::tests::drum_grid_stores_and_applies_track_effects ... ok
[INFO] [stdout] test drums::tests::drum_grid_expands_layered_aliases_into_exported_events ... ok
[INFO] [stdout] test drums::tests::drum_grid_rejects_unrenderable_repeat_expansion ... ok
[INFO] [stdout] test drums::tests::drum_grid_rejects_unrenderable_step_counts ... ok
[INFO] [stdout] test drums::tests::drum_grid_validates_and_builds_patterns ... ok
[INFO] [stdout] test drums::tests::exposes_all_current_tunes_drum_types ... ok
[INFO] [stdout] test drums::tests::layered_drum_aliases_resolve_to_multiple_tunes_drum_types ... ok
[INFO] [stdout] test drums::tests::rejects_unknown_drum_alias ... ok
[INFO] [stdout] test effects::tests::effect_catalog_exposes_v1_effects ... ok
[INFO] [stdout] test drums::tests::drum_machine_808_builds_grid ... ok
[INFO] [stdout] test effects::tests::eq_rejects_invalid_frequency_order ... ok
[INFO] [stdout] test error::tests::pulse_error_converts_to_lua_external_error ... ok
[INFO] [stdout] test effects::tests::delay_validates_params_and_presets ... ok
[INFO] [stdout] test generators::tests::catalog_has_required_names_and_enough_entries ... ok
[INFO] [stdout] test generators::tests::cellular_automaton_rejects_unrenderable_matrix_size ... ok
[INFO] [stdout] test generators::tests::f32_options_reject_numbers_larger_than_f32 ... ok
[INFO] [stdout] test generators::tests::generates_basic_sequences ... ok
[INFO] [stdout] test effects::tests::filter_validates_type_cutoff_resonance_and_scope ... ok
[INFO] [stdout] test effects::tests::invalid_effect_name_reports_stable_error ... ok
[INFO] [stdout] test error::tests::capability_expansion_errors_render_lowercase_values ... ok
[INFO] [stdout] test instruments::tests::rejects_unknown_instrument_alias ... ok
[INFO] [stdout] test instruments::tests::still_accepts_existing_normalized_aliases ... ok
[INFO] [stdout] test generators::tests::usize_options_reject_numbers_larger_than_usize ... ok
[INFO] [stdout] test generators::tests::usize_options_reject_unrenderable_sequence_lengths ... ok
[INFO] [stdout] test instruments::tests::exposes_all_tunes_instrument_presets ... ok
[INFO] [stdout] test playback::tests::playable_imported_midi_clones_its_mixer_without_playing_audio ... ok
[INFO] [stdout] test midi::tests::converts_between_frequency_and_midi_notes ... ok
[INFO] [stdout] test midi::tests::rejects_invalid_midi_inputs ... ok
[INFO] [stdout] test playback::tests::playable_song_builds_a_mixer_without_playing_audio ... ok
[INFO] [stdout] test playback::tests::playable_song_preserves_master_effects_in_mixer ... ok
[INFO] [stdout] test composition::tests::sample_clip_duration_matches_rendered_sample_for_subtle_time_stretch ... ok
[INFO] [stdout] test effects::tests::all_default_effects_convert_to_tunes_types ... ok
[INFO] [stdout] test error::tests::error_messages_start_lowercase_and_include_value ... ok
[INFO] [stdout] test playback::tests::playback_pan_accepts_stereo_range_only ... ok
[INFO] [stdout] test playback::tests::playback_rate_rejects_zero_negative_and_non_finite_values ... ok
[INFO] [stdout] test rhythm::tests::resolves_named_patterns ... ok
[INFO] [stdout] test rhythm::tests::try_euclidean_rejects_unrenderable_step_counts ... ok
[INFO] [stdout] test playback::tests::playback_volume_accepts_unit_range_only ... ok
[INFO] [stdout] test rhythm::tests::wraps_euclidean_generation ... ok
[INFO] [stdout] test rhythm::tests::parses_pattern_strings_to_zero_based_steps ... ok
[INFO] [stdout] test synthesis::tests::fm_presets_and_params_convert_to_tunes ... ok
[INFO] [stdout] test synthesis::tests::granular_params_override_preset_defaults ... ok
[INFO] [stdout] test synthesis::tests::invalid_synth_errors_are_stable ... ok
[INFO] [stdout] test synthesis::tests::karplus_strong_rejects_invalid_render_durations ... ok
[INFO] [stdout] test synthesis::tests::karplus_strong_rejects_unrenderable_render_durations ... ok
[INFO] [stdout] test synthesis::tests::synth_catalog_describes_supported_algorithms ... ok
[INFO] [stdout] test theory::tests::generates_chords_from_tunes_patterns ... ok
[INFO] [stdout] test theory::tests::generates_greek_modes_with_octave_note ... ok
[INFO] [stdout] test theory::tests::exposes_supported_mode_and_chord_kind_names ... ok
[INFO] [stdout] test synthesis::tests::additive_validates_harmonics ... ok
[INFO] [stdout] test theory::tests::rejects_unknown_note_names ... ok
[INFO] [stdout] test theory::tests::transposes_single_frequency_and_sequences ... ok
[INFO] [stdout] test theory::tests::rejects_overflowing_octaves_without_panicking ... ok
[INFO] [stdout] test theory::tests::parses_common_note_names_to_frequency ... ok
[INFO] [stderr] ALSA lib confmisc.c:855:(parse_card) [error.core] cannot find card '0'
[INFO] [stderr] ALSA lib conf.c:5211:(_snd_config_evaluate) [error.core] function snd_func_card_inum returned error: No such file or directory
[INFO] [stderr] ALSA lib confmisc.c:422:(snd_func_concat) [error.core] error evaluating strings
[INFO] [stderr] ALSA lib conf.c:5211:(_snd_config_evaluate) [error.core] function snd_func_concat returned error: No such file or directory
[INFO] [stderr] ALSA lib confmisc.c:1342:(snd_func_refer) [error.core] error evaluating name
[INFO] [stderr] ALSA lib conf.c:5211:(_snd_config_evaluate) [error.core] function snd_func_refer returned error: No such file or directory
[INFO] [stderr] ALSA lib conf.c:5734:(snd_config_expand) [error.core] Evaluate error: No such file or directory
[INFO] [stderr] ALSA lib pcm.c:2722:(snd_pcm_open_noupdate) [error.pcm] Unknown PCM default
[INFO] [stderr] ALSA lib confmisc.c:855:(parse_card) [error.core] cannot find card '0'
[INFO] [stderr] ALSA lib conf.c:5211:(_snd_config_evaluate) [error.core] function snd_func_card_inum returned error: No such file or directory
[INFO] [stderr] ALSA lib confmisc.c:422:(snd_func_concat) [error.core] error evaluating strings
[INFO] [stderr] ALSA lib conf.c:5211:(_snd_config_evaluate) [error.core] function snd_func_concat returned error: No such file or directory
[INFO] [stderr] ALSA lib confmisc.c:1342:(snd_func_refer) [error.core] error evaluating name
[INFO] [stderr] ALSA lib conf.c:5211:(_snd_config_evaluate) [error.core] function snd_func_refer returned error: No such file or directory
[INFO] [stderr] ALSA lib conf.c:5734:(snd_config_expand) [error.core] Evaluate error: No such file or directory
[INFO] [stderr] ALSA lib pcm.c:2722:(snd_pcm_open_noupdate) [error.pcm] Unknown PCM default
[INFO] [stderr] ALSA lib confmisc.c:855:(parse_card) [error.core] cannot find card '0'
[INFO] [stderr] ALSA lib conf.c:5211:(_snd_config_evaluate) [error.core] function snd_func_card_inum returned error: No such file or directory
[INFO] [stderr] ALSA lib confmisc.c:422:(snd_func_concat) [error.core] error evaluating strings
[INFO] [stderr] ALSA lib conf.c:5211:(_snd_config_evaluate) [error.core] function snd_func_concat returned error: No such file or directory
[INFO] [stderr] ALSA lib confmisc.c:1342:(snd_func_refer) [error.core] error evaluating name
[INFO] [stderr] ALSA lib conf.c:5211:(_snd_config_evaluate) [error.core] function snd_func_refer returned error: No such file or directory
[INFO] [stderr] ALSA lib conf.c:5734:(snd_config_expand) [error.core] Evaluate error: No such file or directory
[INFO] [stderr] ALSA lib confmisc.c:855:(parse_card) [error.core] cannot find card '0'
[INFO] [stderr] ALSA lib conf.c:5211:(_snd_config_evaluate) [error.core] function snd_func_card_inum returned error: No such file or directory
[INFO] [stderr] ALSA lib confmisc.c:422:(snd_func_concat) [error.core] error evaluating strings
[INFO] [stderr] ALSA lib conf.c:5211:(_snd_config_evaluate) [error.core] function snd_func_concat returned error: No such file or directory
[INFO] [stderr] ALSA lib confmisc.c:1342:(snd_func_refer) [error.core] error evaluating name
[INFO] [stderr] ALSA lib conf.c:5211:(_snd_config_evaluate) [error.core] function snd_func_refer returned error: No such file or directory
[INFO] [stderr] ALSA lib conf.c:5734:(snd_config_expand) [error.core] Evaluate error: No such file or directory
[INFO] [stderr] ALSA lib pcm.c:2722:(snd_pcm_open_noupdate) [error.pcm] Unknown PCM default
[INFO] [stdout] test playback::tests::engine_rate_methods_validate_arguments_before_playing ... FAILED
[INFO] [stderr] ALSA lib pcm.c:2722:(snd_pcm_open_noupdate) [error.pcm] Unknown PCM default
[INFO] [stderr] ALSA lib confmisc.c:855:(parse_card) [error.core] cannot find card '0'
[INFO] [stderr] ALSA lib conf.c:5211:(_snd_config_evaluate) [error.core] function snd_func_card_inum returned error: No such file or directory
[INFO] [stderr] ALSA lib confmisc.c:422:(snd_func_concat) [error.core] error evaluating strings
[INFO] [stderr] ALSA lib conf.c:5211:(_snd_config_evaluate) [error.core] function snd_func_concat returned error: No such file or directory
[INFO] [stderr] ALSA lib confmisc.c:1342:(snd_func_refer) [error.core] error evaluating name
[INFO] [stderr] ALSA lib conf.c:5211:(_snd_config_evaluate) [error.core] function snd_func_refer returned error: No such file or directory
[INFO] [stderr] ALSA lib conf.c:5734:(snd_config_expand) [error.core] Evaluate error: No such file or directory
[INFO] [stderr] ALSA lib pcm.c:2722:(snd_pcm_open_noupdate) [error.pcm] Unknown PCM default
[INFO] [stdout] test playback::tests::playback_engine_can_be_constructed_without_playing_audio ... FAILED
[INFO] [stdout] test playback::tests::playback_handle_exposes_sound_id ... FAILED
[INFO] [stdout] test playback::tests::handle_control_methods_validate_arguments_before_forwarding ... FAILED
[INFO] [stdout] test playback::tests::playback_handle_invalid_controls_are_chainable_lua_methods ... FAILED
[INFO] [stdout] 
[INFO] [stdout] failures:
[INFO] [stdout] 
[INFO] [stdout] ---- playback::tests::engine_rate_methods_validate_arguments_before_playing stdout ----
[INFO] [stdout] 
[INFO] [stdout] thread 'playback::tests::engine_rate_methods_validate_arguments_before_playing' (2083) panicked at src/playback.rs:407:49:
[INFO] [stdout] playback engine should initialize: PlaybackFailed { message: "Audio engine error: Failed to get default config: The requested device is no longer available. For example, it has been unplugged." }
[INFO] [stdout] stack backtrace:
[INFO] [stdout]    0:     0x5b640ab474a1 - <<std[70759c8f55707aa4]::sys::backtrace::BacktraceLock>::print::DisplayBacktrace as core[df12db4294e9bfd3]::fmt::Display>::fmt
[INFO] [stdout]    1:     0x5b640ab5e7aa - core[df12db4294e9bfd3]::fmt::write
[INFO] [stdout]    2:     0x5b640ab4bf9c - <alloc[2182bb758b4b3781]::vec::Vec<u8> as core[df12db4294e9bfd3]::io::write::Write>::write_fmt
[INFO] [stdout]    3:     0x5b640ab21de6 - std[70759c8f55707aa4]::panicking::default_hook::{closure#0}
[INFO] [stdout]    4:     0x5b640ab3ef59 - std[70759c8f55707aa4]::panicking::default_hook
[INFO] [stdout]    5:     0x5b640a8f96e0 - test[9d35eded1c95d3be]::test_main_inner::<test[9d35eded1c95d3be]::test_main_static::{closure#0}>::{closure#0}
[INFO] [stdout]    6:     0x5b640ab3f282 - std[70759c8f55707aa4]::panicking::panic_with_hook
[INFO] [stdout]    7:     0x5b640ab21e92 - std[70759c8f55707aa4]::panicking::panic_handler::{closure#0}
[INFO] [stdout]    8:     0x5b640ab1aac9 - std[70759c8f55707aa4]::sys::backtrace::__rust_end_short_backtrace::<std[70759c8f55707aa4]::panicking::panic_handler::{closure#0}, !>
[INFO] [stdout]    9:     0x5b640ab22a8d - __rustc[8fa7c3cbc660c2b3]::rust_begin_unwind
[INFO] [stdout]   10:     0x5b640ab5ef8c - core[df12db4294e9bfd3]::panicking::panic_fmt
[INFO] [stdout]   11:     0x5b640ab5ed62 - core[df12db4294e9bfd3]::result::unwrap_failed
[INFO] [stdout]   12:     0x5b640a8a7cee - <mlua_pulse[c7275b0cc988598f]::playback::tests::engine_rate_methods_validate_arguments_before_playing::{closure#0} as core[df12db4294e9bfd3]::ops::function::FnOnce<()>>::call_once
[INFO] [stdout]   13:     0x5b640a8ec9cb - test[9d35eded1c95d3be]::__rust_begin_short_backtrace::<core[df12db4294e9bfd3]::result::Result<(), alloc[2182bb758b4b3781]::string::String>, fn() -> core[df12db4294e9bfd3]::result::Result<(), alloc[2182bb758b4b3781]::string::String>>
[INFO] [stdout]   14:     0x5b640a8fa035 - test[9d35eded1c95d3be]::run_test::{closure#0}
[INFO] [stdout]   15:     0x5b640a8f38f4 - std[70759c8f55707aa4]::sys::backtrace::__rust_begin_short_backtrace::<test[9d35eded1c95d3be]::run_test::{closure#1}, ()>
[INFO] [stdout]   16:     0x5b640a8fd192 - <std[70759c8f55707aa4]::thread::lifecycle::spawn_unchecked<test[9d35eded1c95d3be]::run_test::{closure#1}, ()>::{closure#1} as core[df12db4294e9bfd3]::ops::function::FnOnce<()>>::call_once::{shim:vtable#0}
[INFO] [stdout]   17:     0x5b640ab46d39 - <std[70759c8f55707aa4]::sys::thread::unix::Thread>::new::thread_start
[INFO] [stdout]   18:     0x7bc9a63d5dfa - <unknown>
[INFO] [stdout]   19:     0x7bc9a64693d4 - clone
[INFO] [stdout]   20:                0x0 - <unknown>
[INFO] [stdout] 
[INFO] [stdout] ---- playback::tests::playback_engine_can_be_constructed_without_playing_audio stdout ----
[INFO] [stdout] 
[INFO] [stdout] thread 'playback::tests::playback_engine_can_be_constructed_without_playing_audio' (2088) panicked at src/playback.rs:374:9:
[INFO] [stdout] assertion failed: engine.is_ok()
[INFO] [stdout] stack backtrace:
[INFO] [stdout]    0:     0x5b640ab474a1 - <<std[70759c8f55707aa4]::sys::backtrace::BacktraceLock>::print::DisplayBacktrace as core[df12db4294e9bfd3]::fmt::Display>::fmt
[INFO] [stdout]    1:     0x5b640ab5e7aa - core[df12db4294e9bfd3]::fmt::write
[INFO] [stdout]    2:     0x5b640ab4bf9c - <alloc[2182bb758b4b3781]::vec::Vec<u8> as core[df12db4294e9bfd3]::io::write::Write>::write_fmt
[INFO] [stdout]    3:     0x5b640ab21de6 - std[70759c8f55707aa4]::panicking::default_hook::{closure#0}
[INFO] [stdout]    4:     0x5b640ab3ef59 - std[70759c8f55707aa4]::panicking::default_hook
[INFO] [stdout]    5:     0x5b640a8f96e0 - test[9d35eded1c95d3be]::test_main_inner::<test[9d35eded1c95d3be]::test_main_static::{closure#0}>::{closure#0}
[INFO] [stdout]    6:     0x5b640ab3f282 - std[70759c8f55707aa4]::panicking::panic_with_hook
[INFO] [stdout]    7:     0x5b640ab21ec4 - std[70759c8f55707aa4]::panicking::panic_handler::{closure#0}
[INFO] [stdout]    8:     0x5b640ab1aac9 - std[70759c8f55707aa4]::sys::backtrace::__rust_end_short_backtrace::<std[70759c8f55707aa4]::panicking::panic_handler::{closure#0}, !>
[INFO] [stdout]    9:     0x5b640ab22a8d - __rustc[8fa7c3cbc660c2b3]::rust_begin_unwind
[INFO] [stdout]   10:     0x5b640ab5ef8c - core[df12db4294e9bfd3]::panicking::panic_fmt
[INFO] [stdout]   11:     0x5b640ab5ef52 - core[df12db4294e9bfd3]::panicking::panic
[INFO] [stdout]   12:     0x5b640a8a7e23 - <mlua_pulse[c7275b0cc988598f]::playback::tests::playback_engine_can_be_constructed_without_playing_audio::{closure#0} as core[df12db4294e9bfd3]::ops::function::FnOnce<()>>::call_once
[INFO] [stdout]   13:     0x5b640a8ec9cb - test[9d35eded1c95d3be]::__rust_begin_short_backtrace::<core[df12db4294e9bfd3]::result::Result<(), alloc[2182bb758b4b3781]::string::String>, fn() -> core[df12db4294e9bfd3]::result::Result<(), alloc[2182bb758b4b3781]::string::String>>
[INFO] [stdout]   14:     0x5b640a8fa035 - test[9d35eded1c95d3be]::run_test::{closure#0}
[INFO] [stdout]   15:     0x5b640a8f38f4 - std[70759c8f55707aa4]::sys::backtrace::__rust_begin_short_backtrace::<test[9d35eded1c95d3be]::run_test::{closure#1}, ()>
[INFO] [stdout]   16:     0x5b640a8fd192 - <std[70759c8f55707aa4]::thread::lifecycle::spawn_unchecked<test[9d35eded1c95d3be]::run_test::{closure#1}, ()>::{closure#1} as core[df12db4294e9bfd3]::ops::function::FnOnce<()>>::call_once::{shim:vtable#0}
[INFO] [stdout]   17:     0x5b640ab46d39 - <std[70759c8f55707aa4]::sys::thread::unix::Thread>::new::thread_start
[INFO] [stdout]   18:     0x7bc9a63d5dfa - <unknown>
[INFO] [stdout]   19:     0x7bc9a64693d4 - clone
[INFO] [stdout]   20:                0x0 - <unknown>
[INFO] [stdout] 
[INFO] [stdout] ---- playback::tests::playback_handle_exposes_sound_id stdout ----
[INFO] [stdout] 
[INFO] [stdout] thread 'playback::tests::playback_handle_exposes_sound_id' (2089) panicked at src/playback.rs:333:49:
[INFO] [stdout] audio engine should initialize: AudioEngineError("Failed to get default config: The requested device is no longer available. For example, it has been unplugged.")
[INFO] [stdout] stack backtrace:
[INFO] [stdout]    0:     0x5b640ab474a1 - <<std[70759c8f55707aa4]::sys::backtrace::BacktraceLock>::print::DisplayBacktrace as core[df12db4294e9bfd3]::fmt::Display>::fmt
[INFO] [stdout]    1:     0x5b640ab5e7aa - core[df12db4294e9bfd3]::fmt::write
[INFO] [stdout]    2:     0x5b640ab4bf9c - <alloc[2182bb758b4b3781]::vec::Vec<u8> as core[df12db4294e9bfd3]::io::write::Write>::write_fmt
[INFO] [stdout]    3:     0x5b640ab21de6 - std[70759c8f55707aa4]::panicking::default_hook::{closure#0}
[INFO] [stdout]    4:     0x5b640ab3ef59 - std[70759c8f55707aa4]::panicking::default_hook
[INFO] [stdout]    5:     0x5b640a8f96e0 - test[9d35eded1c95d3be]::test_main_inner::<test[9d35eded1c95d3be]::test_main_static::{closure#0}>::{closure#0}
[INFO] [stdout]    6:     0x5b640ab3f282 - std[70759c8f55707aa4]::panicking::panic_with_hook
[INFO] [stdout]    7:     0x5b640ab21e92 - std[70759c8f55707aa4]::panicking::panic_handler::{closure#0}
[INFO] [stdout]    8:     0x5b640ab1aac9 - std[70759c8f55707aa4]::sys::backtrace::__rust_end_short_backtrace::<std[70759c8f55707aa4]::panicking::panic_handler::{closure#0}, !>
[INFO] [stdout]    9:     0x5b640ab22a8d - __rustc[8fa7c3cbc660c2b3]::rust_begin_unwind
[INFO] [stdout]   10:     0x5b640ab5ef8c - core[df12db4294e9bfd3]::panicking::panic_fmt
[INFO] [stdout]   11:     0x5b640ab5ed62 - core[df12db4294e9bfd3]::result::unwrap_failed
[INFO] [stdout]   12:     0x5b640a8a6f37 - <mlua_pulse[c7275b0cc988598f]::playback::tests::playback_handle_exposes_sound_id::{closure#0} as core[df12db4294e9bfd3]::ops::function::FnOnce<()>>::call_once
[INFO] [stdout]   13:     0x5b640a8ec9cb - test[9d35eded1c95d3be]::__rust_begin_short_backtrace::<core[df12db4294e9bfd3]::result::Result<(), alloc[2182bb758b4b3781]::string::String>, fn() -> core[df12db4294e9bfd3]::result::Result<(), alloc[2182bb758b4b3781]::string::String>>
[INFO] [stdout]   14:     0x5b640a8fa035 - test[9d35eded1c95d3be]::run_test::{closure#0}
[INFO] [stdout]   15:     0x5b640a8f38f4 - std[70759c8f55707aa4]::sys::backtrace::__rust_begin_short_backtrace::<test[9d35eded1c95d3be]::run_test::{closure#1}, ()>
[INFO] [stdout]   16:     0x5b640a8fd192 - <std[70759c8f55707aa4]::thread::lifecycle::spawn_unchecked<test[9d35eded1c95d3be]::run_test::{closure#1}, ()>::{closure#1} as core[df12db4294e9bfd3]::ops::function::FnOnce<()>>::call_once::{shim:vtable#0}
[INFO] [stdout]   17:     0x5b640ab46d39 - <std[70759c8f55707aa4]::sys::thread::unix::Thread>::new::thread_start
[INFO] [stdout]   18:     0x7bc9a63d5dfa - <unknown>
[INFO] [stdout]   19:     0x7bc9a64693d4 - clone
[INFO] [stdout]   20:                0x0 - <unknown>
[INFO] [stdout] 
[INFO] [stdout] ---- playback::tests::handle_control_methods_validate_arguments_before_forwarding stdout ----
[INFO] [stdout] 
[INFO] [stdout] thread 'playback::tests::handle_control_methods_validate_arguments_before_forwarding' (2084) panicked at src/playback.rs:379:49:
[INFO] [stdout] audio engine should initialize: AudioEngineError("Failed to get default config: The requested device is no longer available. For example, it has been unplugged.")
[INFO] [stdout] stack backtrace:
[INFO] [stdout]    0:     0x5b640ab474a1 - <<std[70759c8f55707aa4]::sys::backtrace::BacktraceLock>::print::DisplayBacktrace as core[df12db4294e9bfd3]::fmt::Display>::fmt
[INFO] [stdout]    1:     0x5b640ab5e7aa - core[df12db4294e9bfd3]::fmt::write
[INFO] [stdout]    2:     0x5b640ab4bf9c - <alloc[2182bb758b4b3781]::vec::Vec<u8> as core[df12db4294e9bfd3]::io::write::Write>::write_fmt
[INFO] [stdout]    3:     0x5b640ab21de6 - std[70759c8f55707aa4]::panicking::default_hook::{closure#0}
[INFO] [stdout]    4:     0x5b640ab3ef59 - std[70759c8f55707aa4]::panicking::default_hook
[INFO] [stdout]    5:     0x5b640a8f96e0 - test[9d35eded1c95d3be]::test_main_inner::<test[9d35eded1c95d3be]::test_main_static::{closure#0}>::{closure#0}
[INFO] [stdout]    6:     0x5b640ab3f282 - std[70759c8f55707aa4]::panicking::panic_with_hook
[INFO] [stdout]    7:     0x5b640ab21e92 - std[70759c8f55707aa4]::panicking::panic_handler::{closure#0}
[INFO] [stdout]    8:     0x5b640ab1aac9 - std[70759c8f55707aa4]::sys::backtrace::__rust_end_short_backtrace::<std[70759c8f55707aa4]::panicking::panic_handler::{closure#0}, !>
[INFO] [stdout]    9:     0x5b640ab22a8d - __rustc[8fa7c3cbc660c2b3]::rust_begin_unwind
[INFO] [stdout]   10:     0x5b640ab5ef8c - core[df12db4294e9bfd3]::panicking::panic_fmt
[INFO] [stdout]   11:     0x5b640ab5ed62 - core[df12db4294e9bfd3]::result::unwrap_failed
[INFO] [stdout]   12:     0x5b640a8a91d0 - <mlua_pulse[c7275b0cc988598f]::playback::tests::handle_control_methods_validate_arguments_before_forwarding::{closure#0} as core[df12db4294e9bfd3]::ops::function::FnOnce<()>>::call_once
[INFO] [stdout]   13:     0x5b640a8ec9cb - test[9d35eded1c95d3be]::__rust_begin_short_backtrace::<core[df12db4294e9bfd3]::result::Result<(), alloc[2182bb758b4b3781]::string::String>, fn() -> core[df12db4294e9bfd3]::result::Result<(), alloc[2182bb758b4b3781]::string::String>>
[INFO] [stdout]   14:     0x5b640a8fa035 - test[9d35eded1c95d3be]::run_test::{closure#0}
[INFO] [stdout]   15:     0x5b640a8f38f4 - std[70759c8f55707aa4]::sys::backtrace::__rust_begin_short_backtrace::<test[9d35eded1c95d3be]::run_test::{closure#1}, ()>
[INFO] [stdout]   16:     0x5b640a8fd192 - <std[70759c8f55707aa4]::thread::lifecycle::spawn_unchecked<test[9d35eded1c95d3be]::run_test::{closure#1}, ()>::{closure#1} as core[df12db4294e9bfd3]::ops::function::FnOnce<()>>::call_once::{shim:vtable#0}
[INFO] [stdout]   17:     0x5b640ab46d39 - <std[70759c8f55707aa4]::sys::thread::unix::Thread>::new::thread_start
[INFO] [stdout]   18:     0x7bc9a63d5dfa - <unknown>
[INFO] [stdout]   19:     0x7bc9a64693d4 - clone
[INFO] [stdout]   20:                0x0 - <unknown>
[INFO] [stdout] 
[INFO] [stdout] ---- playback::tests::playback_handle_invalid_controls_are_chainable_lua_methods stdout ----
[INFO] [stdout] 
[INFO] [stdout] thread 'playback::tests::playback_handle_invalid_controls_are_chainable_lua_methods' (2090) panicked at src/playback.rs:429:49:
[INFO] [stdout] audio engine should initialize: AudioEngineError("Failed to get default config: The requested device is no longer available. For example, it has been unplugged.")
[INFO] [stdout] stack backtrace:
[INFO] [stdout]    0:     0x5b640ab474a1 - <<std[70759c8f55707aa4]::sys::backtrace::BacktraceLock>::print::DisplayBacktrace as core[df12db4294e9bfd3]::fmt::Display>::fmt
[INFO] [stdout]    1:     0x5b640ab5e7aa - core[df12db4294e9bfd3]::fmt::write
[INFO] [stdout]    2:     0x5b640ab4bf9c - <alloc[2182bb758b4b3781]::vec::Vec<u8> as core[df12db4294e9bfd3]::io::write::Write>::write_fmt
[INFO] [stdout]    3:     0x5b640ab21de6 - std[70759c8f55707aa4]::panicking::default_hook::{closure#0}
[INFO] [stdout]    4:     0x5b640ab3ef59 - std[70759c8f55707aa4]::panicking::default_hook
[INFO] [stdout]    5:     0x5b640a8f96e0 - test[9d35eded1c95d3be]::test_main_inner::<test[9d35eded1c95d3be]::test_main_static::{closure#0}>::{closure#0}
[INFO] [stdout]    6:     0x5b640ab3f282 - std[70759c8f55707aa4]::panicking::panic_with_hook
[INFO] [stdout]    7:     0x5b640ab21e92 - std[70759c8f55707aa4]::panicking::panic_handler::{closure#0}
[INFO] [stdout]    8:     0x5b640ab1aac9 - std[70759c8f55707aa4]::sys::backtrace::__rust_end_short_backtrace::<std[70759c8f55707aa4]::panicking::panic_handler::{closure#0}, !>
[INFO] [stdout]    9:     0x5b640ab22a8d - __rustc[8fa7c3cbc660c2b3]::rust_begin_unwind
[INFO] [stdout]   10:     0x5b640ab5ef8c - core[df12db4294e9bfd3]::panicking::panic_fmt
[INFO] [stdout]   11:     0x5b640ab5ed62 - core[df12db4294e9bfd3]::result::unwrap_failed
[INFO] [stdout]   12:     0x5b640a8a8a2a - <mlua_pulse[c7275b0cc988598f]::playback::tests::playback_handle_invalid_controls_are_chainable_lua_methods::{closure#0} as core[df12db4294e9bfd3]::ops::function::FnOnce<()>>::call_once
[INFO] [stdout]   13:     0x5b640a8ec9cb - test[9d35eded1c95d3be]::__rust_begin_short_backtrace::<core[df12db4294e9bfd3]::result::Result<(), alloc[2182bb758b4b3781]::string::String>, fn() -> core[df12db4294e9bfd3]::result::Result<(), alloc[2182bb758b4b3781]::string::String>>
[INFO] [stdout]   14:     0x5b640a8fa035 - test[9d35eded1c95d3be]::run_test::{closure#0}
[INFO] [stdout]   15:     0x5b640a8f38f4 - std[70759c8f55707aa4]::sys::backtrace::__rust_begin_short_backtrace::<test[9d35eded1c95d3be]::run_test::{closure#1}, ()>
[INFO] [stdout]   16:     0x5b640a8fd192 - <std[70759c8f55707aa4]::thread::lifecycle::spawn_unchecked<test[9d35eded1c95d3be]::run_test::{closure#1}, ()>::{closure#1} as core[df12db4294e9bfd3]::ops::function::FnOnce<()>>::call_once::{shim:vtable#0}
[INFO] [stdout]   17:     0x5b640ab46d39 - <std[70759c8f55707aa4]::sys::thread::unix::Thread>::new::thread_start
[INFO] [stdout]   18:     0x7bc9a63d5dfa - <unknown>
[INFO] [stdout]   19:     0x7bc9a64693d4 - clone
[INFO] [stdout]   20:                0x0 - <unknown>
[INFO] [stdout] 
[INFO] [stdout] 
[INFO] [stdout] failures:
[INFO] [stdout]     playback::tests::engine_rate_methods_validate_arguments_before_playing
[INFO] [stdout]     playback::tests::handle_control_methods_validate_arguments_before_forwarding
[INFO] [stdout]     playback::tests::playback_engine_can_be_constructed_without_playing_audio
[INFO] [stdout]     playback::tests::playback_handle_exposes_sound_id
[INFO] [stdout]     playback::tests::playback_handle_invalid_controls_are_chainable_lua_methods
[INFO] [stdout] 
[INFO] [stdout] test result: FAILED. 87 passed; 5 failed; 0 ignored; 0 measured; 0 filtered out; finished in 0.07s
[INFO] [stdout] 
[INFO] [stderr] error: test failed, to rerun pass `--lib`
[INFO] running `Command { std: "docker" "inspect" "f14aeb2ae6307ae443153294882fe40ea5570fe0451cc3b3bcd33410a2839152", kill_on_drop: false }`
[INFO] running `Command { std: "docker" "rm" "-f" "f14aeb2ae6307ae443153294882fe40ea5570fe0451cc3b3bcd33410a2839152", kill_on_drop: false }`
[INFO] [stdout] f14aeb2ae6307ae443153294882fe40ea5570fe0451cc3b3bcd33410a2839152
