[INFO] fetching crate ml-dsa 0.1.1...
[INFO] testing ml-dsa-0.1.1 against 1.100.0-beta.1+cargoflags=--release for beta-release-1.100-2
[INFO] extracting crate ml-dsa 0.1.1 into /workspace/builds/worker-5-tc2/source
[INFO] started tweaking crates.io crate ml-dsa 0.1.1
[INFO] removed 0 missing tests
[INFO] finished tweaking crates.io crate ml-dsa 0.1.1
[INFO] tweaked toml for crates.io crate ml-dsa 0.1.1 written to /workspace/builds/worker-5-tc2/source/Cargo.toml
[INFO] validating manifest of crates.io crate ml-dsa 0.1.1 on toolchain 1.100.0-beta.1
[INFO] running `Command { std: CARGO_HOME="/workspace/cargo-home" RUSTUP_HOME="/workspace/rustup-home" "/workspace/cargo-home/bin/cargo" "+1.100.0-beta.1" "metadata" "--manifest-path" "Cargo.toml" "--no-deps", kill_on_drop: false }`
[INFO] crate crates.io crate ml-dsa 0.1.1 already has a lockfile, it will not be regenerated
[INFO] running `Command { std: CARGO_HOME="/workspace/cargo-home" RUSTUP_HOME="/workspace/rustup-home" "/workspace/cargo-home/bin/cargo" "+1.100.0-beta.1" "fetch" "--manifest-path" "Cargo.toml", kill_on_drop: false }`
[INFO] [stderr]     Blocking waiting for file lock on package cache
[INFO] [stderr]     Blocking waiting for file lock on package cache
[INFO] running `Command { std: "docker" "create" "-v" "/var/lib/crater-agent-workspace/builds/worker-5-tc2/source:/opt/rustwide/workdir:ro,Z" "-v" "/var/lib/crater-agent-workspace/builds/worker-5-tc2/target:/opt/rustwide/target:rw,Z" "-v" "/var/lib/crater-agent-workspace/cargo-home:/opt/rustwide/cargo-home:ro,Z" "-v" "/var/lib/crater-agent-workspace/rustup-home:/opt/rustwide/rustup-home:ro,Z" "-m" "1610612736" "--network" "none" "ghcr.io/rust-lang/crates-build-env/linux@sha256:77db811e55d90add9212f6832c23229e3de5f1c1f9905e8cb07319ea15df73ac" "sleep" "infinity", kill_on_drop: false }`
[INFO] [stdout] 999ac2ca656682c856910529f52b8b35f0d167656a3bd896084ab8680a9fb776
[INFO] running `Command { std: "docker" "start" "999ac2ca656682c856910529f52b8b35f0d167656a3bd896084ab8680a9fb776", kill_on_drop: false }`
[INFO] running `Command { std: "docker" "inspect" "999ac2ca656682c856910529f52b8b35f0d167656a3bd896084ab8680a9fb776", kill_on_drop: false }`
[INFO] running `Command { std: "docker" "exec" "-e" "SOURCE_DIR=/opt/rustwide/workdir" "-e" "CARGO_HOME=/opt/rustwide/cargo-home" "-e" "RUSTUP_HOME=/opt/rustwide/rustup-home" "-e" "CARGO_TARGET_DIR=/opt/rustwide/target" "-w" "/opt/rustwide/workdir" "--user" "0:0" "999ac2ca656682c856910529f52b8b35f0d167656a3bd896084ab8680a9fb776" "/opt/rustwide/cargo-home/bin/cargo" "+1.100.0-beta.1" "metadata" "--no-deps" "--format-version=1", kill_on_drop: false }`
[INFO] running `Command { std: "docker" "inspect" "999ac2ca656682c856910529f52b8b35f0d167656a3bd896084ab8680a9fb776", kill_on_drop: false }`
[INFO] running `Command { std: "docker" "exec" "-e" "SOURCE_DIR=/opt/rustwide/workdir" "-e" "CARGO_HOME=/opt/rustwide/cargo-home" "-e" "RUSTUP_HOME=/opt/rustwide/rustup-home" "-e" "CARGO_TARGET_DIR=/opt/rustwide/target" "-e" "CARGO_INCREMENTAL=0" "-e" "RUST_BACKTRACE=full" "-e" "RUSTFLAGS=--cap-lints=warn" "-e" "RUSTDOCFLAGS=--cap-lints=warn" "-w" "/opt/rustwide/workdir" "--user" "0:0" "999ac2ca656682c856910529f52b8b35f0d167656a3bd896084ab8680a9fb776" "/opt/rustwide/cargo-home/bin/cargo" "+1.100.0-beta.1" "build" "--frozen" "--message-format=json" "--release", kill_on_drop: false }`
[INFO] [stderr]    Compiling libc v0.2.185
[INFO] [stderr]    Compiling getrandom v0.4.2
[INFO] [stderr]    Compiling zeroize v1.8.2
[INFO] [stderr]    Compiling const-oid v0.10.2
[INFO] [stderr]    Compiling sponge-cursor v0.1.0
[INFO] [stderr]    Compiling keccak v0.2.0
[INFO] [stderr]    Compiling hybrid-array v0.4.12
[INFO] [stderr]    Compiling module-lattice v0.2.3
[INFO] [stderr]    Compiling crypto-common v0.2.1
[INFO] [stderr]    Compiling digest v0.11.3
[INFO] [stderr]    Compiling signature v3.0.0
[INFO] [stderr]    Compiling shake v0.1.0
[INFO] [stderr]    Compiling der v0.8.0
[INFO] [stderr]    Compiling spki v0.8.0
[INFO] [stderr]    Compiling pkcs8 v0.11.0
[INFO] [stderr]    Compiling ml-dsa v0.1.1 (/opt/rustwide/workdir)
[INFO] [stderr]     Finished `release` profile [optimized] target(s) in 9.13s
[INFO] running `Command { std: "docker" "inspect" "999ac2ca656682c856910529f52b8b35f0d167656a3bd896084ab8680a9fb776", kill_on_drop: false }`
[INFO] running `Command { std: "docker" "exec" "-e" "SOURCE_DIR=/opt/rustwide/workdir" "-e" "CARGO_HOME=/opt/rustwide/cargo-home" "-e" "RUSTUP_HOME=/opt/rustwide/rustup-home" "-e" "CARGO_TARGET_DIR=/opt/rustwide/target" "-e" "CARGO_INCREMENTAL=0" "-e" "RUST_BACKTRACE=full" "-e" "RUSTFLAGS=--cap-lints=warn" "-e" "RUSTDOCFLAGS=--cap-lints=warn" "-w" "/opt/rustwide/workdir" "--user" "0:0" "999ac2ca656682c856910529f52b8b35f0d167656a3bd896084ab8680a9fb776" "/opt/rustwide/cargo-home/bin/cargo" "+1.100.0-beta.1" "test" "--frozen" "--no-run" "--message-format=json" "--release", kill_on_drop: false }`
[INFO] [stderr]    Compiling pem-rfc7468 v1.0.0
[INFO] [stderr]    Compiling getrandom v0.4.2
[INFO] [stderr]    Compiling getrandom v0.3.4
[INFO] [stderr]    Compiling syn v2.0.117
[INFO] [stderr]    Compiling rustix v1.1.4
[INFO] [stderr]    Compiling wait-timeout v0.2.1
[INFO] [stderr]    Compiling regex-automata v0.4.14
[INFO] [stderr]    Compiling plotters v0.3.7
[INFO] [stderr]    Compiling module-lattice v0.2.3
[INFO] [stderr]    Compiling criterion-plot v0.6.0
[INFO] [stderr]    Compiling clap v4.6.0
[INFO] [stderr]    Compiling oorandom v11.1.5
[INFO] [stderr]    Compiling hex-literal v1.1.0
[INFO] [stderr]    Compiling rand_core v0.9.5
[INFO] [stderr]    Compiling der v0.8.0
[INFO] [stderr]    Compiling crypto-common v0.2.1
[INFO] [stderr]    Compiling rand v0.9.4
[INFO] [stderr]    Compiling rand_xorshift v0.4.0
[INFO] [stderr]    Compiling digest v0.11.3
[INFO] [stderr]    Compiling signature v3.0.0
[INFO] [stderr]    Compiling shake v0.1.0
[INFO] [stderr]    Compiling tempfile v3.27.0
[INFO] [stderr]    Compiling rusty-fork v0.3.1
[INFO] [stderr]    Compiling spki v0.8.0
[INFO] [stderr]    Compiling pkcs8 v0.11.0
[INFO] [stderr]    Compiling ml-dsa v0.1.1 (/opt/rustwide/workdir)
[INFO] [stderr]    Compiling regex v1.12.3
[INFO] [stderr]    Compiling zerocopy-derive v0.8.48
[INFO] [stderr]    Compiling serde_derive v1.0.228
[INFO] [stderr]    Compiling zerocopy v0.8.48
[INFO] [stderr]    Compiling serde v1.0.228
[INFO] [stderr]    Compiling tinytemplate v1.2.1
[INFO] [stderr]    Compiling hex v0.4.3
[INFO] [stderr]    Compiling half v2.7.1
[INFO] [stderr]    Compiling ppv-lite86 v0.2.21
[INFO] [stderr]    Compiling ciborium-ll v0.2.2
[INFO] [stderr]    Compiling rand_chacha v0.9.0
[INFO] [stderr]    Compiling ciborium v0.2.2
[INFO] [stderr]    Compiling proptest v1.11.0
[INFO] [stderr]    Compiling criterion v0.7.0
[INFO] [stderr]     Finished `release` profile [optimized] target(s) in 1m 00s
[INFO] running `Command { std: "docker" "inspect" "999ac2ca656682c856910529f52b8b35f0d167656a3bd896084ab8680a9fb776", kill_on_drop: false }`
[INFO] running `Command { std: "docker" "exec" "-e" "SOURCE_DIR=/opt/rustwide/workdir" "-e" "CARGO_HOME=/opt/rustwide/cargo-home" "-e" "RUSTUP_HOME=/opt/rustwide/rustup-home" "-e" "CARGO_TARGET_DIR=/opt/rustwide/target" "-e" "CARGO_INCREMENTAL=0" "-e" "RUST_BACKTRACE=full" "-e" "RUSTFLAGS=--cap-lints=warn" "-e" "RUSTDOCFLAGS=--cap-lints=warn" "-w" "/opt/rustwide/workdir" "--user" "0:0" "999ac2ca656682c856910529f52b8b35f0d167656a3bd896084ab8680a9fb776" "/opt/rustwide/cargo-home/bin/cargo" "+1.100.0-beta.1" "test" "--frozen" "--release", kill_on_drop: false }`
[INFO] [stderr]     Finished `release` profile [optimized] target(s) in 0.13s
[INFO] [stderr]      Running unittests src/lib.rs (/opt/rustwide/target/release/build/ml-dsa/7d1c16d8495c23d7/out/ml_dsa-7d1c16d8495c23d7)
[INFO] [stdout] 
[INFO] [stdout] running 37 tests
[INFO] [stdout] test algebra::test::decompose_edge_case ... ok
[INFO] [stdout] test algebra::test::barrett_reduce_boundary ... ok
[INFO] [stdout] test algebra::test::constant_time_div_accuracy ... ok
[INFO] [stdout] test hint::test::use_hint_threshold ... ok
[INFO] [stdout] test hint::test::hint_round_trip ... ok
[INFO] [stdout] test hint::test::make_hint_correctness ... ok
[INFO] [stdout] test encode::tests::bit_pack ... ok
[INFO] [stdout] test crypto::test::h ... ok
[INFO] [stdout] test encode::tests::simple_bit_pack ... ok
[INFO] [stdout] test ntt::test::ntt_matrix ... ok
[INFO] [stdout] test ntt::test::ntt_vector ... ok
[INFO] [stdout] test hint::test::use_hint_arithmetic ... ok
[INFO] [stdout] test ntt::test::ntt ... ok
[INFO] [stdout] test algebra::test::decompose ... ok
[INFO] [stdout] test algebra::test::mod_plus_minus ... ok
[INFO] [stdout] test hint::test::decompose_produces_valid_r0 ... ok
[INFO] [stdout] test algebra::test::high_low_bits_consistency ... ok
[INFO] [stdout] test test::output_sizes ... ok
[INFO] [stdout] test hint::test::use_hint_m_wraparound ... ok
[INFO] [stdout] test test::public_from_private ... ok
[INFO] [stdout] test sampling::test::test_sample_cbd ... ok
[INFO] [stdout] test sampling::test::test_rej_ntt_poly ... ok
[INFO] [stdout] test test::encode_decode_round_trip ... ok
[INFO] [stdout] test test::from_seed_implementations_match ... ok
[INFO] [stdout] test crypto::test::g ... ok
[INFO] [stdout] test test::debug_implementations ... ok
[INFO] [stdout] test test::derived_verifying_key_validates_signatures ... ok
[INFO] [stdout] test test::to_seed_returns_correct_seed ... ok
[INFO] [stdout] test test::verification_rejects_invalid_signature ... ok
[INFO] [stdout] test hint::test::use_hint_r0_is_zero ... ok
[INFO] [stdout] test test::context_length_validation ... ok
[INFO] [stdout] test test::sign_mu_verify_mu_round_trip ... ok
[INFO] [stdout] test test::sign_mu_verify_internal_round_trip ... ok
[INFO] [stdout] test test::sign_verify_round_trip ... ok
[INFO] [stdout] test test::verification_rejects_wrong_message ... ok
[INFO] [stdout] test test::sign_internal_verify_mu_round_trip ... ok
[INFO] [stdout] test sampling::test::test_sample_in_ball ... ok
[INFO] [stdout] 
[INFO] [stdout] test result: ok. 37 passed; 0 failed; 0 ignored; 0 measured; 0 filtered out; finished in 0.05s
[INFO] [stdout] 
[INFO] [stderr]      Running tests/pkcs8.rs (/opt/rustwide/target/release/build/ml-dsa/b7e0e4bfed187f9c/out/pkcs8-b7e0e4bfed187f9c)
[INFO] [stdout] 
[INFO] [stdout] running 1 test
[INFO] [stdout] test private_key_serialization ... ok
[INFO] [stdout] 
[INFO] [stdout] test result: ok. 1 passed; 0 failed; 0 ignored; 0 measured; 0 filtered out; finished in 0.01s
[INFO] [stdout] 
[INFO] [stdout] 
[INFO] [stdout] running 9 tests
[INFO] [stderr]      Running tests/proptests.rs (/opt/rustwide/target/release/build/ml-dsa/db119c643e765bfc/out/proptests-db119c643e765bfc)
[INFO] [stdout] test mldsa87::round_trip_randomized_digest_test ... ok
[INFO] [stdout] test mldsa44::round_trip_digest_test ... ok
[INFO] [stdout] test mldsa44::round_trip_test ... ok
[INFO] [stdout] test mldsa44::round_trip_randomized_digest_test ... ok
[INFO] [stdout] test mldsa65::round_trip_test ... ok
[INFO] [stdout] test mldsa65::round_trip_randomized_digest_test ... ok
[INFO] [stdout] test mldsa87::round_trip_test ... ok
[INFO] [stdout] test mldsa65::round_trip_digest_test ... ok
[INFO] [stderr]      Running tests/wycheproof.rs (/opt/rustwide/target/release/build/ml-dsa/824613f83f5f3cc0/out/wycheproof-824613f83f5f3cc0)
[INFO] [stdout] test mldsa87::round_trip_digest_test ... ok
[INFO] [stdout] 
[INFO] [stdout] test result: ok. 9 passed; 0 failed; 0 ignored; 0 measured; 0 filtered out; finished in 2.82s
[INFO] [stdout] 
[INFO] [stdout] 
[INFO] [stdout] running 6 tests
[INFO] [stdout] test mldsa_44_verify_test ... FAILED
[INFO] [stderr] error: test failed, to rerun pass `--test wycheproof`
[INFO] [stdout] test mldsa_44_sign_seed_test ... FAILED
[INFO] [stdout] test mldsa_65_verify_test ... FAILED
[INFO] [stdout] test mldsa_87_verify_test ... FAILED
[INFO] [stdout] test mldsa_65_sign_seed_test ... FAILED
[INFO] [stdout] test mldsa_87_sign_seed_test ... FAILED
[INFO] [stdout] 
[INFO] [stdout] failures:
[INFO] [stdout] 
[INFO] [stdout] ---- mldsa_44_verify_test stdout ----
[INFO] [stdout] 
[INFO] [stdout] thread 'mldsa_44_verify_test' (1168) panicked at tests/wycheproof.rs:165:1:
[INFO] [stdout] failed to open data file (try running `git submodule update --init`): Os { code: 2, kind: NotFound, message: "No such file or directory" }
[INFO] [stdout] stack backtrace:
[INFO] [stdout]    0:     0x56a5f20d2bc1 - <<std[617be2ca0a6fd877]::sys::backtrace::BacktraceLock>::print::DisplayBacktrace as core[a373ad73a504971]::fmt::Display>::fmt
[INFO] [stdout]    1:     0x56a5f20e6aba - core[a373ad73a504971]::fmt::write
[INFO] [stdout]    2:     0x56a5f20d6ddc - <alloc[2e1b2a31b91974c5]::vec::Vec<u8> as core[a373ad73a504971]::io::write::Write>::write_fmt
[INFO] [stdout]    3:     0x56a5f20af026 - std[617be2ca0a6fd877]::panicking::default_hook::{closure#0}
[INFO] [stdout]    4:     0x56a5f20cb259 - std[617be2ca0a6fd877]::panicking::default_hook
[INFO] [stdout]    5:     0x56a5f205f4d0 - test[aada8e7e76ba119b]::test_main_inner::{closure#0}
[INFO] [stdout]    6:     0x56a5f20cb412 - std[617be2ca0a6fd877]::panicking::panic_with_hook
[INFO] [stdout]    7:     0x56a5f20af0d2 - std[617be2ca0a6fd877]::panicking::panic_handler::{closure#0}
[INFO] [stdout]    8:     0x56a5f20a7de9 - std[617be2ca0a6fd877]::sys::backtrace::__rust_end_short_backtrace::<std[617be2ca0a6fd877]::panicking::panic_handler::{closure#0}, !>
[INFO] [stdout]    9:     0x56a5f20afcdd - __rustc[ea4f61d10b84890b]::rust_begin_unwind
[INFO] [stdout]   10:     0x56a5f20e71ec - core[a373ad73a504971]::panicking::panic_fmt
[INFO] [stdout]   11:     0x56a5f20e6fc2 - core[a373ad73a504971]::result::unwrap_failed
[INFO] [stdout]   12:     0x56a5f203e775 - <wycheproof[d76eb78d7e55a2d1]::mldsa_44_verify_test::{closure#0} as core[a373ad73a504971]::ops::function::FnOnce<()>>::call_once
[INFO] [stdout]   13:     0x56a5f205291b - test[aada8e7e76ba119b]::__rust_begin_short_backtrace::<core[a373ad73a504971]::result::Result<(), alloc[2e1b2a31b91974c5]::string::String>, fn() -> core[a373ad73a504971]::result::Result<(), alloc[2e1b2a31b91974c5]::string::String>>
[INFO] [stdout]   14:     0x56a5f205faf5 - test[aada8e7e76ba119b]::run_test::{closure#0}
[INFO] [stdout]   15:     0x56a5f20593e4 - std[617be2ca0a6fd877]::sys::backtrace::__rust_begin_short_backtrace::<test[aada8e7e76ba119b]::run_test::{closure#1}, ()>
[INFO] [stdout]   16:     0x56a5f2062b82 - <std[617be2ca0a6fd877]::thread::lifecycle::spawn_unchecked<test[aada8e7e76ba119b]::run_test::{closure#1}, ()>::{closure#1} as core[a373ad73a504971]::ops::function::FnOnce<()>>::call_once::{shim:vtable#0}
[INFO] [stdout]   17:     0x56a5f20d241f - <std[617be2ca0a6fd877]::sys::thread::unix::Thread>::new::thread_start
[INFO] [stdout]   18:     0x71fe9c7e4dfa - <unknown>
[INFO] [stdout]   19:     0x71fe9c8783d4 - clone
[INFO] [stdout]   20:                0x0 - <unknown>
[INFO] [stdout] 
[INFO] [stdout] ---- mldsa_44_sign_seed_test stdout ----
[INFO] [stdout] 
[INFO] [stdout] thread 'mldsa_44_sign_seed_test' (1167) panicked at tests/wycheproof.rs:150:1:
[INFO] [stdout] failed to open data file (try running `git submodule update --init`): Os { code: 2, kind: NotFound, message: "No such file or directory" }
[INFO] [stdout] stack backtrace:
[INFO] [stdout]    0:     0x56a5f20d2bc1 - <<std[617be2ca0a6fd877]::sys::backtrace::BacktraceLock>::print::DisplayBacktrace as core[a373ad73a504971]::fmt::Display>::fmt
[INFO] [stdout]    1:     0x56a5f20e6aba - core[a373ad73a504971]::fmt::write
[INFO] [stdout]    2:     0x56a5f20d6ddc - <alloc[2e1b2a31b91974c5]::vec::Vec<u8> as core[a373ad73a504971]::io::write::Write>::write_fmt
[INFO] [stdout]    3:     0x56a5f20af026 - std[617be2ca0a6fd877]::panicking::default_hook::{closure#0}
[INFO] [stdout]    4:     0x56a5f20cb259 - std[617be2ca0a6fd877]::panicking::default_hook
[INFO] [stdout]    5:     0x56a5f205f4d0 - test[aada8e7e76ba119b]::test_main_inner::{closure#0}
[INFO] [stdout]    6:     0x56a5f20cb412 - std[617be2ca0a6fd877]::panicking::panic_with_hook
[INFO] [stdout]    7:     0x56a5f20af0d2 - std[617be2ca0a6fd877]::panicking::panic_handler::{closure#0}
[INFO] [stdout]    8:     0x56a5f20a7de9 - std[617be2ca0a6fd877]::sys::backtrace::__rust_end_short_backtrace::<std[617be2ca0a6fd877]::panicking::panic_handler::{closure#0}, !>
[INFO] [stdout]    9:     0x56a5f20afcdd - __rustc[ea4f61d10b84890b]::rust_begin_unwind
[INFO] [stdout]   10:     0x56a5f20e71ec - core[a373ad73a504971]::panicking::panic_fmt
[INFO] [stdout]   11:     0x56a5f20e6fc2 - core[a373ad73a504971]::result::unwrap_failed
[INFO] [stdout]   12:     0x56a5f2040971 - <wycheproof[d76eb78d7e55a2d1]::mldsa_44_sign_seed_test::{closure#0} as core[a373ad73a504971]::ops::function::FnOnce<()>>::call_once
[INFO] [stdout]   13:     0x56a5f205291b - test[aada8e7e76ba119b]::__rust_begin_short_backtrace::<core[a373ad73a504971]::result::Result<(), alloc[2e1b2a31b91974c5]::string::String>, fn() -> core[a373ad73a504971]::result::Result<(), alloc[2e1b2a31b91974c5]::string::String>>
[INFO] [stdout]   14:     0x56a5f205faf5 - test[aada8e7e76ba119b]::run_test::{closure#0}
[INFO] [stdout]   15:     0x56a5f20593e4 - std[617be2ca0a6fd877]::sys::backtrace::__rust_begin_short_backtrace::<test[aada8e7e76ba119b]::run_test::{closure#1}, ()>
[INFO] [stdout]   16:     0x56a5f2062b82 - <std[617be2ca0a6fd877]::thread::lifecycle::spawn_unchecked<test[aada8e7e76ba119b]::run_test::{closure#1}, ()>::{closure#1} as core[a373ad73a504971]::ops::function::FnOnce<()>>::call_once::{shim:vtable#0}
[INFO] [stdout]   17:     0x56a5f20d241f - <std[617be2ca0a6fd877]::sys::thread::unix::Thread>::new::thread_start
[INFO] [stdout]   18:     0x71fe9c7e4dfa - <unknown>
[INFO] [stdout]   19:     0x71fe9c8783d4 - clone
[INFO] [stdout]   20:                0x0 - <unknown>
[INFO] [stdout] 
[INFO] [stdout] ---- mldsa_65_verify_test stdout ----
[INFO] [stdout] 
[INFO] [stdout] thread 'mldsa_65_verify_test' (1170) panicked at tests/wycheproof.rs:166:1:
[INFO] [stdout] failed to open data file (try running `git submodule update --init`): Os { code: 2, kind: NotFound, message: "No such file or directory" }
[INFO] [stdout] stack backtrace:
[INFO] [stdout]    0:     0x56a5f20d2bc1 - <<std[617be2ca0a6fd877]::sys::backtrace::BacktraceLock>::print::DisplayBacktrace as core[a373ad73a504971]::fmt::Display>::fmt
[INFO] [stdout]    1:     0x56a5f20e6aba - core[a373ad73a504971]::fmt::write
[INFO] [stdout]    2:     0x56a5f20d6ddc - <alloc[2e1b2a31b91974c5]::vec::Vec<u8> as core[a373ad73a504971]::io::write::Write>::write_fmt
[INFO] [stdout]    3:     0x56a5f20af026 - std[617be2ca0a6fd877]::panicking::default_hook::{closure#0}
[INFO] [stdout]    4:     0x56a5f20cb259 - std[617be2ca0a6fd877]::panicking::default_hook
[INFO] [stdout]    5:     0x56a5f205f4d0 - test[aada8e7e76ba119b]::test_main_inner::{closure#0}
[INFO] [stdout]    6:     0x56a5f20cb412 - std[617be2ca0a6fd877]::panicking::panic_with_hook
[INFO] [stdout]    7:     0x56a5f20af0d2 - std[617be2ca0a6fd877]::panicking::panic_handler::{closure#0}
[INFO] [stdout]    8:     0x56a5f20a7de9 - std[617be2ca0a6fd877]::sys::backtrace::__rust_end_short_backtrace::<std[617be2ca0a6fd877]::panicking::panic_handler::{closure#0}, !>
[INFO] [stdout]    9:     0x56a5f20afcdd - __rustc[ea4f61d10b84890b]::rust_begin_unwind
[INFO] [stdout]   10:     0x56a5f20e71ec - core[a373ad73a504971]::panicking::panic_fmt
[INFO] [stdout]   11:     0x56a5f20e6fc2 - core[a373ad73a504971]::result::unwrap_failed
[INFO] [stdout]   12:     0x56a5f203f2d5 - <wycheproof[d76eb78d7e55a2d1]::mldsa_65_verify_test::{closure#0} as core[a373ad73a504971]::ops::function::FnOnce<()>>::call_once
[INFO] [stdout]   13:     0x56a5f205291b - test[aada8e7e76ba119b]::__rust_begin_short_backtrace::<core[a373ad73a504971]::result::Result<(), alloc[2e1b2a31b91974c5]::string::String>, fn() -> core[a373ad73a504971]::result::Result<(), alloc[2e1b2a31b91974c5]::string::String>>
[INFO] [stdout]   14:     0x56a5f205faf5 - test[aada8e7e76ba119b]::run_test::{closure#0}
[INFO] [stdout]   15:     0x56a5f20593e4 - std[617be2ca0a6fd877]::sys::backtrace::__rust_begin_short_backtrace::<test[aada8e7e76ba119b]::run_test::{closure#1}, ()>
[INFO] [stdout]   16:     0x56a5f2062b82 - <std[617be2ca0a6fd877]::thread::lifecycle::spawn_unchecked<test[aada8e7e76ba119b]::run_test::{closure#1}, ()>::{closure#1} as core[a373ad73a504971]::ops::function::FnOnce<()>>::call_once::{shim:vtable#0}
[INFO] [stdout]   17:     0x56a5f20d241f - <std[617be2ca0a6fd877]::sys::thread::unix::Thread>::new::thread_start
[INFO] [stdout]   18:     0x71fe9c7e4dfa - <unknown>
[INFO] [stdout]   19:     0x71fe9c8783d4 - clone
[INFO] [stdout]   20:                0x0 - <unknown>
[INFO] [stdout] 
[INFO] [stdout] ---- mldsa_87_verify_test stdout ----
[INFO] [stdout] 
[INFO] [stdout] thread 'mldsa_87_verify_test' (1172) panicked at tests/wycheproof.rs:167:1:
[INFO] [stdout] failed to open data file (try running `git submodule update --init`): Os { code: 2, kind: NotFound, message: "No such file or directory" }
[INFO] [stdout] stack backtrace:
[INFO] [stdout]    0:     0x56a5f20d2bc1 - <<std[617be2ca0a6fd877]::sys::backtrace::BacktraceLock>::print::DisplayBacktrace as core[a373ad73a504971]::fmt::Display>::fmt
[INFO] [stdout]    1:     0x56a5f20e6aba - core[a373ad73a504971]::fmt::write
[INFO] [stdout]    2:     0x56a5f20d6ddc - <alloc[2e1b2a31b91974c5]::vec::Vec<u8> as core[a373ad73a504971]::io::write::Write>::write_fmt
[INFO] [stdout]    3:     0x56a5f20af026 - std[617be2ca0a6fd877]::panicking::default_hook::{closure#0}
[INFO] [stdout]    4:     0x56a5f20cb259 - std[617be2ca0a6fd877]::panicking::default_hook
[INFO] [stdout]    5:     0x56a5f205f4d0 - test[aada8e7e76ba119b]::test_main_inner::{closure#0}
[INFO] [stdout]    6:     0x56a5f20cb412 - std[617be2ca0a6fd877]::panicking::panic_with_hook
[INFO] [stdout]    7:     0x56a5f20af0d2 - std[617be2ca0a6fd877]::panicking::panic_handler::{closure#0}
[INFO] [stdout]    8:     0x56a5f20a7de9 - std[617be2ca0a6fd877]::sys::backtrace::__rust_end_short_backtrace::<std[617be2ca0a6fd877]::panicking::panic_handler::{closure#0}, !>
[INFO] [stdout]    9:     0x56a5f20afcdd - __rustc[ea4f61d10b84890b]::rust_begin_unwind
[INFO] [stdout]   10:     0x56a5f20e71ec - core[a373ad73a504971]::panicking::panic_fmt
[INFO] [stdout]   11:     0x56a5f20e6fc2 - core[a373ad73a504971]::result::unwrap_failed
[INFO] [stdout]   12:     0x56a5f203fe35 - <wycheproof[d76eb78d7e55a2d1]::mldsa_87_verify_test::{closure#0} as core[a373ad73a504971]::ops::function::FnOnce<()>>::call_once
[INFO] [stdout]   13:     0x56a5f205291b - test[aada8e7e76ba119b]::__rust_begin_short_backtrace::<core[a373ad73a504971]::result::Result<(), alloc[2e1b2a31b91974c5]::string::String>, fn() -> core[a373ad73a504971]::result::Result<(), alloc[2e1b2a31b91974c5]::string::String>>
[INFO] [stdout]   14:     0x56a5f205faf5 - test[aada8e7e76ba119b]::run_test::{closure#0}
[INFO] [stdout]   15:     0x56a5f20593e4 - std[617be2ca0a6fd877]::sys::backtrace::__rust_begin_short_backtrace::<test[aada8e7e76ba119b]::run_test::{closure#1}, ()>
[INFO] [stdout]   16:     0x56a5f2062b82 - <std[617be2ca0a6fd877]::thread::lifecycle::spawn_unchecked<test[aada8e7e76ba119b]::run_test::{closure#1}, ()>::{closure#1} as core[a373ad73a504971]::ops::function::FnOnce<()>>::call_once::{shim:vtable#0}
[INFO] [stdout]   17:     0x56a5f20d241f - <std[617be2ca0a6fd877]::sys::thread::unix::Thread>::new::thread_start
[INFO] [stdout]   18:     0x71fe9c7e4dfa - <unknown>
[INFO] [stdout]   19:     0x71fe9c8783d4 - clone
[INFO] [stdout]   20:                0x0 - <unknown>
[INFO] [stdout] 
[INFO] [stdout] ---- mldsa_65_sign_seed_test stdout ----
[INFO] [stdout] 
[INFO] [stdout] thread 'mldsa_65_sign_seed_test' (1169) panicked at tests/wycheproof.rs:155:1:
[INFO] [stdout] failed to open data file (try running `git submodule update --init`): Os { code: 2, kind: NotFound, message: "No such file or directory" }
[INFO] [stdout] stack backtrace:
[INFO] [stdout]    0:     0x56a5f20d2bc1 - <<std[617be2ca0a6fd877]::sys::backtrace::BacktraceLock>::print::DisplayBacktrace as core[a373ad73a504971]::fmt::Display>::fmt
[INFO] [stdout]    1:     0x56a5f20e6aba - core[a373ad73a504971]::fmt::write
[INFO] [stdout]    2:     0x56a5f20d6ddc - <alloc[2e1b2a31b91974c5]::vec::Vec<u8> as core[a373ad73a504971]::io::write::Write>::write_fmt
[INFO] [stdout]    3:     0x56a5f20af026 - std[617be2ca0a6fd877]::panicking::default_hook::{closure#0}
[INFO] [stdout]    4:     0x56a5f20cb259 - std[617be2ca0a6fd877]::panicking::default_hook
[INFO] [stdout]    5:     0x56a5f205f4d0 - test[aada8e7e76ba119b]::test_main_inner::{closure#0}
[INFO] [stdout]    6:     0x56a5f20cb412 - std[617be2ca0a6fd877]::panicking::panic_with_hook
[INFO] [stdout]    7:     0x56a5f20af0d2 - std[617be2ca0a6fd877]::panicking::panic_handler::{closure#0}
[INFO] [stdout]    8:     0x56a5f20a7de9 - std[617be2ca0a6fd877]::sys::backtrace::__rust_end_short_backtrace::<std[617be2ca0a6fd877]::panicking::panic_handler::{closure#0}, !>
[INFO] [stdout]    9:     0x56a5f20afcdd - __rustc[ea4f61d10b84890b]::rust_begin_unwind
[INFO] [stdout]   10:     0x56a5f20e71ec - core[a373ad73a504971]::panicking::panic_fmt
[INFO] [stdout]   11:     0x56a5f20e6fc2 - core[a373ad73a504971]::result::unwrap_failed
[INFO] [stdout]   12:     0x56a5f2041641 - <wycheproof[d76eb78d7e55a2d1]::mldsa_65_sign_seed_test::{closure#0} as core[a373ad73a504971]::ops::function::FnOnce<()>>::call_once
[INFO] [stdout]   13:     0x56a5f205291b - test[aada8e7e76ba119b]::__rust_begin_short_backtrace::<core[a373ad73a504971]::result::Result<(), alloc[2e1b2a31b91974c5]::string::String>, fn() -> core[a373ad73a504971]::result::Result<(), alloc[2e1b2a31b91974c5]::string::String>>
[INFO] [stdout]   14:     0x56a5f205faf5 - test[aada8e7e76ba119b]::run_test::{closure#0}
[INFO] [stdout]   15:     0x56a5f20593e4 - std[617be2ca0a6fd877]::sys::backtrace::__rust_begin_short_backtrace::<test[aada8e7e76ba119b]::run_test::{closure#1}, ()>
[INFO] [stdout]   16:     0x56a5f2062b82 - <std[617be2ca0a6fd877]::thread::lifecycle::spawn_unchecked<test[aada8e7e76ba119b]::run_test::{closure#1}, ()>::{closure#1} as core[a373ad73a504971]::ops::function::FnOnce<()>>::call_once::{shim:vtable#0}
[INFO] [stdout]   17:     0x56a5f20d241f - <std[617be2ca0a6fd877]::sys::thread::unix::Thread>::new::thread_start
[INFO] [stdout]   18:     0x71fe9c7e4dfa - <unknown>
[INFO] [stdout]   19:     0x71fe9c8783d4 - clone
[INFO] [stdout]   20:                0x0 - <unknown>
[INFO] [stdout] 
[INFO] [stdout] ---- mldsa_87_sign_seed_test stdout ----
[INFO] [stdout] 
[INFO] [stdout] thread 'mldsa_87_sign_seed_test' (1171) panicked at tests/wycheproof.rs:160:1:
[INFO] [stdout] failed to open data file (try running `git submodule update --init`): Os { code: 2, kind: NotFound, message: "No such file or directory" }
[INFO] [stdout] stack backtrace:
[INFO] [stdout]    0:     0x56a5f20d2bc1 - <<std[617be2ca0a6fd877]::sys::backtrace::BacktraceLock>::print::DisplayBacktrace as core[a373ad73a504971]::fmt::Display>::fmt
[INFO] [stdout]    1:     0x56a5f20e6aba - core[a373ad73a504971]::fmt::write
[INFO] [stdout]    2:     0x56a5f20d6ddc - <alloc[2e1b2a31b91974c5]::vec::Vec<u8> as core[a373ad73a504971]::io::write::Write>::write_fmt
[INFO] [stdout]    3:     0x56a5f20af026 - std[617be2ca0a6fd877]::panicking::default_hook::{closure#0}
[INFO] [stdout]    4:     0x56a5f20cb259 - std[617be2ca0a6fd877]::panicking::default_hook
[INFO] [stdout]    5:     0x56a5f205f4d0 - test[aada8e7e76ba119b]::test_main_inner::{closure#0}
[INFO] [stdout]    6:     0x56a5f20cb412 - std[617be2ca0a6fd877]::panicking::panic_with_hook
[INFO] [stdout]    7:     0x56a5f20af0d2 - std[617be2ca0a6fd877]::panicking::panic_handler::{closure#0}
[INFO] [stdout]    8:     0x56a5f20a7de9 - std[617be2ca0a6fd877]::sys::backtrace::__rust_end_short_backtrace::<std[617be2ca0a6fd877]::panicking::panic_handler::{closure#0}, !>
[INFO] [stdout]    9:     0x56a5f20afcdd - __rustc[ea4f61d10b84890b]::rust_begin_unwind
[INFO] [stdout]   10:     0x56a5f20e71ec - core[a373ad73a504971]::panicking::panic_fmt
[INFO] [stdout]   11:     0x56a5f20e6fc2 - core[a373ad73a504971]::result::unwrap_failed
[INFO] [stdout]   12:     0x56a5f2042321 - <wycheproof[d76eb78d7e55a2d1]::mldsa_87_sign_seed_test::{closure#0} as core[a373ad73a504971]::ops::function::FnOnce<()>>::call_once
[INFO] [stdout]   13:     0x56a5f205291b - test[aada8e7e76ba119b]::__rust_begin_short_backtrace::<core[a373ad73a504971]::result::Result<(), alloc[2e1b2a31b91974c5]::string::String>, fn() -> core[a373ad73a504971]::result::Result<(), alloc[2e1b2a31b91974c5]::string::String>>
[INFO] [stdout]   14:     0x56a5f205faf5 - test[aada8e7e76ba119b]::run_test::{closure#0}
[INFO] [stdout]   15:     0x56a5f20593e4 - std[617be2ca0a6fd877]::sys::backtrace::__rust_begin_short_backtrace::<test[aada8e7e76ba119b]::run_test::{closure#1}, ()>
[INFO] [stdout]   16:     0x56a5f2062b82 - <std[617be2ca0a6fd877]::thread::lifecycle::spawn_unchecked<test[aada8e7e76ba119b]::run_test::{closure#1}, ()>::{closure#1} as core[a373ad73a504971]::ops::function::FnOnce<()>>::call_once::{shim:vtable#0}
[INFO] [stdout]   17:     0x56a5f20d241f - <std[617be2ca0a6fd877]::sys::thread::unix::Thread>::new::thread_start
[INFO] [stdout]   18:     0x71fe9c7e4dfa - <unknown>
[INFO] [stdout]   19:     0x71fe9c8783d4 - clone
[INFO] [stdout]   20:                0x0 - <unknown>
[INFO] [stdout] 
[INFO] [stdout] 
[INFO] [stdout] failures:
[INFO] [stdout]     mldsa_44_sign_seed_test
[INFO] [stdout]     mldsa_44_verify_test
[INFO] [stdout]     mldsa_65_sign_seed_test
[INFO] [stdout]     mldsa_65_verify_test
[INFO] [stdout]     mldsa_87_sign_seed_test
[INFO] [stdout]     mldsa_87_verify_test
[INFO] [stdout] 
[INFO] [stdout] test result: FAILED. 0 passed; 6 failed; 0 ignored; 0 measured; 0 filtered out; finished in 0.02s
[INFO] [stdout] 
[INFO] running `Command { std: "docker" "inspect" "999ac2ca656682c856910529f52b8b35f0d167656a3bd896084ab8680a9fb776", kill_on_drop: false }`
[INFO] running `Command { std: "docker" "rm" "-f" "999ac2ca656682c856910529f52b8b35f0d167656a3bd896084ab8680a9fb776", kill_on_drop: false }`
[INFO] [stdout] 999ac2ca656682c856910529f52b8b35f0d167656a3bd896084ab8680a9fb776
