[INFO] fetching crate mkv128-kw 0.1.0...
[INFO] testing mkv128-kw-0.1.0 against 1.100.0-beta.1+cargoflags=--release for beta-release-1.100-2
[INFO] extracting crate mkv128-kw 0.1.0 into /workspace/builds/worker-4-tc2/source
[INFO] started tweaking crates.io crate mkv128-kw 0.1.0
[INFO] removed 0 missing tests
[INFO] finished tweaking crates.io crate mkv128-kw 0.1.0
[INFO] tweaked toml for crates.io crate mkv128-kw 0.1.0 written to /workspace/builds/worker-4-tc2/source/Cargo.toml
[INFO] validating manifest of crates.io crate mkv128-kw 0.1.0 on toolchain 1.100.0-beta.1
[INFO] running `Command { std: CARGO_HOME="/workspace/cargo-home" RUSTUP_HOME="/workspace/rustup-home" "/workspace/cargo-home/bin/cargo" "+1.100.0-beta.1" "metadata" "--manifest-path" "Cargo.toml" "--no-deps", kill_on_drop: false }`
[INFO] running `Command { std: CARGO_HOME="/workspace/cargo-home" RUSTUP_HOME="/workspace/rustup-home" "/workspace/cargo-home/bin/cargo" "+1.100.0-beta.1" "generate-lockfile" "--manifest-path" "Cargo.toml", kill_on_drop: false }`
[INFO] [stderr]     Updating crates.io index
[INFO] [stderr]      Locking 9 packages to highest compatible versions
[INFO] [stderr]       Adding generic-array v0.14.7 (available: v0.14.9)
[INFO] [stderr]       Adding hex-literal v0.3.4 (available: v1.1.0)
[INFO] running `Command { std: CARGO_HOME="/workspace/cargo-home" RUSTUP_HOME="/workspace/rustup-home" "/workspace/cargo-home/bin/cargo" "+1.100.0-beta.1" "fetch" "--manifest-path" "Cargo.toml", kill_on_drop: false }`
[INFO] running `Command { std: "docker" "create" "-v" "/var/lib/crater-agent-workspace/builds/worker-4-tc2/source:/opt/rustwide/workdir:ro,Z" "-v" "/var/lib/crater-agent-workspace/builds/worker-4-tc2/target:/opt/rustwide/target:rw,Z" "-v" "/var/lib/crater-agent-workspace/cargo-home:/opt/rustwide/cargo-home:ro,Z" "-v" "/var/lib/crater-agent-workspace/rustup-home:/opt/rustwide/rustup-home:ro,Z" "-m" "1610612736" "--network" "none" "ghcr.io/rust-lang/crates-build-env/linux@sha256:77db811e55d90add9212f6832c23229e3de5f1c1f9905e8cb07319ea15df73ac" "sleep" "infinity", kill_on_drop: false }`
[INFO] [stdout] 60244ca35858322ca39d0228b868cc5a510493a4bb0a4cb9f8068c65ebdcf1fd
[INFO] running `Command { std: "docker" "start" "60244ca35858322ca39d0228b868cc5a510493a4bb0a4cb9f8068c65ebdcf1fd", kill_on_drop: false }`
[INFO] running `Command { std: "docker" "inspect" "60244ca35858322ca39d0228b868cc5a510493a4bb0a4cb9f8068c65ebdcf1fd", kill_on_drop: false }`
[INFO] running `Command { std: "docker" "exec" "-e" "SOURCE_DIR=/opt/rustwide/workdir" "-e" "CARGO_HOME=/opt/rustwide/cargo-home" "-e" "RUSTUP_HOME=/opt/rustwide/rustup-home" "-e" "CARGO_TARGET_DIR=/opt/rustwide/target" "-w" "/opt/rustwide/workdir" "--user" "0:0" "60244ca35858322ca39d0228b868cc5a510493a4bb0a4cb9f8068c65ebdcf1fd" "/opt/rustwide/cargo-home/bin/cargo" "+1.100.0-beta.1" "metadata" "--no-deps" "--format-version=1", kill_on_drop: false }`
[INFO] running `Command { std: "docker" "inspect" "60244ca35858322ca39d0228b868cc5a510493a4bb0a4cb9f8068c65ebdcf1fd", kill_on_drop: false }`
[INFO] running `Command { std: "docker" "exec" "-e" "SOURCE_DIR=/opt/rustwide/workdir" "-e" "CARGO_HOME=/opt/rustwide/cargo-home" "-e" "RUSTUP_HOME=/opt/rustwide/rustup-home" "-e" "CARGO_TARGET_DIR=/opt/rustwide/target" "-e" "CARGO_INCREMENTAL=0" "-e" "RUST_BACKTRACE=full" "-e" "RUSTFLAGS=--cap-lints=warn" "-e" "RUSTDOCFLAGS=--cap-lints=warn" "-w" "/opt/rustwide/workdir" "--user" "0:0" "60244ca35858322ca39d0228b868cc5a510493a4bb0a4cb9f8068c65ebdcf1fd" "/opt/rustwide/cargo-home/bin/cargo" "+1.100.0-beta.1" "build" "--frozen" "--message-format=json" "--release", kill_on_drop: false }`
[INFO] [stderr]    Compiling crypto-common v0.1.7
[INFO] [stderr]    Compiling inout v0.1.4
[INFO] [stderr]    Compiling cipher v0.4.4
[INFO] [stderr]    Compiling mkv128 v0.1.0
[INFO] [stderr]    Compiling mkv128-kw v0.1.0 (/opt/rustwide/workdir)
[INFO] [stderr]     Finished `release` profile [optimized] target(s) in 1.32s
[INFO] running `Command { std: "docker" "inspect" "60244ca35858322ca39d0228b868cc5a510493a4bb0a4cb9f8068c65ebdcf1fd", kill_on_drop: false }`
[INFO] running `Command { std: "docker" "exec" "-e" "SOURCE_DIR=/opt/rustwide/workdir" "-e" "CARGO_HOME=/opt/rustwide/cargo-home" "-e" "RUSTUP_HOME=/opt/rustwide/rustup-home" "-e" "CARGO_TARGET_DIR=/opt/rustwide/target" "-e" "CARGO_INCREMENTAL=0" "-e" "RUST_BACKTRACE=full" "-e" "RUSTFLAGS=--cap-lints=warn" "-e" "RUSTDOCFLAGS=--cap-lints=warn" "-w" "/opt/rustwide/workdir" "--user" "0:0" "60244ca35858322ca39d0228b868cc5a510493a4bb0a4cb9f8068c65ebdcf1fd" "/opt/rustwide/cargo-home/bin/cargo" "+1.100.0-beta.1" "test" "--frozen" "--no-run" "--message-format=json" "--release", kill_on_drop: false }`
[INFO] [stderr]    Compiling hex-literal v0.3.4
[INFO] [stderr]    Compiling mkv128-kw v0.1.0 (/opt/rustwide/workdir)
[INFO] [stderr]     Finished `release` profile [optimized] target(s) in 1.50s
[INFO] running `Command { std: "docker" "inspect" "60244ca35858322ca39d0228b868cc5a510493a4bb0a4cb9f8068c65ebdcf1fd", kill_on_drop: false }`
[INFO] running `Command { std: "docker" "exec" "-e" "SOURCE_DIR=/opt/rustwide/workdir" "-e" "CARGO_HOME=/opt/rustwide/cargo-home" "-e" "RUSTUP_HOME=/opt/rustwide/rustup-home" "-e" "CARGO_TARGET_DIR=/opt/rustwide/target" "-e" "CARGO_INCREMENTAL=0" "-e" "RUST_BACKTRACE=full" "-e" "RUSTFLAGS=--cap-lints=warn" "-e" "RUSTDOCFLAGS=--cap-lints=warn" "-w" "/opt/rustwide/workdir" "--user" "0:0" "60244ca35858322ca39d0228b868cc5a510493a4bb0a4cb9f8068c65ebdcf1fd" "/opt/rustwide/cargo-home/bin/cargo" "+1.100.0-beta.1" "test" "--frozen" "--release", kill_on_drop: false }`
[INFO] [stderr]     Finished `release` profile [optimized] target(s) in 0.02s
[INFO] [stderr]      Running unittests src/lib.rs (/opt/rustwide/target/release/build/mkv128-kw/1012157f2f692b17/out/mkv128_kw-1012157f2f692b17)
[INFO] [stderr]      Running tests/kw_tests.rs (/opt/rustwide/target/release/build/mkv128-kw/cab96e9c3cd0247f/out/kw_tests-cab96e9c3cd0247f)
[INFO] [stdout] 
[INFO] [stdout] running 0 tests
[INFO] [stdout] 
[INFO] [stdout] test result: ok. 0 passed; 0 failed; 0 ignored; 0 measured; 0 filtered out; finished in 0.00s
[INFO] [stdout] 
[INFO] [stdout] 
[INFO] [stdout] running 10 tests
[INFO] [stdout] test tests::error_invalid_kek_size ... ok
[INFO] [stdout] test tests::error_invalid_output_size ... ok
[INFO] [stdout] test tests::error_invalid_data_size ... ok
[INFO] [stdout] test tests::wrap_unwrap_128_key_128_kek ... FAILED
[INFO] [stdout] test tests::wrap_unwrap_128_key_192_kek ... FAILED
[INFO] [stdout] test tests::error_integrity_check_failed ... ok
[INFO] [stdout] test tests::wrap_unwrap_192_key_192_kek ... FAILED
[INFO] [stdout] test tests::wrap_unwrap_192_key_256_kek ... FAILED
[INFO] [stdout] test tests::wrap_unwrap_256_key_256_kek ... FAILED
[INFO] [stdout] test tests::wrap_unwrap_128_key_256_kek ... FAILED
[INFO] [stdout] 
[INFO] [stdout] failures:
[INFO] [stdout] 
[INFO] [stdout] ---- tests::wrap_unwrap_128_key_128_kek stdout ----
[INFO] [stdout] 
[INFO] [stdout] thread 'tests::wrap_unwrap_128_key_128_kek' (240) panicked at tests/kw_tests.rs:28:5:
[INFO] [stdout] assertion `left == right` failed: failed wrap
[INFO] [stdout]   left: [31, 166, 139, 10, 129, 18, 180, 71, 174, 243, 75, 216, 251, 90, 123, 130, 157, 62, 134, 35, 113, 210, 207, 229]
[INFO] [stdout]  right: [115, 23, 138, 72, 253, 29, 21, 183, 23, 227, 197, 36, 193, 20, 157, 139, 23, 180, 32, 40, 177, 244, 64, 145]
[INFO] [stdout] stack backtrace:
[INFO] [stdout]    0:     0x5629bc0ed7c1 - <<std[617be2ca0a6fd877]::sys::backtrace::BacktraceLock>::print::DisplayBacktrace as core[a373ad73a504971]::fmt::Display>::fmt
[INFO] [stdout]    1:     0x5629bc1016ba - core[a373ad73a504971]::fmt::write
[INFO] [stdout]    2:     0x5629bc0f19dc - <alloc[2e1b2a31b91974c5]::vec::Vec<u8> as core[a373ad73a504971]::io::write::Write>::write_fmt
[INFO] [stdout]    3:     0x5629bc0c9c26 - std[617be2ca0a6fd877]::panicking::default_hook::{closure#0}
[INFO] [stdout]    4:     0x5629bc0e5e59 - std[617be2ca0a6fd877]::panicking::default_hook
[INFO] [stdout]    5:     0x5629bc07df90 - test[aada8e7e76ba119b]::test_main_inner::{closure#0}
[INFO] [stdout]    6:     0x5629bc0e6012 - std[617be2ca0a6fd877]::panicking::panic_with_hook
[INFO] [stdout]    7:     0x5629bc0c9cd2 - std[617be2ca0a6fd877]::panicking::panic_handler::{closure#0}
[INFO] [stdout]    8:     0x5629bc0c29e9 - std[617be2ca0a6fd877]::sys::backtrace::__rust_end_short_backtrace::<std[617be2ca0a6fd877]::panicking::panic_handler::{closure#0}, !>
[INFO] [stdout]    9:     0x5629bc0ca8dd - __rustc[ea4f61d10b84890b]::rust_begin_unwind
[INFO] [stdout]   10:     0x5629bc101dec - core[a373ad73a504971]::panicking::panic_fmt
[INFO] [stdout]   11:     0x5629bc101d63 - core[a373ad73a504971]::panicking::assert_failed_inner
[INFO] [stdout]   12:     0x5629bc06eed8 - core[a373ad73a504971]::panicking::assert_failed::<[u8; 24usize], [u8; 24usize]>
[INFO] [stdout]   13:     0x5629bc070ae5 - <kw_tests[7371230cfd471d0a]::tests::wrap_unwrap_128_key_128_kek::{closure#0} as core[a373ad73a504971]::ops::function::FnOnce<()>>::call_once
[INFO] [stdout]   14:     0x5629bc0713db - test[aada8e7e76ba119b]::__rust_begin_short_backtrace::<core[a373ad73a504971]::result::Result<(), alloc[2e1b2a31b91974c5]::string::String>, fn() -> core[a373ad73a504971]::result::Result<(), alloc[2e1b2a31b91974c5]::string::String>>
[INFO] [stdout]   15:     0x5629bc07e5b5 - test[aada8e7e76ba119b]::run_test::{closure#0}
[INFO] [stdout]   16:     0x5629bc077ea4 - std[617be2ca0a6fd877]::sys::backtrace::__rust_begin_short_backtrace::<test[aada8e7e76ba119b]::run_test::{closure#1}, ()>
[INFO] [stdout]   17:     0x5629bc081642 - <std[617be2ca0a6fd877]::thread::lifecycle::spawn_unchecked<test[aada8e7e76ba119b]::run_test::{closure#1}, ()>::{closure#1} as core[a373ad73a504971]::ops::function::FnOnce<()>>::call_once::{shim:vtable#0}
[INFO] [stdout]   18:     0x5629bc0ed01f - <std[617be2ca0a6fd877]::sys::thread::unix::Thread>::new::thread_start
[INFO] [stdout]   19:     0x7707c4d06dfa - <unknown>
[INFO] [stdout]   20:     0x7707c4d9a3d4 - clone
[INFO] [stdout]   21:                0x0 - <unknown>
[INFO] [stdout] 
[INFO] [stdout] ---- tests::wrap_unwrap_128_key_192_kek stdout ----
[INFO] [stdout] 
[INFO] [stdout] thread 'tests::wrap_unwrap_128_key_192_kek' (241) panicked at tests/kw_tests.rs:35:5:
[INFO] [stdout] assertion `left == right` failed: failed wrap
[INFO] [stdout]   left: [150, 119, 139, 37, 174, 108, 164, 53, 249, 43, 91, 151, 192, 80, 174, 210, 70, 138, 184, 161, 122, 216, 78, 93]
[INFO] [stdout]  right: [99, 196, 152, 124, 245, 169, 148, 126, 75, 131, 114, 194, 235, 130, 16, 0, 82, 215, 129, 35, 73, 246, 240, 165]
[INFO] [stdout] stack backtrace:
[INFO] [stdout]    0:     0x5629bc0ed7c1 - <<std[617be2ca0a6fd877]::sys::backtrace::BacktraceLock>::print::DisplayBacktrace as core[a373ad73a504971]::fmt::Display>::fmt
[INFO] [stdout]    1:     0x5629bc1016ba - core[a373ad73a504971]::fmt::write
[INFO] [stdout]    2:     0x5629bc0f19dc - <alloc[2e1b2a31b91974c5]::vec::Vec<u8> as core[a373ad73a504971]::io::write::Write>::write_fmt
[INFO] [stdout]    3:     0x5629bc0c9c26 - std[617be2ca0a6fd877]::panicking::default_hook::{closure#0}
[INFO] [stdout]    4:     0x5629bc0e5e59 - std[617be2ca0a6fd877]::panicking::default_hook
[INFO] [stdout]    5:     0x5629bc07df90 - test[aada8e7e76ba119b]::test_main_inner::{closure#0}
[INFO] [stdout]    6:     0x5629bc0e6012 - std[617be2ca0a6fd877]::panicking::panic_with_hook
[INFO] [stdout]    7:     0x5629bc0c9cd2 - std[617be2ca0a6fd877]::panicking::panic_handler::{closure#0}
[INFO] [stdout]    8:     0x5629bc0c29e9 - std[617be2ca0a6fd877]::sys::backtrace::__rust_end_short_backtrace::<std[617be2ca0a6fd877]::panicking::panic_handler::{closure#0}, !>
[INFO] [stdout]    9:     0x5629bc0ca8dd - __rustc[ea4f61d10b84890b]::rust_begin_unwind
[INFO] [stdout]   10:     0x5629bc101dec - core[a373ad73a504971]::panicking::panic_fmt
[INFO] [stdout]   11:     0x5629bc101d63 - core[a373ad73a504971]::panicking::assert_failed_inner
[INFO] [stdout]   12:     0x5629bc06eed8 - core[a373ad73a504971]::panicking::assert_failed::<[u8; 24usize], [u8; 24usize]>
[INFO] [stdout]   13:     0x5629bc070c43 - <kw_tests[7371230cfd471d0a]::tests::wrap_unwrap_128_key_192_kek::{closure#0} as core[a373ad73a504971]::ops::function::FnOnce<()>>::call_once
[INFO] [stdout]   14:     0x5629bc0713db - test[aada8e7e76ba119b]::__rust_begin_short_backtrace::<core[a373ad73a504971]::result::Result<(), alloc[2e1b2a31b91974c5]::string::String>, fn() -> core[a373ad73a504971]::result::Result<(), alloc[2e1b2a31b91974c5]::string::String>>
[INFO] [stdout]   15:     0x5629bc07e5b5 - test[aada8e7e76ba119b]::run_test::{closure#0}
[INFO] [stdout]   16:     0x5629bc077ea4 - std[617be2ca0a6fd877]::sys::backtrace::__rust_begin_short_backtrace::<test[aada8e7e76ba119b]::run_test::{closure#1}, ()>
[INFO] [stdout]   17:     0x5629bc081642 - <std[617be2ca0a6fd877]::thread::lifecycle::spawn_unchecked<test[aada8e7e76ba119b]::run_test::{closure#1}, ()>::{closure#1} as core[a373ad73a504971]::ops::function::FnOnce<()>>::call_once::{shim:vtable#0}
[INFO] [stdout]   18:     0x5629bc0ed01f - <std[617be2ca0a6fd877]::sys::thread::unix::Thread>::new::thread_start
[INFO] [stdout]   19:     0x7707c4d06dfa - <unknown>
[INFO] [stdout]   20:     0x7707c4d9a3d4 - clone
[INFO] [stdout]   21:                0x0 - <unknown>
[INFO] [stdout] 
[INFO] [stdout] ---- tests::wrap_unwrap_192_key_192_kek stdout ----
[INFO] [stdout] 
[INFO] [stdout] thread 'tests::wrap_unwrap_192_key_192_kek' (243) panicked at tests/kw_tests.rs:49:5:
[INFO] [stdout] assertion `left == right` failed: failed wrap
[INFO] [stdout]   left: [3, 29, 51, 38, 78, 21, 211, 50, 104, 242, 78, 194, 96, 116, 62, 220, 225, 198, 199, 221, 238, 114, 90, 147, 107, 168, 20, 145, 92, 103, 98, 210]
[INFO] [stdout]  right: [226, 162, 115, 121, 208, 144, 147, 8, 145, 181, 69, 238, 14, 192, 222, 122, 254, 109, 30, 173, 73, 145, 194, 161, 47, 213, 34, 214, 28, 90, 61, 97]
[INFO] [stdout] stack backtrace:
[INFO] [stdout]    0:     0x5629bc0ed7c1 - <<std[617be2ca0a6fd877]::sys::backtrace::BacktraceLock>::print::DisplayBacktrace as core[a373ad73a504971]::fmt::Display>::fmt
[INFO] [stdout]    1:     0x5629bc1016ba - core[a373ad73a504971]::fmt::write
[INFO] [stdout]    2:     0x5629bc0f19dc - <alloc[2e1b2a31b91974c5]::vec::Vec<u8> as core[a373ad73a504971]::io::write::Write>::write_fmt
[INFO] [stdout]    3:     0x5629bc0c9c26 - std[617be2ca0a6fd877]::panicking::default_hook::{closure#0}
[INFO] [stdout]    4:     0x5629bc0e5e59 - std[617be2ca0a6fd877]::panicking::default_hook
[INFO] [stdout]    5:     0x5629bc07df90 - test[aada8e7e76ba119b]::test_main_inner::{closure#0}
[INFO] [stdout]    6:     0x5629bc0e6012 - std[617be2ca0a6fd877]::panicking::panic_with_hook
[INFO] [stdout]    7:     0x5629bc0c9cd2 - std[617be2ca0a6fd877]::panicking::panic_handler::{closure#0}
[INFO] [stdout]    8:     0x5629bc0c29e9 - std[617be2ca0a6fd877]::sys::backtrace::__rust_end_short_backtrace::<std[617be2ca0a6fd877]::panicking::panic_handler::{closure#0}, !>
[INFO] [stdout]    9:     0x5629bc0ca8dd - __rustc[ea4f61d10b84890b]::rust_begin_unwind
[INFO] [stdout]   10:     0x5629bc101dec - core[a373ad73a504971]::panicking::panic_fmt
[INFO] [stdout]   11:     0x5629bc101d63 - core[a373ad73a504971]::panicking::assert_failed_inner
[INFO] [stdout]   12:     0x5629bc06ef0d - core[a373ad73a504971]::panicking::assert_failed::<[u8; 32usize], [u8; 32usize]>
[INFO] [stdout]   13:     0x5629bc070f59 - <kw_tests[7371230cfd471d0a]::tests::wrap_unwrap_192_key_192_kek::{closure#0} as core[a373ad73a504971]::ops::function::FnOnce<()>>::call_once
[INFO] [stdout]   14:     0x5629bc0713db - test[aada8e7e76ba119b]::__rust_begin_short_backtrace::<core[a373ad73a504971]::result::Result<(), alloc[2e1b2a31b91974c5]::string::String>, fn() -> core[a373ad73a504971]::result::Result<(), alloc[2e1b2a31b91974c5]::string::String>>
[INFO] [stdout]   15:     0x5629bc07e5b5 - test[aada8e7e76ba119b]::run_test::{closure#0}
[INFO] [stdout]   16:     0x5629bc077ea4 - std[617be2ca0a6fd877]::sys::backtrace::__rust_begin_short_backtrace::<test[aada8e7e76ba119b]::run_test::{closure#1}, ()>
[INFO] [stdout]   17:     0x5629bc081642 - <std[617be2ca0a6fd877]::thread::lifecycle::spawn_unchecked<test[aada8e7e76ba119b]::run_test::{closure#1}, ()>::{closure#1} as core[a373ad73a504971]::ops::function::FnOnce<()>>::call_once::{shim:vtable#0}
[INFO] [stdout]   18:     0x5629bc0ed01f - <std[617be2ca0a6fd877]::sys::thread::unix::Thread>::new::thread_start
[INFO] [stdout]   19:     0x7707c4d06dfa - <unknown>
[INFO] [stdout]   20:     0x7707c4d9a3d4 - clone
[INFO] [stdout]   21:                0x0 - <unknown>
[INFO] [stdout] 
[INFO] [stdout] ---- tests::wrap_unwrap_192_key_256_kek stdout ----
[INFO] [stdout] 
[INFO] [stdout] thread 'tests::wrap_unwrap_192_key_256_kek' (244) panicked at tests/kw_tests.rs:56:5:
[INFO] [stdout] assertion `left == right` failed: failed wrap
[INFO] [stdout]   left: [168, 249, 188, 22, 18, 198, 139, 63, 246, 230, 244, 251, 227, 14, 113, 228, 118, 156, 139, 128, 163, 44, 184, 149, 140, 213, 209, 125, 107, 37, 77, 161]
[INFO] [stdout]  right: [102, 30, 58, 138, 208, 135, 161, 84, 207, 11, 180, 74, 85, 80, 143, 174, 177, 12, 16, 21, 250, 195, 94, 1, 192, 250, 196, 104, 29, 62, 129, 152]
[INFO] [stdout] stack backtrace:
[INFO] [stdout]    0:     0x5629bc0ed7c1 - <<std[617be2ca0a6fd877]::sys::backtrace::BacktraceLock>::print::DisplayBacktrace as core[a373ad73a504971]::fmt::Display>::fmt
[INFO] [stdout]    1:     0x5629bc1016ba - core[a373ad73a504971]::fmt::write
[INFO] [stdout]    2:     0x5629bc0f19dc - <alloc[2e1b2a31b91974c5]::vec::Vec<u8> as core[a373ad73a504971]::io::write::Write>::write_fmt
[INFO] [stdout]    3:     0x5629bc0c9c26 - std[617be2ca0a6fd877]::panicking::default_hook::{closure#0}
[INFO] [stdout]    4:     0x5629bc0e5e59 - std[617be2ca0a6fd877]::panicking::default_hook
[INFO] [stdout]    5:     0x5629bc07df90 - test[aada8e7e76ba119b]::test_main_inner::{closure#0}
[INFO] [stdout]    6:     0x5629bc0e6012 - std[617be2ca0a6fd877]::panicking::panic_with_hook
[INFO] [stdout]    7:     0x5629bc0c9cd2 - std[617be2ca0a6fd877]::panicking::panic_handler::{closure#0}
[INFO] [stdout]    8:     0x5629bc0c29e9 - std[617be2ca0a6fd877]::sys::backtrace::__rust_end_short_backtrace::<std[617be2ca0a6fd877]::panicking::panic_handler::{closure#0}, !>
[INFO] [stdout]    9:     0x5629bc0ca8dd - __rustc[ea4f61d10b84890b]::rust_begin_unwind
[INFO] [stdout]   10:     0x5629bc101dec - core[a373ad73a504971]::panicking::panic_fmt
[INFO] [stdout]   11:     0x5629bc101d63 - core[a373ad73a504971]::panicking::assert_failed_inner
[INFO] [stdout]   12:     0x5629bc06ef0d - core[a373ad73a504971]::panicking::assert_failed::<[u8; 32usize], [u8; 32usize]>
[INFO] [stdout]   13:     0x5629bc071116 - <kw_tests[7371230cfd471d0a]::tests::wrap_unwrap_192_key_256_kek::{closure#0} as core[a373ad73a504971]::ops::function::FnOnce<()>>::call_once
[INFO] [stdout]   14:     0x5629bc0713db - test[aada8e7e76ba119b]::__rust_begin_short_backtrace::<core[a373ad73a504971]::result::Result<(), alloc[2e1b2a31b91974c5]::string::String>, fn() -> core[a373ad73a504971]::result::Result<(), alloc[2e1b2a31b91974c5]::string::String>>
[INFO] [stdout]   15:     0x5629bc07e5b5 - test[aada8e7e76ba119b]::run_test::{closure#0}
[INFO] [stdout]   16:     0x5629bc077ea4 - std[617be2ca0a6fd877]::sys::backtrace::__rust_begin_short_backtrace::<test[aada8e7e76ba119b]::run_test::{closure#1}, ()>
[INFO] [stdout]   17:     0x5629bc081642 - <std[617be2ca0a6fd877]::thread::lifecycle::spawn_unchecked<test[aada8e7e76ba119b]::run_test::{closure#1}, ()>::{closure#1} as core[a373ad73a504971]::ops::function::FnOnce<()>>::call_once::{shim:vtable#0}
[INFO] [stdout]   18:     0x5629bc0ed01f - <std[617be2ca0a6fd877]::sys::thread::unix::Thread>::new::thread_start
[INFO] [stdout]   19:     0x7707c4d06dfa - <unknown>
[INFO] [stdout]   20:     0x7707c4d9a3d4 - clone
[INFO] [stdout]   21:                0x0 - <unknown>
[INFO] [stdout] 
[INFO] [stdout] ---- tests::wrap_unwrap_256_key_256_kek stdout ----
[INFO] [stdout] 
[INFO] [stdout] thread 'tests::wrap_unwrap_256_key_256_kek' (245) panicked at tests/kw_tests.rs:63:5:
[INFO] [stdout] assertion `left == right` failed: failed wrap
[INFO] [stdout]   left: [40, 201, 244, 4, 196, 184, 16, 244, 203, 204, 179, 92, 251, 135, 248, 38, 63, 87, 134, 226, 216, 14, 211, 38, 203, 199, 240, 231, 26, 153, 244, 59, 251, 152, 139, 155, 122, 2, 221, 33]
[INFO] [stdout]  right: [50, 168, 57, 133, 86, 248, 39, 7, 195, 128, 30, 108, 103, 209, 197, 196, 241, 236, 238, 116, 154, 151, 80, 76, 26, 61, 239, 181, 216, 158, 109, 172, 134, 53, 118, 90, 240, 105, 88, 203]
[INFO] [stdout] stack backtrace:
[INFO] [stdout]    0:     0x5629bc0ed7c1 - <<std[617be2ca0a6fd877]::sys::backtrace::BacktraceLock>::print::DisplayBacktrace as core[a373ad73a504971]::fmt::Display>::fmt
[INFO] [stdout]    1:     0x5629bc1016ba - core[a373ad73a504971]::fmt::write
[INFO] [stdout]    2:     0x5629bc0f19dc - <alloc[2e1b2a31b91974c5]::vec::Vec<u8> as core[a373ad73a504971]::io::write::Write>::write_fmt
[INFO] [stdout]    3:     0x5629bc0c9c26 - std[617be2ca0a6fd877]::panicking::default_hook::{closure#0}
[INFO] [stdout]    4:     0x5629bc0e5e59 - std[617be2ca0a6fd877]::panicking::default_hook
[INFO] [stdout]    5:     0x5629bc07df90 - test[aada8e7e76ba119b]::test_main_inner::{closure#0}
[INFO] [stdout]    6:     0x5629bc0e6012 - std[617be2ca0a6fd877]::panicking::panic_with_hook
[INFO] [stdout]    7:     0x5629bc0c9cd2 - std[617be2ca0a6fd877]::panicking::panic_handler::{closure#0}
[INFO] [stdout]    8:     0x5629bc0c29e9 - std[617be2ca0a6fd877]::sys::backtrace::__rust_end_short_backtrace::<std[617be2ca0a6fd877]::panicking::panic_handler::{closure#0}, !>
[INFO] [stdout]    9:     0x5629bc0ca8dd - __rustc[ea4f61d10b84890b]::rust_begin_unwind
[INFO] [stdout]   10:     0x5629bc101dec - core[a373ad73a504971]::panicking::panic_fmt
[INFO] [stdout]   11:     0x5629bc101d63 - core[a373ad73a504971]::panicking::assert_failed_inner
[INFO] [stdout]   12:     0x5629bc06ef4b - core[a373ad73a504971]::panicking::assert_failed::<[u8; 40usize], [u8; 40usize]>
[INFO] [stdout]   13:     0x5629bc0712ad - <kw_tests[7371230cfd471d0a]::tests::wrap_unwrap_256_key_256_kek::{closure#0} as core[a373ad73a504971]::ops::function::FnOnce<()>>::call_once
[INFO] [stdout]   14:     0x5629bc0713db - test[aada8e7e76ba119b]::__rust_begin_short_backtrace::<core[a373ad73a504971]::result::Result<(), alloc[2e1b2a31b91974c5]::string::String>, fn() -> core[a373ad73a504971]::result::Result<(), alloc[2e1b2a31b91974c5]::string::String>>
[INFO] [stdout]   15:     0x5629bc07e5b5 - test[aada8e7e76ba119b]::run_test::{closure#0}
[INFO] [stdout]   16:     0x5629bc077ea4 - std[617be2ca0a6fd877]::sys::backtrace::__rust_begin_short_backtrace::<test[aada8e7e76ba119b]::run_test::{closure#1}, ()>
[INFO] [stdout]   17:     0x5629bc081642 - <std[617be2ca0a6fd877]::thread::lifecycle::spawn_unchecked<test[aada8e7e76ba119b]::run_test::{closure#1}, ()>::{closure#1} as core[a373ad73a504971]::ops::function::FnOnce<()>>::call_once::{shim:vtable#0}
[INFO] [stdout]   18:     0x5629bc0ed01f - <std[617be2ca0a6fd877]::sys::thread::unix::Thread>::new::thread_start
[INFO] [stdout]   19:     0x7707c4d06dfa - <unknown>
[INFO] [stdout]   20:     0x7707c4d9a3d4 - clone
[INFO] [stdout]   21:                0x0 - <unknown>
[INFO] [stdout] 
[INFO] [stdout] ---- tests::wrap_unwrap_128_key_256_kek stdout ----
[INFO] [stdout] 
[INFO] [stdout] thread 'tests::wrap_unwrap_128_key_256_kek' (242) panicked at tests/kw_tests.rs:42:5:
[INFO] [stdout] assertion `left == right` failed: failed wrap
[INFO] [stdout]   left: [100, 232, 195, 249, 206, 15, 91, 162, 99, 233, 119, 121, 5, 129, 138, 42, 147, 200, 25, 30, 125, 110, 138, 231]
[INFO] [stdout]  right: [237, 150, 60, 58, 233, 56, 201, 146, 95, 95, 72, 123, 101, 247, 106, 56, 119, 142, 162, 247, 97, 43, 130, 77]
[INFO] [stdout] stack backtrace:
[INFO] [stdout]    0:     0x5629bc0ed7c1 - <<std[617be2ca0a6fd877]::sys::backtrace::BacktraceLock>::print::DisplayBacktrace as core[a373ad73a504971]::fmt::Display>::fmt
[INFO] [stdout]    1:     0x5629bc1016ba - core[a373ad73a504971]::fmt::write
[INFO] [stdout]    2:     0x5629bc0f19dc - <alloc[2e1b2a31b91974c5]::vec::Vec<u8> as core[a373ad73a504971]::io::write::Write>::write_fmt
[INFO] [stdout]    3:     0x5629bc0c9c26 - std[617be2ca0a6fd877]::panicking::default_hook::{closure#0}
[INFO] [stdout]    4:     0x5629bc0e5e59 - std[617be2ca0a6fd877]::panicking::default_hook
[INFO] [stdout]    5:     0x5629bc07df90 - test[aada8e7e76ba119b]::test_main_inner::{closure#0}
[INFO] [stdout]    6:     0x5629bc0e6012 - std[617be2ca0a6fd877]::panicking::panic_with_hook
[INFO] [stdout]    7:     0x5629bc0c9cd2 - std[617be2ca0a6fd877]::panicking::panic_handler::{closure#0}
[INFO] [stdout]    8:     0x5629bc0c29e9 - std[617be2ca0a6fd877]::sys::backtrace::__rust_end_short_backtrace::<std[617be2ca0a6fd877]::panicking::panic_handler::{closure#0}, !>
[INFO] [stdout]    9:     0x5629bc0ca8dd - __rustc[ea4f61d10b84890b]::rust_begin_unwind
[INFO] [stdout]   10:     0x5629bc101dec - core[a373ad73a504971]::panicking::panic_fmt
[INFO] [stdout]   11:     0x5629bc101d63 - core[a373ad73a504971]::panicking::assert_failed_inner
[INFO] [stdout]   12:     0x5629bc06eed8 - core[a373ad73a504971]::panicking::assert_failed::<[u8; 24usize], [u8; 24usize]>
[INFO] [stdout]   13:     0x5629bc070da8 - <kw_tests[7371230cfd471d0a]::tests::wrap_unwrap_128_key_256_kek::{closure#0} as core[a373ad73a504971]::ops::function::FnOnce<()>>::call_once
[INFO] [stdout]   14:     0x5629bc0713db - test[aada8e7e76ba119b]::__rust_begin_short_backtrace::<core[a373ad73a504971]::result::Result<(), alloc[2e1b2a31b91974c5]::string::String>, fn() -> core[a373ad73a504971]::result::Result<(), alloc[2e1b2a31b91974c5]::string::String>>
[INFO] [stdout]   15:     0x5629bc07e5b5 - test[aada8e7e76ba119b]::run_test::{closure#0}
[INFO] [stdout]   16:     0x5629bc077ea4 - std[617be2ca0a6fd877]::sys::backtrace::__rust_begin_short_backtrace::<test[aada8e7e76ba119b]::run_test::{closure#1}, ()>
[INFO] [stdout]   17:     0x5629bc081642 - <std[617be2ca0a6fd877]::thread::lifecycle::spawn_unchecked<test[aada8e7e76ba119b]::run_test::{closure#1}, ()>::{closure#1} as core[a373ad73a504971]::ops::function::FnOnce<()>>::call_once::{shim:vtable#0}
[INFO] [stdout]   18:     0x5629bc0ed01f - <std[617be2ca0a6fd877]::sys::thread::unix::Thread>::new::thread_start
[INFO] [stdout]   19:     0x7707c4d06dfa - <unknown>
[INFO] [stdout]   20:     0x7707c4d9a3d4 - clone
[INFO] [stdout]   21:                0x0 - <unknown>
[INFO] [stdout] 
[INFO] [stdout] 
[INFO] [stdout] failures:
[INFO] [stdout]     tests::wrap_unwrap_128_key_128_kek
[INFO] [stdout]     tests::wrap_unwrap_128_key_192_kek
[INFO] [stdout]     tests::wrap_unwrap_128_key_256_kek
[INFO] [stdout]     tests::wrap_unwrap_192_key_192_kek
[INFO] [stdout]     tests::wrap_unwrap_192_key_256_kek
[INFO] [stdout]     tests::wrap_unwrap_256_key_256_kek
[INFO] [stdout] 
[INFO] [stdout] test result: FAILED. 4 passed; 6 failed; 0 ignored; 0 measured; 0 filtered out; finished in 0.00s
[INFO] [stdout] 
[INFO] [stderr] error: test failed, to rerun pass `--test kw_tests`
[INFO] running `Command { std: "docker" "inspect" "60244ca35858322ca39d0228b868cc5a510493a4bb0a4cb9f8068c65ebdcf1fd", kill_on_drop: false }`
[INFO] running `Command { std: "docker" "rm" "-f" "60244ca35858322ca39d0228b868cc5a510493a4bb0a4cb9f8068c65ebdcf1fd", kill_on_drop: false }`
[INFO] [stdout] 60244ca35858322ca39d0228b868cc5a510493a4bb0a4cb9f8068c65ebdcf1fd
