[INFO] fetching crate mkpassphrase 0.1.0...
[INFO] testing mkpassphrase-0.1.0 against 1.99.0-beta.8+cargoflags=--release for beta-release-1.100-2
[INFO] extracting crate mkpassphrase 0.1.0 into /workspace/builds/worker-6-tc1/source
[INFO] started tweaking crates.io crate mkpassphrase 0.1.0
[INFO] removed 0 missing tests
[INFO] finished tweaking crates.io crate mkpassphrase 0.1.0
[INFO] tweaked toml for crates.io crate mkpassphrase 0.1.0 written to /workspace/builds/worker-6-tc1/source/Cargo.toml
[INFO] validating manifest of crates.io crate mkpassphrase 0.1.0 on toolchain 1.99.0-beta.8
[INFO] running `Command { std: CARGO_HOME="/workspace/cargo-home" RUSTUP_HOME="/workspace/rustup-home" "/workspace/cargo-home/bin/cargo" "+1.99.0-beta.8" "metadata" "--manifest-path" "Cargo.toml" "--no-deps", kill_on_drop: false }`
[INFO] crate crates.io crate mkpassphrase 0.1.0 already has a lockfile, it will not be regenerated
[INFO] running `Command { std: CARGO_HOME="/workspace/cargo-home" RUSTUP_HOME="/workspace/rustup-home" "/workspace/cargo-home/bin/cargo" "+1.99.0-beta.8" "fetch" "--manifest-path" "Cargo.toml", kill_on_drop: false }`
[INFO] [stderr]     Updating crates.io index
[INFO] [stderr]  Downloading crates ...
[INFO] [stderr]   Downloaded rxpect v0.13.0
[INFO] [stderr]   Downloaded mkpassphrase-core v0.1.0
[INFO] [stderr]   Downloaded rstest_macros v0.27.0
[INFO] [stderr]   Downloaded rstest v0.27.0
[INFO] [stderr]   Downloaded fork v0.10.0
[INFO] running `Command { std: "docker" "create" "-v" "/var/lib/crater-agent-workspace/builds/worker-6-tc1/source:/opt/rustwide/workdir:ro,Z" "-v" "/var/lib/crater-agent-workspace/builds/worker-6-tc1/target:/opt/rustwide/target:rw,Z" "-v" "/var/lib/crater-agent-workspace/cargo-home:/opt/rustwide/cargo-home:ro,Z" "-v" "/var/lib/crater-agent-workspace/rustup-home:/opt/rustwide/rustup-home:ro,Z" "-m" "1610612736" "--network" "none" "ghcr.io/rust-lang/crates-build-env/linux@sha256:77db811e55d90add9212f6832c23229e3de5f1c1f9905e8cb07319ea15df73ac" "sleep" "infinity", kill_on_drop: false }`
[INFO] [stdout] 981fe6c9f12070faec4aaca37d00cd8e90ce1846da3b153964e4b904587fd4cb
[INFO] running `Command { std: "docker" "start" "981fe6c9f12070faec4aaca37d00cd8e90ce1846da3b153964e4b904587fd4cb", kill_on_drop: false }`
[INFO] running `Command { std: "docker" "inspect" "981fe6c9f12070faec4aaca37d00cd8e90ce1846da3b153964e4b904587fd4cb", kill_on_drop: false }`
[INFO] running `Command { std: "docker" "exec" "-e" "SOURCE_DIR=/opt/rustwide/workdir" "-e" "CARGO_HOME=/opt/rustwide/cargo-home" "-e" "RUSTUP_HOME=/opt/rustwide/rustup-home" "-e" "CARGO_TARGET_DIR=/opt/rustwide/target" "-w" "/opt/rustwide/workdir" "--user" "0:0" "981fe6c9f12070faec4aaca37d00cd8e90ce1846da3b153964e4b904587fd4cb" "/opt/rustwide/cargo-home/bin/cargo" "+1.99.0-beta.8" "metadata" "--no-deps" "--format-version=1", kill_on_drop: false }`
[INFO] running `Command { std: "docker" "inspect" "981fe6c9f12070faec4aaca37d00cd8e90ce1846da3b153964e4b904587fd4cb", kill_on_drop: false }`
[INFO] running `Command { std: "docker" "exec" "-e" "SOURCE_DIR=/opt/rustwide/workdir" "-e" "CARGO_HOME=/opt/rustwide/cargo-home" "-e" "RUSTUP_HOME=/opt/rustwide/rustup-home" "-e" "CARGO_TARGET_DIR=/opt/rustwide/target" "-e" "CARGO_INCREMENTAL=0" "-e" "RUST_BACKTRACE=full" "-e" "RUSTFLAGS=--cap-lints=warn" "-e" "RUSTDOCFLAGS=--cap-lints=warn" "-w" "/opt/rustwide/workdir" "--user" "0:0" "981fe6c9f12070faec4aaca37d00cd8e90ce1846da3b153964e4b904587fd4cb" "/opt/rustwide/cargo-home/bin/cargo" "+1.99.0-beta.8" "build" "--frozen" "--message-format=json" "--release", kill_on_drop: false }`
[INFO] [stderr]    Compiling libc v0.2.190
[INFO] [stderr]    Compiling rustix v1.1.5
[INFO] [stderr]    Compiling smallvec v1.16.2
[INFO] [stderr]    Compiling memchr v2.8.3
[INFO] [stderr]    Compiling wayland-client v0.31.15
[INFO] [stderr]    Compiling wayland-sys v0.31.11
[INFO] [stderr]    Compiling cc v1.6.0
[INFO] [stderr]    Compiling thiserror v2.0.21
[INFO] [stderr]    Compiling serde_core v1.0.229
[INFO] [stderr]    Compiling getrandom v0.4.3
[INFO] [stderr]    Compiling indexmap v2.14.2
[INFO] [stderr]    Compiling rand_core v0.10.1
[INFO] [stderr]    Compiling syn v3.0.6
[INFO] [stderr]    Compiling nom v8.0.0
[INFO] [stderr]    Compiling winnow v1.0.4
[INFO] [stderr]    Compiling cpufeatures v0.3.1
[INFO] [stderr]    Compiling serde_spanned v1.1.1
[INFO] [stderr]    Compiling chacha20 v0.10.2
[INFO] [stderr]    Compiling x11rb-protocol v0.13.2
[INFO] [stderr]    Compiling either v1.18.0
[INFO] [stderr]    Compiling toml_datetime v1.1.1+spec-1.1.0
[INFO] [stderr]    Compiling clap_lex v1.1.1
[INFO] [stderr]    Compiling clap_builder v4.6.7
[INFO] [stderr]    Compiling itertools v0.15.0
[INFO] [stderr]    Compiling quick-xml v0.41.0
[INFO] [stderr]    Compiling petgraph v0.8.3
[INFO] [stderr]    Compiling wayland-scanner v0.31.11
[INFO] [stderr]    Compiling wayland-backend v0.3.17
[INFO] [stderr]    Compiling toml_parser v1.1.3+spec-1.1.0
[INFO] [stderr]    Compiling parking_lot_core v0.9.12
[INFO] [stderr]    Compiling os_pipe v1.2.3
[INFO] [stderr]    Compiling fork v0.10.0
[INFO] [stderr]    Compiling toml v1.1.6+spec-1.1.0
[INFO] [stderr]    Compiling thiserror-impl v2.0.21
[INFO] [stderr]    Compiling serde_derive v1.0.229
[INFO] [stderr]    Compiling clap_derive v4.6.7
[INFO] [stderr]    Compiling parking_lot v0.12.5
[INFO] [stderr]    Compiling rand v0.10.3
[INFO] [stderr]    Compiling config v0.15.27
[INFO] [stderr]    Compiling tree_magic_mini v3.2.2
[INFO] [stderr]    Compiling mkpassphrase-core v0.1.0
[INFO] [stderr]    Compiling clap v4.6.7
[INFO] [stderr]    Compiling gethostname v1.1.0
[INFO] [stderr]    Compiling x11rb v0.13.2
[INFO] [stderr]    Compiling serde v1.0.229
[INFO] [stderr]    Compiling wayland-protocols v0.32.13
[INFO] [stderr]    Compiling wayland-protocols-wlr v0.3.12
[INFO] [stderr]    Compiling wl-clipboard-rs v0.9.4
[INFO] [stderr]    Compiling arboard v3.6.1
[INFO] [stderr]    Compiling mkpassphrase v0.1.0 (/opt/rustwide/workdir)
[INFO] [stderr]     Finished `release` profile [optimized] target(s) in 32.90s
[INFO] running `Command { std: "docker" "inspect" "981fe6c9f12070faec4aaca37d00cd8e90ce1846da3b153964e4b904587fd4cb", kill_on_drop: false }`
[INFO] running `Command { std: "docker" "exec" "-e" "SOURCE_DIR=/opt/rustwide/workdir" "-e" "CARGO_HOME=/opt/rustwide/cargo-home" "-e" "RUSTUP_HOME=/opt/rustwide/rustup-home" "-e" "CARGO_TARGET_DIR=/opt/rustwide/target" "-e" "CARGO_INCREMENTAL=0" "-e" "RUST_BACKTRACE=full" "-e" "RUSTFLAGS=--cap-lints=warn" "-e" "RUSTDOCFLAGS=--cap-lints=warn" "-w" "/opt/rustwide/workdir" "--user" "0:0" "981fe6c9f12070faec4aaca37d00cd8e90ce1846da3b153964e4b904587fd4cb" "/opt/rustwide/cargo-home/bin/cargo" "+1.99.0-beta.8" "test" "--frozen" "--no-run" "--message-format=json" "--release", kill_on_drop: false }`
[INFO] [stderr]    Compiling aho-corasick v1.1.5
[INFO] [stderr]    Compiling winnow v1.0.4
[INFO] [stderr]    Compiling indexmap v2.14.2
[INFO] [stderr]    Compiling regex-syntax v0.8.11
[INFO] [stderr]    Compiling toml_datetime v1.1.1+spec-1.1.0
[INFO] [stderr]    Compiling rstest_macros v0.27.0
[INFO] [stderr]    Compiling predicates-core v1.0.10
[INFO] [stderr]    Compiling float-cmp v0.10.0
[INFO] [stderr]    Compiling syn v2.0.119
[INFO] [stderr]    Compiling difflib v0.4.0
[INFO] [stderr]    Compiling cfg-if v1.0.5
[INFO] [stderr]    Compiling futures-task v0.3.34
[INFO] [stderr]    Compiling futures-core v0.3.34
[INFO] [stderr]    Compiling relative-path v1.9.3
[INFO] [stderr]    Compiling termtree v0.5.1
[INFO] [stderr]    Compiling normalize-line-endings v0.3.0
[INFO] [stderr]    Compiling assert_cmd v2.2.2
[INFO] [stderr]    Compiling futures-util v0.3.34
[INFO] [stderr]    Compiling predicates-tree v1.0.13
[INFO] [stderr]    Compiling itertools v0.14.0
[INFO] [stderr]    Compiling wait-timeout v0.2.1
[INFO] [stderr]    Compiling similar v2.7.0
[INFO] [stderr]    Compiling futures-timer v3.0.4
[INFO] [stderr]    Compiling tempfile v3.27.0
[INFO] [stderr]    Compiling toml_parser v1.1.3+spec-1.1.0
[INFO] [stderr]    Compiling rxpect v0.13.0
[INFO] [stderr]    Compiling toml_edit v0.25.15+spec-1.1.0
[INFO] [stderr]    Compiling regex-automata v0.4.18
[INFO] [stderr]    Compiling proc-macro-crate v3.5.0
[INFO] [stderr]    Compiling regex v1.13.1
[INFO] [stderr]    Compiling bstr v1.13.1
[INFO] [stderr]    Compiling predicates v3.1.4
[INFO] [stderr]    Compiling rstest v0.27.0
[INFO] [stderr]    Compiling mkpassphrase v0.1.0 (/opt/rustwide/workdir)
[INFO] [stderr]     Finished `release` profile [optimized] target(s) in 26.59s
[INFO] running `Command { std: "docker" "inspect" "981fe6c9f12070faec4aaca37d00cd8e90ce1846da3b153964e4b904587fd4cb", kill_on_drop: false }`
[INFO] running `Command { std: "docker" "exec" "-e" "SOURCE_DIR=/opt/rustwide/workdir" "-e" "CARGO_HOME=/opt/rustwide/cargo-home" "-e" "RUSTUP_HOME=/opt/rustwide/rustup-home" "-e" "CARGO_TARGET_DIR=/opt/rustwide/target" "-e" "CARGO_INCREMENTAL=0" "-e" "RUST_BACKTRACE=full" "-e" "RUSTFLAGS=--cap-lints=warn" "-e" "RUSTDOCFLAGS=--cap-lints=warn" "-w" "/opt/rustwide/workdir" "--user" "0:0" "981fe6c9f12070faec4aaca37d00cd8e90ce1846da3b153964e4b904587fd4cb" "/opt/rustwide/cargo-home/bin/cargo" "+1.99.0-beta.8" "test" "--frozen" "--release", kill_on_drop: false }`
[INFO] [stderr]     Finished `release` profile [optimized] target(s) in 0.19s
[INFO] [stderr]      Running unittests src/main.rs (/opt/rustwide/target/release/deps/mkpassphrase-263b1af220c8e1f4)
[INFO] [stdout] 
[INFO] [stdout] running 0 tests
[INFO] [stderr]      Running tests/cli_tests/main.rs (/opt/rustwide/target/release/deps/cli_tests-e980d2b363c29153)
[INFO] [stdout] 
[INFO] [stdout] test result: ok. 0 passed; 0 failed; 0 ignored; 0 measured; 0 filtered out; finished in 0.00s
[INFO] [stdout] 
[INFO] [stdout] 
[INFO] [stdout] running 37 tests
[INFO] [stdout] test cli_tests::that_cli_supports_setting_options_via_argument::case_03_language_greek ... FAILED
[INFO] [stdout] test clipboard_tests::that_cli_puts_the_passphrase_in_the_clipboard ... FAILED
[INFO] [stdout] test cli_tests::that_cli_supports_setting_options_via_argument::case_02_language_short ... ok
[INFO] [stdout] test configuration_tests::that_cli_rejects_invalid_configuration_files::case_1_misspelt_parameter ... ok
[INFO] [stdout] test configuration_tests::that_cli_rejects_invalid_configuration_files::case_2_invalid_type ... ok
[INFO] [stdout] test configuration_tests::that_cli_rejects_invalid_configuration_files::case_3_unknown_collection ... ok
[INFO] [stdout] test configuration_tests::that_cli_rejects_invalid_configuration_files::case_4_nested_unknown_field ... ok
[INFO] [stdout] test configuration_tests::that_cli_rejects_invalid_configuration_files::case_5_invalid_profile_spec ... ok
[INFO] [stdout] test configuration_tests::that_cli_supports_setting_options_via_config_file::case_1_language ... FAILED
[INFO] [stdout] test cli_tests::that_cli_supports_setting_options_via_argument::case_11_separators_short ... ok
[INFO] [stdout] test cli_tests::that_cli_supports_setting_options_via_argument::case_10_separators_long ... ok
[INFO] [stdout] test cli_tests::that_cli_supports_setting_options_via_argument::case_09_no_capitalise_short ... ok
[INFO] [stdout] test cli_tests::that_cli_supports_setting_options_via_argument::case_04_num_words_long ... ok
[INFO] [stdout] test cli_tests::that_cli_supports_setting_options_via_argument::case_05_num_words_short ... ok
[INFO] [stdout] test configuration_tests::that_configuration_supports_different_profiles::case_1_language ... FAILED
[INFO] [stdout] test cli_tests::that_cli_supports_setting_options_via_argument::case_01_language_long ... ok
[INFO] [stdout] test configuration_tests::that_create_configuration_file_creates_configuration_file ... ok
[INFO] [stdout] test configuration_tests::that_create_configuration_file_does_not_overwrite_existing_configuration_file::case_1_default_path ... ok
[INFO] [stdout] test configuration_tests::that_create_configuration_file_does_not_overwrite_existing_configuration_file::case_2_custom_path ... ok
[INFO] [stdout] test configuration_tests::that_create_configuration_file_uses_configuration_file_argument ... ok
[INFO] [stdout] test configuration_tests::that_explicitly_set_config_file_is_required ... ok
[INFO] [stdout] test configuration_tests::that_profile_uses_global_values_as_fallback ... FAILED
[INFO] [stdout] test cli_tests::that_cli_supports_setting_options_via_argument::case_12_separators_long_multi ... ok
[INFO] [stdout] test cli_tests::that_cli_supports_setting_options_via_argument::case_07_capitalise_short ... ok
[INFO] [stdout] test cli_tests::that_cli_prints_a_passphrase ... ok
[INFO] [stdout] test cli_tests::that_cli_supports_setting_options_via_argument::case_08_no_capitalise_long ... ok
[INFO] [stdout] test configuration_tests::that_cli_supports_setting_options_via_config_file::case_2_num_words ... ok
[INFO] [stdout] test cli_tests::that_cli_returns_success_exit_code ... ok
[INFO] [stdout] test cli_tests::that_cli_supports_setting_options_via_argument::case_06_capitalise_long ... ok
[INFO] [stdout] test clipboard_tests::that_cli_prints_the_passphrase_even_on_clipboard_errors ... ok
[INFO] [stdout] test cli_tests::that_cli_supports_setting_options_via_argument::case_13_separators_short_multi ... ok
[INFO] [stdout] test clipboard_tests::that_cli_reports_clipboard_errors_to_stderr ... ok
[INFO] [stdout] test configuration_tests::that_cli_supports_setting_options_via_config_file::case_4_no_capitalise ... ok
[INFO] [stdout] test configuration_tests::that_cli_supports_setting_options_via_config_file::case_6_separators_multi ... ok
[INFO] [stdout] test configuration_tests::that_configuration_supports_different_profiles::case_2_multiple ... ok
[INFO] [stdout] test configuration_tests::that_cli_supports_setting_options_via_config_file::case_3_capitalise ... ok
[INFO] [stdout] test configuration_tests::that_cli_supports_setting_options_via_config_file::case_5_separators ... ok
[INFO] [stdout] 
[INFO] [stdout] failures:
[INFO] [stdout] 
[INFO] [stdout] ---- cli_tests::that_cli_supports_setting_options_via_argument::case_03_language_greek stdout ----
[INFO] [stdout] 
[INFO] [stdout] thread 'cli_tests::that_cli_supports_setting_options_via_argument::case_03_language_greek' (1964) panicked at tests/cli_tests/cli_tests.rs:40:10:
[INFO] [stdout] Unexpected failure.
[INFO] [stdout] code=1
[INFO] [stdout] stderr=``````
[INFO] [stdout] Error: The file \"/usr/lib/aspell/el\" can not be opened for reading.
[INFO] [stdout] Error: The language \"el\" is not known. This is probably because: the file \"/usr/lib/aspell/el.dat\" can not be opened for reading.
[INFO] [stdout] Error: Could not generate wordlist
[INFO] [stdout] 
[INFO] [stdout] Caused by:
[INFO] [stdout]     aspell dump exited with non-zero exit status: exit status: 1
[INFO] [stdout] 
[INFO] [stdout] Stack backtrace:
[INFO] [stdout]    0: <mkpassphrase_core::aspell::ASpellError as anyhow::context::ext::StdError>::ext_context::<&str>
[INFO] [stdout]    1: mkpassphrase::main
[INFO] [stdout]    2: std::sys::backtrace::__rust_begin_short_backtrace::<fn() -> core::result::Result<std::process::ExitCode, anyhow::Error>, core::result::Result<std::process::ExitCode, anyhow::Error>>
[INFO] [stdout]    3: std::rt::lang_start::<core::result::Result<std::process::ExitCode, anyhow::Error>>::{closure#0}
[INFO] [stdout]    4: std::rt::lang_start_internal
[INFO] [stdout]    5: main
[INFO] [stdout]    6: <unknown>
[INFO] [stdout]    7: __libc_start_main
[INFO] [stdout]    8: _start
[INFO] [stdout] ```
[INFO] [stdout] ```
[INFO] [stdout] command=`XDG_CONFIG_HOME="/dev/null" "/opt/rustwide/target/release/mkpassphrase" "--language" "el"`
[INFO] [stdout] code=1
[INFO] [stdout] stdout=""
[INFO] [stdout] stderr=```
[INFO] [stdout] Error: The file \"/usr/lib/aspell/el\" can not be opened for reading.
[INFO] [stdout] Error: The language \"el\" is not known. This is probably because: the file \"/usr/lib/aspell/el.dat\" can not be opened for reading.
[INFO] [stdout] Error: Could not generate wordlist
[INFO] [stdout] 
[INFO] [stdout] Caused by:
[INFO] [stdout]     aspell dump exited with non-zero exit status: exit status: 1
[INFO] [stdout] 
[INFO] [stdout] Stack backtrace:
[INFO] [stdout]    0: <mkpassphrase_core::aspell::ASpellError as anyhow::context::ext::StdError>::ext_context::<&str>
[INFO] [stdout]    1: mkpassphrase::main
[INFO] [stdout]    2: std::sys::backtrace::__rust_begin_short_backtrace::<fn() -> core::result::Result<std::process::ExitCode, anyhow::Error>, core::result::Result<std::process::ExitCode, anyhow::Error>>
[INFO] [stdout]    3: std::rt::lang_start::<core::result::Result<std::process::ExitCode, anyhow::Error>>::{closure#0}
[INFO] [stdout]    4: std::rt::lang_start_internal
[INFO] [stdout]    5: main
[INFO] [stdout]    6: <unknown>
[INFO] [stdout]    7: __libc_start_main
[INFO] [stdout]    8: _start
[INFO] [stdout] ```
[INFO] [stdout] 
[INFO] [stdout] 
[INFO] [stdout] stack backtrace:
[INFO] [stdout]    0:     0x562bac405be1 - <<std[70759c8f55707aa4]::sys::backtrace::BacktraceLock>::print::DisplayBacktrace as core[df12db4294e9bfd3]::fmt::Display>::fmt
[INFO] [stdout]    1:     0x562bac41e0ea - core[df12db4294e9bfd3]::fmt::write
[INFO] [stdout]    2:     0x562bac40ba3c - <alloc[2182bb758b4b3781]::vec::Vec<u8> as core[df12db4294e9bfd3]::io::write::Write>::write_fmt
[INFO] [stdout]    3:     0x562bac3df0b6 - std[70759c8f55707aa4]::panicking::default_hook::{closure#0}
[INFO] [stdout]    4:     0x562bac3fcd09 - std[70759c8f55707aa4]::panicking::default_hook
[INFO] [stdout]    5:     0x562bac29a330 - test[9d35eded1c95d3be]::test_main_inner::<test[9d35eded1c95d3be]::test_main_static::{closure#0}>::{closure#0}
[INFO] [stdout]    6:     0x562bac3fcec2 - std[70759c8f55707aa4]::panicking::panic_with_hook
[INFO] [stdout]    7:     0x562bac3df162 - std[70759c8f55707aa4]::panicking::panic_handler::{closure#0}
[INFO] [stdout]    8:     0x562bac3d7b89 - std[70759c8f55707aa4]::sys::backtrace::__rust_end_short_backtrace::<std[70759c8f55707aa4]::panicking::panic_handler::{closure#0}, !>
[INFO] [stdout]    9:     0x562bac3e00cd - __rustc[8fa7c3cbc660c2b3]::rust_begin_unwind
[INFO] [stdout]   10:     0x562bac41e8cc - core[df12db4294e9bfd3]::panicking::panic_fmt
[INFO] [stdout]   11:     0x562bac2ce5df - <assert_cmd[da3ea5121e20e107]::assert::AssertError>::panic::<assert_cmd[da3ea5121e20e107]::assert::Assert>
[INFO] [stdout]   12:     0x562bac2cef19 - <assert_cmd[da3ea5121e20e107]::assert::Assert>::success
[INFO] [stdout]   13:     0x562bac2289cb - cli_tests[6c2183b18bda0d94]::cli_tests::that_cli_supports_setting_options_via_argument
[INFO] [stdout]   14:     0x562bac223981 - <cli_tests[6c2183b18bda0d94]::cli_tests::that_cli_supports_setting_options_via_argument::case_03_language_greek::{closure#0} as core[df12db4294e9bfd3]::ops::function::FnOnce<()>>::call_once
[INFO] [stdout]   15:     0x562bac28d61b - test[9d35eded1c95d3be]::__rust_begin_short_backtrace::<core[df12db4294e9bfd3]::result::Result<(), alloc[2182bb758b4b3781]::string::String>, fn() -> core[df12db4294e9bfd3]::result::Result<(), alloc[2182bb758b4b3781]::string::String>>
[INFO] [stdout]   16:     0x562bac29ac85 - test[9d35eded1c95d3be]::run_test::{closure#0}
[INFO] [stdout]   17:     0x562bac294544 - std[70759c8f55707aa4]::sys::backtrace::__rust_begin_short_backtrace::<test[9d35eded1c95d3be]::run_test::{closure#1}, ()>
[INFO] [stdout]   18:     0x562bac29dde2 - <std[70759c8f55707aa4]::thread::lifecycle::spawn_unchecked<test[9d35eded1c95d3be]::run_test::{closure#1}, ()>::{closure#1} as core[df12db4294e9bfd3]::ops::function::FnOnce<()>>::call_once::{shim:vtable#0}
[INFO] [stdout]   19:     0x562bac4049b9 - <std[70759c8f55707aa4]::sys::thread::unix::Thread>::new::thread_start
[INFO] [stdout]   20:     0x7a6521412dfa - <unknown>
[INFO] [stdout]   21:     0x7a65214a63d4 - clone
[INFO] [stdout]   22:                0x0 - <unknown>
[INFO] [stdout] 
[INFO] [stdout] ---- clipboard_tests::that_cli_puts_the_passphrase_in_the_clipboard stdout ----
[INFO] [stdout] 
[INFO] [stdout] thread 'clipboard_tests::that_cli_puts_the_passphrase_in_the_clipboard' (2056) panicked at tests/cli_tests/clipboard_tests.rs:23:51:
[INFO] [stdout] Could not create clipboard: Unknown { .. } - "Unknown error while interacting with the clipboard: X11 server connection timed out because it was unreachable"
[INFO] [stdout] stack backtrace:
[INFO] [stdout]    0:     0x562bac405be1 - <<std[70759c8f55707aa4]::sys::backtrace::BacktraceLock>::print::DisplayBacktrace as core[df12db4294e9bfd3]::fmt::Display>::fmt
[INFO] [stdout]    1:     0x562bac41e0ea - core[df12db4294e9bfd3]::fmt::write
[INFO] [stdout]    2:     0x562bac40ba3c - <alloc[2182bb758b4b3781]::vec::Vec<u8> as core[df12db4294e9bfd3]::io::write::Write>::write_fmt
[INFO] [stdout]    3:     0x562bac3df0b6 - std[70759c8f55707aa4]::panicking::default_hook::{closure#0}
[INFO] [stdout]    4:     0x562bac3fcd09 - std[70759c8f55707aa4]::panicking::default_hook
[INFO] [stdout]    5:     0x562bac29a330 - test[9d35eded1c95d3be]::test_main_inner::<test[9d35eded1c95d3be]::test_main_static::{closure#0}>::{closure#0}
[INFO] [stdout]    6:     0x562bac3fcec2 - std[70759c8f55707aa4]::panicking::panic_with_hook
[INFO] [stdout]    7:     0x562bac3df162 - std[70759c8f55707aa4]::panicking::panic_handler::{closure#0}
[INFO] [stdout]    8:     0x562bac3d7b89 - std[70759c8f55707aa4]::sys::backtrace::__rust_end_short_backtrace::<std[70759c8f55707aa4]::panicking::panic_handler::{closure#0}, !>
[INFO] [stdout]    9:     0x562bac3e00cd - __rustc[8fa7c3cbc660c2b3]::rust_begin_unwind
[INFO] [stdout]   10:     0x562bac41e8cc - core[df12db4294e9bfd3]::panicking::panic_fmt
[INFO] [stdout]   11:     0x562bac41e6a2 - core[df12db4294e9bfd3]::result::unwrap_failed
[INFO] [stdout]   12:     0x562bac2282a8 - cli_tests[6c2183b18bda0d94]::clipboard_tests::that_cli_puts_the_passphrase_in_the_clipboard
[INFO] [stdout]   13:     0x562bac221fa9 - <cli_tests[6c2183b18bda0d94]::clipboard_tests::that_cli_puts_the_passphrase_in_the_clipboard::{closure#0} as core[df12db4294e9bfd3]::ops::function::FnOnce<()>>::call_once
[INFO] [stdout]   14:     0x562bac28d61b - test[9d35eded1c95d3be]::__rust_begin_short_backtrace::<core[df12db4294e9bfd3]::result::Result<(), alloc[2182bb758b4b3781]::string::String>, fn() -> core[df12db4294e9bfd3]::result::Result<(), alloc[2182bb758b4b3781]::string::String>>
[INFO] [stdout]   15:     0x562bac29ac85 - test[9d35eded1c95d3be]::run_test::{closure#0}
[INFO] [stdout]   16:     0x562bac294544 - std[70759c8f55707aa4]::sys::backtrace::__rust_begin_short_backtrace::<test[9d35eded1c95d3be]::run_test::{closure#1}, ()>
[INFO] [stdout]   17:     0x562bac29dde2 - <std[70759c8f55707aa4]::thread::lifecycle::spawn_unchecked<test[9d35eded1c95d3be]::run_test::{closure#1}, ()>::{closure#1} as core[df12db4294e9bfd3]::ops::function::FnOnce<()>>::call_once::{shim:vtable#0}
[INFO] [stdout]   18:     0x562bac4049b9 - <std[70759c8f55707aa4]::sys::thread::unix::Thread>::new::thread_start
[INFO] [stdout]   19:     0x7a6521412dfa - <unknown>
[INFO] [stdout]   20:     0x7a65214a63d4 - clone
[INFO] [stdout]   21:                0x0 - <unknown>
[INFO] [stdout] 
[INFO] [stdout] ---- configuration_tests::that_cli_supports_setting_options_via_config_file::case_1_language stdout ----
[INFO] [stdout] 
[INFO] [stdout] thread 'configuration_tests::that_cli_supports_setting_options_via_config_file::case_1_language' (2089) panicked at tests/cli_tests/configuration_tests.rs:35:10:
[INFO] [stdout] Unexpected failure.
[INFO] [stdout] code=1
[INFO] [stdout] stderr=``````
[INFO] [stdout] Error: The language \"el\" is not known. This is probably because: the file \"/usr/lib/aspell/el.dat\" can not be opened for reading.
[INFO] [stdout] Error: The file \"/usr/lib/aspell/el\" can not be opened for reading.
[INFO] [stdout] Error: Could not generate wordlist
[INFO] [stdout] 
[INFO] [stdout] Caused by:
[INFO] [stdout]     aspell dump exited with non-zero exit status: exit status: 1
[INFO] [stdout] 
[INFO] [stdout] Stack backtrace:
[INFO] [stdout]    0: <mkpassphrase_core::aspell::ASpellError as anyhow::context::ext::StdError>::ext_context::<&str>
[INFO] [stdout]    1: mkpassphrase::main
[INFO] [stdout]    2: std::sys::backtrace::__rust_begin_short_backtrace::<fn() -> core::result::Result<std::process::ExitCode, anyhow::Error>, core::result::Result<std::process::ExitCode, anyhow::Error>>
[INFO] [stdout]    3: std::rt::lang_start::<core::result::Result<std::process::ExitCode, anyhow::Error>>::{closure#0}
[INFO] [stdout]    4: std::rt::lang_start_internal
[INFO] [stdout]    5: main
[INFO] [stdout]    6: <unknown>
[INFO] [stdout]    7: __libc_start_main
[INFO] [stdout]    8: _start
[INFO] [stdout] ```
[INFO] [stdout] ```
[INFO] [stdout] command=`XDG_CONFIG_HOME="/dev/null" "/opt/rustwide/target/release/mkpassphrase" "--config" "/tmp/.tmpUiuDag.toml"`
[INFO] [stdout] code=1
[INFO] [stdout] stdout=""
[INFO] [stdout] stderr=```
[INFO] [stdout] Error: The language \"el\" is not known. This is probably because: the file \"/usr/lib/aspell/el.dat\" can not be opened for reading.
[INFO] [stdout] Error: The file \"/usr/lib/aspell/el\" can not be opened for reading.
[INFO] [stdout] Error: Could not generate wordlist
[INFO] [stdout] 
[INFO] [stdout] Caused by:
[INFO] [stdout]     aspell dump exited with non-zero exit status: exit status: 1
[INFO] [stdout] 
[INFO] [stdout] Stack backtrace:
[INFO] [stdout]    0: <mkpassphrase_core::aspell::ASpellError as anyhow::context::ext::StdError>::ext_context::<&str>
[INFO] [stdout]    1: mkpassphrase::main
[INFO] [stdout]    2: std::sys::backtrace::__rust_begin_short_backtrace::<fn() -> core::result::Result<std::process::ExitCode, anyhow::Error>, core::result::Result<std::process::ExitCode, anyhow::Error>>
[INFO] [stdout]    3: std::rt::lang_start::<core::result::Result<std::process::ExitCode, anyhow::Error>>::{closure#0}
[INFO] [stdout]    4: std::rt::lang_start_internal
[INFO] [stdout]    5: main
[INFO] [stdout]    6: <unknown>
[INFO] [stdout]    7: __libc_start_main
[INFO] [stdout]    8: _start
[INFO] [stdout] ```
[INFO] [stdout] 
[INFO] [stdout] 
[INFO] [stdout] stack backtrace:
[INFO] [stdout]    0:     0x562bac405be1 - <<std[70759c8f55707aa4]::sys::backtrace::BacktraceLock>::print::DisplayBacktrace as core[df12db4294e9bfd3]::fmt::Display>::fmt
[INFO] [stdout]    1:     0x562bac41e0ea - core[df12db4294e9bfd3]::fmt::write
[INFO] [stdout]    2:     0x562bac40ba3c - <alloc[2182bb758b4b3781]::vec::Vec<u8> as core[df12db4294e9bfd3]::io::write::Write>::write_fmt
[INFO] [stdout]    3:     0x562bac3df0b6 - std[70759c8f55707aa4]::panicking::default_hook::{closure#0}
[INFO] [stdout]    4:     0x562bac3fcd09 - std[70759c8f55707aa4]::panicking::default_hook
[INFO] [stdout]    5:     0x562bac29a330 - test[9d35eded1c95d3be]::test_main_inner::<test[9d35eded1c95d3be]::test_main_static::{closure#0}>::{closure#0}
[INFO] [stdout]    6:     0x562bac3fcec2 - std[70759c8f55707aa4]::panicking::panic_with_hook
[INFO] [stdout]    7:     0x562bac3df162 - std[70759c8f55707aa4]::panicking::panic_handler::{closure#0}
[INFO] [stdout]    8:     0x562bac3d7b89 - std[70759c8f55707aa4]::sys::backtrace::__rust_end_short_backtrace::<std[70759c8f55707aa4]::panicking::panic_handler::{closure#0}, !>
[INFO] [stdout]    9:     0x562bac3e00cd - __rustc[8fa7c3cbc660c2b3]::rust_begin_unwind
[INFO] [stdout]   10:     0x562bac41e8cc - core[df12db4294e9bfd3]::panicking::panic_fmt
[INFO] [stdout]   11:     0x562bac2ce5df - <assert_cmd[da3ea5121e20e107]::assert::AssertError>::panic::<assert_cmd[da3ea5121e20e107]::assert::Assert>
[INFO] [stdout]   12:     0x562bac2cef19 - <assert_cmd[da3ea5121e20e107]::assert::Assert>::success
[INFO] [stdout]   13:     0x562bac220ea2 - cli_tests[6c2183b18bda0d94]::configuration_tests::that_cli_supports_setting_options_via_config_file
[INFO] [stdout]   14:     0x562bac2237c1 - <cli_tests[6c2183b18bda0d94]::configuration_tests::that_cli_supports_setting_options_via_config_file::case_1_language::{closure#0} as core[df12db4294e9bfd3]::ops::function::FnOnce<()>>::call_once
[INFO] [stdout]   15:     0x562bac28d61b - test[9d35eded1c95d3be]::__rust_begin_short_backtrace::<core[df12db4294e9bfd3]::result::Result<(), alloc[2182bb758b4b3781]::string::String>, fn() -> core[df12db4294e9bfd3]::result::Result<(), alloc[2182bb758b4b3781]::string::String>>
[INFO] [stdout]   16:     0x562bac29ac85 - test[9d35eded1c95d3be]::run_test::{closure#0}
[INFO] [stdout]   17:     0x562bac294544 - std[70759c8f55707aa4]::sys::backtrace::__rust_begin_short_backtrace::<test[9d35eded1c95d3be]::run_test::{closure#1}, ()>
[INFO] [stdout]   18:     0x562bac29dde2 - <std[70759c8f55707aa4]::thread::lifecycle::spawn_unchecked<test[9d35eded1c95d3be]::run_test::{closure#1}, ()>::{closure#1} as core[df12db4294e9bfd3]::ops::function::FnOnce<()>>::call_once::{shim:vtable#0}
[INFO] [stdout]   19:     0x562bac4049b9 - <std[70759c8f55707aa4]::sys::thread::unix::Thread>::new::thread_start
[INFO] [stdout]   20:     0x7a6521412dfa - <unknown>
[INFO] [stdout]   21:     0x7a65214a63d4 - clone
[INFO] [stdout]   22:                0x0 - <unknown>
[INFO] [stdout] 
[INFO] [stdout] ---- configuration_tests::that_configuration_supports_different_profiles::case_1_language stdout ----
[INFO] [stdout] 
[INFO] [stdout] thread 'configuration_tests::that_configuration_supports_different_profiles::case_1_language' (2125) panicked at tests/cli_tests/configuration_tests.rs:114:10:
[INFO] [stdout] Unexpected failure.
[INFO] [stdout] code=1
[INFO] [stdout] stderr=``````
[INFO] [stdout] Error: The file \"/usr/lib/aspell/el\" can not be opened for reading.
[INFO] [stdout] Error: The language \"el\" is not known. This is probably because: the file \"/usr/lib/aspell/el.dat\" can not be opened for reading.
[INFO] [stdout] Error: Could not generate wordlist
[INFO] [stdout] 
[INFO] [stdout] Caused by:
[INFO] [stdout]     aspell dump exited with non-zero exit status: exit status: 1
[INFO] [stdout] 
[INFO] [stdout] Stack backtrace:
[INFO] [stdout]    0: <mkpassphrase_core::aspell::ASpellError as anyhow::context::ext::StdError>::ext_context::<&str>
[INFO] [stdout]    1: mkpassphrase::main
[INFO] [stdout]    2: std::sys::backtrace::__rust_begin_short_backtrace::<fn() -> core::result::Result<std::process::ExitCode, anyhow::Error>, core::result::Result<std::process::ExitCode, anyhow::Error>>
[INFO] [stdout]    3: std::rt::lang_start::<core::result::Result<std::process::ExitCode, anyhow::Error>>::{closure#0}
[INFO] [stdout]    4: std::rt::lang_start_internal
[INFO] [stdout]    5: main
[INFO] [stdout]    6: <unknown>
[INFO] [stdout]    7: __libc_start_main
[INFO] [stdout]    8: _start
[INFO] [stdout] ```
[INFO] [stdout] ```
[INFO] [stdout] command=`XDG_CONFIG_HOME="/dev/null" "/opt/rustwide/target/release/mkpassphrase" "--config" "/tmp/.tmpMDTwul.toml" "--profile" "test"`
[INFO] [stdout] code=1
[INFO] [stdout] stdout=""
[INFO] [stdout] stderr=```
[INFO] [stdout] Error: The file \"/usr/lib/aspell/el\" can not be opened for reading.
[INFO] [stdout] Error: The language \"el\" is not known. This is probably because: the file \"/usr/lib/aspell/el.dat\" can not be opened for reading.
[INFO] [stdout] Error: Could not generate wordlist
[INFO] [stdout] 
[INFO] [stdout] Caused by:
[INFO] [stdout]     aspell dump exited with non-zero exit status: exit status: 1
[INFO] [stdout] 
[INFO] [stdout] Stack backtrace:
[INFO] [stdout]    0: <mkpassphrase_core::aspell::ASpellError as anyhow::context::ext::StdError>::ext_context::<&str>
[INFO] [stdout]    1: mkpassphrase::main
[INFO] [stdout]    2: std::sys::backtrace::__rust_begin_short_backtrace::<fn() -> core::result::Result<std::process::ExitCode, anyhow::Error>, core::result::Result<std::process::ExitCode, anyhow::Error>>
[INFO] [stdout]    3: std::rt::lang_start::<core::result::Result<std::process::ExitCode, anyhow::Error>>::{closure#0}
[INFO] [stdout]    4: std::rt::lang_start_internal
[INFO] [stdout]    5: main
[INFO] [stdout]    6: <unknown>
[INFO] [stdout]    7: __libc_start_main
[INFO] [stdout]    8: _start
[INFO] [stdout] ```
[INFO] [stdout] 
[INFO] [stdout] 
[INFO] [stdout] stack backtrace:
[INFO] [stdout]    0:     0x562bac405be1 - <<std[70759c8f55707aa4]::sys::backtrace::BacktraceLock>::print::DisplayBacktrace as core[df12db4294e9bfd3]::fmt::Display>::fmt
[INFO] [stdout]    1:     0x562bac41e0ea - core[df12db4294e9bfd3]::fmt::write
[INFO] [stdout]    2:     0x562bac40ba3c - <alloc[2182bb758b4b3781]::vec::Vec<u8> as core[df12db4294e9bfd3]::io::write::Write>::write_fmt
[INFO] [stdout]    3:     0x562bac3df0b6 - std[70759c8f55707aa4]::panicking::default_hook::{closure#0}
[INFO] [stdout]    4:     0x562bac3fcd09 - std[70759c8f55707aa4]::panicking::default_hook
[INFO] [stdout]    5:     0x562bac29a330 - test[9d35eded1c95d3be]::test_main_inner::<test[9d35eded1c95d3be]::test_main_static::{closure#0}>::{closure#0}
[INFO] [stdout]    6:     0x562bac3fcec2 - std[70759c8f55707aa4]::panicking::panic_with_hook
[INFO] [stdout]    7:     0x562bac3df162 - std[70759c8f55707aa4]::panicking::panic_handler::{closure#0}
[INFO] [stdout]    8:     0x562bac3d7b89 - std[70759c8f55707aa4]::sys::backtrace::__rust_end_short_backtrace::<std[70759c8f55707aa4]::panicking::panic_handler::{closure#0}, !>
[INFO] [stdout]    9:     0x562bac3e00cd - __rustc[8fa7c3cbc660c2b3]::rust_begin_unwind
[INFO] [stdout]   10:     0x562bac41e8cc - core[df12db4294e9bfd3]::panicking::panic_fmt
[INFO] [stdout]   11:     0x562bac2ce5df - <assert_cmd[da3ea5121e20e107]::assert::AssertError>::panic::<assert_cmd[da3ea5121e20e107]::assert::Assert>
[INFO] [stdout]   12:     0x562bac2cef19 - <assert_cmd[da3ea5121e20e107]::assert::Assert>::success
[INFO] [stdout]   13:     0x562bac220a56 - cli_tests[6c2183b18bda0d94]::configuration_tests::that_configuration_supports_different_profiles
[INFO] [stdout]   14:     0x562bac223761 - <cli_tests[6c2183b18bda0d94]::configuration_tests::that_configuration_supports_different_profiles::case_1_language::{closure#0} as core[df12db4294e9bfd3]::ops::function::FnOnce<()>>::call_once
[INFO] [stdout]   15:     0x562bac28d61b - test[9d35eded1c95d3be]::__rust_begin_short_backtrace::<core[df12db4294e9bfd3]::result::Result<(), alloc[2182bb758b4b3781]::string::String>, fn() -> core[df12db4294e9bfd3]::result::Result<(), alloc[2182bb758b4b3781]::string::String>>
[INFO] [stdout]   16:     0x562bac29ac85 - test[9d35eded1c95d3be]::run_test::{closure#0}
[INFO] [stdout]   17:     0x562bac294544 - std[70759c8f55707aa4]::sys::backtrace::__rust_begin_short_backtrace::<test[9d35eded1c95d3be]::run_test::{closure#1}, ()>
[INFO] [stdout]   18:     0x562bac29dde2 - <std[70759c8f55707aa4]::thread::lifecycle::spawn_unchecked<test[9d35eded1c95d3be]::run_test::{closure#1}, ()>::{closure#1} as core[df12db4294e9bfd3]::ops::function::FnOnce<()>>::call_once::{shim:vtable#0}
[INFO] [stdout]   19:     0x562bac4049b9 - <std[70759c8f55707aa4]::sys::thread::unix::Thread>::new::thread_start
[INFO] [stdout]   20:     0x7a6521412dfa - <unknown>
[INFO] [stdout]   21:     0x7a65214a63d4 - clone
[INFO] [stdout]   22:                0x0 - <unknown>
[INFO] [stdout] 
[INFO] [stdout] ---- configuration_tests::that_profile_uses_global_values_as_fallback stdout ----
[INFO] [stdout] 
[INFO] [stdout] thread 'configuration_tests::that_profile_uses_global_values_as_fallback' (2157) panicked at tests/cli_tests/configuration_tests.rs:147:10:
[INFO] [stdout] Unexpected failure.
[INFO] [stdout] code=1
[INFO] [stdout] stderr=``````
[INFO] [stdout] Error: The file \"/usr/lib/aspell/el\" can not be opened for reading.
[INFO] [stdout] Error: The language \"el\" is not known. This is probably because: the file \"/usr/lib/aspell/el.dat\" can not be opened for reading.
[INFO] [stdout] Error: Could not generate wordlist
[INFO] [stdout] 
[INFO] [stdout] Caused by:
[INFO] [stdout]     aspell dump exited with non-zero exit status: exit status: 1
[INFO] [stdout] 
[INFO] [stdout] Stack backtrace:
[INFO] [stdout]    0: <mkpassphrase_core::aspell::ASpellError as anyhow::context::ext::StdError>::ext_context::<&str>
[INFO] [stdout]    1: mkpassphrase::main
[INFO] [stdout]    2: std::sys::backtrace::__rust_begin_short_backtrace::<fn() -> core::result::Result<std::process::ExitCode, anyhow::Error>, core::result::Result<std::process::ExitCode, anyhow::Error>>
[INFO] [stdout]    3: std::rt::lang_start::<core::result::Result<std::process::ExitCode, anyhow::Error>>::{closure#0}
[INFO] [stdout]    4: std::rt::lang_start_internal
[INFO] [stdout]    5: main
[INFO] [stdout]    6: <unknown>
[INFO] [stdout]    7: __libc_start_main
[INFO] [stdout]    8: _start
[INFO] [stdout] ```
[INFO] [stdout] ```
[INFO] [stdout] command=`XDG_CONFIG_HOME="/dev/null" "/opt/rustwide/target/release/mkpassphrase" "--config" "/tmp/.tmp5I4je8.toml" "--profile" "test"`
[INFO] [stdout] code=1
[INFO] [stdout] stdout=""
[INFO] [stdout] stderr=```
[INFO] [stdout] Error: The file \"/usr/lib/aspell/el\" can not be opened for reading.
[INFO] [stdout] Error: The language \"el\" is not known. This is probably because: the file \"/usr/lib/aspell/el.dat\" can not be opened for reading.
[INFO] [stdout] Error: Could not generate wordlist
[INFO] [stdout] 
[INFO] [stdout] Caused by:
[INFO] [stdout]     aspell dump exited with non-zero exit status: exit status: 1
[INFO] [stdout] 
[INFO] [stdout] Stack backtrace:
[INFO] [stdout]    0: <mkpassphrase_core::aspell::ASpellError as anyhow::context::ext::StdError>::ext_context::<&str>
[INFO] [stdout]    1: mkpassphrase::main
[INFO] [stdout]    2: std::sys::backtrace::__rust_begin_short_backtrace::<fn() -> core::result::Result<std::process::ExitCode, anyhow::Error>, core::result::Result<std::process::ExitCode, anyhow::Error>>
[INFO] [stdout]    3: std::rt::lang_start::<core::result::Result<std::process::ExitCode, anyhow::Error>>::{closure#0}
[INFO] [stdout]    4: std::rt::lang_start_internal
[INFO] [stdout]    5: main
[INFO] [stdout]    6: <unknown>
[INFO] [stdout]    7: __libc_start_main
[INFO] [stdout]    8: _start
[INFO] [stdout] ```
[INFO] [stdout] 
[INFO] [stdout] 
[INFO] [stdout] stack backtrace:
[INFO] [stdout]    0:     0x562bac405be1 - <<std[70759c8f55707aa4]::sys::backtrace::BacktraceLock>::print::DisplayBacktrace as core[df12db4294e9bfd3]::fmt::Display>::fmt
[INFO] [stdout]    1:     0x562bac41e0ea - core[df12db4294e9bfd3]::fmt::write
[INFO] [stdout]    2:     0x562bac40ba3c - <alloc[2182bb758b4b3781]::vec::Vec<u8> as core[df12db4294e9bfd3]::io::write::Write>::write_fmt
[INFO] [stdout]    3:     0x562bac3df0b6 - std[70759c8f55707aa4]::panicking::default_hook::{closure#0}
[INFO] [stdout]    4:     0x562bac3fcd09 - std[70759c8f55707aa4]::panicking::default_hook
[INFO] [stdout]    5:     0x562bac29a330 - test[9d35eded1c95d3be]::test_main_inner::<test[9d35eded1c95d3be]::test_main_static::{closure#0}>::{closure#0}
[INFO] [stdout]    6:     0x562bac3fcec2 - std[70759c8f55707aa4]::panicking::panic_with_hook
[INFO] [stdout]    7:     0x562bac3df162 - std[70759c8f55707aa4]::panicking::panic_handler::{closure#0}
[INFO] [stdout]    8:     0x562bac3d7b89 - std[70759c8f55707aa4]::sys::backtrace::__rust_end_short_backtrace::<std[70759c8f55707aa4]::panicking::panic_handler::{closure#0}, !>
[INFO] [stdout]    9:     0x562bac3e00cd - __rustc[8fa7c3cbc660c2b3]::rust_begin_unwind
[INFO] [stdout]   10:     0x562bac41e8cc - core[df12db4294e9bfd3]::panicking::panic_fmt
[INFO] [stdout]   11:     0x562bac2ce5df - <assert_cmd[da3ea5121e20e107]::assert::AssertError>::panic::<assert_cmd[da3ea5121e20e107]::assert::Assert>
[INFO] [stdout]   12:     0x562bac2cef19 - <assert_cmd[da3ea5121e20e107]::assert::Assert>::success
[INFO] [stdout]   13:     0x562bac22259f - <cli_tests[6c2183b18bda0d94]::configuration_tests::that_profile_uses_global_values_as_fallback::{closure#0} as core[df12db4294e9bfd3]::ops::function::FnOnce<()>>::call_once
[INFO] [stdout]   14:     0x562bac28d61b - test[9d35eded1c95d3be]::__rust_begin_short_backtrace::<core[df12db4294e9bfd3]::result::Result<(), alloc[2182bb758b4b3781]::string::String>, fn() -> core[df12db4294e9bfd3]::result::Result<(), alloc[2182bb758b4b3781]::string::String>>
[INFO] [stdout]   15:     0x562bac29ac85 - test[9d35eded1c95d3be]::run_test::{closure#0}
[INFO] [stdout]   16:     0x562bac294544 - std[70759c8f55707aa4]::sys::backtrace::__rust_begin_short_backtrace::<test[9d35eded1c95d3be]::run_test::{closure#1}, ()>
[INFO] [stdout]   17:     0x562bac29dde2 - <std[70759c8f55707aa4]::thread::lifecycle::spawn_unchecked<test[9d35eded1c95d3be]::run_test::{closure#1}, ()>::{closure#1} as core[df12db4294e9bfd3]::ops::function::FnOnce<()>>::call_once::{shim:vtable#0}
[INFO] [stdout]   18:     0x562bac4049b9 - <std[70759c8f55707aa4]::sys::thread::unix::Thread>::new::thread_start
[INFO] [stdout]   19:     0x7a6521412dfa - <unknown>
[INFO] [stdout]   20:     0x7a65214a63d4 - clone
[INFO] [stdout]   21:                0x0 - <unknown>
[INFO] [stdout] 
[INFO] [stdout] 
[INFO] [stdout] failures:
[INFO] [stdout]     cli_tests::that_cli_supports_setting_options_via_argument::case_03_language_greek
[INFO] [stdout]     clipboard_tests::that_cli_puts_the_passphrase_in_the_clipboard
[INFO] [stdout]     configuration_tests::that_cli_supports_setting_options_via_config_file::case_1_language
[INFO] [stdout]     configuration_tests::that_configuration_supports_different_profiles::case_1_language
[INFO] [stdout]     configuration_tests::that_profile_uses_global_values_as_fallback
[INFO] [stdout] 
[INFO] [stdout] test result: FAILED. 32 passed; 5 failed; 0 ignored; 0 measured; 0 filtered out; finished in 2.98s
[INFO] [stdout] 
[INFO] [stderr] error: test failed, to rerun pass `--test cli_tests`
[INFO] running `Command { std: "docker" "inspect" "981fe6c9f12070faec4aaca37d00cd8e90ce1846da3b153964e4b904587fd4cb", kill_on_drop: false }`
[INFO] running `Command { std: "docker" "rm" "-f" "981fe6c9f12070faec4aaca37d00cd8e90ce1846da3b153964e4b904587fd4cb", kill_on_drop: false }`
[INFO] [stdout] 981fe6c9f12070faec4aaca37d00cd8e90ce1846da3b153964e4b904587fd4cb
