[INFO] fetching crate mitoxide 0.1.0...
[INFO] testing mitoxide-0.1.0 against 1.100.0-beta.1+cargoflags=--release for beta-release-1.100-2
[INFO] extracting crate mitoxide 0.1.0 into /workspace/builds/worker-7-tc2/source
[INFO] started tweaking crates.io crate mitoxide 0.1.0
[INFO] removed 0 missing tests
[INFO] finished tweaking crates.io crate mitoxide 0.1.0
[INFO] tweaked toml for crates.io crate mitoxide 0.1.0 written to /workspace/builds/worker-7-tc2/source/Cargo.toml
[INFO] validating manifest of crates.io crate mitoxide 0.1.0 on toolchain 1.100.0-beta.1
[INFO] running `Command { std: CARGO_HOME="/workspace/cargo-home" RUSTUP_HOME="/workspace/rustup-home" "/workspace/cargo-home/bin/cargo" "+1.100.0-beta.1" "metadata" "--manifest-path" "Cargo.toml" "--no-deps", kill_on_drop: false }`
[INFO] running `Command { std: CARGO_HOME="/workspace/cargo-home" RUSTUP_HOME="/workspace/rustup-home" "/workspace/cargo-home/bin/cargo" "+1.100.0-beta.1" "generate-lockfile" "--manifest-path" "Cargo.toml", kill_on_drop: false }`
[INFO] [stderr]     Updating crates.io index
[INFO] [stderr]      Locking 334 packages to highest compatible versions
[INFO] [stderr]       Adding base64 v0.21.7 (available: v0.23.1)
[INFO] [stderr]       Adding criterion v0.5.1 (available: v0.8.2)
[INFO] [stderr]       Adding generic-array v0.14.7 (available: v0.14.9)
[INFO] [stderr]       Adding rand v0.8.8 (available: v0.10.3)
[INFO] [stderr]       Adding thiserror v1.0.69 (available: v2.0.21)
[INFO] [stderr]       Adding wasmtime v14.0.4 (available: v49.0.3)
[INFO] [stderr]       Adding wasmtime-wasi v14.0.4 (available: v49.0.3)
[INFO] running `Command { std: CARGO_HOME="/workspace/cargo-home" RUSTUP_HOME="/workspace/rustup-home" "/workspace/cargo-home/bin/cargo" "+1.100.0-beta.1" "fetch" "--manifest-path" "Cargo.toml", kill_on_drop: false }`
[INFO] [stderr] warning: `package.homepage` is redundant with `package.repository`
[INFO] [stderr]    --> Cargo.toml:102:12
[INFO] [stderr]     |
[INFO] [stderr] 102 | homepage = "https://github.com/yourusername/mitoxide"
[INFO] [stderr]     |            ^^^^^^^^^^^^^^^^^^^^^^^^^^^^^^^^^^^^^^^^^^
[INFO] [stderr] ...
[INFO] [stderr] 107 | repository = "https://github.com/yourusername/mitoxide"
[INFO] [stderr]     |              ------------------------------------------
[INFO] [stderr]     |
[INFO] [stderr]     = note: `cargo::redundant_homepage` is set to `warn` by default
[INFO] [stderr] help: consider removing `package.homepage`
[INFO] [stderr] warning: `mitoxide` (manifest) generated 1 warning
[INFO] running `Command { std: "docker" "create" "-v" "/var/lib/crater-agent-workspace/builds/worker-7-tc2/source:/opt/rustwide/workdir:ro,Z" "-v" "/var/lib/crater-agent-workspace/builds/worker-7-tc2/target:/opt/rustwide/target:rw,Z" "-v" "/var/lib/crater-agent-workspace/cargo-home:/opt/rustwide/cargo-home:ro,Z" "-v" "/var/lib/crater-agent-workspace/rustup-home:/opt/rustwide/rustup-home:ro,Z" "-m" "1610612736" "--network" "none" "ghcr.io/rust-lang/crates-build-env/linux@sha256:77db811e55d90add9212f6832c23229e3de5f1c1f9905e8cb07319ea15df73ac" "sleep" "infinity", kill_on_drop: false }`
[INFO] [stdout] 9a1002766fc7e2da7e478f2693062663bd7e008510c50dda7ea7add646048220
[INFO] running `Command { std: "docker" "start" "9a1002766fc7e2da7e478f2693062663bd7e008510c50dda7ea7add646048220", kill_on_drop: false }`
[INFO] running `Command { std: "docker" "inspect" "9a1002766fc7e2da7e478f2693062663bd7e008510c50dda7ea7add646048220", kill_on_drop: false }`
[INFO] running `Command { std: "docker" "exec" "-e" "SOURCE_DIR=/opt/rustwide/workdir" "-e" "CARGO_HOME=/opt/rustwide/cargo-home" "-e" "RUSTUP_HOME=/opt/rustwide/rustup-home" "-e" "CARGO_TARGET_DIR=/opt/rustwide/target" "-w" "/opt/rustwide/workdir" "--user" "0:0" "9a1002766fc7e2da7e478f2693062663bd7e008510c50dda7ea7add646048220" "/opt/rustwide/cargo-home/bin/cargo" "+1.100.0-beta.1" "metadata" "--no-deps" "--format-version=1", kill_on_drop: false }`
[INFO] running `Command { std: "docker" "inspect" "9a1002766fc7e2da7e478f2693062663bd7e008510c50dda7ea7add646048220", kill_on_drop: false }`
[INFO] running `Command { std: "docker" "exec" "-e" "SOURCE_DIR=/opt/rustwide/workdir" "-e" "CARGO_HOME=/opt/rustwide/cargo-home" "-e" "RUSTUP_HOME=/opt/rustwide/rustup-home" "-e" "CARGO_TARGET_DIR=/opt/rustwide/target" "-e" "CARGO_INCREMENTAL=0" "-e" "RUST_BACKTRACE=full" "-e" "RUSTFLAGS=--cap-lints=warn" "-e" "RUSTDOCFLAGS=--cap-lints=warn" "-w" "/opt/rustwide/workdir" "--user" "0:0" "9a1002766fc7e2da7e478f2693062663bd7e008510c50dda7ea7add646048220" "/opt/rustwide/cargo-home/bin/cargo" "+1.100.0-beta.1" "build" "--frozen" "--message-format=json" "--release", kill_on_drop: false }`
[INFO] [stderr] warning: `package.homepage` is redundant with `package.repository`
[INFO] [stderr]    --> Cargo.toml:102:12
[INFO] [stderr]     |
[INFO] [stderr] 102 | homepage = "https://github.com/yourusername/mitoxide"
[INFO] [stderr]     |            ^^^^^^^^^^^^^^^^^^^^^^^^^^^^^^^^^^^^^^^^^^
[INFO] [stderr] ...
[INFO] [stderr] 107 | repository = "https://github.com/yourusername/mitoxide"
[INFO] [stderr]     |              ------------------------------------------
[INFO] [stderr]     |
[INFO] [stderr]     = note: `cargo::redundant_homepage` is set to `warn` by default
[INFO] [stderr] help: consider removing `package.homepage`
[INFO] [stderr] warning: `mitoxide` (manifest) generated 1 warning
[INFO] [stderr]    Compiling find-msvc-tools v0.1.14
[INFO] [stderr]    Compiling pkg-config v0.3.34
[INFO] [stderr]    Compiling vcpkg v0.2.15
[INFO] [stderr]    Compiling cfg-if v1.0.5
[INFO] [stderr]    Compiling parking_lot_core v0.9.12
[INFO] [stderr]    Compiling scopeguard v1.2.0
[INFO] [stderr]    Compiling smallvec v1.16.3
[INFO] [stderr]    Compiling pin-project-lite v0.2.17
[INFO] [stderr]    Compiling getrandom v0.4.3
[INFO] [stderr]    Compiling thiserror v1.0.69
[INFO] [stderr]    Compiling once_cell v1.21.4
[INFO] [stderr]    Compiling syn v3.0.9
[INFO] [stderr]    Compiling syn v2.0.119
[INFO] [stderr]    Compiling errno v0.3.14
[INFO] [stderr]    Compiling socket2 v0.6.5
[INFO] [stderr]    Compiling mio v1.2.4
[INFO] [stderr]    Compiling lock_api v0.4.14
[INFO] [stderr]    Compiling rmp v0.8.15
[INFO] [stderr]    Compiling futures-sink v0.3.34
[INFO] [stderr]    Compiling signal-hook-registry v1.4.8
[INFO] [stderr]    Compiling futures-core v0.3.34
[INFO] [stderr]    Compiling cc v1.8.0
[INFO] [stderr]    Compiling tracing-core v0.1.36
[INFO] [stderr]    Compiling bitflags v2.13.2
[INFO] [stderr]    Compiling serde_json v1.0.154
[INFO] [stderr]    Compiling uuid v1.28.0
[INFO] [stderr]    Compiling parking_lot v0.12.5
[INFO] [stderr]    Compiling libz-sys v1.1.30
[INFO] [stderr]    Compiling openssl-sys v0.9.117
[INFO] [stderr]    Compiling libssh2-sys v0.3.3
[INFO] [stderr]    Compiling serde_derive v1.0.229
[INFO] [stderr]    Compiling tokio-macros v2.7.2
[INFO] [stderr]    Compiling async-trait v0.1.92
[INFO] [stderr]    Compiling thiserror-impl v1.0.69
[INFO] [stderr]    Compiling tracing-attributes v0.1.31
[INFO] [stderr]    Compiling tracing v0.1.44
[INFO] [stderr]    Compiling serde v1.0.229
[INFO] [stderr]    Compiling bytes v1.12.1
[INFO] [stderr]    Compiling rmp-serde v1.3.1
[INFO] [stderr]    Compiling tokio v1.53.3
[INFO] [stderr]    Compiling tokio-util v0.7.20
[INFO] [stderr]    Compiling mitoxide-proto v0.1.0
[INFO] [stderr]    Compiling ssh2 v0.9.6
[INFO] [stderr]    Compiling mitoxide-ssh v0.1.0
[INFO] [stderr]    Compiling mitoxide v0.1.0 (/opt/rustwide/workdir)
[INFO] [stdout] warning: field `config` is never read
[INFO] [stdout]    --> src/session.rs:218:5
[INFO] [stdout]     |
[INFO] [stdout] 212 | pub struct ConnectedSession {
[INFO] [stdout]     |            ---------------- field in this struct
[INFO] [stdout] ...
[INFO] [stdout] 218 |     config: SessionConfig,
[INFO] [stdout]     |     ^^^^^^
[INFO] [stdout]     |
[INFO] [stdout]     = note: `#[warn(dead_code)]` (part of `#[warn(unused)]`) on by default
[INFO] [stdout] 
[INFO] [stdout] 
[INFO] [stderr]     Finished `release` profile [optimized] target(s) in 42.41s
[INFO] running `Command { std: "docker" "inspect" "9a1002766fc7e2da7e478f2693062663bd7e008510c50dda7ea7add646048220", kill_on_drop: false }`
[INFO] running `Command { std: "docker" "exec" "-e" "SOURCE_DIR=/opt/rustwide/workdir" "-e" "CARGO_HOME=/opt/rustwide/cargo-home" "-e" "RUSTUP_HOME=/opt/rustwide/rustup-home" "-e" "CARGO_TARGET_DIR=/opt/rustwide/target" "-e" "CARGO_INCREMENTAL=0" "-e" "RUST_BACKTRACE=full" "-e" "RUSTFLAGS=--cap-lints=warn" "-e" "RUSTDOCFLAGS=--cap-lints=warn" "-w" "/opt/rustwide/workdir" "--user" "0:0" "9a1002766fc7e2da7e478f2693062663bd7e008510c50dda7ea7add646048220" "/opt/rustwide/cargo-home/bin/cargo" "+1.100.0-beta.1" "test" "--frozen" "--no-run" "--message-format=json" "--release", kill_on_drop: false }`
[INFO] [stderr] warning: `package.homepage` is redundant with `package.repository`
[INFO] [stderr]    --> Cargo.toml:102:12
[INFO] [stderr]     |
[INFO] [stderr] 102 | homepage = "https://github.com/yourusername/mitoxide"
[INFO] [stderr]     |            ^^^^^^^^^^^^^^^^^^^^^^^^^^^^^^^^^^^^^^^^^^
[INFO] [stderr] ...
[INFO] [stderr] 107 | repository = "https://github.com/yourusername/mitoxide"
[INFO] [stderr]     |              ------------------------------------------
[INFO] [stderr]     |
[INFO] [stderr]     = note: `cargo::redundant_homepage` is set to `warn` by default
[INFO] [stderr] help: consider removing `package.homepage`
[INFO] [stderr] warning: `mitoxide` (manifest) generated 1 warning
[INFO] [stderr]    Compiling rand_core v0.10.1
[INFO] [stderr]    Compiling num-traits v0.2.19
[INFO] [stderr]    Compiling getrandom v0.4.3
[INFO] [stderr]    Compiling zerocopy v0.8.63
[INFO] [stderr]    Compiling memchr v2.8.3
[INFO] [stderr]    Compiling crossbeam-utils v0.8.23
[INFO] [stderr]    Compiling bitflags v2.13.2
[INFO] [stderr]    Compiling crossbeam-epoch v0.9.21
[INFO] [stderr]    Compiling zerocopy-derive v0.8.63
[INFO] [stderr]    Compiling rustix v1.1.5
[INFO] [stderr]    Compiling crossbeam-deque v0.8.8
[INFO] [stderr]    Compiling tokio v1.53.3
[INFO] [stderr]    Compiling rayon-core v1.13.0
[INFO] [stderr]    Compiling regex-syntax v0.8.11
[INFO] [stderr]    Compiling either v1.19.0
[INFO] [stderr]    Compiling linux-raw-sys v0.12.1
[INFO] [stderr]    Compiling futures-macro v0.3.34
[INFO] [stderr]    Compiling getrandom v0.2.17
[INFO] [stderr]    Compiling futures-channel v0.3.34
[INFO] [stderr]    Compiling futures-io v0.3.34
[INFO] [stderr]    Compiling slab v0.4.12
[INFO] [stderr]    Compiling plotters-backend v0.3.7
[INFO] [stderr]    Compiling fastrand v2.5.0
[INFO] [stderr]    Compiling uuid v1.28.0
[INFO] [stderr]    Compiling clap_lex v1.1.1
[INFO] [stderr]    Compiling futures-task v0.3.34
[INFO] [stderr]    Compiling itertools v0.10.5
[INFO] [stderr]    Compiling rand_core v0.6.4
[INFO] [stderr]    Compiling ssh2 v0.9.6
[INFO] [stderr]    Compiling plotters-svg v0.3.7
[INFO] [stderr]    Compiling clap_builder v4.6.7
[INFO] [stderr]    Compiling wait-timeout v0.2.1
[INFO] [stderr]    Compiling anyhow v1.0.104
[INFO] [stderr]    Compiling cpufeatures v0.3.1
[INFO] [stderr]    Compiling fnv v1.0.7
[INFO] [stderr]    Compiling serde_json v1.0.154
[INFO] [stderr]    Compiling quick-error v1.2.3
[INFO] [stderr]    Compiling futures-util v0.3.34
[INFO] [stderr]    Compiling bit-vec v0.10.1
[INFO] [stderr]    Compiling chacha20 v0.10.2
[INFO] [stderr]    Compiling rand v0.10.3
[INFO] [stderr]    Compiling bit-set v0.11.1
[INFO] [stderr]    Compiling rmp v0.8.15
[INFO] [stderr]    Compiling plotters v0.3.7
[INFO] [stderr]    Compiling rand_xorshift v0.5.0
[INFO] [stderr]    Compiling is-terminal v0.4.17
[INFO] [stderr]    Compiling unarray v0.1.4
[INFO] [stderr]    Compiling core_detect v1.0.0
[INFO] [stderr]    Compiling base64 v0.21.7
[INFO] [stderr]    Compiling rmp-serde v1.3.1
[INFO] [stderr]    Compiling rayon v1.12.0
[INFO] [stderr]    Compiling criterion-plot v0.5.0
[INFO] [stderr]    Compiling regex-automata v0.4.18
[INFO] [stderr]    Compiling tinytemplate v1.2.1
[INFO] [stderr]    Compiling tempfile v3.27.0
[INFO] [stderr]    Compiling clap v4.6.7
[INFO] [stderr]    Compiling rusty-fork v0.3.1
[INFO] [stderr]    Compiling proptest v1.12.0
[INFO] [stderr]    Compiling futures-executor v0.3.34
[INFO] [stderr]    Compiling futures v0.3.34
[INFO] [stderr]    Compiling regex v1.13.1
[INFO] [stderr]    Compiling tokio-util v0.7.20
[INFO] [stderr]    Compiling mitoxide-proto v0.1.0
[INFO] [stderr]    Compiling tokio-stream v0.1.19
[INFO] [stderr]    Compiling tokio-test v0.4.6
[INFO] [stderr]    Compiling mitoxide-ssh v0.1.0
[INFO] [stderr]    Compiling half v2.7.1
[INFO] [stderr]    Compiling ppv-lite86 v0.2.21
[INFO] [stderr]    Compiling rand_chacha v0.3.1
[INFO] [stderr]    Compiling ciborium-ll v0.2.2
[INFO] [stderr]    Compiling ciborium v0.2.2
[INFO] [stderr]    Compiling rand v0.8.8
[INFO] [stderr]    Compiling mitoxide v0.1.0 (/opt/rustwide/workdir)
[INFO] [stdout] warning: field `config` is never read
[INFO] [stdout]    --> src/session.rs:218:5
[INFO] [stdout]     |
[INFO] [stdout] 212 | pub struct ConnectedSession {
[INFO] [stdout]     |            ---------------- field in this struct
[INFO] [stdout] ...
[INFO] [stdout] 218 |     config: SessionConfig,
[INFO] [stdout]     |     ^^^^^^
[INFO] [stdout]     |
[INFO] [stdout]     = note: `#[warn(dead_code)]` (part of `#[warn(unused)]`) on by default
[INFO] [stdout] 
[INFO] [stdout] 
[INFO] [stderr]    Compiling criterion v0.5.1
[INFO] [stdout] warning: unused import: `Context`
[INFO] [stdout]  --> tests/integration/bootstrap_tests.rs:7:14
[INFO] [stdout]   |
[INFO] [stdout] 7 | use anyhow::{Context, Result};
[INFO] [stdout]   |              ^^^^^^^
[INFO] [stdout]   |
[INFO] [stdout]   = note: `#[warn(unused_imports)]` (part of `#[warn(unused)]`) on by default
[INFO] [stdout] 
[INFO] [stdout] 
[INFO] [stdout] warning: unused import: `Context`
[INFO] [stdout]  --> tests/integration/wasm_tests.rs:7:14
[INFO] [stdout]   |
[INFO] [stdout] 7 | use anyhow::{Context, Result};
[INFO] [stdout]   |              ^^^^^^^
[INFO] [stdout] 
[INFO] [stdout] 
[INFO] [stdout] warning: unused import: `std::time::Duration`
[INFO] [stdout]  --> tests/integration/wasm_tests.rs:8:5
[INFO] [stdout]   |
[INFO] [stdout] 8 | use std::time::Duration;
[INFO] [stdout]   |     ^^^^^^^^^^^^^^^^^^^
[INFO] [stdout] 
[INFO] [stdout] 
[INFO] [stdout] warning: unused import: `tokio::time::timeout`
[INFO] [stdout]  --> tests/integration/wasm_tests.rs:9:5
[INFO] [stdout]   |
[INFO] [stdout] 9 | use tokio::time::timeout;
[INFO] [stdout]   |     ^^^^^^^^^^^^^^^^^^^^
[INFO] [stdout] 
[INFO] [stdout] 
[INFO] [stdout] warning: unused import: `Context`
[INFO] [stdout]  --> tests/integration/pty_tests.rs:7:14
[INFO] [stdout]   |
[INFO] [stdout] 7 | use anyhow::{Context, Result};
[INFO] [stdout]   |              ^^^^^^^
[INFO] [stdout] 
[INFO] [stdout] 
[INFO] [stdout] warning: unused import: `std::time::Duration`
[INFO] [stdout]  --> tests/integration/pty_tests.rs:8:5
[INFO] [stdout]   |
[INFO] [stdout] 8 | use std::time::Duration;
[INFO] [stdout]   |     ^^^^^^^^^^^^^^^^^^^
[INFO] [stdout] 
[INFO] [stdout] 
[INFO] [stdout] warning: unused import: `tokio::time::timeout`
[INFO] [stdout]  --> tests/integration/pty_tests.rs:9:5
[INFO] [stdout]   |
[INFO] [stdout] 9 | use tokio::time::timeout;
[INFO] [stdout]   |     ^^^^^^^^^^^^^^^^^^^^
[INFO] [stdout] 
[INFO] [stdout] 
[INFO] [stdout] warning: unused import: `super::*`
[INFO] [stdout]  --> tests/integration/routing_tests.rs:6:5
[INFO] [stdout]   |
[INFO] [stdout] 6 | use super::*;
[INFO] [stdout]   |     ^^^^^^^^
[INFO] [stdout] 
[INFO] [stdout] 
[INFO] [stdout] warning: unused import: `std::collections::HashMap`
[INFO] [stdout]  --> tests/integration/routing_tests.rs:8:5
[INFO] [stdout]   |
[INFO] [stdout] 8 | use std::collections::HashMap;
[INFO] [stdout]   |     ^^^^^^^^^^^^^^^^^^^^^^^^^
[INFO] [stdout] 
[INFO] [stdout] 
[INFO] [stdout] warning: unused import: `std::sync::Arc`
[INFO] [stdout]  --> tests/integration/routing_tests.rs:9:5
[INFO] [stdout]   |
[INFO] [stdout] 9 | use std::sync::Arc;
[INFO] [stdout]   |     ^^^^^^^^^^^^^^
[INFO] [stdout] 
[INFO] [stdout] 
[INFO] [stdout] warning: unused import: `timeout`
[INFO] [stdout]   --> tests/integration/routing_tests.rs:11:19
[INFO] [stdout]    |
[INFO] [stdout] 11 | use tokio::time::{timeout, sleep};
[INFO] [stdout]    |                   ^^^^^^^
[INFO] [stdout] 
[INFO] [stdout] 
[INFO] [stdout] warning: unused import: `SshConfig`
[INFO] [stdout]   --> tests/integration/routing_tests.rs:17:31
[INFO] [stdout]    |
[INFO] [stdout] 17 |     DockerTestEnv, SshHelper, SshConfig, TestAssertions, PerformanceUtils, EnvUtils
[INFO] [stdout]    |                               ^^^^^^^^^
[INFO] [stdout] 
[INFO] [stdout] 
[INFO] [stdout] warning: unused imports: `ErrorCode` and `ErrorDetails`
[INFO] [stdout]  --> src/context/tests.rs:6:31
[INFO] [stdout]   |
[INFO] [stdout] 6 | use mitoxide_proto::message::{ErrorDetails, ErrorCode};
[INFO] [stdout]   |                               ^^^^^^^^^^^^  ^^^^^^^^^
[INFO] [stdout]   |
[INFO] [stdout]   = note: `#[warn(unused_imports)]` (part of `#[warn(unused)]`) on by default
[INFO] [stdout] 
[INFO] [stdout] 
[INFO] [stdout] warning: use of deprecated function `base64::encode`: Use Engine::encode
[INFO] [stdout]    --> tests/integration/bootstrap_tests.rs:229:25
[INFO] [stdout]     |
[INFO] [stdout] 229 |                 base64::encode(&cleanup_agent), bootstrap_script)])
[INFO] [stdout]     |                         ^^^^^^
[INFO] [stdout]     |
[INFO] [stdout]     = note: `#[warn(deprecated)]` on by default
[INFO] [stdout] 
[INFO] [stdout] 
[INFO] [stdout] warning: use of deprecated function `base64::encode`: Use Engine::encode
[INFO] [stdout]    --> tests/integration/bootstrap_tests.rs:370:33
[INFO] [stdout]     |
[INFO] [stdout] 370 |         let agent_b64 = base64::encode(agent_binary);
[INFO] [stdout]     |                                 ^^^^^^
[INFO] [stdout] 
[INFO] [stdout] 
[INFO] [stdout] warning: field `config` is never read
[INFO] [stdout]    --> src/session.rs:218:5
[INFO] [stdout]     |
[INFO] [stdout] 212 | pub struct ConnectedSession {
[INFO] [stdout]     |            ---------------- field in this struct
[INFO] [stdout] ...
[INFO] [stdout] 218 |     config: SessionConfig,
[INFO] [stdout]     |     ^^^^^^
[INFO] [stdout]     |
[INFO] [stdout]     = note: `#[warn(dead_code)]` (part of `#[warn(unused)]`) on by default
[INFO] [stdout] 
[INFO] [stdout] 
[INFO] [stdout] warning: fields `expected_requests` and `responses` are never read
[INFO] [stdout]   --> src/context/tests.rs:13:5
[INFO] [stdout]    |
[INFO] [stdout] 12 | struct MockRouter {
[INFO] [stdout]    |        ---------- fields in this struct
[INFO] [stdout] 13 |     expected_requests: Arc<RwLock<Vec<Request>>>,
[INFO] [stdout]    |     ^^^^^^^^^^^^^^^^^
[INFO] [stdout] 14 |     responses: Arc<RwLock<Vec<Response>>>,
[INFO] [stdout]    |     ^^^^^^^^^
[INFO] [stdout] 
[INFO] [stdout] 
[INFO] [stdout] warning: methods `add_expected_request`, `add_response`, and `send_message` are never used
[INFO] [stdout]   --> src/context/tests.rs:25:14
[INFO] [stdout]    |
[INFO] [stdout] 17 | impl MockRouter {
[INFO] [stdout]    | --------------- methods in this implementation
[INFO] [stdout] ...
[INFO] [stdout] 25 |     async fn add_expected_request(&self, request: Request) {
[INFO] [stdout]    |              ^^^^^^^^^^^^^^^^^^^^
[INFO] [stdout] ...
[INFO] [stdout] 29 |     async fn add_response(&self, response: Response) {
[INFO] [stdout]    |              ^^^^^^^^^^^^
[INFO] [stdout] ...
[INFO] [stdout] 33 |     async fn send_message(&self, message: Message) -> Result<Response> {
[INFO] [stdout]    |              ^^^^^^^^^^^^
[INFO] [stdout] 
[INFO] [stdout] 
[INFO] [stdout] warning: unused variable: `name`
[INFO] [stdout]    --> tests/integration/docker.rs:198:18
[INFO] [stdout]     |
[INFO] [stdout] 198 |             for (name, config) in &self.containers {
[INFO] [stdout]     |                  ^^^^ help: if this is intentional, prefix it with an underscore: `_name`
[INFO] [stdout]     |
[INFO] [stdout]     = note: `#[warn(unused_variables)]` (part of `#[warn(unused)]`) on by default
[INFO] [stdout] 
[INFO] [stdout] 
[INFO] [stdout] warning: unused variable: `container`
[INFO] [stdout]    --> tests/integration/ssh.rs:216:40
[INFO] [stdout]     |
[INFO] [stdout] 216 |     pub fn config_for_container(&self, container: &str, port: u16) -> SshConfig {
[INFO] [stdout]     |                                        ^^^^^^^^^ help: if this is intentional, prefix it with an underscore: `_container`
[INFO] [stdout] 
[INFO] [stdout] 
[INFO] [stdout] warning: unused variable: `test_name`
[INFO] [stdout]    --> tests/integration/bootstrap_tests.rs:367:9
[INFO] [stdout]     |
[INFO] [stdout] 367 |         test_name: &str,
[INFO] [stdout]     |         ^^^^^^^^^ help: if this is intentional, prefix it with an underscore: `_test_name`
[INFO] [stdout] 
[INFO] [stdout] 
[INFO] [stdout] warning: unused variable: `output`
[INFO] [stdout]    --> tests/integration/bootstrap_tests.rs:175:13
[INFO] [stdout]     |
[INFO] [stdout] 175 |         let output = self.ssh_helper.execute_command(&config, &["sh", "-c", disk_full_script]).await?;
[INFO] [stdout]     |             ^^^^^^ help: if this is intentional, prefix it with an underscore: `_output`
[INFO] [stdout] 
[INFO] [stdout] 
[INFO] [stdout] warning: unused variable: `tests`
[INFO] [stdout]    --> tests/integration/bootstrap_tests.rs:456:13
[INFO] [stdout]     |
[INFO] [stdout] 456 |         let tests = BootstrapTests::new();
[INFO] [stdout]     |             ^^^^^ help: if this is intentional, prefix it with an underscore: `_tests`
[INFO] [stdout] 
[INFO] [stdout] 
[INFO] [stdout] warning: unused variable: `tests`
[INFO] [stdout]    --> tests/integration/process_tests.rs:477:13
[INFO] [stdout]     |
[INFO] [stdout] 477 |         let tests = ProcessTests::new();
[INFO] [stdout]     |             ^^^^^ help: if this is intentional, prefix it with an underscore: `_tests`
[INFO] [stdout] 
[INFO] [stdout] 
[INFO] [stdout] warning: unused variable: `tests`
[INFO] [stdout]    --> tests/integration/wasm_tests.rs:698:13
[INFO] [stdout]     |
[INFO] [stdout] 698 |         let tests = WasmTests::new();
[INFO] [stdout]     |             ^^^^^ help: if this is intentional, prefix it with an underscore: `_tests`
[INFO] [stdout] 
[INFO] [stdout] 
[INFO] [stdout] warning: unused variable: `tests`
[INFO] [stdout]    --> tests/integration/pty_tests.rs:760:13
[INFO] [stdout]     |
[INFO] [stdout] 760 |         let tests = PtyTests::new();
[INFO] [stdout]     |             ^^^^^ help: if this is intentional, prefix it with an underscore: `_tests`
[INFO] [stdout] 
[INFO] [stdout] 
[INFO] [stdout] warning: unused variable: `stop_output`
[INFO] [stdout]    --> tests/integration/routing_tests.rs:196:13
[INFO] [stdout]     |
[INFO] [stdout] 196 |         let stop_output = self.docker_env.exec_command("ubuntu_min", &["pkill", "-f", "sshd"]).await;
[INFO] [stdout]     |             ^^^^^^^^^^^ help: if this is intentional, prefix it with an underscore: `_stop_output`
[INFO] [stdout] 
[INFO] [stdout] 
[INFO] [stdout] warning: unused variable: `restart_output`
[INFO] [stdout]    --> tests/integration/routing_tests.rs:211:13
[INFO] [stdout]     |
[INFO] [stdout] 211 |         let restart_output = self.docker_env.exec_command("ubuntu_min", &["service", "ssh", "start"]).await;
[INFO] [stdout]     |             ^^^^^^^^^^^^^^ help: if this is intentional, prefix it with an underscore: `_restart_output`
[INFO] [stdout] 
[INFO] [stdout] 
[INFO] [stdout] warning: fields `service`, `port`, and `constraints` are never read
[INFO] [stdout]   --> tests/integration/docker.rs:13:9
[INFO] [stdout]    |
[INFO] [stdout] 11 | pub struct ContainerConfig {
[INFO] [stdout]    |            --------------- fields in this struct
[INFO] [stdout] 12 |     pub name: String,
[INFO] [stdout] 13 |     pub service: String,
[INFO] [stdout]    |         ^^^^^^^
[INFO] [stdout] 14 |     pub port: u16,
[INFO] [stdout]    |         ^^^^
[INFO] [stdout] 15 |     pub constraints: ContainerConstraints,
[INFO] [stdout]    |         ^^^^^^^^^^^
[INFO] [stdout]    |
[INFO] [stdout]    = note: `ContainerConfig` has derived impls for the traits `Clone` and `Debug`, but these are intentionally ignored during dead code analysis
[INFO] [stdout]    = note: `#[warn(dead_code)]` (part of `#[warn(unused)]`) on by default
[INFO] [stdout] 
[INFO] [stdout] 
[INFO] [stdout] warning: fields `memory_limit`, `cpu_limit`, `read_only`, and `tmpfs_mounts` are never read
[INFO] [stdout]   --> tests/integration/docker.rs:21:9
[INFO] [stdout]    |
[INFO] [stdout] 20 | pub struct ContainerConstraints {
[INFO] [stdout]    |            -------------------- fields in this struct
[INFO] [stdout] 21 |     pub memory_limit: Option<String>,
[INFO] [stdout]    |         ^^^^^^^^^^^^
[INFO] [stdout] 22 |     pub cpu_limit: Option<f32>,
[INFO] [stdout]    |         ^^^^^^^^^
[INFO] [stdout] 23 |     pub read_only: bool,
[INFO] [stdout]    |         ^^^^^^^^^
[INFO] [stdout] 24 |     pub tmpfs_mounts: Vec<String>,
[INFO] [stdout]    |         ^^^^^^^^^^^^
[INFO] [stdout]    |
[INFO] [stdout]    = note: `ContainerConstraints` has derived impls for the traits `Clone` and `Debug`, but these are intentionally ignored during dead code analysis
[INFO] [stdout] 
[INFO] [stdout] 
[INFO] [stdout] warning: field `compose_file` is never read
[INFO] [stdout]   --> tests/integration/docker.rs:30:5
[INFO] [stdout]    |
[INFO] [stdout] 28 | pub struct DockerTestEnv {
[INFO] [stdout]    |            ------------- field in this struct
[INFO] [stdout] 29 |     containers: HashMap<String, ContainerConfig>,
[INFO] [stdout] 30 |     compose_file: String,
[INFO] [stdout]    |     ^^^^^^^^^^^^
[INFO] [stdout] 
[INFO] [stdout] 
[INFO] [stdout] warning: methods `stop`, `list_containers`, and `get_status` are never used
[INFO] [stdout]    --> tests/integration/docker.rs:124:18
[INFO] [stdout]     |
[INFO] [stdout]  33 | impl DockerTestEnv {
[INFO] [stdout]     | ------------------ methods in this implementation
[INFO] [stdout] ...
[INFO] [stdout] 124 |     pub async fn stop(&self) -> Result<()> {
[INFO] [stdout]     |                  ^^^^
[INFO] [stdout] ...
[INFO] [stdout] 237 |     pub fn list_containers(&self) -> Vec<&str> {
[INFO] [stdout]     |            ^^^^^^^^^^^^^^^
[INFO] [stdout] ...
[INFO] [stdout] 242 |     pub async fn get_status(&self) -> Result<HashMap<String, ContainerStatus>> {
[INFO] [stdout]     |                  ^^^^^^^^^^
[INFO] [stdout] 
[INFO] [stdout] 
[INFO] [stdout] warning: struct `ContainerStatus` is never constructed
[INFO] [stdout]    --> tests/integration/docker.rs:302:12
[INFO] [stdout]     |
[INFO] [stdout] 302 | pub struct ContainerStatus {
[INFO] [stdout]     |            ^^^^^^^^^^^^^^^
[INFO] [stdout] 
[INFO] [stdout] 
[INFO] [stdout] warning: fields `exit_code`, `stdout`, and `stderr` are never read
[INFO] [stdout]    --> tests/integration/docker.rs:311:9
[INFO] [stdout]     |
[INFO] [stdout] 310 | pub struct CommandOutput {
[INFO] [stdout]     |            ------------- fields in this struct
[INFO] [stdout] 311 |     pub exit_code: i32,
[INFO] [stdout]     |         ^^^^^^^^^
[INFO] [stdout] 312 |     pub stdout: String,
[INFO] [stdout]     |         ^^^^^^
[INFO] [stdout] 313 |     pub stderr: String,
[INFO] [stdout]     |         ^^^^^^
[INFO] [stdout]     |
[INFO] [stdout]     = note: `CommandOutput` has derived impls for the traits `Clone` and `Debug`, but these are intentionally ignored during dead code analysis
[INFO] [stdout] 
[INFO] [stdout] 
[INFO] [stdout] warning: method `success` is never used
[INFO] [stdout]    --> tests/integration/docker.rs:317:12
[INFO] [stdout]     |
[INFO] [stdout] 316 | impl CommandOutput {
[INFO] [stdout]     | ------------------ method in this implementation
[INFO] [stdout] 317 |     pub fn success(&self) -> bool {
[INFO] [stdout]     |            ^^^^^^^
[INFO] [stdout] 
[INFO] [stdout] 
[INFO] [stdout] warning: associated items `with_config`, `copy_file_to`, and `copy_file_from` are never used
[INFO] [stdout]    --> tests/integration/ssh.rs:67:12
[INFO] [stdout]     |
[INFO] [stdout]  56 | impl SshHelper {
[INFO] [stdout]     | -------------- associated items in this implementation
[INFO] [stdout] ...
[INFO] [stdout]  67 |     pub fn with_config(key_path: &str, user: &str, timeout: Duration) -> Self {
[INFO] [stdout]     |            ^^^^^^^^^^^
[INFO] [stdout] ...
[INFO] [stdout] 134 |     pub async fn copy_file_to(&self, config: &SshConfig, local_path: &Path, remote_path: &str) -> Result<()> {
[INFO] [stdout]     |                  ^^^^^^^^^^^^
[INFO] [stdout] ...
[INFO] [stdout] 175 |     pub async fn copy_file_from(&self, config: &SshConfig, remote_path: &str, local_path: &Path) -> Result<()> {
[INFO] [stdout]     |                  ^^^^^^^^^^^^^^
[INFO] [stdout] 
[INFO] [stdout] 
[INFO] [stdout] warning: methods `get_result`, `success_count`, and `total_count` are never used
[INFO] [stdout]    --> tests/integration/ssh.rs:301:12
[INFO] [stdout]     |
[INFO] [stdout] 290 | impl TestResults {
[INFO] [stdout]     | ---------------- methods in this implementation
[INFO] [stdout] ...
[INFO] [stdout] 301 |     pub fn get_result(&self, name: &str) -> Option<bool> {
[INFO] [stdout]     |            ^^^^^^^^^^
[INFO] [stdout] ...
[INFO] [stdout] 309 |     pub fn success_count(&self) -> usize {
[INFO] [stdout]     |            ^^^^^^^^^^^^^
[INFO] [stdout] ...
[INFO] [stdout] 313 |     pub fn total_count(&self) -> usize {
[INFO] [stdout]     |            ^^^^^^^^^^^
[INFO] [stdout] 
[INFO] [stdout] 
[INFO] [stdout] warning: struct `FileTestUtils` is never constructed
[INFO] [stdout]   --> tests/integration/utils.rs:10:12
[INFO] [stdout]    |
[INFO] [stdout] 10 | pub struct FileTestUtils;
[INFO] [stdout]    |            ^^^^^^^^^^^^^
[INFO] [stdout] 
[INFO] [stdout] 
[INFO] [stdout] warning: multiple associated functions are never used
[INFO] [stdout]   --> tests/integration/utils.rs:14:12
[INFO] [stdout]    |
[INFO] [stdout] 12 | impl FileTestUtils {
[INFO] [stdout]    | ------------------ associated functions in this implementation
[INFO] [stdout] 13 |     /// Create a temporary test file with specified content
[INFO] [stdout] 14 |     pub fn create_test_file(content: &str) -> Result<(TempDir, PathBuf)> {
[INFO] [stdout]    |            ^^^^^^^^^^^^^^^^
[INFO] [stdout] ...
[INFO] [stdout] 25 |     pub fn create_binary_test_file(data: &[u8]) -> Result<(TempDir, PathBuf)> {
[INFO] [stdout]    |            ^^^^^^^^^^^^^^^^^^^^^^^
[INFO] [stdout] ...
[INFO] [stdout] 36 |     pub fn create_large_test_file(size_mb: usize) -> Result<(TempDir, PathBuf)> {
[INFO] [stdout]    |            ^^^^^^^^^^^^^^^^^^^^^^
[INFO] [stdout] ...
[INFO] [stdout] 56 |     pub fn verify_file_content(path: &Path, expected: &str) -> Result<bool> {
[INFO] [stdout]    |            ^^^^^^^^^^^^^^^^^^^
[INFO] [stdout] ...
[INFO] [stdout] 63 |     pub fn verify_binary_file_content(path: &Path, expected: &[u8]) -> Result<bool> {
[INFO] [stdout]    |            ^^^^^^^^^^^^^^^^^^^^^^^^^^
[INFO] [stdout] ...
[INFO] [stdout] 70 |     pub fn get_file_size(path: &Path) -> Result<u64> {
[INFO] [stdout]    |            ^^^^^^^^^^^^^
[INFO] [stdout] ...
[INFO] [stdout] 77 |     pub fn file_exists(path: &Path) -> bool {
[INFO] [stdout]    |            ^^^^^^^^^^^
[INFO] [stdout] 
[INFO] [stdout] 
[INFO] [stdout] warning: associated functions `measure_sync` and `calculate_throughput_mbps` are never used
[INFO] [stdout]    --> tests/integration/utils.rs:98:12
[INFO] [stdout]     |
[INFO] [stdout]  85 | impl PerformanceUtils {
[INFO] [stdout]     | --------------------- associated functions in this implementation
[INFO] [stdout] ...
[INFO] [stdout]  98 |     pub fn measure_sync<F, T>(operation: F) -> (T, Duration)
[INFO] [stdout]     |            ^^^^^^^^^^^^
[INFO] [stdout] ...
[INFO] [stdout] 109 |     pub fn calculate_throughput_mbps(bytes: u64, duration: Duration) -> f64 {
[INFO] [stdout]     |            ^^^^^^^^^^^^^^^^^^^^^^^^^
[INFO] [stdout] 
[INFO] [stdout] 
[INFO] [stdout] warning: associated functions `assert_command_success` and `assert_throughput_threshold` are never used
[INFO] [stdout]    --> tests/integration/utils.rs:135:12
[INFO] [stdout]     |
[INFO] [stdout] 133 | impl TestAssertions {
[INFO] [stdout]     | ------------------- associated functions in this implementation
[INFO] [stdout] 134 |     /// Assert that a command output indicates success
[INFO] [stdout] 135 |     pub fn assert_command_success(output: &crate::integration::CommandOutput, context: &str) -> Result<()> {
[INFO] [stdout]     |            ^^^^^^^^^^^^^^^^^^^^^^
[INFO] [stdout] ...
[INFO] [stdout] 193 |     pub fn assert_throughput_threshold(
[INFO] [stdout]     |            ^^^^^^^^^^^^^^^^^^^^^^^^^^^
[INFO] [stdout] 
[INFO] [stdout] 
[INFO] [stdout] warning: struct `TestDataGenerator` is never constructed
[INFO] [stdout]    --> tests/integration/utils.rs:282:12
[INFO] [stdout]     |
[INFO] [stdout] 282 | pub struct TestDataGenerator;
[INFO] [stdout]     |            ^^^^^^^^^^^^^^^^^
[INFO] [stdout] 
[INFO] [stdout] 
[INFO] [stdout] warning: associated functions `random_text`, `random_binary`, and `structured_json_data` are never used
[INFO] [stdout]    --> tests/integration/utils.rs:286:12
[INFO] [stdout]     |
[INFO] [stdout] 284 | impl TestDataGenerator {
[INFO] [stdout]     | ---------------------- associated functions in this implementation
[INFO] [stdout] 285 |     /// Generate random text data
[INFO] [stdout] 286 |     pub fn random_text(size: usize) -> String {
[INFO] [stdout]     |            ^^^^^^^^^^^
[INFO] [stdout] ...
[INFO] [stdout] 302 |     pub fn random_binary(size: usize) -> Vec<u8> {
[INFO] [stdout]     |            ^^^^^^^^^^^^^
[INFO] [stdout] ...
[INFO] [stdout] 309 |     pub fn structured_json_data(records: usize) -> String {
[INFO] [stdout]     |            ^^^^^^^^^^^^^^^^^^^^
[INFO] [stdout] 
[INFO] [stdout] 
[INFO] [stdout] warning: fields `docker_env` and `ssh_helper` are never read
[INFO] [stdout]   --> tests/integration/bootstrap_tests.rs:13:5
[INFO] [stdout]    |
[INFO] [stdout] 12 | pub struct BootstrapTests {
[INFO] [stdout]    |            -------------- fields in this struct
[INFO] [stdout] 13 |     docker_env: DockerTestEnv,
[INFO] [stdout]    |     ^^^^^^^^^^
[INFO] [stdout] 14 |     ssh_helper: SshHelper,
[INFO] [stdout]    |     ^^^^^^^^^^
[INFO] [stdout] 
[INFO] [stdout] 
[INFO] [stdout] warning: multiple methods are never used
[INFO] [stdout]    --> tests/integration/bootstrap_tests.rs:27:18
[INFO] [stdout]     |
[INFO] [stdout]  17 | impl BootstrapTests {
[INFO] [stdout]     | ------------------- methods in this implementation
[INFO] [stdout] ...
[INFO] [stdout]  27 |     pub async fn setup(&self) -> Result<()> {
[INFO] [stdout]     |                  ^^^^^
[INFO] [stdout] ...
[INFO] [stdout]  34 |     pub async fn cleanup(&self) -> Result<()> {
[INFO] [stdout]     |                  ^^^^^^^
[INFO] [stdout] ...
[INFO] [stdout]  40 |     pub async fn test_memfd_bootstrap(&self) -> Result<()> {
[INFO] [stdout]     |                  ^^^^^^^^^^^^^^^^^^^^
[INFO] [stdout] ...
[INFO] [stdout]  91 |     pub async fn test_tmp_fallback_bootstrap(&self) -> Result<()> {
[INFO] [stdout]     |                  ^^^^^^^^^^^^^^^^^^^^^^^^^^^
[INFO] [stdout] ...
[INFO] [stdout] 123 |     pub async fn test_bootstrap_failure_scenarios(&self) -> Result<()> {
[INFO] [stdout]     |                  ^^^^^^^^^^^^^^^^^^^^^^^^^^^^^^^^
[INFO] [stdout] ...
[INFO] [stdout] 183 |     pub async fn test_agent_cleanup(&self) -> Result<()> {
[INFO] [stdout]     |                  ^^^^^^^^^^^^^^^^^^
[INFO] [stdout] ...
[INFO] [stdout] 252 |     pub async fn test_platform_detection(&self) -> Result<()> {
[INFO] [stdout]     |                  ^^^^^^^^^^^^^^^^^^^^^^^
[INFO] [stdout] ...
[INFO] [stdout] 301 |     fn create_cleanup_test_agent(&self) -> Result<Vec<u8>> {
[INFO] [stdout]     |        ^^^^^^^^^^^^^^^^^^^^^^^^^
[INFO] [stdout] ...
[INFO] [stdout] 362 |     async fn execute_bootstrap_test(
[INFO] [stdout]     |              ^^^^^^^^^^^^^^^^^^^^^^
[INFO] [stdout] 
[INFO] [stdout] 
[INFO] [stdout] warning: struct `BootstrapTestResult` is never constructed
[INFO] [stdout]    --> tests/integration/bootstrap_tests.rs:405:8
[INFO] [stdout]     |
[INFO] [stdout] 405 | struct BootstrapTestResult {
[INFO] [stdout]     |        ^^^^^^^^^^^^^^^^^^^
[INFO] [stdout] 
[INFO] [stdout] 
[INFO] [stdout] warning: function `run_bootstrap_tests` is never used
[INFO] [stdout]    --> tests/integration/bootstrap_tests.rs:414:14
[INFO] [stdout]     |
[INFO] [stdout] 414 | pub async fn run_bootstrap_tests() -> Result<()> {
[INFO] [stdout]     |              ^^^^^^^^^^^^^^^^^^^
[INFO] [stdout] 
[INFO] [stdout] 
[INFO] [stdout] warning: fields `docker_env` and `ssh_helper` are never read
[INFO] [stdout]   --> tests/integration/process_tests.rs:13:5
[INFO] [stdout]    |
[INFO] [stdout] 12 | pub struct ProcessTests {
[INFO] [stdout]    |            ------------ fields in this struct
[INFO] [stdout] 13 |     docker_env: DockerTestEnv,
[INFO] [stdout]    |     ^^^^^^^^^^
[INFO] [stdout] 14 |     ssh_helper: SshHelper,
[INFO] [stdout]    |     ^^^^^^^^^^
[INFO] [stdout] 
[INFO] [stdout] 
[INFO] [stdout] warning: multiple methods are never used
[INFO] [stdout]    --> tests/integration/process_tests.rs:27:18
[INFO] [stdout]     |
[INFO] [stdout]  17 | impl ProcessTests {
[INFO] [stdout]     | ----------------- methods in this implementation
[INFO] [stdout] ...
[INFO] [stdout]  27 |     pub async fn setup(&self) -> Result<()> {
[INFO] [stdout]     |                  ^^^^^
[INFO] [stdout] ...
[INFO] [stdout]  34 |     pub async fn cleanup(&self) -> Result<()> {
[INFO] [stdout]     |                  ^^^^^^^
[INFO] [stdout] ...
[INFO] [stdout]  40 |     pub async fn test_large_io_streaming(&self) -> Result<()> {
[INFO] [stdout]     |                  ^^^^^^^^^^^^^^^^^^^^^^^
[INFO] [stdout] ...
[INFO] [stdout] 113 |     pub async fn test_environment_passthrough(&self) -> Result<()> {
[INFO] [stdout]     |                  ^^^^^^^^^^^^^^^^^^^^^^^^^^^^
[INFO] [stdout] ...
[INFO] [stdout] 175 |     pub async fn test_binary_data_handling(&self) -> Result<()> {
[INFO] [stdout]     |                  ^^^^^^^^^^^^^^^^^^^^^^^^^
[INFO] [stdout] ...
[INFO] [stdout] 276 |     pub async fn test_process_timeout_cancellation(&self) -> Result<()> {
[INFO] [stdout]     |                  ^^^^^^^^^^^^^^^^^^^^^^^^^^^^^^^^^
[INFO] [stdout] ...
[INFO] [stdout] 383 |     pub async fn test_concurrent_process_execution(&self) -> Result<()> {
[INFO] [stdout]     |                  ^^^^^^^^^^^^^^^^^^^^^^^^^^^^^^^^^
[INFO] [stdout] 
[INFO] [stdout] 
[INFO] [stdout] warning: function `run_process_tests` is never used
[INFO] [stdout]    --> tests/integration/process_tests.rs:435:14
[INFO] [stdout]     |
[INFO] [stdout] 435 | pub async fn run_process_tests() -> Result<()> {
[INFO] [stdout]     |              ^^^^^^^^^^^^^^^^^
[INFO] [stdout] 
[INFO] [stdout] 
[INFO] [stdout] warning: fields `docker_env` and `ssh_helper` are never read
[INFO] [stdout]   --> tests/integration/wasm_tests.rs:13:5
[INFO] [stdout]    |
[INFO] [stdout] 12 | pub struct WasmTests {
[INFO] [stdout]    |            --------- fields in this struct
[INFO] [stdout] 13 |     docker_env: DockerTestEnv,
[INFO] [stdout]    |     ^^^^^^^^^^
[INFO] [stdout] 14 |     ssh_helper: SshHelper,
[INFO] [stdout]    |     ^^^^^^^^^^
[INFO] [stdout] 
[INFO] [stdout] 
[INFO] [stdout] warning: multiple methods are never used
[INFO] [stdout]    --> tests/integration/wasm_tests.rs:27:18
[INFO] [stdout]     |
[INFO] [stdout]  17 | impl WasmTests {
[INFO] [stdout]     | -------------- methods in this implementation
[INFO] [stdout] ...
[INFO] [stdout]  27 |     pub async fn setup(&self) -> Result<()> {
[INFO] [stdout]     |                  ^^^^^
[INFO] [stdout] ...
[INFO] [stdout]  34 |     pub async fn cleanup(&self) -> Result<()> {
[INFO] [stdout]     |                  ^^^^^^^
[INFO] [stdout] ...
[INFO] [stdout]  40 |     pub async fn test_wasm_module_creation(&self) -> Result<()> {
[INFO] [stdout]     |                  ^^^^^^^^^^^^^^^^^^^^^^^^^
[INFO] [stdout] ...
[INFO] [stdout] 113 |     pub async fn test_json_io_serialization(&self) -> Result<()> {
[INFO] [stdout]     |                  ^^^^^^^^^^^^^^^^^^^^^^^^^^
[INFO] [stdout] ...
[INFO] [stdout] 250 |     pub async fn test_wasm_sandboxing_limits(&self) -> Result<()> {
[INFO] [stdout]     |                  ^^^^^^^^^^^^^^^^^^^^^^^^^^^
[INFO] [stdout] ...
[INFO] [stdout] 373 |     pub async fn test_wasm_error_handling(&self) -> Result<()> {
[INFO] [stdout]     |                  ^^^^^^^^^^^^^^^^^^^^^^^^
[INFO] [stdout] ...
[INFO] [stdout] 529 |     pub async fn test_end_to_end_wasm_workflow(&self) -> Result<()> {
[INFO] [stdout]     |                  ^^^^^^^^^^^^^^^^^^^^^^^^^^^^^
[INFO] [stdout] 
[INFO] [stdout] 
[INFO] [stdout] warning: function `run_wasm_tests` is never used
[INFO] [stdout]    --> tests/integration/wasm_tests.rs:656:14
[INFO] [stdout]     |
[INFO] [stdout] 656 | pub async fn run_wasm_tests() -> Result<()> {
[INFO] [stdout]     |              ^^^^^^^^^^^^^^
[INFO] [stdout] 
[INFO] [stdout] 
[INFO] [stdout] warning: fields `docker_env` and `ssh_helper` are never read
[INFO] [stdout]   --> tests/integration/pty_tests.rs:13:5
[INFO] [stdout]    |
[INFO] [stdout] 12 | pub struct PtyTests {
[INFO] [stdout]    |            -------- fields in this struct
[INFO] [stdout] 13 |     docker_env: DockerTestEnv,
[INFO] [stdout]    |     ^^^^^^^^^^
[INFO] [stdout] 14 |     ssh_helper: SshHelper,
[INFO] [stdout]    |     ^^^^^^^^^^
[INFO] [stdout] 
[INFO] [stdout] 
[INFO] [stdout] warning: multiple methods are never used
[INFO] [stdout]    --> tests/integration/pty_tests.rs:27:18
[INFO] [stdout]     |
[INFO] [stdout]  17 | impl PtyTests {
[INFO] [stdout]     | ------------- methods in this implementation
[INFO] [stdout] ...
[INFO] [stdout]  27 |     pub async fn setup(&self) -> Result<()> {
[INFO] [stdout]     |                  ^^^^^
[INFO] [stdout] ...
[INFO] [stdout]  34 |     pub async fn cleanup(&self) -> Result<()> {
[INFO] [stdout]     |                  ^^^^^^^
[INFO] [stdout] ...
[INFO] [stdout]  40 |     pub async fn test_sudo_prompt_detection(&self) -> Result<()> {
[INFO] [stdout]     |                  ^^^^^^^^^^^^^^^^^^^^^^^^^^
[INFO] [stdout] ...
[INFO] [stdout] 151 |     pub async fn test_pty_interactive_operations(&self) -> Result<()> {
[INFO] [stdout]     |                  ^^^^^^^^^^^^^^^^^^^^^^^^^^^^^^^
[INFO] [stdout] ...
[INFO] [stdout] 292 |     pub async fn test_privilege_escalation_failures(&self) -> Result<()> {
[INFO] [stdout]     |                  ^^^^^^^^^^^^^^^^^^^^^^^^^^^^^^^^^^
[INFO] [stdout] ...
[INFO] [stdout] 435 |     pub async fn test_credential_handling_security(&self) -> Result<()> {
[INFO] [stdout]     |                  ^^^^^^^^^^^^^^^^^^^^^^^^^^^^^^^^^
[INFO] [stdout] ...
[INFO] [stdout] 614 |     pub async fn test_comprehensive_pty_workflow(&self) -> Result<()> {
[INFO] [stdout]     |                  ^^^^^^^^^^^^^^^^^^^^^^^^^^^^^^^
[INFO] [stdout] 
[INFO] [stdout] 
[INFO] [stdout] warning: function `run_pty_tests` is never used
[INFO] [stdout]    --> tests/integration/pty_tests.rs:718:14
[INFO] [stdout]     |
[INFO] [stdout] 718 | pub async fn run_pty_tests() -> Result<()> {
[INFO] [stdout]     |              ^^^^^^^^^^^^^
[INFO] [stdout] 
[INFO] [stdout] 
[INFO] [stderr]     Finished `release` profile [optimized] target(s) in 1m 27s
[INFO] running `Command { std: "docker" "inspect" "9a1002766fc7e2da7e478f2693062663bd7e008510c50dda7ea7add646048220", kill_on_drop: false }`
[INFO] running `Command { std: "docker" "exec" "-e" "SOURCE_DIR=/opt/rustwide/workdir" "-e" "CARGO_HOME=/opt/rustwide/cargo-home" "-e" "RUSTUP_HOME=/opt/rustwide/rustup-home" "-e" "CARGO_TARGET_DIR=/opt/rustwide/target" "-e" "CARGO_INCREMENTAL=0" "-e" "RUST_BACKTRACE=full" "-e" "RUSTFLAGS=--cap-lints=warn" "-e" "RUSTDOCFLAGS=--cap-lints=warn" "-w" "/opt/rustwide/workdir" "--user" "0:0" "9a1002766fc7e2da7e478f2693062663bd7e008510c50dda7ea7add646048220" "/opt/rustwide/cargo-home/bin/cargo" "+1.100.0-beta.1" "test" "--frozen" "--release", kill_on_drop: false }`
[INFO] [stderr] warning: `package.homepage` is redundant with `package.repository`
[INFO] [stderr]    --> Cargo.toml:102:12
[INFO] [stderr]     |
[INFO] [stderr] 102 | homepage = "https://github.com/yourusername/mitoxide"
[INFO] [stderr]     |            ^^^^^^^^^^^^^^^^^^^^^^^^^^^^^^^^^^^^^^^^^^
[INFO] [stderr] ...
[INFO] [stderr] 107 | repository = "https://github.com/yourusername/mitoxide"
[INFO] [stderr]     |              ------------------------------------------
[INFO] [stderr]     |
[INFO] [stderr]     = note: `cargo::redundant_homepage` is set to `warn` by default
[INFO] [stderr] help: consider removing `package.homepage`
[INFO] [stderr] warning: `mitoxide` (manifest) generated 1 warning
[INFO] [stderr] warning: field `config` is never read
[INFO] [stderr]    --> src/session.rs:218:5
[INFO] [stderr]     |
[INFO] [stderr] 212 | pub struct ConnectedSession {
[INFO] [stderr]     |            ---------------- field in this struct
[INFO] [stderr] ...
[INFO] [stderr] 218 |     config: SessionConfig,
[INFO] [stderr]     |     ^^^^^^
[INFO] [stderr]     |
[INFO] [stderr]     = note: `#[warn(dead_code)]` (part of `#[warn(unused)]`) on by default
[INFO] [stderr] 
[INFO] [stderr] warning: `mitoxide` (lib) generated 1 warning
[INFO] [stderr] warning: unused imports: `ErrorCode` and `ErrorDetails`
[INFO] [stderr]  --> src/context/tests.rs:6:31
[INFO] [stderr]   |
[INFO] [stderr] 6 | use mitoxide_proto::message::{ErrorDetails, ErrorCode};
[INFO] [stderr]   |                               ^^^^^^^^^^^^  ^^^^^^^^^
[INFO] [stderr]   |
[INFO] [stderr]   = note: `#[warn(unused_imports)]` (part of `#[warn(unused)]`) on by default
[INFO] [stderr] 
[INFO] [stderr] warning: fields `expected_requests` and `responses` are never read
[INFO] [stderr]   --> src/context/tests.rs:13:5
[INFO] [stderr]    |
[INFO] [stderr] 12 | struct MockRouter {
[INFO] [stderr]    |        ---------- fields in this struct
[INFO] [stderr] 13 |     expected_requests: Arc<RwLock<Vec<Request>>>,
[INFO] [stderr]    |     ^^^^^^^^^^^^^^^^^
[INFO] [stderr] 14 |     responses: Arc<RwLock<Vec<Response>>>,
[INFO] [stderr]    |     ^^^^^^^^^
[INFO] [stderr] 
[INFO] [stderr] warning: methods `add_expected_request`, `add_response`, and `send_message` are never used
[INFO] [stderr]   --> src/context/tests.rs:25:14
[INFO] [stderr]    |
[INFO] [stderr] 17 | impl MockRouter {
[INFO] [stderr]    | --------------- methods in this implementation
[INFO] [stderr] ...
[INFO] [stderr] 25 |     async fn add_expected_request(&self, request: Request) {
[INFO] [stderr]    |              ^^^^^^^^^^^^^^^^^^^^
[INFO] [stderr] ...
[INFO] [stderr] 29 |     async fn add_response(&self, response: Response) {
[INFO] [stderr]    |              ^^^^^^^^^^^^
[INFO] [stderr] ...
[INFO] [stderr] 33 |     async fn send_message(&self, message: Message) -> Result<Response> {
[INFO] [stderr]    |              ^^^^^^^^^^^^
[INFO] [stderr] 
[INFO] [stderr] warning: unused import: `Context`
[INFO] [stderr]  --> tests/integration/bootstrap_tests.rs:7:14
[INFO] [stderr]   |
[INFO] [stderr] 7 | use anyhow::{Context, Result};
[INFO] [stderr]   |              ^^^^^^^
[INFO] [stderr]   |
[INFO] [stderr]   = note: `#[warn(unused_imports)]` (part of `#[warn(unused)]`) on by default
[INFO] [stderr] 
[INFO] [stderr] warning: unused import: `Context`
[INFO] [stderr]  --> tests/integration/wasm_tests.rs:7:14
[INFO] [stderr]   |
[INFO] [stderr] 7 | use anyhow::{Context, Result};
[INFO] [stderr]   |              ^^^^^^^
[INFO] [stderr] 
[INFO] [stderr] warning: unused import: `std::time::Duration`
[INFO] [stderr]  --> tests/integration/wasm_tests.rs:8:5
[INFO] [stderr]   |
[INFO] [stderr] 8 | use std::time::Duration;
[INFO] [stderr]   |     ^^^^^^^^^^^^^^^^^^^
[INFO] [stderr] 
[INFO] [stderr] warning: unused import: `tokio::time::timeout`
[INFO] [stderr]  --> tests/integration/wasm_tests.rs:9:5
[INFO] [stderr]   |
[INFO] [stderr] 9 | use tokio::time::timeout;
[INFO] [stderr]   |     ^^^^^^^^^^^^^^^^^^^^
[INFO] [stderr] 
[INFO] [stderr] warning: unused import: `Context`
[INFO] [stderr]  --> tests/integration/pty_tests.rs:7:14
[INFO] [stderr]   |
[INFO] [stderr] 7 | use anyhow::{Context, Result};
[INFO] [stderr]   |              ^^^^^^^
[INFO] [stderr] 
[INFO] [stderr] warning: unused import: `std::time::Duration`
[INFO] [stderr]  --> tests/integration/pty_tests.rs:8:5
[INFO] [stderr]   |
[INFO] [stderr] 8 | use std::time::Duration;
[INFO] [stderr]   |     ^^^^^^^^^^^^^^^^^^^
[INFO] [stderr] 
[INFO] [stderr] warning: unused import: `tokio::time::timeout`
[INFO] [stderr]  --> tests/integration/pty_tests.rs:9:5
[INFO] [stderr]   |
[INFO] [stderr] 9 | use tokio::time::timeout;
[INFO] [stderr]   |     ^^^^^^^^^^^^^^^^^^^^
[INFO] [stderr] 
[INFO] [stderr] warning: unused import: `super::*`
[INFO] [stderr]  --> tests/integration/routing_tests.rs:6:5
[INFO] [stderr]   |
[INFO] [stderr] 6 | use super::*;
[INFO] [stderr]   |     ^^^^^^^^
[INFO] [stderr] 
[INFO] [stderr] warning: unused import: `std::collections::HashMap`
[INFO] [stderr]  --> tests/integration/routing_tests.rs:8:5
[INFO] [stderr]   |
[INFO] [stderr] 8 | use std::collections::HashMap;
[INFO] [stderr]   |     ^^^^^^^^^^^^^^^^^^^^^^^^^
[INFO] [stderr] 
[INFO] [stderr] warning: unused import: `std::sync::Arc`
[INFO] [stderr]  --> tests/integration/routing_tests.rs:9:5
[INFO] [stderr]   |
[INFO] [stderr] 9 | use std::sync::Arc;
[INFO] [stderr]   |     ^^^^^^^^^^^^^^
[INFO] [stderr] 
[INFO] [stderr] warning: unused import: `timeout`
[INFO] [stderr]   --> tests/integration/routing_tests.rs:11:19
[INFO] [stderr]    |
[INFO] [stderr] 11 | use tokio::time::{timeout, sleep};
[INFO] [stderr]    |                   ^^^^^^^
[INFO] [stderr] 
[INFO] [stderr] warning: unused import: `SshConfig`
[INFO] [stderr]   --> tests/integration/routing_tests.rs:17:31
[INFO] [stderr]    |
[INFO] [stderr] 17 |     DockerTestEnv, SshHelper, SshConfig, TestAssertions, PerformanceUtils, EnvUtils
[INFO] [stderr]    |                               ^^^^^^^^^
[INFO] [stderr] 
[INFO] [stderr] warning: use of deprecated function `base64::encode`: Use Engine::encode
[INFO] [stderr]    --> tests/integration/bootstrap_tests.rs:229:25
[INFO] [stderr]     |
[INFO] [stderr] 229 |                 base64::encode(&cleanup_agent), bootstrap_script)])
[INFO] [stderr]     |                         ^^^^^^
[INFO] [stderr]     |
[INFO] [stderr]     = note: `#[warn(deprecated)]` on by default
[INFO] [stderr] 
[INFO] [stderr] warning: use of deprecated function `base64::encode`: Use Engine::encode
[INFO] [stderr]    --> tests/integration/bootstrap_tests.rs:370:33
[INFO] [stderr]     |
[INFO] [stderr] 370 |         let agent_b64 = base64::encode(agent_binary);
[INFO] [stderr]     |                                 ^^^^^^
[INFO] [stderr] 
[INFO] [stderr] warning: unused variable: `name`
[INFO] [stderr]    --> tests/integration/docker.rs:198:18
[INFO] [stderr]     |
[INFO] [stderr] 198 |             for (name, config) in &self.containers {
[INFO] [stderr]     |                  ^^^^ help: if this is intentional, prefix it with an underscore: `_name`
[INFO] [stderr]     |
[INFO] [stderr]     = note: `#[warn(unused_variables)]` (part of `#[warn(unused)]`) on by default
[INFO] [stderr] 
[INFO] [stderr] warning: unused variable: `container`
[INFO] [stderr]    --> tests/integration/ssh.rs:216:40
[INFO] [stderr]     |
[INFO] [stderr] 216 |     pub fn config_for_container(&self, container: &str, port: u16) -> SshConfig {
[INFO] [stderr]     |                                        ^^^^^^^^^ help: if this is intentional, prefix it with an underscore: `_container`
[INFO] [stderr] 
[INFO] [stderr] warning: unused variable: `test_name`
[INFO] [stderr]    --> tests/integration/bootstrap_tests.rs:367:9
[INFO] [stderr]     |
[INFO] [stderr] 367 |         test_name: &str,
[INFO] [stderr]     |         ^^^^^^^^^ help: if this is intentional, prefix it with an underscore: `_test_name`
[INFO] [stderr] 
[INFO] [stderr] warning: unused variable: `output`
[INFO] [stderr]    --> tests/integration/bootstrap_tests.rs:175:13
[INFO] [stderr]     |
[INFO] [stderr] 175 |         let output = self.ssh_helper.execute_command(&config, &["sh", "-c", disk_full_script]).await?;
[INFO] [stderr]     |             ^^^^^^ help: if this is intentional, prefix it with an underscore: `_output`
[INFO] [stderr] 
[INFO] [stderr] warning: unused variable: `tests`
[INFO] [stderr]    --> tests/integration/bootstrap_tests.rs:456:13
[INFO] [stderr]     |
[INFO] [stderr] 456 |         let tests = BootstrapTests::new();
[INFO] [stderr]     |             ^^^^^ help: if this is intentional, prefix it with an underscore: `_tests`
[INFO] [stderr] 
[INFO] [stderr] warning: unused variable: `tests`
[INFO] [stderr]    --> tests/integration/process_tests.rs:477:13
[INFO] [stderr]     |
[INFO] [stderr] 477 |         let tests = ProcessTests::new();
[INFO] [stderr]     |             ^^^^^ help: if this is intentional, prefix it with an underscore: `_tests`
[INFO] [stderr] 
[INFO] [stderr] warning: unused variable: `tests`
[INFO] [stderr]    --> tests/integration/wasm_tests.rs:698:13
[INFO] [stderr]     |
[INFO] [stderr] 698 |         let tests = WasmTests::new();
[INFO] [stderr]     |             ^^^^^ help: if this is intentional, prefix it with an underscore: `_tests`
[INFO] [stderr] 
[INFO] [stderr] warning: unused variable: `tests`
[INFO] [stderr]    --> tests/integration/pty_tests.rs:760:13
[INFO] [stderr]     |
[INFO] [stderr] 760 |         let tests = PtyTests::new();
[INFO] [stderr]     |             ^^^^^ help: if this is intentional, prefix it with an underscore: `_tests`
[INFO] [stderr] 
[INFO] [stderr] warning: unused variable: `stop_output`
[INFO] [stderr]    --> tests/integration/routing_tests.rs:196:13
[INFO] [stderr]     |
[INFO] [stderr] 196 |         let stop_output = self.docker_env.exec_command("ubuntu_min", &["pkill", "-f", "sshd"]).await;
[INFO] [stderr]     |             ^^^^^^^^^^^ help: if this is intentional, prefix it with an underscore: `_stop_output`
[INFO] [stderr] 
[INFO] [stderr] warning: unused variable: `restart_output`
[INFO] [stderr]    --> tests/integration/routing_tests.rs:211:13
[INFO] [stderr]     |
[INFO] [stderr] 211 |         let restart_output = self.docker_env.exec_command("ubuntu_min", &["service", "ssh", "start"]).await;
[INFO] [stderr]     |             ^^^^^^^^^^^^^^ help: if this is intentional, prefix it with an underscore: `_restart_output`
[INFO] [stderr] 
[INFO] [stderr] warning: fields `service`, `port`, and `constraints` are never read
[INFO] [stderr]   --> tests/integration/docker.rs:13:9
[INFO] [stderr]    |
[INFO] [stderr] 11 | pub struct ContainerConfig {
[INFO] [stderr]    |            --------------- fields in this struct
[INFO] [stderr] 12 |     pub name: String,
[INFO] [stderr] 13 |     pub service: String,
[INFO] [stderr]    |         ^^^^^^^
[INFO] [stderr] 14 |     pub port: u16,
[INFO] [stderr]    |         ^^^^
[INFO] [stderr] 15 |     pub constraints: ContainerConstraints,
[INFO] [stderr]    |         ^^^^^^^^^^^
[INFO] [stderr]    |
[INFO] [stderr]    = note: `ContainerConfig` has derived impls for the traits `Clone` and `Debug`, but these are intentionally ignored during dead code analysis
[INFO] [stderr]    = note: `#[warn(dead_code)]` (part of `#[warn(unused)]`) on by default
[INFO] [stderr] 
[INFO] [stderr] warning: fields `memory_limit`, `cpu_limit`, `read_only`, and `tmpfs_mounts` are never read
[INFO] [stderr]   --> tests/integration/docker.rs:21:9
[INFO] [stderr]    |
[INFO] [stderr] 20 | pub struct ContainerConstraints {
[INFO] [stderr]    |            -------------------- fields in this struct
[INFO] [stderr] 21 |     pub memory_limit: Option<String>,
[INFO] [stderr]    |         ^^^^^^^^^^^^
[INFO] [stderr] 22 |     pub cpu_limit: Option<f32>,
[INFO] [stderr]    |         ^^^^^^^^^
[INFO] [stderr] 23 |     pub read_only: bool,
[INFO] [stderr]    |         ^^^^^^^^^
[INFO] [stderr] 24 |     pub tmpfs_mounts: Vec<String>,
[INFO] [stderr]    |         ^^^^^^^^^^^^
[INFO] [stderr]    |
[INFO] [stderr]    = note: `ContainerConstraints` has derived impls for the traits `Clone` and `Debug`, but these are intentionally ignored during dead code analysis
[INFO] [stderr] 
[INFO] [stderr] warning: field `compose_file` is never read
[INFO] [stderr]   --> tests/integration/docker.rs:30:5
[INFO] [stderr]    |
[INFO] [stderr] 28 | pub struct DockerTestEnv {
[INFO] [stderr]    |            ------------- field in this struct
[INFO] [stderr] 29 |     containers: HashMap<String, ContainerConfig>,
[INFO] [stderr] 30 |     compose_file: String,
[INFO] [stderr]    |     ^^^^^^^^^^^^
[INFO] [stderr] 
[INFO] [stderr] warning: methods `stop`, `list_containers`, and `get_status` are never used
[INFO] [stderr]    --> tests/integration/docker.rs:124:18
[INFO] [stderr]     |
[INFO] [stderr]  33 | impl DockerTestEnv {
[INFO] [stderr]     | ------------------ methods in this implementation
[INFO] [stderr] ...
[INFO] [stderr] 124 |     pub async fn stop(&self) -> Result<()> {
[INFO] [stderr]     |                  ^^^^
[INFO] [stderr] ...
[INFO] [stderr] 237 |     pub fn list_containers(&self) -> Vec<&str> {
[INFO] [stderr]     |            ^^^^^^^^^^^^^^^
[INFO] [stderr] ...
[INFO] [stderr] 242 |     pub async fn get_status(&self) -> Result<HashMap<String, ContainerStatus>> {
[INFO] [stderr]     |                  ^^^^^^^^^^
[INFO] [stderr] 
[INFO] [stderr] warning: struct `ContainerStatus` is never constructed
[INFO] [stderr]    --> tests/integration/docker.rs:302:12
[INFO] [stderr]     |
[INFO] [stderr] 302 | pub struct ContainerStatus {
[INFO] [stderr]     |            ^^^^^^^^^^^^^^^
[INFO] [stderr] 
[INFO] [stderr] warning: fields `exit_code`, `stdout`, and `stderr` are never read
[INFO] [stderr]    --> tests/integration/docker.rs:311:9
[INFO] [stderr]     |
[INFO] [stderr] 310 | pub struct CommandOutput {
[INFO] [stderr]     |            ------------- fields in this struct
[INFO] [stderr] 311 |     pub exit_code: i32,
[INFO] [stderr]     |         ^^^^^^^^^
[INFO] [stderr] 312 |     pub stdout: String,
[INFO] [stderr]     |         ^^^^^^
[INFO] [stderr] 313 |     pub stderr: String,
[INFO] [stderr]     |         ^^^^^^
[INFO] [stderr]     |
[INFO] [stderr]     = note: `CommandOutput` has derived impls for the traits `Clone` and `Debug`, but these are intentionally ignored during dead code analysis
[INFO] [stderr] 
[INFO] [stderr] warning: method `success` is never used
[INFO] [stderr]    --> tests/integration/docker.rs:317:12
[INFO] [stderr]     |
[INFO] [stderr] 316 | impl CommandOutput {
[INFO] [stderr]     | ------------------ method in this implementation
[INFO] [stderr] 317 |     pub fn success(&self) -> bool {
[INFO] [stderr]     |            ^^^^^^^
[INFO] [stderr] 
[INFO] [stderr] warning: associated items `with_config`, `copy_file_to`, and `copy_file_from` are never used
[INFO] [stderr]    --> tests/integration/ssh.rs:67:12
[INFO] [stderr]     |
[INFO] [stderr]  56 | impl SshHelper {
[INFO] [stderr]     | -------------- associated items in this implementation
[INFO] [stderr] ...
[INFO] [stderr]  67 |     pub fn with_config(key_path: &str, user: &str, timeout: Duration) -> Self {
[INFO] [stderr]     |            ^^^^^^^^^^^
[INFO] [stderr] ...
[INFO] [stderr] 134 |     pub async fn copy_file_to(&self, config: &SshConfig, local_path: &Path, remote_path: &str) -> Result<()> {
[INFO] [stderr]     |                  ^^^^^^^^^^^^
[INFO] [stderr] ...
[INFO] [stderr] 175 |     pub async fn copy_file_from(&self, config: &SshConfig, remote_path: &str, local_path: &Path) -> Result<()> {
[INFO] [stderr]     |                  ^^^^^^^^^^^^^^
[INFO] [stderr] 
[INFO] [stderr] warning: methods `get_result`, `success_count`, and `total_count` are never used
[INFO] [stderr]    --> tests/integration/ssh.rs:301:12
[INFO] [stderr]     |
[INFO] [stderr] 290 | impl TestResults {
[INFO] [stderr]     | ---------------- methods in this implementation
[INFO] [stderr] ...
[INFO] [stderr] 301 |     pub fn get_result(&self, name: &str) -> Option<bool> {
[INFO] [stderr]     |            ^^^^^^^^^^
[INFO] [stderr] ...
[INFO] [stderr] 309 |     pub fn success_count(&self) -> usize {
[INFO] [stderr]     |            ^^^^^^^^^^^^^
[INFO] [stderr] ...
[INFO] [stderr] 313 |     pub fn total_count(&self) -> usize {
[INFO] [stderr]     |            ^^^^^^^^^^^
[INFO] [stderr] 
[INFO] [stderr] warning: struct `FileTestUtils` is never constructed
[INFO] [stderr]   --> tests/integration/utils.rs:10:12
[INFO] [stderr]    |
[INFO] [stderr] 10 | pub struct FileTestUtils;
[INFO] [stderr]    |            ^^^^^^^^^^^^^
[INFO] [stderr] 
[INFO] [stderr] warning: multiple associated functions are never used
[INFO] [stderr]   --> tests/integration/utils.rs:14:12
[INFO] [stderr]    |
[INFO] [stderr] 12 | impl FileTestUtils {
[INFO] [stderr]    | ------------------ associated functions in this implementation
[INFO] [stderr] 13 |     /// Create a temporary test file with specified content
[INFO] [stderr] 14 |     pub fn create_test_file(content: &str) -> Result<(TempDir, PathBuf)> {
[INFO] [stderr]    |            ^^^^^^^^^^^^^^^^
[INFO] [stderr] ...
[INFO] [stderr] 25 |     pub fn create_binary_test_file(data: &[u8]) -> Result<(TempDir, PathBuf)> {
[INFO] [stderr]    |            ^^^^^^^^^^^^^^^^^^^^^^^
[INFO] [stderr] ...
[INFO] [stderr] 36 |     pub fn create_large_test_file(size_mb: usize) -> Result<(TempDir, PathBuf)> {
[INFO] [stderr]    |            ^^^^^^^^^^^^^^^^^^^^^^
[INFO] [stderr] ...
[INFO] [stderr] 56 |     pub fn verify_file_content(path: &Path, expected: &str) -> Result<bool> {
[INFO] [stderr]    |            ^^^^^^^^^^^^^^^^^^^
[INFO] [stderr] ...
[INFO] [stderr] 63 |     pub fn verify_binary_file_content(path: &Path, expected: &[u8]) -> Result<bool> {
[INFO] [stderr]    |            ^^^^^^^^^^^^^^^^^^^^^^^^^^
[INFO] [stderr] ...
[INFO] [stderr] 70 |     pub fn get_file_size(path: &Path) -> Result<u64> {
[INFO] [stderr]    |            ^^^^^^^^^^^^^
[INFO] [stderr] ...
[INFO] [stderr] 77 |     pub fn file_exists(path: &Path) -> bool {
[INFO] [stderr]    |            ^^^^^^^^^^^
[INFO] [stderr] 
[INFO] [stderr] warning: associated functions `measure_sync` and `calculate_throughput_mbps` are never used
[INFO] [stderr]    --> tests/integration/utils.rs:98:12
[INFO] [stderr]     |
[INFO] [stderr]  85 | impl PerformanceUtils {
[INFO] [stderr]     | --------------------- associated functions in this implementation
[INFO] [stderr] ...
[INFO] [stderr]  98 |     pub fn measure_sync<F, T>(operation: F) -> (T, Duration)
[INFO] [stderr]     |            ^^^^^^^^^^^^
[INFO] [stderr] ...
[INFO] [stderr] 109 |     pub fn calculate_throughput_mbps(bytes: u64, duration: Duration) -> f64 {
[INFO] [stderr]     |            ^^^^^^^^^^^^^^^^^^^^^^^^^
[INFO] [stderr] 
[INFO] [stderr] warning: associated functions `assert_command_success` and `assert_throughput_threshold` are never used
[INFO] [stderr]    --> tests/integration/utils.rs:135:12
[INFO] [stderr]     |
[INFO] [stderr] 133 | impl TestAssertions {
[INFO] [stderr]     | ------------------- associated functions in this implementation
[INFO] [stderr] 134 |     /// Assert that a command output indicates success
[INFO] [stderr] 135 |     pub fn assert_command_success(output: &crate::integration::CommandOutput, context: &str) -> Result<()> {
[INFO] [stderr]     |            ^^^^^^^^^^^^^^^^^^^^^^
[INFO] [stderr] ...
[INFO] [stderr] 193 |     pub fn assert_throughput_threshold(
[INFO] [stderr]     |            ^^^^^^^^^^^^^^^^^^^^^^^^^^^
[INFO] [stderr] 
[INFO] [stderr] warning: struct `TestDataGenerator` is never constructed
[INFO] [stderr]    --> tests/integration/utils.rs:282:12
[INFO] [stderr]     |
[INFO] [stderr] 282 | pub struct TestDataGenerator;
[INFO] [stderr]     |            ^^^^^^^^^^^^^^^^^
[INFO] [stderr] 
[INFO] [stderr] warning: associated functions `random_text`, `random_binary`, and `structured_json_data` are never used
[INFO] [stderr]    --> tests/integration/utils.rs:286:12
[INFO] [stderr]     |
[INFO] [stderr] 284 | impl TestDataGenerator {
[INFO] [stderr]     | ---------------------- associated functions in this implementation
[INFO] [stderr] 285 |     /// Generate random text data
[INFO] [stderr] 286 |     pub fn random_text(size: usize) -> String {
[INFO] [stderr]     |            ^^^^^^^^^^^
[INFO] [stderr] ...
[INFO] [stderr] 302 |     pub fn random_binary(size: usize) -> Vec<u8> {
[INFO] [stderr]     |            ^^^^^^^^^^^^^
[INFO] [stderr] ...
[INFO] [stderr] 309 |     pub fn structured_json_data(records: usize) -> String {
[INFO] [stderr]     |            ^^^^^^^^^^^^^^^^^^^^
[INFO] [stderr] 
[INFO] [stderr] warning: fields `docker_env` and `ssh_helper` are never read
[INFO] [stderr]   --> tests/integration/bootstrap_tests.rs:13:5
[INFO] [stderr]    |
[INFO] [stderr] 12 | pub struct BootstrapTests {
[INFO] [stderr]    |            -------------- fields in this struct
[INFO] [stderr] 13 |     docker_env: DockerTestEnv,
[INFO] [stderr]    |     ^^^^^^^^^^
[INFO] [stderr] 14 |     ssh_helper: SshHelper,
[INFO] [stderr]    |     ^^^^^^^^^^
[INFO] [stderr] 
[INFO] [stderr] warning: multiple methods are never used
[INFO] [stderr]    --> tests/integration/bootstrap_tests.rs:27:18
[INFO] [stderr]     |
[INFO] [stderr]  17 | impl BootstrapTests {
[INFO] [stderr]     | ------------------- methods in this implementation
[INFO] [stderr] ...
[INFO] [stderr]  27 |     pub async fn setup(&self) -> Result<()> {
[INFO] [stderr]     |                  ^^^^^
[INFO] [stderr] ...
[INFO] [stderr]  34 |     pub async fn cleanup(&self) -> Result<()> {
[INFO] [stderr]     |                  ^^^^^^^
[INFO] [stderr] ...
[INFO] [stderr]  40 |     pub async fn test_memfd_bootstrap(&self) -> Result<()> {
[INFO] [stderr]     |                  ^^^^^^^^^^^^^^^^^^^^
[INFO] [stderr] ...
[INFO] [stderr]  91 |     pub async fn test_tmp_fallback_bootstrap(&self) -> Result<()> {
[INFO] [stderr]     |                  ^^^^^^^^^^^^^^^^^^^^^^^^^^^
[INFO] [stderr] ...
[INFO] [stderr] 123 |     pub async fn test_bootstrap_failure_scenarios(&self) -> Result<()> {
[INFO] [stderr]     |                  ^^^^^^^^^^^^^^^^^^^^^^^^^^^^^^^^
[INFO] [stderr] ...
[INFO] [stderr] 183 |     pub async fn test_agent_cleanup(&self) -> Result<()> {
[INFO] [stderr]     |                  ^^^^^^^^^^^^^^^^^^
[INFO] [stderr] ...
[INFO] [stderr] 252 |     pub async fn test_platform_detection(&self) -> Result<()> {
[INFO] [stderr]     |                  ^^^^^^^^^^^^^^^^^^^^^^^
[INFO] [stderr] ...
[INFO] [stderr] 301 |     fn create_cleanup_test_agent(&self) -> Result<Vec<u8>> {
[INFO] [stderr]     |        ^^^^^^^^^^^^^^^^^^^^^^^^^
[INFO] [stderr] ...
[INFO] [stderr] 362 |     async fn execute_bootstrap_test(
[INFO] [stderr]     |              ^^^^^^^^^^^^^^^^^^^^^^
[INFO] [stderr] 
[INFO] [stderr] warning: struct `BootstrapTestResult` is never constructed
[INFO] [stderr]    --> tests/integration/bootstrap_tests.rs:405:8
[INFO] [stderr]     |
[INFO] [stderr] 405 | struct BootstrapTestResult {
[INFO] [stderr]     |        ^^^^^^^^^^^^^^^^^^^
[INFO] [stderr] 
[INFO] [stderr] warning: function `run_bootstrap_tests` is never used
[INFO] [stderr]    --> tests/integration/bootstrap_tests.rs:414:14
[INFO] [stderr]     |
[INFO] [stderr] 414 | pub async fn run_bootstrap_tests() -> Result<()> {
[INFO] [stderr]     |              ^^^^^^^^^^^^^^^^^^^
[INFO] [stderr] 
[INFO] [stderr] warning: fields `docker_env` and `ssh_helper` are never read
[INFO] [stderr]   --> tests/integration/process_tests.rs:13:5
[INFO] [stderr]    |
[INFO] [stderr] 12 | pub struct ProcessTests {
[INFO] [stderr]    |            ------------ fields in this struct
[INFO] [stderr] 13 |     docker_env: DockerTestEnv,
[INFO] [stderr]    |     ^^^^^^^^^^
[INFO] [stderr] 14 |     ssh_helper: SshHelper,
[INFO] [stderr]    |     ^^^^^^^^^^
[INFO] [stderr] 
[INFO] [stderr] warning: multiple methods are never used
[INFO] [stderr]    --> tests/integration/process_tests.rs:27:18
[INFO] [stderr]     |
[INFO] [stderr]  17 | impl ProcessTests {
[INFO] [stderr]     | ----------------- methods in this implementation
[INFO] [stderr] ...
[INFO] [stderr]  27 |     pub async fn setup(&self) -> Result<()> {
[INFO] [stderr]     |                  ^^^^^
[INFO] [stderr] ...
[INFO] [stderr]  34 |     pub async fn cleanup(&self) -> Result<()> {
[INFO] [stderr]     |                  ^^^^^^^
[INFO] [stderr] ...
[INFO] [stderr]  40 |     pub async fn test_large_io_streaming(&self) -> Result<()> {
[INFO] [stderr]     |                  ^^^^^^^^^^^^^^^^^^^^^^^
[INFO] [stderr] ...
[INFO] [stderr] 113 |     pub async fn test_environment_passthrough(&self) -> Result<()> {
[INFO] [stderr]     |                  ^^^^^^^^^^^^^^^^^^^^^^^^^^^^
[INFO] [stderr] ...
[INFO] [stderr] 175 |     pub async fn test_binary_data_handling(&self) -> Result<()> {
[INFO] [stderr]     |                  ^^^^^^^^^^^^^^^^^^^^^^^^^
[INFO] [stderr] ...
[INFO] [stderr] 276 |     pub async fn test_process_timeout_cancellation(&self) -> Result<()> {
[INFO] [stderr]     |                  ^^^^^^^^^^^^^^^^^^^^^^^^^^^^^^^^^
[INFO] [stderr] ...
[INFO] [stderr] 383 |     pub async fn test_concurrent_process_execution(&self) -> Result<()> {
[INFO] [stderr]     |                  ^^^^^^^^^^^^^^^^^^^^^^^^^^^^^^^^^
[INFO] [stderr] 
[INFO] [stderr] warning: function `run_process_tests` is never used
[INFO] [stderr]    --> tests/integration/process_tests.rs:435:14
[INFO] [stderr]     |
[INFO] [stderr] 435 | pub async fn run_process_tests() -> Result<()> {
[INFO] [stderr]     |              ^^^^^^^^^^^^^^^^^
[INFO] [stderr] 
[INFO] [stderr] warning: fields `docker_env` and `ssh_helper` are never read
[INFO] [stderr]   --> tests/integration/wasm_tests.rs:13:5
[INFO] [stderr]    |
[INFO] [stderr] 12 | pub struct WasmTests {
[INFO] [stderr]    |            --------- fields in this struct
[INFO] [stderr] 13 |     docker_env: DockerTestEnv,
[INFO] [stderr]    |     ^^^^^^^^^^
[INFO] [stderr] 14 |     ssh_helper: SshHelper,
[INFO] [stderr]    |     ^^^^^^^^^^
[INFO] [stderr] 
[INFO] [stderr] warning: multiple methods are never used
[INFO] [stderr]    --> tests/integration/wasm_tests.rs:27:18
[INFO] [stderr]     |
[INFO] [stderr]  17 | impl WasmTests {
[INFO] [stderr]     | -------------- methods in this implementation
[INFO] [stderr] ...
[INFO] [stderr]  27 |     pub async fn setup(&self) -> Result<()> {
[INFO] [stderr]     |                  ^^^^^
[INFO] [stderr] ...
[INFO] [stderr]  34 |     pub async fn cleanup(&self) -> Result<()> {
[INFO] [stderr]     |                  ^^^^^^^
[INFO] [stderr] ...
[INFO] [stderr]  40 |     pub async fn test_wasm_module_creation(&self) -> Result<()> {
[INFO] [stderr]     |                  ^^^^^^^^^^^^^^^^^^^^^^^^^
[INFO] [stderr] ...
[INFO] [stderr] 113 |     pub async fn test_json_io_serialization(&self) -> Result<()> {
[INFO] [stderr]     |                  ^^^^^^^^^^^^^^^^^^^^^^^^^^
[INFO] [stderr] ...
[INFO] [stderr] 250 |     pub async fn test_wasm_sandboxing_limits(&self) -> Result<()> {
[INFO] [stderr]     |                  ^^^^^^^^^^^^^^^^^^^^^^^^^^^
[INFO] [stderr] ...
[INFO] [stderr] 373 |     pub async fn test_wasm_error_handling(&self) -> Result<()> {
[INFO] [stderr]     |                  ^^^^^^^^^^^^^^^^^^^^^^^^
[INFO] [stderr] ...
[INFO] [stderr] 529 |     pub async fn test_end_to_end_wasm_workflow(&self) -> Result<()> {
[INFO] [stderr]     |                  ^^^^^^^^^^^^^^^^^^^^^^^^^^^^^
[INFO] [stderr] 
[INFO] [stderr] warning: function `run_wasm_tests` is never used
[INFO] [stderr]    --> tests/integration/wasm_tests.rs:656:14
[INFO] [stderr]     |
[INFO] [stderr] 656 | pub async fn run_wasm_tests() -> Result<()> {
[INFO] [stderr]     |              ^^^^^^^^^^^^^^
[INFO] [stderr] 
[INFO] [stderr] warning: fields `docker_env` and `ssh_helper` are never read
[INFO] [stderr]   --> tests/integration/pty_tests.rs:13:5
[INFO] [stderr]    |
[INFO] [stderr] 12 | pub struct PtyTests {
[INFO] [stderr]    |            -------- fields in this struct
[INFO] [stderr] 13 |     docker_env: DockerTestEnv,
[INFO] [stderr]    |     ^^^^^^^^^^
[INFO] [stderr] 14 |     ssh_helper: SshHelper,
[INFO] [stderr]    |     ^^^^^^^^^^
[INFO] [stderr] 
[INFO] [stderr] warning: multiple methods are never used
[INFO] [stderr]    --> tests/integration/pty_tests.rs:27:18
[INFO] [stderr]     |
[INFO] [stderr]  17 | impl PtyTests {
[INFO] [stderr]     | ------------- methods in this implementation
[INFO] [stderr] ...
[INFO] [stderr]  27 |     pub async fn setup(&self) -> Result<()> {
[INFO] [stderr]     |                  ^^^^^
[INFO] [stderr] ...
[INFO] [stderr]  34 |     pub async fn cleanup(&self) -> Result<()> {
[INFO] [stderr]     |                  ^^^^^^^
[INFO] [stderr] ...
[INFO] [stderr]  40 |     pub async fn test_sudo_prompt_detection(&self) -> Result<()> {
[INFO] [stderr]     |                  ^^^^^^^^^^^^^^^^^^^^^^^^^^
[INFO] [stderr] ...
[INFO] [stderr] 151 |     pub async fn test_pty_interactive_operations(&self) -> Result<()> {
[INFO] [stderr]     |                  ^^^^^^^^^^^^^^^^^^^^^^^^^^^^^^^
[INFO] [stderr] ...
[INFO] [stderr] 292 |     pub async fn test_privilege_escalation_failures(&self) -> Result<()> {
[INFO] [stderr]     |                  ^^^^^^^^^^^^^^^^^^^^^^^^^^^^^^^^^^
[INFO] [stderr] ...
[INFO] [stderr] 435 |     pub async fn test_credential_handling_security(&self) -> Result<()> {
[INFO] [stderr]     |                  ^^^^^^^^^^^^^^^^^^^^^^^^^^^^^^^^^
[INFO] [stderr] ...
[INFO] [stderr] 614 |     pub async fn test_comprehensive_pty_workflow(&self) -> Result<()> {
[INFO] [stderr]     |                  ^^^^^^^^^^^^^^^^^^^^^^^^^^^^^^^
[INFO] [stderr] 
[INFO] [stderr] warning: function `run_pty_tests` is never used
[INFO] [stderr]    --> tests/integration/pty_tests.rs:718:14
[INFO] [stderr]     |
[INFO] [stderr] 718 | pub async fn run_pty_tests() -> Result<()> {
[INFO] [stderr]     |              ^^^^^^^^^^^^^
[INFO] [stderr] 
[INFO] [stderr] warning: `mitoxide` (lib test) generated 4 warnings (1 duplicate) (run `cargo fix --lib -p mitoxide --tests` to apply 1 suggestion)
[INFO] [stderr] warning: `mitoxide` (test "routing_integration_tests") generated 52 warnings (run `cargo fix --test "routing_integration_tests" -p mitoxide` to apply 22 suggestions)
[INFO] [stderr]     Finished `release` profile [optimized] target(s) in 0.28s
[INFO] [stderr]      Running unittests src/lib.rs (/opt/rustwide/target/release/build/mitoxide/befa5092b626e48c/out/mitoxide-befa5092b626e48c)
[INFO] [stdout] 
[INFO] [stdout] running 27 tests
[INFO] [stdout] test context::tests::test_context_session_id ... ok
[INFO] [stdout] test context::tests::test_bytes_operations ... ok
[INFO] [stdout] test router::tests::test_connection_handler_stream_id_wraparound ... ok
[INFO] [stdout] test context::tests::test_duration_operations ... ok
[INFO] [stdout] test router::tests::test_message_serialization ... ok
[INFO] [stdout] test router::tests::test_oneshot_channel ... ok
[INFO] [stdout] test router::tests::test_oneshot_channel_drop ... ok
[INFO] [stdout] test router::tests::test_channel_operations ... ok
[INFO] [stdout] test context::tests::test_context_creation ... ok
[INFO] [stdout] test router::tests::test_uuid_operations ... ok
[INFO] [stdout] test session::tests::test_session_builder_configuration ... ok
[INFO] [stdout] test session::tests::test_session_builder_creation ... ok
[INFO] [stdout] test context::tests::test_process_output_clone ... ok
[INFO] [stdout] test session::tests::test_session_config_clone ... ok
[INFO] [stdout] test session::tests::test_session_state_creation ... ok
[INFO] [stdout] test session::tests::test_session_state_clone ... ok
[INFO] [stdout] test context::tests::test_process_output_success ... ok
[INFO] [stdout] test context::tests::test_process_output_invalid_utf8 ... ok
[INFO] [stdout] test context::tests::test_process_output_failure ... ok
[INFO] [stdout] test session::tests::test_session_status_equality ... ok
[INFO] [stdout] test router::tests::test_response_creation ... ok
[INFO] [stdout] test router::tests::test_connection_handler_stream_id_generation ... ok
[INFO] [stdout] test router::tests::test_router_pending_requests ... ok
[INFO] [stdout] test session::tests::test_session_builder_parse_target ... ok
[INFO] [stdout] test session::tests::test_session_ssh_builder ... ok
[INFO] [stdout] test session::tests::test_agent_config_default ... ok
[INFO] [stdout] test router::tests::test_router_timeout_behavior ... ok
[INFO] [stdout] 
[INFO] [stdout] test result: ok. 27 passed; 0 failed; 0 ignored; 0 measured; 0 filtered out; finished in 0.16s
[INFO] [stdout] 
[INFO] [stderr]      Running tests/routing_integration_tests.rs (/opt/rustwide/target/release/build/mitoxide/f91bdde492510b4b/out/routing_integration_tests-f91bdde492510b4b)
[INFO] [stdout] 
[INFO] [stdout] running 12 tests
[INFO] [stdout] test integration::bootstrap_tests::tests::test_bootstrap_script_generation ... ok
[INFO] [stdout] test integration::process_tests::tests::test_process_test_creation ... ok
[INFO] [stdout] test integration::pty_tests::tests::test_pty_test_creation ... ok
[INFO] [stdout] test integration::bootstrap_tests::tests::test_mock_agent_creation ... ok
[INFO] [stdout] test integration::bootstrap_tests::tests::test_bootstrap_test_creation ... ok
[INFO] [stdout] test integration::wasm_tests::tests::test_wasm_test_creation ... ok
[INFO] [stdout] test test_routing_performance ... FAILED
[INFO] [stdout] test test_multi_hop_connections ... FAILED
[INFO] [stdout] test test_connection_failure_recovery ... FAILED
[INFO] [stdout] test test_load_balancing_connection_pooling ... FAILED
[INFO] [stdout] test test_connection_routing_multiplexing ... FAILED
[INFO] [stdout] test test_all_routing_functionality ... FAILED
[INFO] [stdout] 
[INFO] [stdout] failures:
[INFO] [stdout] 
[INFO] [stdout] ---- test_routing_performance stdout ----
[INFO] [stdout] Setting up routing test environment...
[INFO] [stdout] Checking test environment prerequisites...
[INFO] [stdout] Error: Docker Compose check failed
[INFO] [stdout] 
[INFO] [stdout] Caused by:
[INFO] [stdout]     0: Failed to check docker-compose availability
[INFO] [stdout]     1: No such file or directory (os error 2)
[INFO] [stdout] 
[INFO] [stdout] Stack backtrace:
[INFO] [stdout]    0: <core::io::error::Error as anyhow::context::ext::StdError>::ext_context::<&str>
[INFO] [stdout]    1: <routing_integration_tests::integration::utils::EnvUtils>::setup_test_environment
[INFO] [stdout]    2: <routing_integration_tests::integration::routing_tests::RoutingTests>::setup::{closure#0}
[INFO] [stdout]    3: routing_integration_tests::test_routing_performance::{closure#0}
[INFO] [stdout]    4: <tokio::runtime::scheduler::current_thread::Context>::enter::<core::task::poll::Poll<core::result::Result<(), anyhow::Error>>, <tokio::runtime::scheduler::current_thread::CoreGuard>::block_on<core::pin::Pin<&mut core::pin::Pin<&mut dyn core::future::future::Future<Output = core::result::Result<(), anyhow::Error>>>>>::{closure#0}::{closure#0}>
[INFO] [stdout]    5: <tokio::runtime::context::scoped::Scoped<tokio::runtime::scheduler::Context>>::set::<<tokio::runtime::scheduler::current_thread::CoreGuard>::enter<<tokio::runtime::scheduler::current_thread::CoreGuard>::block_on<core::pin::Pin<&mut core::pin::Pin<&mut dyn core::future::future::Future<Output = core::result::Result<(), anyhow::Error>>>>>::{closure#0}, core::option::Option<core::result::Result<(), anyhow::Error>>>::{closure#0}, (alloc::boxed::Box<tokio::runtime::scheduler::current_thread::Core>, core::option::Option<core::result::Result<(), anyhow::Error>>)>
[INFO] [stdout]    6: <tokio::runtime::scheduler::current_thread::CoreGuard>::block_on::<core::pin::Pin<&mut core::pin::Pin<&mut dyn core::future::future::Future<Output = core::result::Result<(), anyhow::Error>>>>>
[INFO] [stdout]    7: tokio::runtime::context::runtime::enter_runtime::<<tokio::runtime::scheduler::current_thread::CurrentThread>::block_on<core::pin::Pin<&mut dyn core::future::future::Future<Output = core::result::Result<(), anyhow::Error>>>>::{closure#0}, core::result::Result<(), anyhow::Error>>
[INFO] [stdout]    8: <tokio::runtime::runtime::Runtime>::block_on::<core::pin::Pin<&mut dyn core::future::future::Future<Output = core::result::Result<(), anyhow::Error>>>>
[INFO] [stdout]    9: <routing_integration_tests::test_routing_performance::{closure#0} as core::ops::function::FnOnce<()>>::call_once
[INFO] [stdout]   10: test::__rust_begin_short_backtrace::<core::result::Result<(), alloc::string::String>, fn() -> core::result::Result<(), alloc::string::String>>
[INFO] [stdout]   11: test::run_test::{closure#0}
[INFO] [stdout]   12: std::sys::backtrace::__rust_begin_short_backtrace::<test::run_test::{closure#1}, ()>
[INFO] [stdout]   13: <std::thread::lifecycle::spawn_unchecked<test::run_test::{closure#1}, ()>::{closure#1} as core::ops::function::FnOnce<()>>::call_once::{shim:vtable#0}
[INFO] [stdout]   14: <std::sys::thread::unix::Thread>::new::thread_start
[INFO] [stdout]   15: <unknown>
[INFO] [stdout]   16: clone
[INFO] [stdout] 
[INFO] [stdout] ---- test_multi_hop_connections stdout ----
[INFO] [stdout] Setting up routing test environment...
[INFO] [stdout] Checking test environment prerequisites...
[INFO] [stdout] Error: Docker Compose check failed
[INFO] [stdout] 
[INFO] [stdout] Caused by:
[INFO] [stdout]     0: Failed to check docker-compose availability
[INFO] [stdout]     1: No such file or directory (os error 2)
[INFO] [stdout] 
[INFO] [stdout] Stack backtrace:
[INFO] [stdout]    0: <core::io::error::Error as anyhow::context::ext::StdError>::ext_context::<&str>
[INFO] [stdout]    1: <routing_integration_tests::integration::utils::EnvUtils>::setup_test_environment
[INFO] [stdout]    2: <routing_integration_tests::integration::routing_tests::RoutingTests>::setup::{closure#0}
[INFO] [stdout]    3: routing_integration_tests::test_multi_hop_connections::{closure#0}
[INFO] [stderr] error: test failed, to rerun pass `--test routing_integration_tests`
[INFO] [stdout]    4: <tokio::runtime::scheduler::current_thread::Context>::enter::<core::task::poll::Poll<core::result::Result<(), anyhow::Error>>, <tokio::runtime::scheduler::current_thread::CoreGuard>::block_on<core::pin::Pin<&mut core::pin::Pin<&mut dyn core::future::future::Future<Output = core::result::Result<(), anyhow::Error>>>>>::{closure#0}::{closure#0}>
[INFO] [stdout]    5: <tokio::runtime::context::scoped::Scoped<tokio::runtime::scheduler::Context>>::set::<<tokio::runtime::scheduler::current_thread::CoreGuard>::enter<<tokio::runtime::scheduler::current_thread::CoreGuard>::block_on<core::pin::Pin<&mut core::pin::Pin<&mut dyn core::future::future::Future<Output = core::result::Result<(), anyhow::Error>>>>>::{closure#0}, core::option::Option<core::result::Result<(), anyhow::Error>>>::{closure#0}, (alloc::boxed::Box<tokio::runtime::scheduler::current_thread::Core>, core::option::Option<core::result::Result<(), anyhow::Error>>)>
[INFO] [stdout]    6: <tokio::runtime::scheduler::current_thread::CoreGuard>::block_on::<core::pin::Pin<&mut core::pin::Pin<&mut dyn core::future::future::Future<Output = core::result::Result<(), anyhow::Error>>>>>
[INFO] [stdout]    7: tokio::runtime::context::runtime::enter_runtime::<<tokio::runtime::scheduler::current_thread::CurrentThread>::block_on<core::pin::Pin<&mut dyn core::future::future::Future<Output = core::result::Result<(), anyhow::Error>>>>::{closure#0}, core::result::Result<(), anyhow::Error>>
[INFO] [stdout]    8: <tokio::runtime::runtime::Runtime>::block_on::<core::pin::Pin<&mut dyn core::future::future::Future<Output = core::result::Result<(), anyhow::Error>>>>
[INFO] [stdout]    9: <routing_integration_tests::test_multi_hop_connections::{closure#0} as core::ops::function::FnOnce<()>>::call_once
[INFO] [stdout]   10: test::__rust_begin_short_backtrace::<core::result::Result<(), alloc::string::String>, fn() -> core::result::Result<(), alloc::string::String>>
[INFO] [stdout]   11: test::run_test::{closure#0}
[INFO] [stdout]   12: std::sys::backtrace::__rust_begin_short_backtrace::<test::run_test::{closure#1}, ()>
[INFO] [stdout]   13: <std::thread::lifecycle::spawn_unchecked<test::run_test::{closure#1}, ()>::{closure#1} as core::ops::function::FnOnce<()>>::call_once::{shim:vtable#0}
[INFO] [stdout]   14: <std::sys::thread::unix::Thread>::new::thread_start
[INFO] [stdout]   15: <unknown>
[INFO] [stdout]   16: clone
[INFO] [stdout] 
[INFO] [stdout] ---- test_connection_failure_recovery stdout ----
[INFO] [stdout] Setting up routing test environment...
[INFO] [stdout] Checking test environment prerequisites...
[INFO] [stdout] Error: Docker Compose check failed
[INFO] [stdout] 
[INFO] [stdout] Caused by:
[INFO] [stdout]     0: Failed to check docker-compose availability
[INFO] [stdout]     1: No such file or directory (os error 2)
[INFO] [stdout] 
[INFO] [stdout] Stack backtrace:
[INFO] [stdout]    0: <core::io::error::Error as anyhow::context::ext::StdError>::ext_context::<&str>
[INFO] [stdout]    1: <routing_integration_tests::integration::utils::EnvUtils>::setup_test_environment
[INFO] [stdout]    2: <routing_integration_tests::integration::routing_tests::RoutingTests>::setup::{closure#0}
[INFO] [stdout]    3: routing_integration_tests::test_connection_failure_recovery::{closure#0}
[INFO] [stdout]    4: <tokio::runtime::scheduler::current_thread::Context>::enter::<core::task::poll::Poll<core::result::Result<(), anyhow::Error>>, <tokio::runtime::scheduler::current_thread::CoreGuard>::block_on<core::pin::Pin<&mut core::pin::Pin<&mut dyn core::future::future::Future<Output = core::result::Result<(), anyhow::Error>>>>>::{closure#0}::{closure#0}>
[INFO] [stdout]    5: <tokio::runtime::context::scoped::Scoped<tokio::runtime::scheduler::Context>>::set::<<tokio::runtime::scheduler::current_thread::CoreGuard>::enter<<tokio::runtime::scheduler::current_thread::CoreGuard>::block_on<core::pin::Pin<&mut core::pin::Pin<&mut dyn core::future::future::Future<Output = core::result::Result<(), anyhow::Error>>>>>::{closure#0}, core::option::Option<core::result::Result<(), anyhow::Error>>>::{closure#0}, (alloc::boxed::Box<tokio::runtime::scheduler::current_thread::Core>, core::option::Option<core::result::Result<(), anyhow::Error>>)>
[INFO] [stdout]    6: <tokio::runtime::scheduler::current_thread::CoreGuard>::block_on::<core::pin::Pin<&mut core::pin::Pin<&mut dyn core::future::future::Future<Output = core::result::Result<(), anyhow::Error>>>>>
[INFO] [stdout]    7: tokio::runtime::context::runtime::enter_runtime::<<tokio::runtime::scheduler::current_thread::CurrentThread>::block_on<core::pin::Pin<&mut dyn core::future::future::Future<Output = core::result::Result<(), anyhow::Error>>>>::{closure#0}, core::result::Result<(), anyhow::Error>>
[INFO] [stdout]    8: <tokio::runtime::runtime::Runtime>::block_on::<core::pin::Pin<&mut dyn core::future::future::Future<Output = core::result::Result<(), anyhow::Error>>>>
[INFO] [stdout]    9: <routing_integration_tests::test_connection_failure_recovery::{closure#0} as core::ops::function::FnOnce<()>>::call_once
[INFO] [stdout]   10: test::__rust_begin_short_backtrace::<core::result::Result<(), alloc::string::String>, fn() -> core::result::Result<(), alloc::string::String>>
[INFO] [stdout]   11: test::run_test::{closure#0}
[INFO] [stdout]   12: std::sys::backtrace::__rust_begin_short_backtrace::<test::run_test::{closure#1}, ()>
[INFO] [stdout]   13: <std::thread::lifecycle::spawn_unchecked<test::run_test::{closure#1}, ()>::{closure#1} as core::ops::function::FnOnce<()>>::call_once::{shim:vtable#0}
[INFO] [stdout]   14: <std::sys::thread::unix::Thread>::new::thread_start
[INFO] [stdout]   15: <unknown>
[INFO] [stdout]   16: clone
[INFO] [stdout] 
[INFO] [stdout] ---- test_load_balancing_connection_pooling stdout ----
[INFO] [stdout] Setting up routing test environment...
[INFO] [stdout] Checking test environment prerequisites...
[INFO] [stdout] Error: Docker Compose check failed
[INFO] [stdout] 
[INFO] [stdout] Caused by:
[INFO] [stdout]     0: Failed to check docker-compose availability
[INFO] [stdout]     1: No such file or directory (os error 2)
[INFO] [stdout] 
[INFO] [stdout] Stack backtrace:
[INFO] [stdout]    0: <core::io::error::Error as anyhow::context::ext::StdError>::ext_context::<&str>
[INFO] [stdout]    1: <routing_integration_tests::integration::utils::EnvUtils>::setup_test_environment
[INFO] [stdout]    2: <routing_integration_tests::integration::routing_tests::RoutingTests>::setup::{closure#0}
[INFO] [stdout]    3: routing_integration_tests::test_load_balancing_connection_pooling::{closure#0}
[INFO] [stdout]    4: <tokio::runtime::scheduler::current_thread::Context>::enter::<core::task::poll::Poll<core::result::Result<(), anyhow::Error>>, <tokio::runtime::scheduler::current_thread::CoreGuard>::block_on<core::pin::Pin<&mut core::pin::Pin<&mut dyn core::future::future::Future<Output = core::result::Result<(), anyhow::Error>>>>>::{closure#0}::{closure#0}>
[INFO] [stdout]    5: <tokio::runtime::context::scoped::Scoped<tokio::runtime::scheduler::Context>>::set::<<tokio::runtime::scheduler::current_thread::CoreGuard>::enter<<tokio::runtime::scheduler::current_thread::CoreGuard>::block_on<core::pin::Pin<&mut core::pin::Pin<&mut dyn core::future::future::Future<Output = core::result::Result<(), anyhow::Error>>>>>::{closure#0}, core::option::Option<core::result::Result<(), anyhow::Error>>>::{closure#0}, (alloc::boxed::Box<tokio::runtime::scheduler::current_thread::Core>, core::option::Option<core::result::Result<(), anyhow::Error>>)>
[INFO] [stdout]    6: <tokio::runtime::scheduler::current_thread::CoreGuard>::block_on::<core::pin::Pin<&mut core::pin::Pin<&mut dyn core::future::future::Future<Output = core::result::Result<(), anyhow::Error>>>>>
[INFO] [stdout]    7: tokio::runtime::context::runtime::enter_runtime::<<tokio::runtime::scheduler::current_thread::CurrentThread>::block_on<core::pin::Pin<&mut dyn core::future::future::Future<Output = core::result::Result<(), anyhow::Error>>>>::{closure#0}, core::result::Result<(), anyhow::Error>>
[INFO] [stdout]    8: <tokio::runtime::runtime::Runtime>::block_on::<core::pin::Pin<&mut dyn core::future::future::Future<Output = core::result::Result<(), anyhow::Error>>>>
[INFO] [stdout]    9: <routing_integration_tests::test_load_balancing_connection_pooling::{closure#0} as core::ops::function::FnOnce<()>>::call_once
[INFO] [stdout]   10: test::__rust_begin_short_backtrace::<core::result::Result<(), alloc::string::String>, fn() -> core::result::Result<(), alloc::string::String>>
[INFO] [stdout]   11: test::run_test::{closure#0}
[INFO] [stdout]   12: std::sys::backtrace::__rust_begin_short_backtrace::<test::run_test::{closure#1}, ()>
[INFO] [stdout]   13: <std::thread::lifecycle::spawn_unchecked<test::run_test::{closure#1}, ()>::{closure#1} as core::ops::function::FnOnce<()>>::call_once::{shim:vtable#0}
[INFO] [stdout]   14: <std::sys::thread::unix::Thread>::new::thread_start
[INFO] [stdout]   15: <unknown>
[INFO] [stdout]   16: clone
[INFO] [stdout] 
[INFO] [stdout] ---- test_connection_routing_multiplexing stdout ----
[INFO] [stdout] Setting up routing test environment...
[INFO] [stdout] Checking test environment prerequisites...
[INFO] [stdout] Error: Docker Compose check failed
[INFO] [stdout] 
[INFO] [stdout] Caused by:
[INFO] [stdout]     0: Failed to check docker-compose availability
[INFO] [stdout]     1: No such file or directory (os error 2)
[INFO] [stdout] 
[INFO] [stdout] Stack backtrace:
[INFO] [stdout]    0: <core::io::error::Error as anyhow::context::ext::StdError>::ext_context::<&str>
[INFO] [stdout]    1: <routing_integration_tests::integration::utils::EnvUtils>::setup_test_environment
[INFO] [stdout]    2: <routing_integration_tests::integration::routing_tests::RoutingTests>::setup::{closure#0}
[INFO] [stdout]    3: routing_integration_tests::test_connection_routing_multiplexing::{closure#0}
[INFO] [stdout]    4: <tokio::runtime::scheduler::current_thread::Context>::enter::<core::task::poll::Poll<core::result::Result<(), anyhow::Error>>, <tokio::runtime::scheduler::current_thread::CoreGuard>::block_on<core::pin::Pin<&mut core::pin::Pin<&mut dyn core::future::future::Future<Output = core::result::Result<(), anyhow::Error>>>>>::{closure#0}::{closure#0}>
[INFO] [stdout]    5: <tokio::runtime::context::scoped::Scoped<tokio::runtime::scheduler::Context>>::set::<<tokio::runtime::scheduler::current_thread::CoreGuard>::enter<<tokio::runtime::scheduler::current_thread::CoreGuard>::block_on<core::pin::Pin<&mut core::pin::Pin<&mut dyn core::future::future::Future<Output = core::result::Result<(), anyhow::Error>>>>>::{closure#0}, core::option::Option<core::result::Result<(), anyhow::Error>>>::{closure#0}, (alloc::boxed::Box<tokio::runtime::scheduler::current_thread::Core>, core::option::Option<core::result::Result<(), anyhow::Error>>)>
[INFO] [stdout]    6: <tokio::runtime::scheduler::current_thread::CoreGuard>::block_on::<core::pin::Pin<&mut core::pin::Pin<&mut dyn core::future::future::Future<Output = core::result::Result<(), anyhow::Error>>>>>
[INFO] [stdout]    7: tokio::runtime::context::runtime::enter_runtime::<<tokio::runtime::scheduler::current_thread::CurrentThread>::block_on<core::pin::Pin<&mut dyn core::future::future::Future<Output = core::result::Result<(), anyhow::Error>>>>::{closure#0}, core::result::Result<(), anyhow::Error>>
[INFO] [stdout]    8: <tokio::runtime::runtime::Runtime>::block_on::<core::pin::Pin<&mut dyn core::future::future::Future<Output = core::result::Result<(), anyhow::Error>>>>
[INFO] [stdout]    9: <routing_integration_tests::test_connection_routing_multiplexing::{closure#0} as core::ops::function::FnOnce<()>>::call_once
[INFO] [stdout]   10: test::__rust_begin_short_backtrace::<core::result::Result<(), alloc::string::String>, fn() -> core::result::Result<(), alloc::string::String>>
[INFO] [stdout]   11: test::run_test::{closure#0}
[INFO] [stdout]   12: std::sys::backtrace::__rust_begin_short_backtrace::<test::run_test::{closure#1}, ()>
[INFO] [stdout]   13: <std::thread::lifecycle::spawn_unchecked<test::run_test::{closure#1}, ()>::{closure#1} as core::ops::function::FnOnce<()>>::call_once::{shim:vtable#0}
[INFO] [stdout]   14: <std::sys::thread::unix::Thread>::new::thread_start
[INFO] [stdout]   15: <unknown>
[INFO] [stdout]   16: clone
[INFO] [stdout] 
[INFO] [stdout] ---- test_all_routing_functionality stdout ----
[INFO] [stdout] 🚀 Running comprehensive routing tests...
[INFO] [stdout] Setting up routing test environment...
[INFO] [stdout] Checking test environment prerequisites...
[INFO] [stdout] Error: Docker Compose check failed
[INFO] [stdout] 
[INFO] [stdout] Caused by:
[INFO] [stdout]     0: Failed to check docker-compose availability
[INFO] [stdout]     1: No such file or directory (os error 2)
[INFO] [stdout] 
[INFO] [stdout] Stack backtrace:
[INFO] [stdout]    0: <core::io::error::Error as anyhow::context::ext::StdError>::ext_context::<&str>
[INFO] [stdout]    1: <routing_integration_tests::integration::utils::EnvUtils>::setup_test_environment
[INFO] [stdout]    2: <routing_integration_tests::integration::routing_tests::RoutingTests>::setup::{closure#0}
[INFO] [stdout]    3: routing_integration_tests::test_all_routing_functionality::{closure#0}
[INFO] [stdout]    4: <tokio::runtime::scheduler::current_thread::Context>::enter::<core::task::poll::Poll<core::result::Result<(), anyhow::Error>>, <tokio::runtime::scheduler::current_thread::CoreGuard>::block_on<core::pin::Pin<&mut core::pin::Pin<&mut dyn core::future::future::Future<Output = core::result::Result<(), anyhow::Error>>>>>::{closure#0}::{closure#0}>
[INFO] [stdout]    5: <tokio::runtime::context::scoped::Scoped<tokio::runtime::scheduler::Context>>::set::<<tokio::runtime::scheduler::current_thread::CoreGuard>::enter<<tokio::runtime::scheduler::current_thread::CoreGuard>::block_on<core::pin::Pin<&mut core::pin::Pin<&mut dyn core::future::future::Future<Output = core::result::Result<(), anyhow::Error>>>>>::{closure#0}, core::option::Option<core::result::Result<(), anyhow::Error>>>::{closure#0}, (alloc::boxed::Box<tokio::runtime::scheduler::current_thread::Core>, core::option::Option<core::result::Result<(), anyhow::Error>>)>
[INFO] [stdout]    6: <tokio::runtime::scheduler::current_thread::CoreGuard>::block_on::<core::pin::Pin<&mut core::pin::Pin<&mut dyn core::future::future::Future<Output = core::result::Result<(), anyhow::Error>>>>>
[INFO] [stdout]    7: tokio::runtime::context::runtime::enter_runtime::<<tokio::runtime::scheduler::current_thread::CurrentThread>::block_on<core::pin::Pin<&mut dyn core::future::future::Future<Output = core::result::Result<(), anyhow::Error>>>>::{closure#0}, core::result::Result<(), anyhow::Error>>
[INFO] [stdout]    8: <tokio::runtime::runtime::Runtime>::block_on::<core::pin::Pin<&mut dyn core::future::future::Future<Output = core::result::Result<(), anyhow::Error>>>>
[INFO] [stdout]    9: <routing_integration_tests::test_all_routing_functionality::{closure#0} as core::ops::function::FnOnce<()>>::call_once
[INFO] [stdout]   10: test::__rust_begin_short_backtrace::<core::result::Result<(), alloc::string::String>, fn() -> core::result::Result<(), alloc::string::String>>
[INFO] [stdout]   11: test::run_test::{closure#0}
[INFO] [stdout]   12: std::sys::backtrace::__rust_begin_short_backtrace::<test::run_test::{closure#1}, ()>
[INFO] [stdout]   13: <std::thread::lifecycle::spawn_unchecked<test::run_test::{closure#1}, ()>::{closure#1} as core::ops::function::FnOnce<()>>::call_once::{shim:vtable#0}
[INFO] [stdout]   14: <std::sys::thread::unix::Thread>::new::thread_start
[INFO] [stdout]   15: <unknown>
[INFO] [stdout]   16: clone
[INFO] [stdout] 
[INFO] [stdout] 
[INFO] [stdout] failures:
[INFO] [stdout]     test_all_routing_functionality
[INFO] [stdout]     test_connection_failure_recovery
[INFO] [stdout]     test_connection_routing_multiplexing
[INFO] [stdout]     test_load_balancing_connection_pooling
[INFO] [stdout]     test_multi_hop_connections
[INFO] [stdout]     test_routing_performance
[INFO] [stdout] 
[INFO] [stdout] test result: FAILED. 6 passed; 6 failed; 0 ignored; 0 measured; 0 filtered out; finished in 0.21s
[INFO] [stdout] 
[INFO] running `Command { std: "docker" "inspect" "9a1002766fc7e2da7e478f2693062663bd7e008510c50dda7ea7add646048220", kill_on_drop: false }`
[INFO] running `Command { std: "docker" "rm" "-f" "9a1002766fc7e2da7e478f2693062663bd7e008510c50dda7ea7add646048220", kill_on_drop: false }`
[INFO] [stdout] 9a1002766fc7e2da7e478f2693062663bd7e008510c50dda7ea7add646048220
