[INFO] fetching crate misykat 4.1.2...
[INFO] testing misykat-4.1.2 against 1.99.0-beta.8+cargoflags=--release for beta-release-1.100-2
[INFO] extracting crate misykat 4.1.2 into /workspace/builds/worker-4-tc1/source
[INFO] removed /workspace/builds/worker-4-tc1/source/rust-toolchain.toml
[INFO] started tweaking crates.io crate misykat 4.1.2
[INFO] removed 0 missing examples
[INFO] finished tweaking crates.io crate misykat 4.1.2
[INFO] tweaked toml for crates.io crate misykat 4.1.2 written to /workspace/builds/worker-4-tc1/source/Cargo.toml
[INFO] validating manifest of crates.io crate misykat 4.1.2 on toolchain 1.99.0-beta.8
[INFO] running `Command { std: CARGO_HOME="/workspace/cargo-home" RUSTUP_HOME="/workspace/rustup-home" "/workspace/cargo-home/bin/cargo" "+1.99.0-beta.8" "metadata" "--manifest-path" "Cargo.toml" "--no-deps", kill_on_drop: false }`
[INFO] crate crates.io crate misykat 4.1.2 already has a lockfile, it will not be regenerated
[INFO] running `Command { std: CARGO_HOME="/workspace/cargo-home" RUSTUP_HOME="/workspace/rustup-home" "/workspace/cargo-home/bin/cargo" "+1.99.0-beta.8" "fetch" "--manifest-path" "Cargo.toml", kill_on_drop: false }`
[INFO] [stderr]  Downloading crates ...
[INFO] [stderr]   Downloaded jiff-tzdb v0.1.4
[INFO] [stderr]   Downloaded jiff-static v0.2.14
[INFO] [stderr]   Downloaded portable-atomic v1.11.0
[INFO] [stderr]   Downloaded jiff v0.2.14
[INFO] running `Command { std: "docker" "create" "-v" "/var/lib/crater-agent-workspace/builds/worker-4-tc1/source:/opt/rustwide/workdir:ro,Z" "-v" "/var/lib/crater-agent-workspace/builds/worker-4-tc1/target:/opt/rustwide/target:rw,Z" "-v" "/var/lib/crater-agent-workspace/cargo-home:/opt/rustwide/cargo-home:ro,Z" "-v" "/var/lib/crater-agent-workspace/rustup-home:/opt/rustwide/rustup-home:ro,Z" "-m" "1610612736" "--network" "none" "ghcr.io/rust-lang/crates-build-env/linux@sha256:77db811e55d90add9212f6832c23229e3de5f1c1f9905e8cb07319ea15df73ac" "sleep" "infinity", kill_on_drop: false }`
[INFO] [stdout] 1bf2abab4d56ab65d0bae22db18154c1cf7a4e4a2987eaa5ecd10db89ddfa461
[INFO] running `Command { std: "docker" "start" "1bf2abab4d56ab65d0bae22db18154c1cf7a4e4a2987eaa5ecd10db89ddfa461", kill_on_drop: false }`
[INFO] running `Command { std: "docker" "inspect" "1bf2abab4d56ab65d0bae22db18154c1cf7a4e4a2987eaa5ecd10db89ddfa461", kill_on_drop: false }`
[INFO] running `Command { std: "docker" "exec" "-e" "SOURCE_DIR=/opt/rustwide/workdir" "-e" "CARGO_HOME=/opt/rustwide/cargo-home" "-e" "RUSTUP_HOME=/opt/rustwide/rustup-home" "-e" "CARGO_TARGET_DIR=/opt/rustwide/target" "-w" "/opt/rustwide/workdir" "--user" "0:0" "1bf2abab4d56ab65d0bae22db18154c1cf7a4e4a2987eaa5ecd10db89ddfa461" "/opt/rustwide/cargo-home/bin/cargo" "+1.99.0-beta.8" "metadata" "--no-deps" "--format-version=1", kill_on_drop: false }`
[INFO] running `Command { std: "docker" "inspect" "1bf2abab4d56ab65d0bae22db18154c1cf7a4e4a2987eaa5ecd10db89ddfa461", kill_on_drop: false }`
[INFO] running `Command { std: "docker" "exec" "-e" "SOURCE_DIR=/opt/rustwide/workdir" "-e" "CARGO_HOME=/opt/rustwide/cargo-home" "-e" "RUSTUP_HOME=/opt/rustwide/rustup-home" "-e" "CARGO_TARGET_DIR=/opt/rustwide/target" "-e" "CARGO_INCREMENTAL=0" "-e" "RUST_BACKTRACE=full" "-e" "RUSTFLAGS=--cap-lints=warn" "-e" "RUSTDOCFLAGS=--cap-lints=warn" "-w" "/opt/rustwide/workdir" "--user" "0:0" "1bf2abab4d56ab65d0bae22db18154c1cf7a4e4a2987eaa5ecd10db89ddfa461" "/opt/rustwide/cargo-home/bin/cargo" "+1.99.0-beta.8" "build" "--frozen" "--message-format=json" "--release", kill_on_drop: false }`
[INFO] [stderr]    Compiling proc-macro2 v1.0.95
[INFO] [stderr]    Compiling thiserror v2.0.12
[INFO] [stderr]    Compiling jiff v0.2.14
[INFO] [stderr]    Compiling quote v1.0.40
[INFO] [stderr]    Compiling syn v2.0.101
[INFO] [stderr]    Compiling thiserror-impl v2.0.12
[INFO] [stderr]    Compiling misykat v4.1.2 (/opt/rustwide/workdir)
[INFO] [stderr]     Finished `release` profile [optimized] target(s) in 19.69s
[INFO] running `Command { std: "docker" "inspect" "1bf2abab4d56ab65d0bae22db18154c1cf7a4e4a2987eaa5ecd10db89ddfa461", kill_on_drop: false }`
[INFO] running `Command { std: "docker" "exec" "-e" "SOURCE_DIR=/opt/rustwide/workdir" "-e" "CARGO_HOME=/opt/rustwide/cargo-home" "-e" "RUSTUP_HOME=/opt/rustwide/rustup-home" "-e" "CARGO_TARGET_DIR=/opt/rustwide/target" "-e" "CARGO_INCREMENTAL=0" "-e" "RUST_BACKTRACE=full" "-e" "RUSTFLAGS=--cap-lints=warn" "-e" "RUSTDOCFLAGS=--cap-lints=warn" "-w" "/opt/rustwide/workdir" "--user" "0:0" "1bf2abab4d56ab65d0bae22db18154c1cf7a4e4a2987eaa5ecd10db89ddfa461" "/opt/rustwide/cargo-home/bin/cargo" "+1.99.0-beta.8" "test" "--frozen" "--no-run" "--message-format=json" "--release", kill_on_drop: false }`
[INFO] [stderr]    Compiling misykat v4.1.2 (/opt/rustwide/workdir)
[INFO] [stderr]     Finished `release` profile [optimized] target(s) in 2.84s
[INFO] running `Command { std: "docker" "inspect" "1bf2abab4d56ab65d0bae22db18154c1cf7a4e4a2987eaa5ecd10db89ddfa461", kill_on_drop: false }`
[INFO] running `Command { std: "docker" "exec" "-e" "SOURCE_DIR=/opt/rustwide/workdir" "-e" "CARGO_HOME=/opt/rustwide/cargo-home" "-e" "RUSTUP_HOME=/opt/rustwide/rustup-home" "-e" "CARGO_TARGET_DIR=/opt/rustwide/target" "-e" "CARGO_INCREMENTAL=0" "-e" "RUST_BACKTRACE=full" "-e" "RUSTFLAGS=--cap-lints=warn" "-e" "RUSTDOCFLAGS=--cap-lints=warn" "-w" "/opt/rustwide/workdir" "--user" "0:0" "1bf2abab4d56ab65d0bae22db18154c1cf7a4e4a2987eaa5ecd10db89ddfa461" "/opt/rustwide/cargo-home/bin/cargo" "+1.99.0-beta.8" "test" "--frozen" "--release", kill_on_drop: false }`
[INFO] [stderr]     Finished `release` profile [optimized] target(s) in 0.05s
[INFO] [stderr]      Running unittests src/lib.rs (/opt/rustwide/target/release/deps/misykat-d4572776880d77c5)
[INFO] [stdout] 
[INFO] [stdout] running 30 tests
[INFO] [stdout] test hijri::cal::tests::test_georgian_to_julian ... ok
[INFO] [stdout] test hijri::cal::tests::test_equation_of_time ... ok
[INFO] [stdout] test hijri::cal::tests::test_dsin ... ok
[INFO] [stdout] test hijri::cal::tests::test_julian_to_gregorian ... ok
[INFO] [stdout] test hijri::cal::tests::test_julian_to_hijri ... ok
[INFO] [stdout] test hijri::date::tests::hijri ... ok
[INFO] [stdout] test hijri::date::tests::from_gregorian ... ok
[INFO] [stdout] test hijri::cal::tests::test_dcos ... ok
[INFO] [stdout] test hijri::cal::tests::test_hijri_to_julian ... ok
[INFO] [stdout] test hijri::date::tests::from_gregorian_1 ... ok
[INFO] [stdout] test hijri::date::tests::max_year ... ok
[INFO] [stdout] test hijri::date::tests::from_julian ... ok
[INFO] [stdout] test hijri::date::tests::min_month ... ok
[INFO] [stdout] test hijri::date::tests::max_month ... ok
[INFO] [stdout] test hijri::date::tests::to_gregorian ... ok
[INFO] [stdout] test hijri::date::tests::tomorrow ... ok
[INFO] [stdout] test salah::config::tests::default ... ok
[INFO] [stdout] test salah::madhab::tests::shafi_shadow ... ok
[INFO] [stdout] test hijri::date::tests::min_year ... ok
[INFO] [stdout] test salah::method::tests::configs_for_egyptian ... ok
[INFO] [stdout] test salah::method::tests::configs_for_muslim_world_league ... ok
[INFO] [stdout] test hijri::date::tests::out_of_index_month ... ok
[INFO] [stdout] test salah::madhab::tests::hanafi_shadow ... ok
[INFO] [stdout] test salah::times::tests::next_prayers ... FAILED
[INFO] [stderr] error: test failed, to rerun pass `--lib`
[INFO] [stdout] test salah::times::tests::after_midnight ... FAILED
[INFO] [stdout] test salah::prayer::tests::prayer_name ... ok
[INFO] [stdout] test salah::times::tests::praytimes_jakarta ... FAILED
[INFO] [stdout] test salah::times::tests::remaining_time ... FAILED
[INFO] [stdout] test salah::times::tests::current_prayers ... FAILED
[INFO] [stdout] test salah::times::tests::before_midnight ... FAILED
[INFO] [stdout] 
[INFO] [stdout] failures:
[INFO] [stdout] 
[INFO] [stdout] ---- salah::times::tests::next_prayers stdout ----
[INFO] [stdout] 
[INFO] [stdout] thread 'salah::times::tests::next_prayers' (404) panicked at /opt/rustwide/cargo-home/registry/src/index.crates.io-1949cf8c6b5b557f/jiff-0.2.14/src/civil/time.rs:334:13:
[INFO] [stdout] invalid hour
[INFO] [stdout] stack backtrace:
[INFO] [stdout]    0:     0x5af958f4ed51 - <<std[70759c8f55707aa4]::sys::backtrace::BacktraceLock>::print::DisplayBacktrace as core[df12db4294e9bfd3]::fmt::Display>::fmt
[INFO] [stdout]    1:     0x5af958f641da - core[df12db4294e9bfd3]::fmt::write
[INFO] [stdout]    2:     0x5af958f534fc - <alloc[2182bb758b4b3781]::vec::Vec<u8> as core[df12db4294e9bfd3]::io::write::Write>::write_fmt
[INFO] [stdout]    3:     0x5af958f2a606 - std[70759c8f55707aa4]::panicking::default_hook::{closure#0}
[INFO] [stdout]    4:     0x5af958f46df9 - std[70759c8f55707aa4]::panicking::default_hook
[INFO] [stdout]    5:     0x5af958eb6da0 - test[9d35eded1c95d3be]::test_main_inner::<test[9d35eded1c95d3be]::test_main_static::{closure#0}>::{closure#0}
[INFO] [stdout]    6:     0x5af958f46fb2 - std[70759c8f55707aa4]::panicking::panic_with_hook
[INFO] [stdout]    7:     0x5af958f2a6e4 - std[70759c8f55707aa4]::panicking::panic_handler::{closure#0}
[INFO] [stdout]    8:     0x5af958f23209 - std[70759c8f55707aa4]::sys::backtrace::__rust_end_short_backtrace::<std[70759c8f55707aa4]::panicking::panic_handler::{closure#0}, !>
[INFO] [stdout]    9:     0x5af958f2b2ad - __rustc[8fa7c3cbc660c2b3]::rust_begin_unwind
[INFO] [stdout]   10:     0x5af958f6498c - core[df12db4294e9bfd3]::panicking::panic_fmt
[INFO] [stdout]   11:     0x5af958e9a9ca - <misykat[c114f7ac24cbee86]::salah::times::PrayerTimes>::hours_to_time
[INFO] [stdout]   12:     0x5af958e9ba96 - <misykat[c114f7ac24cbee86]::salah::times::PrayerTimes>::new
[INFO] [stdout]   13:     0x5af958e9f920 - misykat[c114f7ac24cbee86]::salah::times::tests::next_prayers
[INFO] [stdout]   14:     0x5af958ea7b45 - <misykat[c114f7ac24cbee86]::salah::times::tests::next_prayers::{closure#0} as core[df12db4294e9bfd3]::ops::function::FnOnce<()>>::call_once
[INFO] [stdout]   15:     0x5af958eaa08b - test[9d35eded1c95d3be]::__rust_begin_short_backtrace::<core[df12db4294e9bfd3]::result::Result<(), alloc[2182bb758b4b3781]::string::String>, fn() -> core[df12db4294e9bfd3]::result::Result<(), alloc[2182bb758b4b3781]::string::String>>
[INFO] [stdout]   16:     0x5af958eb76f5 - test[9d35eded1c95d3be]::run_test::{closure#0}
[INFO] [stdout]   17:     0x5af958eb0fb4 - std[70759c8f55707aa4]::sys::backtrace::__rust_begin_short_backtrace::<test[9d35eded1c95d3be]::run_test::{closure#1}, ()>
[INFO] [stdout]   18:     0x5af958eba852 - <std[70759c8f55707aa4]::thread::lifecycle::spawn_unchecked<test[9d35eded1c95d3be]::run_test::{closure#1}, ()>::{closure#1} as core[df12db4294e9bfd3]::ops::function::FnOnce<()>>::call_once::{shim:vtable#0}
[INFO] [stdout]   19:     0x5af958f4e299 - <std[70759c8f55707aa4]::sys::thread::unix::Thread>::new::thread_start
[INFO] [stdout]   20:     0x7351a51bddfa - <unknown>
[INFO] [stdout]   21:     0x7351a52513d4 - clone
[INFO] [stdout]   22:                0x0 - <unknown>
[INFO] [stdout] 
[INFO] [stdout] ---- salah::times::tests::after_midnight stdout ----
[INFO] [stdout] 
[INFO] [stdout] thread 'salah::times::tests::after_midnight' (401) panicked at /opt/rustwide/cargo-home/registry/src/index.crates.io-1949cf8c6b5b557f/jiff-0.2.14/src/civil/time.rs:334:13:
[INFO] [stdout] invalid hour
[INFO] [stdout] stack backtrace:
[INFO] [stdout]    0:     0x5af958f4ed51 - <<std[70759c8f55707aa4]::sys::backtrace::BacktraceLock>::print::DisplayBacktrace as core[df12db4294e9bfd3]::fmt::Display>::fmt
[INFO] [stdout]    1:     0x5af958f641da - core[df12db4294e9bfd3]::fmt::write
[INFO] [stdout]    2:     0x5af958f534fc - <alloc[2182bb758b4b3781]::vec::Vec<u8> as core[df12db4294e9bfd3]::io::write::Write>::write_fmt
[INFO] [stdout]    3:     0x5af958f2a606 - std[70759c8f55707aa4]::panicking::default_hook::{closure#0}
[INFO] [stdout]    4:     0x5af958f46df9 - std[70759c8f55707aa4]::panicking::default_hook
[INFO] [stdout]    5:     0x5af958eb6da0 - test[9d35eded1c95d3be]::test_main_inner::<test[9d35eded1c95d3be]::test_main_static::{closure#0}>::{closure#0}
[INFO] [stdout]    6:     0x5af958f46fb2 - std[70759c8f55707aa4]::panicking::panic_with_hook
[INFO] [stdout]    7:     0x5af958f2a6e4 - std[70759c8f55707aa4]::panicking::panic_handler::{closure#0}
[INFO] [stdout]    8:     0x5af958f23209 - std[70759c8f55707aa4]::sys::backtrace::__rust_end_short_backtrace::<std[70759c8f55707aa4]::panicking::panic_handler::{closure#0}, !>
[INFO] [stdout]    9:     0x5af958f2b2ad - __rustc[8fa7c3cbc660c2b3]::rust_begin_unwind
[INFO] [stdout]   10:     0x5af958f6498c - core[df12db4294e9bfd3]::panicking::panic_fmt
[INFO] [stdout]   11:     0x5af958e9a9ca - <misykat[c114f7ac24cbee86]::salah::times::PrayerTimes>::hours_to_time
[INFO] [stdout]   12:     0x5af958e9ba96 - <misykat[c114f7ac24cbee86]::salah::times::PrayerTimes>::new
[INFO] [stdout]   13:     0x5af958e9fda5 - misykat[c114f7ac24cbee86]::salah::times::tests::after_midnight
[INFO] [stdout]   14:     0x5af958ea7b75 - <misykat[c114f7ac24cbee86]::salah::times::tests::after_midnight::{closure#0} as core[df12db4294e9bfd3]::ops::function::FnOnce<()>>::call_once
[INFO] [stdout]   15:     0x5af958eaa08b - test[9d35eded1c95d3be]::__rust_begin_short_backtrace::<core[df12db4294e9bfd3]::result::Result<(), alloc[2182bb758b4b3781]::string::String>, fn() -> core[df12db4294e9bfd3]::result::Result<(), alloc[2182bb758b4b3781]::string::String>>
[INFO] [stdout]   16:     0x5af958eb76f5 - test[9d35eded1c95d3be]::run_test::{closure#0}
[INFO] [stdout]   17:     0x5af958eb0fb4 - std[70759c8f55707aa4]::sys::backtrace::__rust_begin_short_backtrace::<test[9d35eded1c95d3be]::run_test::{closure#1}, ()>
[INFO] [stdout]   18:     0x5af958eba852 - <std[70759c8f55707aa4]::thread::lifecycle::spawn_unchecked<test[9d35eded1c95d3be]::run_test::{closure#1}, ()>::{closure#1} as core[df12db4294e9bfd3]::ops::function::FnOnce<()>>::call_once::{shim:vtable#0}
[INFO] [stdout]   19:     0x5af958f4e299 - <std[70759c8f55707aa4]::sys::thread::unix::Thread>::new::thread_start
[INFO] [stdout]   20:     0x7351a51bddfa - <unknown>
[INFO] [stdout]   21:     0x7351a52513d4 - clone
[INFO] [stdout]   22:                0x0 - <unknown>
[INFO] [stdout] 
[INFO] [stdout] ---- salah::times::tests::praytimes_jakarta stdout ----
[INFO] [stdout] 
[INFO] [stdout] thread 'salah::times::tests::praytimes_jakarta' (405) panicked at /opt/rustwide/cargo-home/registry/src/index.crates.io-1949cf8c6b5b557f/jiff-0.2.14/src/civil/time.rs:334:13:
[INFO] [stdout] invalid hour
[INFO] [stdout] stack backtrace:
[INFO] [stdout]    0:     0x5af958f4ed51 - <<std[70759c8f55707aa4]::sys::backtrace::BacktraceLock>::print::DisplayBacktrace as core[df12db4294e9bfd3]::fmt::Display>::fmt
[INFO] [stdout]    1:     0x5af958f641da - core[df12db4294e9bfd3]::fmt::write
[INFO] [stdout]    2:     0x5af958f534fc - <alloc[2182bb758b4b3781]::vec::Vec<u8> as core[df12db4294e9bfd3]::io::write::Write>::write_fmt
[INFO] [stdout]    3:     0x5af958f2a606 - std[70759c8f55707aa4]::panicking::default_hook::{closure#0}
[INFO] [stdout]    4:     0x5af958f46df9 - std[70759c8f55707aa4]::panicking::default_hook
[INFO] [stdout]    5:     0x5af958eb6da0 - test[9d35eded1c95d3be]::test_main_inner::<test[9d35eded1c95d3be]::test_main_static::{closure#0}>::{closure#0}
[INFO] [stdout]    6:     0x5af958f46fb2 - std[70759c8f55707aa4]::panicking::panic_with_hook
[INFO] [stdout]    7:     0x5af958f2a6e4 - std[70759c8f55707aa4]::panicking::panic_handler::{closure#0}
[INFO] [stdout]    8:     0x5af958f23209 - std[70759c8f55707aa4]::sys::backtrace::__rust_end_short_backtrace::<std[70759c8f55707aa4]::panicking::panic_handler::{closure#0}, !>
[INFO] [stdout]    9:     0x5af958f2b2ad - __rustc[8fa7c3cbc660c2b3]::rust_begin_unwind
[INFO] [stdout]   10:     0x5af958f6498c - core[df12db4294e9bfd3]::panicking::panic_fmt
[INFO] [stdout]   11:     0x5af958e9a9ca - <misykat[c114f7ac24cbee86]::salah::times::PrayerTimes>::hours_to_time
[INFO] [stdout]   12:     0x5af958e9ba96 - <misykat[c114f7ac24cbee86]::salah::times::PrayerTimes>::new
[INFO] [stdout]   13:     0x5af958e9f790 - misykat[c114f7ac24cbee86]::salah::times::tests::prayer_times_on
[INFO] [stdout]   14:     0x5af958ea1298 - misykat[c114f7ac24cbee86]::salah::times::tests::praytimes_jakarta
[INFO] [stdout]   15:     0x5af958ea7c35 - <misykat[c114f7ac24cbee86]::salah::times::tests::praytimes_jakarta::{closure#0} as core[df12db4294e9bfd3]::ops::function::FnOnce<()>>::call_once
[INFO] [stdout]   16:     0x5af958eaa08b - test[9d35eded1c95d3be]::__rust_begin_short_backtrace::<core[df12db4294e9bfd3]::result::Result<(), alloc[2182bb758b4b3781]::string::String>, fn() -> core[df12db4294e9bfd3]::result::Result<(), alloc[2182bb758b4b3781]::string::String>>
[INFO] [stdout]   17:     0x5af958eb76f5 - test[9d35eded1c95d3be]::run_test::{closure#0}
[INFO] [stdout]   18:     0x5af958eb0fb4 - std[70759c8f55707aa4]::sys::backtrace::__rust_begin_short_backtrace::<test[9d35eded1c95d3be]::run_test::{closure#1}, ()>
[INFO] [stdout]   19:     0x5af958eba852 - <std[70759c8f55707aa4]::thread::lifecycle::spawn_unchecked<test[9d35eded1c95d3be]::run_test::{closure#1}, ()>::{closure#1} as core[df12db4294e9bfd3]::ops::function::FnOnce<()>>::call_once::{shim:vtable#0}
[INFO] [stdout]   20:     0x5af958f4e299 - <std[70759c8f55707aa4]::sys::thread::unix::Thread>::new::thread_start
[INFO] [stdout]   21:     0x7351a51bddfa - <unknown>
[INFO] [stdout]   22:     0x7351a52513d4 - clone
[INFO] [stdout]   23:                0x0 - <unknown>
[INFO] [stdout] 
[INFO] [stdout] ---- salah::times::tests::remaining_time stdout ----
[INFO] [stdout] 
[INFO] [stdout] thread 'salah::times::tests::remaining_time' (406) panicked at /opt/rustwide/cargo-home/registry/src/index.crates.io-1949cf8c6b5b557f/jiff-0.2.14/src/civil/time.rs:334:13:
[INFO] [stdout] invalid hour
[INFO] [stdout] stack backtrace:
[INFO] [stdout]    0:     0x5af958f4ed51 - <<std[70759c8f55707aa4]::sys::backtrace::BacktraceLock>::print::DisplayBacktrace as core[df12db4294e9bfd3]::fmt::Display>::fmt
[INFO] [stdout]    1:     0x5af958f641da - core[df12db4294e9bfd3]::fmt::write
[INFO] [stdout]    2:     0x5af958f534fc - <alloc[2182bb758b4b3781]::vec::Vec<u8> as core[df12db4294e9bfd3]::io::write::Write>::write_fmt
[INFO] [stdout]    3:     0x5af958f2a606 - std[70759c8f55707aa4]::panicking::default_hook::{closure#0}
[INFO] [stdout]    4:     0x5af958f46df9 - std[70759c8f55707aa4]::panicking::default_hook
[INFO] [stdout]    5:     0x5af958eb6da0 - test[9d35eded1c95d3be]::test_main_inner::<test[9d35eded1c95d3be]::test_main_static::{closure#0}>::{closure#0}
[INFO] [stdout]    6:     0x5af958f46fb2 - std[70759c8f55707aa4]::panicking::panic_with_hook
[INFO] [stdout]    7:     0x5af958f2a6e4 - std[70759c8f55707aa4]::panicking::panic_handler::{closure#0}
[INFO] [stdout]    8:     0x5af958f23209 - std[70759c8f55707aa4]::sys::backtrace::__rust_end_short_backtrace::<std[70759c8f55707aa4]::panicking::panic_handler::{closure#0}, !>
[INFO] [stdout]    9:     0x5af958f2b2ad - __rustc[8fa7c3cbc660c2b3]::rust_begin_unwind
[INFO] [stdout]   10:     0x5af958f6498c - core[df12db4294e9bfd3]::panicking::panic_fmt
[INFO] [stdout]   11:     0x5af958e9a9ca - <misykat[c114f7ac24cbee86]::salah::times::PrayerTimes>::hours_to_time
[INFO] [stdout]   12:     0x5af958e9ba96 - <misykat[c114f7ac24cbee86]::salah::times::PrayerTimes>::new
[INFO] [stdout]   13:     0x5af958ea002d - misykat[c114f7ac24cbee86]::salah::times::tests::remaining_time
[INFO] [stdout]   14:     0x5af958ea7ba5 - <misykat[c114f7ac24cbee86]::salah::times::tests::remaining_time::{closure#0} as core[df12db4294e9bfd3]::ops::function::FnOnce<()>>::call_once
[INFO] [stdout]   15:     0x5af958eaa08b - test[9d35eded1c95d3be]::__rust_begin_short_backtrace::<core[df12db4294e9bfd3]::result::Result<(), alloc[2182bb758b4b3781]::string::String>, fn() -> core[df12db4294e9bfd3]::result::Result<(), alloc[2182bb758b4b3781]::string::String>>
[INFO] [stdout]   16:     0x5af958eb76f5 - test[9d35eded1c95d3be]::run_test::{closure#0}
[INFO] [stdout]   17:     0x5af958eb0fb4 - std[70759c8f55707aa4]::sys::backtrace::__rust_begin_short_backtrace::<test[9d35eded1c95d3be]::run_test::{closure#1}, ()>
[INFO] [stdout]   18:     0x5af958eba852 - <std[70759c8f55707aa4]::thread::lifecycle::spawn_unchecked<test[9d35eded1c95d3be]::run_test::{closure#1}, ()>::{closure#1} as core[df12db4294e9bfd3]::ops::function::FnOnce<()>>::call_once::{shim:vtable#0}
[INFO] [stdout]   19:     0x5af958f4e299 - <std[70759c8f55707aa4]::sys::thread::unix::Thread>::new::thread_start
[INFO] [stdout]   20:     0x7351a51bddfa - <unknown>
[INFO] [stdout]   21:     0x7351a52513d4 - clone
[INFO] [stdout]   22:                0x0 - <unknown>
[INFO] [stdout] 
[INFO] [stdout] ---- salah::times::tests::current_prayers stdout ----
[INFO] [stdout] 
[INFO] [stdout] thread 'salah::times::tests::current_prayers' (403) panicked at /opt/rustwide/cargo-home/registry/src/index.crates.io-1949cf8c6b5b557f/jiff-0.2.14/src/civil/time.rs:334:13:
[INFO] [stdout] invalid hour
[INFO] [stdout] stack backtrace:
[INFO] [stdout]    0:     0x5af958f4ed51 - <<std[70759c8f55707aa4]::sys::backtrace::BacktraceLock>::print::DisplayBacktrace as core[df12db4294e9bfd3]::fmt::Display>::fmt
[INFO] [stdout]    1:     0x5af958f641da - core[df12db4294e9bfd3]::fmt::write
[INFO] [stdout]    2:     0x5af958f534fc - <alloc[2182bb758b4b3781]::vec::Vec<u8> as core[df12db4294e9bfd3]::io::write::Write>::write_fmt
[INFO] [stdout]    3:     0x5af958f2a606 - std[70759c8f55707aa4]::panicking::default_hook::{closure#0}
[INFO] [stdout]    4:     0x5af958f46df9 - std[70759c8f55707aa4]::panicking::default_hook
[INFO] [stdout]    5:     0x5af958eb6da0 - test[9d35eded1c95d3be]::test_main_inner::<test[9d35eded1c95d3be]::test_main_static::{closure#0}>::{closure#0}
[INFO] [stdout]    6:     0x5af958f46fb2 - std[70759c8f55707aa4]::panicking::panic_with_hook
[INFO] [stdout]    7:     0x5af958f2a6e4 - std[70759c8f55707aa4]::panicking::panic_handler::{closure#0}
[INFO] [stdout]    8:     0x5af958f23209 - std[70759c8f55707aa4]::sys::backtrace::__rust_end_short_backtrace::<std[70759c8f55707aa4]::panicking::panic_handler::{closure#0}, !>
[INFO] [stdout]    9:     0x5af958f2b2ad - __rustc[8fa7c3cbc660c2b3]::rust_begin_unwind
[INFO] [stdout]   10:     0x5af958f6498c - core[df12db4294e9bfd3]::panicking::panic_fmt
[INFO] [stdout]   11:     0x5af958e9a9ca - <misykat[c114f7ac24cbee86]::salah::times::PrayerTimes>::hours_to_time
[INFO] [stdout]   12:     0x5af958e9ba96 - <misykat[c114f7ac24cbee86]::salah::times::PrayerTimes>::new
[INFO] [stdout]   13:     0x5af958e9f790 - misykat[c114f7ac24cbee86]::salah::times::tests::prayer_times_on
[INFO] [stdout]   14:     0x5af958ea0fb8 - misykat[c114f7ac24cbee86]::salah::times::tests::current_prayers
[INFO] [stdout]   15:     0x5af958ea7c05 - <misykat[c114f7ac24cbee86]::salah::times::tests::current_prayers::{closure#0} as core[df12db4294e9bfd3]::ops::function::FnOnce<()>>::call_once
[INFO] [stdout]   16:     0x5af958eaa08b - test[9d35eded1c95d3be]::__rust_begin_short_backtrace::<core[df12db4294e9bfd3]::result::Result<(), alloc[2182bb758b4b3781]::string::String>, fn() -> core[df12db4294e9bfd3]::result::Result<(), alloc[2182bb758b4b3781]::string::String>>
[INFO] [stdout]   17:     0x5af958eb76f5 - test[9d35eded1c95d3be]::run_test::{closure#0}
[INFO] [stdout]   18:     0x5af958eb0fb4 - std[70759c8f55707aa4]::sys::backtrace::__rust_begin_short_backtrace::<test[9d35eded1c95d3be]::run_test::{closure#1}, ()>
[INFO] [stdout]   19:     0x5af958eba852 - <std[70759c8f55707aa4]::thread::lifecycle::spawn_unchecked<test[9d35eded1c95d3be]::run_test::{closure#1}, ()>::{closure#1} as core[df12db4294e9bfd3]::ops::function::FnOnce<()>>::call_once::{shim:vtable#0}
[INFO] [stdout]   20:     0x5af958f4e299 - <std[70759c8f55707aa4]::sys::thread::unix::Thread>::new::thread_start
[INFO] [stdout]   21:     0x7351a51bddfa - <unknown>
[INFO] [stdout]   22:     0x7351a52513d4 - clone
[INFO] [stdout]   23:                0x0 - <unknown>
[INFO] [stdout] 
[INFO] [stdout] ---- salah::times::tests::before_midnight stdout ----
[INFO] [stdout] 
[INFO] [stdout] thread 'salah::times::tests::before_midnight' (402) panicked at /opt/rustwide/cargo-home/registry/src/index.crates.io-1949cf8c6b5b557f/jiff-0.2.14/src/civil/time.rs:334:13:
[INFO] [stdout] invalid hour
[INFO] [stdout] stack backtrace:
[INFO] [stdout]    0:     0x5af958f4ed51 - <<std[70759c8f55707aa4]::sys::backtrace::BacktraceLock>::print::DisplayBacktrace as core[df12db4294e9bfd3]::fmt::Display>::fmt
[INFO] [stdout]    1:     0x5af958f641da - core[df12db4294e9bfd3]::fmt::write
[INFO] [stdout]    2:     0x5af958f534fc - <alloc[2182bb758b4b3781]::vec::Vec<u8> as core[df12db4294e9bfd3]::io::write::Write>::write_fmt
[INFO] [stdout]    3:     0x5af958f2a606 - std[70759c8f55707aa4]::panicking::default_hook::{closure#0}
[INFO] [stdout]    4:     0x5af958f46df9 - std[70759c8f55707aa4]::panicking::default_hook
[INFO] [stdout]    5:     0x5af958eb6da0 - test[9d35eded1c95d3be]::test_main_inner::<test[9d35eded1c95d3be]::test_main_static::{closure#0}>::{closure#0}
[INFO] [stdout]    6:     0x5af958f46fb2 - std[70759c8f55707aa4]::panicking::panic_with_hook
[INFO] [stdout]    7:     0x5af958f2a6e4 - std[70759c8f55707aa4]::panicking::panic_handler::{closure#0}
[INFO] [stdout]    8:     0x5af958f23209 - std[70759c8f55707aa4]::sys::backtrace::__rust_end_short_backtrace::<std[70759c8f55707aa4]::panicking::panic_handler::{closure#0}, !>
[INFO] [stdout]    9:     0x5af958f2b2ad - __rustc[8fa7c3cbc660c2b3]::rust_begin_unwind
[INFO] [stdout]   10:     0x5af958f6498c - core[df12db4294e9bfd3]::panicking::panic_fmt
[INFO] [stdout]   11:     0x5af958e9a9ca - <misykat[c114f7ac24cbee86]::salah::times::PrayerTimes>::hours_to_time
[INFO] [stdout]   12:     0x5af958e9ba96 - <misykat[c114f7ac24cbee86]::salah::times::PrayerTimes>::new
[INFO] [stdout]   13:     0x5af958ea0df5 - misykat[c114f7ac24cbee86]::salah::times::tests::before_midnight
[INFO] [stdout]   14:     0x5af958ea7bd5 - <misykat[c114f7ac24cbee86]::salah::times::tests::before_midnight::{closure#0} as core[df12db4294e9bfd3]::ops::function::FnOnce<()>>::call_once
[INFO] [stdout]   15:     0x5af958eaa08b - test[9d35eded1c95d3be]::__rust_begin_short_backtrace::<core[df12db4294e9bfd3]::result::Result<(), alloc[2182bb758b4b3781]::string::String>, fn() -> core[df12db4294e9bfd3]::result::Result<(), alloc[2182bb758b4b3781]::string::String>>
[INFO] [stdout]   16:     0x5af958eb76f5 - test[9d35eded1c95d3be]::run_test::{closure#0}
[INFO] [stdout]   17:     0x5af958eb0fb4 - std[70759c8f55707aa4]::sys::backtrace::__rust_begin_short_backtrace::<test[9d35eded1c95d3be]::run_test::{closure#1}, ()>
[INFO] [stdout]   18:     0x5af958eba852 - <std[70759c8f55707aa4]::thread::lifecycle::spawn_unchecked<test[9d35eded1c95d3be]::run_test::{closure#1}, ()>::{closure#1} as core[df12db4294e9bfd3]::ops::function::FnOnce<()>>::call_once::{shim:vtable#0}
[INFO] [stdout]   19:     0x5af958f4e299 - <std[70759c8f55707aa4]::sys::thread::unix::Thread>::new::thread_start
[INFO] [stdout]   20:     0x7351a51bddfa - <unknown>
[INFO] [stdout]   21:     0x7351a52513d4 - clone
[INFO] [stdout]   22:                0x0 - <unknown>
[INFO] [stdout] 
[INFO] [stdout] 
[INFO] [stdout] failures:
[INFO] [stdout]     salah::times::tests::after_midnight
[INFO] [stdout]     salah::times::tests::before_midnight
[INFO] [stdout]     salah::times::tests::current_prayers
[INFO] [stdout]     salah::times::tests::next_prayers
[INFO] [stdout]     salah::times::tests::praytimes_jakarta
[INFO] [stdout]     salah::times::tests::remaining_time
[INFO] [stdout] 
[INFO] [stdout] test result: FAILED. 24 passed; 6 failed; 0 ignored; 0 measured; 0 filtered out; finished in 0.02s
[INFO] [stdout] 
[INFO] running `Command { std: "docker" "inspect" "1bf2abab4d56ab65d0bae22db18154c1cf7a4e4a2987eaa5ecd10db89ddfa461", kill_on_drop: false }`
[INFO] running `Command { std: "docker" "rm" "-f" "1bf2abab4d56ab65d0bae22db18154c1cf7a4e4a2987eaa5ecd10db89ddfa461", kill_on_drop: false }`
[INFO] [stdout] 1bf2abab4d56ab65d0bae22db18154c1cf7a4e4a2987eaa5ecd10db89ddfa461
