[INFO] fetching crate misec 1.1.0...
[INFO] testing misec-1.1.0 against 1.100.0-beta.1+cargoflags=--release for beta-release-1.100-2
[INFO] extracting crate misec 1.1.0 into /workspace/builds/worker-2-tc2/source
[INFO] started tweaking crates.io crate misec 1.1.0
[INFO] removed 0 missing tests
[INFO] finished tweaking crates.io crate misec 1.1.0
[INFO] tweaked toml for crates.io crate misec 1.1.0 written to /workspace/builds/worker-2-tc2/source/Cargo.toml
[INFO] validating manifest of crates.io crate misec 1.1.0 on toolchain 1.100.0-beta.1
[INFO] running `Command { std: CARGO_HOME="/workspace/cargo-home" RUSTUP_HOME="/workspace/rustup-home" "/workspace/cargo-home/bin/cargo" "+1.100.0-beta.1" "metadata" "--manifest-path" "Cargo.toml" "--no-deps", kill_on_drop: false }`
[INFO] crate crates.io crate misec 1.1.0 already has a lockfile, it will not be regenerated
[INFO] running `Command { std: CARGO_HOME="/workspace/cargo-home" RUSTUP_HOME="/workspace/rustup-home" "/workspace/cargo-home/bin/cargo" "+1.100.0-beta.1" "fetch" "--manifest-path" "Cargo.toml", kill_on_drop: false }`
[INFO] running `Command { std: "docker" "create" "-v" "/var/lib/crater-agent-workspace/builds/worker-2-tc2/source:/opt/rustwide/workdir:ro,Z" "-v" "/var/lib/crater-agent-workspace/builds/worker-2-tc2/target:/opt/rustwide/target:rw,Z" "-v" "/var/lib/crater-agent-workspace/cargo-home:/opt/rustwide/cargo-home:ro,Z" "-v" "/var/lib/crater-agent-workspace/rustup-home:/opt/rustwide/rustup-home:ro,Z" "-m" "1610612736" "--network" "none" "ghcr.io/rust-lang/crates-build-env/linux@sha256:77db811e55d90add9212f6832c23229e3de5f1c1f9905e8cb07319ea15df73ac" "sleep" "infinity", kill_on_drop: false }`
[INFO] [stdout] f6a922d1cd7b698c6b9ea61ba6bb9bdc9a2c9b8c0b3423969cf9462e353c47fd
[INFO] running `Command { std: "docker" "start" "f6a922d1cd7b698c6b9ea61ba6bb9bdc9a2c9b8c0b3423969cf9462e353c47fd", kill_on_drop: false }`
[INFO] running `Command { std: "docker" "inspect" "f6a922d1cd7b698c6b9ea61ba6bb9bdc9a2c9b8c0b3423969cf9462e353c47fd", kill_on_drop: false }`
[INFO] running `Command { std: "docker" "exec" "-e" "SOURCE_DIR=/opt/rustwide/workdir" "-e" "CARGO_HOME=/opt/rustwide/cargo-home" "-e" "RUSTUP_HOME=/opt/rustwide/rustup-home" "-e" "CARGO_TARGET_DIR=/opt/rustwide/target" "-w" "/opt/rustwide/workdir" "--user" "0:0" "f6a922d1cd7b698c6b9ea61ba6bb9bdc9a2c9b8c0b3423969cf9462e353c47fd" "/opt/rustwide/cargo-home/bin/cargo" "+1.100.0-beta.1" "metadata" "--no-deps" "--format-version=1", kill_on_drop: false }`
[INFO] running `Command { std: "docker" "inspect" "f6a922d1cd7b698c6b9ea61ba6bb9bdc9a2c9b8c0b3423969cf9462e353c47fd", kill_on_drop: false }`
[INFO] running `Command { std: "docker" "exec" "-e" "SOURCE_DIR=/opt/rustwide/workdir" "-e" "CARGO_HOME=/opt/rustwide/cargo-home" "-e" "RUSTUP_HOME=/opt/rustwide/rustup-home" "-e" "CARGO_TARGET_DIR=/opt/rustwide/target" "-e" "CARGO_INCREMENTAL=0" "-e" "RUST_BACKTRACE=full" "-e" "RUSTFLAGS=--cap-lints=warn" "-e" "RUSTDOCFLAGS=--cap-lints=warn" "-w" "/opt/rustwide/workdir" "--user" "0:0" "f6a922d1cd7b698c6b9ea61ba6bb9bdc9a2c9b8c0b3423969cf9462e353c47fd" "/opt/rustwide/cargo-home/bin/cargo" "+1.100.0-beta.1" "build" "--frozen" "--message-format=json" "--release", kill_on_drop: false }`
[INFO] [stderr]    Compiling proc-macro2 v1.0.103
[INFO] [stderr]    Compiling unicode-ident v1.0.22
[INFO] [stderr]    Compiling quote v1.0.42
[INFO] [stderr]    Compiling memchr v2.7.6
[INFO] [stderr]    Compiling regex-syntax v0.8.8
[INFO] [stderr]    Compiling version_check v0.9.5
[INFO] [stderr]    Compiling typenum v1.19.0
[INFO] [stderr]    Compiling crossbeam-utils v0.8.21
[INFO] [stderr]    Compiling serde_core v1.0.228
[INFO] [stderr]    Compiling autocfg v1.5.0
[INFO] [stderr]    Compiling utf8parse v0.2.2
[INFO] [stderr]    Compiling generic-array v0.14.7
[INFO] [stderr]    Compiling anstyle-parse v0.2.7
[INFO] [stderr]    Compiling num-traits v0.2.19
[INFO] [stderr]    Compiling bit-vec v0.6.3
[INFO] [stderr]    Compiling anyhow v1.0.100
[INFO] [stderr]    Compiling anstyle v1.0.13
[INFO] [stderr]    Compiling colorchoice v1.0.4
[INFO] [stderr]    Compiling aho-corasick v1.1.4
[INFO] [stderr]    Compiling is_terminal_polyfill v1.70.2
[INFO] [stderr]    Compiling syn v2.0.111
[INFO] [stderr]    Compiling serde v1.0.228
[INFO] [stderr]    Compiling anstyle-query v1.1.5
[INFO] [stderr]    Compiling anstream v0.6.21
[INFO] [stderr]    Compiling crossbeam-epoch v0.9.18
[INFO] [stderr]    Compiling bit-set v0.5.3
[INFO] [stderr]    Compiling serde_json v1.0.145
[INFO] [stderr]    Compiling thiserror v2.0.17
[INFO] [stderr]    Compiling clap_lex v0.7.6
[INFO] [stderr]    Compiling same-file v1.0.6
[INFO] [stderr]    Compiling log v0.4.29
[INFO] [stderr]    Compiling strsim v0.11.1
[INFO] [stderr]    Compiling heck v0.5.0
[INFO] [stderr]    Compiling crypto-common v0.1.7
[INFO] [stderr]    Compiling block-buffer v0.10.4
[INFO] [stderr]    Compiling walkdir v2.5.0
[INFO] [stderr]    Compiling digest v0.10.7
[INFO] [stderr]    Compiling clap_builder v4.5.53
[INFO] [stderr]    Compiling crossbeam-deque v0.8.6
[INFO] [stderr]    Compiling regex-automata v0.4.13
[INFO] [stderr]    Compiling itoa v1.0.15
[INFO] [stderr]    Compiling rustc-hash v1.1.0
[INFO] [stderr]    Compiling ryu v1.0.20
[INFO] [stderr]    Compiling lazy_static v1.5.0
[INFO] [stderr]    Compiling iana-time-zone v0.1.64
[INFO] [stderr]    Compiling cfg-if v1.0.4
[INFO] [stderr]    Compiling base64 v0.22.1
[INFO] [stderr]    Compiling cpufeatures v0.2.17
[INFO] [stderr]    Compiling sha1 v0.10.6
[INFO] [stderr]    Compiling once_cell v1.21.3
[INFO] [stderr]    Compiling colored v3.0.0
[INFO] [stderr]    Compiling xxhash-rust v0.8.15
[INFO] [stderr]    Compiling serde_derive v1.0.228
[INFO] [stderr]    Compiling thiserror-impl v2.0.17
[INFO] [stderr]    Compiling clap_derive v4.5.49
[INFO] [stderr]    Compiling clap v4.5.53
[INFO] [stderr]    Compiling bstr v1.12.1
[INFO] [stderr]    Compiling fancy-regex v0.13.0
[INFO] [stderr]    Compiling regex v1.12.2
[INFO] [stderr]    Compiling globset v0.4.18
[INFO] [stderr]    Compiling chrono v0.4.42
[INFO] [stderr]    Compiling tiktoken-rs v0.9.1
[INFO] [stderr]    Compiling ignore v0.4.25
[INFO] [stderr]    Compiling misec v1.1.0 (/opt/rustwide/workdir)
[INFO] [stderr] warning: unused dependency `chrono`
[INFO] [stderr]  --> Cargo.toml:8:15
[INFO] [stderr]   |
[INFO] [stderr] 8 | [dependencies.chrono]
[INFO] [stderr]   |               ^^^^^^^
[INFO] [stderr]   |
[INFO] [stderr]   = note: `cargo::unused_dependencies` is set to `warn` by default
[INFO] [stderr] help: consider removing the dependency on `chrono`
[INFO] [stderr] warning: unused dependency `colored`
[INFO] [stderr]   --> Cargo.toml:16:15
[INFO] [stderr]    |
[INFO] [stderr] 16 | [dependencies.colored]
[INFO] [stderr]    |               ^^^^^^^^
[INFO] [stderr]    |
[INFO] [stderr] help: consider removing the dependency on `colored`
[INFO] [stderr] warning: unused dependency `thiserror`
[INFO] [stderr]   --> Cargo.toml:42:15
[INFO] [stderr]    |
[INFO] [stderr] 42 | [dependencies.thiserror]
[INFO] [stderr]    |               ^^^^^^^^^^
[INFO] [stderr]    |
[INFO] [stderr] help: consider removing the dependency on `thiserror`
[INFO] [stderr] warning: `misec` (manifest) generated 3 warnings
[INFO] [stderr]     Finished `release` profile [optimized] target(s) in 2m 00s
[INFO] running `Command { std: "docker" "inspect" "f6a922d1cd7b698c6b9ea61ba6bb9bdc9a2c9b8c0b3423969cf9462e353c47fd", kill_on_drop: false }`
[INFO] running `Command { std: "docker" "exec" "-e" "SOURCE_DIR=/opt/rustwide/workdir" "-e" "CARGO_HOME=/opt/rustwide/cargo-home" "-e" "RUSTUP_HOME=/opt/rustwide/rustup-home" "-e" "CARGO_TARGET_DIR=/opt/rustwide/target" "-e" "CARGO_INCREMENTAL=0" "-e" "RUST_BACKTRACE=full" "-e" "RUSTFLAGS=--cap-lints=warn" "-e" "RUSTDOCFLAGS=--cap-lints=warn" "-w" "/opt/rustwide/workdir" "--user" "0:0" "f6a922d1cd7b698c6b9ea61ba6bb9bdc9a2c9b8c0b3423969cf9462e353c47fd" "/opt/rustwide/cargo-home/bin/cargo" "+1.100.0-beta.1" "test" "--frozen" "--no-run" "--message-format=json" "--release", kill_on_drop: false }`
[INFO] [stderr]    Compiling libc v0.2.178
[INFO] [stderr]    Compiling predicates-core v1.0.9
[INFO] [stderr]    Compiling rustix v1.1.2
[INFO] [stderr]    Compiling getrandom v0.3.4
[INFO] [stderr]    Compiling float-cmp v0.10.0
[INFO] [stderr]    Compiling difflib v0.4.0
[INFO] [stderr]    Compiling assert_cmd v2.1.1
[INFO] [stderr]    Compiling normalize-line-endings v0.3.0
[INFO] [stderr]    Compiling termtree v0.5.1
[INFO] [stderr]    Compiling bitflags v2.10.0
[INFO] [stderr]    Compiling linux-raw-sys v0.11.0
[INFO] [stderr]    Compiling predicates-tree v1.0.12
[INFO] [stderr]    Compiling fastrand v2.3.0
[INFO] [stderr]    Compiling predicates v3.1.3
[INFO] [stderr]    Compiling wait-timeout v0.2.1
[INFO] [stderr]    Compiling tempfile v3.23.0
[INFO] [stderr]    Compiling misec v1.1.0 (/opt/rustwide/workdir)
[INFO] [stdout] warning: use of deprecated associated function `assert_cmd::Command::cargo_bin`: incompatible with a custom cargo build-dir, see instead `cargo::cargo_bin_cmd!`
[INFO] [stdout]  --> tests/cli.rs:8:14
[INFO] [stdout]   |
[INFO] [stdout] 8 |     Command::cargo_bin("mise").expect("Failed to find mise binary")
[INFO] [stdout]   |              ^^^^^^^^^
[INFO] [stdout]   |
[INFO] [stdout]   = note: `#[warn(deprecated)]` on by default
[INFO] [stdout] 
[INFO] [stdout] 
[INFO] [stdout] warning: use of deprecated associated function `assert_cmd::Command::cargo_bin`: incompatible with a custom cargo build-dir, see instead `cargo::cargo_bin_cmd!`
[INFO] [stdout]   --> tests/golden.rs:27:14
[INFO] [stdout]    |
[INFO] [stdout] 27 |     Command::cargo_bin("mise").expect("Failed to find mise binary")
[INFO] [stdout]    |              ^^^^^^^^^
[INFO] [stdout]    |
[INFO] [stdout]    = note: `#[warn(deprecated)]` on by default
[INFO] [stdout] 
[INFO] [stdout] 
[INFO] [stderr]     Finished `release` profile [optimized] target(s) in 1m 26s
[INFO] running `Command { std: "docker" "inspect" "f6a922d1cd7b698c6b9ea61ba6bb9bdc9a2c9b8c0b3423969cf9462e353c47fd", kill_on_drop: false }`
[INFO] running `Command { std: "docker" "exec" "-e" "SOURCE_DIR=/opt/rustwide/workdir" "-e" "CARGO_HOME=/opt/rustwide/cargo-home" "-e" "RUSTUP_HOME=/opt/rustwide/rustup-home" "-e" "CARGO_TARGET_DIR=/opt/rustwide/target" "-e" "CARGO_INCREMENTAL=0" "-e" "RUST_BACKTRACE=full" "-e" "RUSTFLAGS=--cap-lints=warn" "-e" "RUSTDOCFLAGS=--cap-lints=warn" "-w" "/opt/rustwide/workdir" "--user" "0:0" "f6a922d1cd7b698c6b9ea61ba6bb9bdc9a2c9b8c0b3423969cf9462e353c47fd" "/opt/rustwide/cargo-home/bin/cargo" "+1.100.0-beta.1" "test" "--frozen" "--release", kill_on_drop: false }`
[INFO] [stderr] warning: use of deprecated associated function `assert_cmd::Command::cargo_bin`: incompatible with a custom cargo build-dir, see instead `cargo::cargo_bin_cmd!`
[INFO] [stderr]   --> tests/golden.rs:27:14
[INFO] [stderr]    |
[INFO] [stderr] 27 |     Command::cargo_bin("mise").expect("Failed to find mise binary")
[INFO] [stderr]    |              ^^^^^^^^^
[INFO] [stderr]    |
[INFO] [stderr]    = note: `#[warn(deprecated)]` on by default
[INFO] [stderr] 
[INFO] [stderr] warning: use of deprecated associated function `assert_cmd::Command::cargo_bin`: incompatible with a custom cargo build-dir, see instead `cargo::cargo_bin_cmd!`
[INFO] [stderr]  --> tests/cli.rs:8:14
[INFO] [stderr]   |
[INFO] [stderr] 8 |     Command::cargo_bin("mise").expect("Failed to find mise binary")
[INFO] [stderr]   |              ^^^^^^^^^
[INFO] [stderr]   |
[INFO] [stderr]   = note: `#[warn(deprecated)]` on by default
[INFO] [stderr] 
[INFO] [stderr] warning: `misec` (test "golden") generated 1 warning
[INFO] [stderr] warning: `misec` (test "cli") generated 1 warning
[INFO] [stderr]     Finished `release` profile [optimized] target(s) in 0.16s
[INFO] [stderr]      Running unittests src/main.rs (/opt/rustwide/target/release/build/misec/060389ec74f7042a/out/misec-060389ec74f7042a)
[INFO] [stdout] 
[INFO] [stdout] running 485 tests
[INFO] [stdout] test anchors::api::tests::test_is_anchor_candidate_case_insensitive ... ok
[INFO] [stdout] test anchors::api::tests::test_is_anchor_candidate_no_extension ... ok
[INFO] [stdout] test anchors::api::tests::test_is_anchor_candidate_binary_extensions ... ok
[INFO] [stdout] test anchors::api::tests::test_is_anchor_candidate_various_extensions ... ok
[INFO] [stdout] test anchors::api::tests::test_list_anchors_empty_dir ... ok
[INFO] [stdout] test anchors::api::tests::test_get_anchor_found ... ok
[INFO] [stdout] test anchors::api::tests::test_list_anchors_with_tag_filter ... ok
[INFO] [stdout] test anchors::api::tests::test_get_anchor_not_found ... ok
[INFO] [stdout] test anchors::api::tests::test_get_anchor_with_neighbors ... ok
[INFO] [stdout] test anchors::api::tests::test_list_anchors_brief_mode ... ok
[INFO] [stdout] test anchors::api::tests::test_list_anchors_with_anchors ... ok
[INFO] [stdout] test anchors::lint::tests::test_check_pairing_multiple_unpaired ... ok
[INFO] [stdout] test anchors::api::tests::test_is_anchor_candidate ... ok
[INFO] [stdout] test anchors::lint::tests::test_check_pairing_nested_markers ... ok
[INFO] [stdout] test anchors::lint::tests::test_check_pairing_unpaired_end ... ok
[INFO] [stdout] test anchors::lint::tests::test_check_pairing_unpaired_begin ... ok
[INFO] [stdout] test anchors::lint::tests::test_check_pairing_valid ... ok
[INFO] [stdout] test anchors::lint::tests::test_check_pairing_valid_with_attrs ... ok
[INFO] [stdout] test anchors::lint::tests::test_is_text_file ... ok
[INFO] [stdout] test anchors::lint::tests::test_lint_issue_debug ... ok
[INFO] [stdout] test anchors::lint::tests::test_lint_issue_to_result_item_error ... ok
[INFO] [stdout] test anchors::lint::tests::test_lint_issue_to_result_item_warning ... ok
[INFO] [stdout] test anchors::lint::tests::test_lint_issue_warning ... ok
[INFO] [stdout] test anchors::lint::tests::test_lint_severity ... ok
[INFO] [stdout] test anchors::lint::tests::test_lint_severity_clone ... ok
[INFO] [stdout] test anchors::lint::tests::test_lint_severity_debug ... ok
[INFO] [stdout] test anchors::lint::tests::test_is_text_file_case_insensitive ... ok
[INFO] [stdout] test anchors::mark::tests::test_batch_mark_spec_empty ... ok
[INFO] [stdout] test anchors::lint::tests::test_lint_issue_clone ... ok
[INFO] [stdout] test anchors::mark::tests::test_batch_mark_spec_serialization ... ok
[INFO] [stdout] test anchors::mark::tests::test_default_version ... ok
[INFO] [stdout] test anchors::mark::tests::test_generate_begin_marker_multiple_tags ... ok
[INFO] [stdout] test anchors::mark::tests::test_generate_markers ... ok
[INFO] [stdout] test anchors::lint::tests::test_lint_issue_error ... ok
[INFO] [stdout] test anchors::mark::tests::test_generate_markers_no_tags ... ok
[INFO] [stdout] test anchors::mark::tests::test_generate_end_marker ... ok
[INFO] [stdout] test anchors::mark::tests::test_insert_markers_at_end ... ok
[INFO] [stdout] test anchors::mark::tests::test_insert_markers ... ok
[INFO] [stdout] test anchors::lint::tests::test_check_pairing_empty_content ... ok
[INFO] [stdout] test anchors::lint::tests::test_check_pairing_mismatched_ids ... ok
[INFO] [stdout] test anchors::mark::tests::test_insert_markers_preserves_no_trailing_newline ... ok
[INFO] [stdout] test anchors::mark::tests::test_invalid_line_numbers ... ok
[INFO] [stdout] test anchors::mark::tests::test_insert_markers_start_exceeds_length ... ok
[INFO] [stdout] test anchors::mark::tests::test_mark_batch_file_read_failure ... ok
[INFO] [stdout] test anchors::mark::tests::test_insert_markers_end_line_greater_than_start ... ok
[INFO] [stdout] test anchors::mark::tests::test_insert_markers_at_start ... ok
[INFO] [stdout] test anchors::mark::tests::test_insert_markers_clamps_end_line ... ok
[INFO] [stdout] test anchors::mark::tests::test_mark_file_dry_run ... ok
[INFO] [stdout] test anchors::mark::tests::test_mark_batch_insert_failure_in_batch ... ok
[INFO] [stdout] test anchors::mark::tests::test_mark_batch_multiple_files ... ok
[INFO] [stdout] test anchors::mark::tests::test_mark_batch_same_file_multiple_marks ... ok
[INFO] [stdout] test anchors::mark::tests::test_mark_result_serialization ... ok
[INFO] [stdout] test anchors::mark::tests::test_mark_result_to_result_item_failure_with_details ... ok
[INFO] [stdout] test anchors::mark::tests::test_mark_result_to_result_item_success ... ok
[INFO] [stdout] test anchors::mark::tests::test_mark_file_nonexistent ... ok
[INFO] [stdout] test anchors::mark::tests::test_mark_result_to_result_item_failure ... ok
[INFO] [stdout] test anchors::mark::tests::test_mark_spec_clone ... ok
[INFO] [stdout] test anchors::mark::tests::test_mark_file_nonexistent_file ... ok
[INFO] [stdout] test anchors::mark::tests::test_mark_result_to_result_item_success_with_details ... ok
[INFO] [stdout] test anchors::mark::tests::test_mark_spec_default_version ... ok
[INFO] [stdout] test anchors::mark::tests::test_parse_batch_spec_json ... ok
[INFO] [stdout] test anchors::mark::tests::test_parse_mark_spec_json ... ok
[INFO] [stdout] test anchors::mark::tests::test_mark_file_write ... ok
[INFO] [stdout] test anchors::mark::tests::test_remove_markers_basic ... ok
[INFO] [stdout] test anchors::mark::tests::test_remove_markers_not_found ... ok
[INFO] [stdout] test anchors::mark::tests::test_mark_spec_with_custom_version ... ok
[INFO] [stdout] test anchors::mark::tests::test_mark_file_insert_failure_returns_result ... ok
[INFO] [stdout] test anchors::mark::tests::test_remove_markers_preserves_no_trailing_newline ... ok
[INFO] [stdout] test anchors::mark::tests::test_remove_markers_anchor_not_found_with_message ... ok
[INFO] [stdout] test anchors::mark::tests::test_remove_markers_with_tags ... ok
[INFO] [stdout] test anchors::mark::tests::test_remove_markers_preserves_surrounding_content ... ok
[INFO] [stdout] test anchors::mark::tests::test_remove_markers ... ok
[INFO] [stdout] test anchors::mark::tests::test_run_batch_mark_empty_input ... ok
[INFO] [stdout] test anchors::mark::tests::test_run_batch_mark_from_file ... ok
[INFO] [stdout] test anchors::mark::tests::test_run_batch_mark_invalid_json ... ok
[INFO] [stdout] test anchors::mark::tests::test_remove_markers_without_trailing_newline ... ok
[INFO] [stdout] test anchors::mark::tests::test_run_batch_mark_from_file_not_found ... ok
[INFO] [stdout] test anchors::mark::tests::test_run_batch_mark_json_array ... ok
[INFO] [stdout] test anchors::mark::tests::test_run_batch_mark_json_object ... ok
[INFO] [stdout] test anchors::mark::tests::test_remove_markers_with_whitespace_variations ... ok
[INFO] [stdout] test anchors::mark::tests::test_run_unmark_anchor_not_found ... ok
[INFO] [stdout] test anchors::mark::tests::test_run_unmark_dry_run ... ok
[INFO] [stdout] test anchors::parse::tests::test_parse_simple_anchor ... ok
[INFO] [stdout] test anchors::parse::tests::test_parse_no_tags ... ok
[INFO] [stdout] test anchors::parse::tests::test_parse_nested_anchors ... ok
[INFO] [stdout] test backends::ast_grep::tests::test_ast_options_default ... ok
[INFO] [stdout] test anchors::mark::tests::test_run_mark_dry_run ... ok
[INFO] [stdout] test anchors::mark::tests::test_run_unmark_file_not_found ... ok
[INFO] [stdout] test anchors::mark::tests::test_run_mark_actual_write ... ok
[INFO] [stdout] test anchors::mark::tests::test_run_unmark_actual_remove ... ok
[INFO] [stdout] test backends::ast_grep::tests::test_glob_match ... ok
[INFO] [stdout] test backends::ast_grep::tests::test_get_ast_grep_command ... ok
[INFO] [stdout] test backends::ast_grep::tests::test_glob_match_extension_edge_cases ... ok
[INFO] [stdout] test backends::ast_grep::tests::test_get_ast_grep_command_returns_valid_option ... ok
[INFO] [stdout] test backends::ast_grep::tests::test_glob_match_directory_pattern ... ok
[INFO] [stdout] test backends::ast_grep::tests::test_run_ast_command ... ok
[INFO] [stdout] test backends::ast_grep::tests::test_run_ast_grep_multiple_files ... ok
[INFO] [stdout] test backends::ast_grep::tests::test_run_ast_grep_with_exclude ... ok
[INFO] [stdout] test backends::ast_grep::tests::test_run_ast_grep_no_matches ... ok
[INFO] [stdout] test backends::ast_grep::tests::test_sg_match_deserialization ... ok
[INFO] [stdout] test backends::ast_grep::tests::test_sg_match_without_lines ... ok
[INFO] [stdout] test backends::ast_grep::tests::test_run_ast_grep_source_mode ... ok
[INFO] [stdout] test backends::ast_grep::tests::test_sg_range_deserialization ... ok
[INFO] [stdout] test backends::ast_grep::tests::test_sg_position_deserialization ... ok
[INFO] [stdout] test backends::ast_grep::tests::test_run_ast_grep_combined_options ... ok
[INFO] [stdout] test backends::ast_grep::tests::test_run_ast_grep_empty_scopes ... ok
[INFO] [stdout] test backends::deps::tests::test_dep_graph_default ... ok
[INFO] [stdout] test backends::deps::tests::test_dep_graph_get_forward_deps_empty ... ok
[INFO] [stdout] test backends::ast_grep::tests::test_run_ast_grep_result_set_sorted ... ok
[INFO] [stdout] test backends::deps::tests::test_dep_graph_get_reverse_deps_empty ... ok
[INFO] [stdout] test backends::deps::tests::test_dep_graph_multiple_deps ... ok
[INFO] [stdout] test backends::ast_grep::tests::test_run_ast_grep_with_language ... ok
[INFO] [stdout] test backends::ast_grep::tests::test_run_ast_grep_with_include ... ok
[INFO] [stdout] test backends::deps::tests::test_dependency_creation ... ok
[INFO] [stdout] test backends::deps::tests::test_deps_format_default ... ok
[INFO] [stdout] test backends::deps::tests::test_dep_graph_find_cycles_empty ... ok
[INFO] [stdout] test backends::deps::tests::test_dep_graph_new ... ok
[INFO] [stdout] test backends::deps::tests::test_dep_graph_with_files ... ok
[INFO] [stdout] test backends::deps::tests::test_deps_format_parse_invalid ... ok
[INFO] [stdout] test backends::deps::tests::test_deps_format_parse ... ok
[INFO] [stdout] test backends::deps::tests::test_deps_format_parse_aliases ... ok
[INFO] [stdout] test backends::deps::tests::test_extract_js_import_path ... ok
[INFO] [stdout] test backends::deps::tests::test_extract_js_import_path_require ... ok
[INFO] [stdout] test backends::deps::tests::test_extract_js_import_path_no_match ... ok
[INFO] [stdout] test backends::deps::tests::test_file_deps_creation ... ok
[INFO] [stdout] test backends::deps::tests::test_image_format_dot_format ... ok
[INFO] [stdout] test backends::ast_grep::tests::test_run_ast_grep_with_scopes ... ok
[INFO] [stdout] test backends::deps::tests::test_image_format_mermaid_format ... ok
[INFO] [stdout] test backends::deps::tests::test_import_patterns_for_rust ... ok
[INFO] [stdout] test backends::deps::tests::test_import_patterns_for_javascript ... ok
[INFO] [stdout] test backends::deps::tests::test_image_format_from_path ... ok
[INFO] [stdout] test backends::deps::tests::test_import_patterns_for_python ... ok
[INFO] [stdout] test backends::deps::tests::test_import_patterns_for_typescript ... ok
[INFO] [stdout] test backends::deps::tests::test_import_patterns_for_unknown ... ok
[INFO] [stdout] test backends::deps::tests::test_language_from_path_js_variants ... ok
[INFO] [stdout] test backends::deps::tests::test_language_detection ... ok
[INFO] [stdout] test backends::deps::tests::test_language_sg_lang ... ok
[INFO] [stdout] test backends::deps::tests::test_language_extensions ... ok
[INFO] [stdout] test backends::deps::tests::test_is_mermaid_cli_available ... ok
[INFO] [stdout] test backends::deps::tests::test_render_mermaid_to_image_requires_mmdc ... ok
[INFO] [stdout] test backends::doctor::tests::test_dependency_status_available_without_notes ... ok
[INFO] [stdout] test backends::deps::tests::test_is_graphviz_available ... ok
[INFO] [stdout] test backends::doctor::tests::test_dependency_status_command_in_output ... ok
[INFO] [stdout] test backends::doctor::tests::test_dependency_status_confidence ... ok
[INFO] [stdout] test backends::doctor::tests::test_dependency_status_notes_in_output ... ok
[INFO] [stdout] test backends::doctor::tests::test_dependency_status_source_mode ... ok
[INFO] [stdout] test backends::doctor::tests::test_dependency_status_to_result_item_unavailable_optional ... ok
[INFO] [stdout] test backends::doctor::tests::test_dependency_status_to_result_item_available ... ok
[INFO] [stdout] test backends::doctor::tests::test_dependency_status_to_result_item_unavailable_required ... ok
[INFO] [stdout] test backends::extract::tests::test_extract_empty_lines ... ok
[INFO] [stdout] test backends::extract::tests::test_extract_lines ... ok
[INFO] [stdout] test backends::extract::tests::test_extract_lines_file_not_found ... ok
[INFO] [stdout] test backends::extract::tests::test_extract_lines_range_info ... ok
[INFO] [stdout] test backends::extract::tests::test_extract_lines_single_line ... ok
[INFO] [stdout] test backends::extract::tests::test_extract_lines_start_beyond_eof ... ok
[INFO] [stdout] test backends::extract::tests::test_extract_lines_with_absolute_path ... ok
[INFO] [stdout] test backends::extract::tests::test_extract_with_truncation ... ok
[INFO] [stdout] test backends::extract::tests::test_parse_line_range ... ok
[INFO] [stdout] test backends::extract::tests::test_parse_line_range_empty ... ok
[INFO] [stdout] test backends::extract::tests::test_parse_line_range_non_numeric ... ok
[INFO] [stdout] test backends::extract::tests::test_parse_line_range_too_many_parts ... ok
[INFO] [stdout] test backends::impact::tests::test_compute_direct_impacts_empty ... ok
[INFO] [stdout] test backends::impact::tests::test_compute_transitive_impacts_empty ... ok
[INFO] [stdout] test backends::impact::tests::test_diff_source_description ... ok
[INFO] [stdout] test backends::impact::tests::test_diff_source_from_args ... ok
[INFO] [stdout] test backends::impact::tests::test_diff_source_from_args_commit_over_diff ... ok
[INFO] [stdout] test backends::impact::tests::test_diff_source_from_args_diff_as_commit ... ok
[INFO] [stdout] test backends::impact::tests::test_diff_source_git_args_commit ... ok
[INFO] [stdout] test backends::impact::tests::test_diff_source_git_args_diff ... ok
[INFO] [stdout] test backends::impact::tests::test_diff_source_git_args_staged ... ok
[INFO] [stdout] test backends::impact::tests::test_diff_source_git_args_unstaged ... ok
[INFO] [stdout] test backends::impact::tests::test_format_summary_all_sections ... ok
[INFO] [stdout] test backends::impact::tests::test_format_summary_empty ... ok
[INFO] [stdout] test backends::impact::tests::test_format_summary_with_changes ... ok
[INFO] [stdout] test backends::impact::tests::test_format_table_empty ... ok
[INFO] [stdout] test backends::impact::tests::test_format_table_with_changes ... ok
[INFO] [stdout] test backends::impact::tests::test_impact_analysis_new ... ok
[INFO] [stdout] test backends::impact::tests::test_impact_analysis_serialization ... ok
[INFO] [stdout] test backends::impact::tests::test_impact_analysis_total_affected ... ok
[INFO] [stdout] test backends::impact::tests::test_impact_format_default ... ok
[INFO] [stdout] test backends::impact::tests::test_impact_format_parse ... ok
[INFO] [stdout] test backends::impact::tests::test_impact_format_parse_invalid ... ok
[INFO] [stdout] test backends::impact::tests::test_is_anchor_candidate ... ok
[INFO] [stdout] test backends::rg::tests::test_is_rg_available ... ok
[INFO] [stdout] test backends::rg::tests::test_is_rg_available_returns_bool ... ok
[INFO] [stdout] test backends::rg::tests::test_match_options_default ... ok
[INFO] [stdout] test backends::rg::tests::test_run_match_command ... ok
[INFO] [stdout] test backends::rg::tests::test_run_rg_combined_options ... ok
[INFO] [stdout] test backends::rg::tests::test_run_rg_empty_scopes ... ok
[INFO] [stdout] test backends::rg::tests::test_run_rg_excerpt_trimmed ... ok
[INFO] [stdout] test backends::rg::tests::test_run_rg_multiline_content ... ok
[INFO] [stdout] test backends::rg::tests::test_run_rg_multiple_matches ... ok
[INFO] [stdout] test backends::rg::tests::test_run_rg_no_matches ... ok
[INFO] [stdout] test backends::rg::tests::test_run_rg_relative_path ... ok
[INFO] [stdout] test backends::rg::tests::test_run_rg_result_item_properties ... ok
[INFO] [stdout] test backends::rg::tests::test_run_rg_with_context ... ok
[INFO] [stdout] test backends::rg::tests::test_run_rg_with_exclude ... ok
[INFO] [stdout] test backends::rg::tests::test_run_rg_with_ignore_case ... ok
[INFO] [stdout] test backends::rg::tests::test_run_rg_with_include ... ok
[INFO] [stdout] test backends::rg::tests::test_run_rg_with_max_count ... ok
[INFO] [stdout] test backends::rg::tests::test_run_rg_with_scopes ... ok
[INFO] [stdout] test backends::rg::tests::test_run_rg_with_word_regexp ... ok
[INFO] [stdout] test backends::scan::tests::test_glob_match_contains ... ok
[INFO] [stdout] test backends::scan::tests::test_glob_match_directory_wildcard ... ok
[INFO] [stdout] test backends::scan::tests::test_glob_match_exact ... ok
[INFO] [stdout] test backends::scan::tests::test_glob_match_extension ... ok
[INFO] [stdout] test backends::scan::tests::test_glob_match_generic_wildcard ... ok
[INFO] [stdout] test backends::scan::tests::test_run_find_case_insensitive ... ok
[INFO] [stdout] test backends::scan::tests::test_run_find_no_pattern ... ok
[INFO] [stdout] test backends::scan::tests::test_run_find_with_pattern ... ok
[INFO] [stdout] test backends::scan::tests::test_run_scan_command ... ok
[INFO] [stdout] test backends::scan::tests::test_scan_all_types ... ok
[INFO] [stdout] test backends::scan::tests::test_scan_deep_nesting ... ok
[INFO] [stdout] test backends::scan::tests::test_scan_empty_dir ... ok
[INFO] [stdout] test backends::scan::tests::test_scan_empty_subdir ... ok
[INFO] [stdout] test backends::scan::tests::test_scan_gitignore_respected ... ok
[INFO] [stdout] test backends::scan::tests::test_scan_hidden_files ... ok
[INFO] [stdout] test backends::scan::tests::test_scan_max_depth ... ok
[INFO] [stdout] test backends::scan::tests::test_scan_only_dirs ... ok
[INFO] [stdout] test backends::scan::tests::test_scan_result_has_metadata ... ok
[INFO] [stdout] test backends::scan::tests::test_scan_sorted_output ... ok
[INFO] [stdout] test backends::scan::tests::test_scan_with_exclude_glob ... ok
[INFO] [stdout] test backends::scan::tests::test_scan_with_files ... ok
[INFO] [stdout] test backends::scan::tests::test_scan_with_include_and_exclude ... ok
[INFO] [stdout] test backends::scan::tests::test_scan_with_include_glob ... ok
[INFO] [stdout] test backends::scan::tests::test_scan_with_multiple_include_patterns ... ok
[INFO] [stdout] test backends::scan::tests::test_scan_with_scope ... ok
[INFO] [stdout] test backends::scan::tests::test_scan_without_gitignore ... ok
[INFO] [stdout] test cache::reader::tests::test_find_anchor_by_id ... ok
[INFO] [stdout] test cache::reader::tests::test_find_anchor_by_id_not_found ... ok
[INFO] [stdout] test cache::reader::tests::test_find_anchors_by_tag ... ok
[INFO] [stdout] test cache::reader::tests::test_get_all_anchors_parsed ... ok
[INFO] [stdout] test cache::reader::tests::test_get_anchors_cached_no_cache ... ok
[INFO] [stdout] test cache::reader::tests::test_get_file_anchors ... ok
[INFO] [stdout] test cache::reader::tests::test_get_file_anchors_nonexistent ... ok
[INFO] [stdout] test cache::reader::tests::test_get_files_cached_no_cache ... ok
[INFO] [stdout] test cache::store::tests::test_cache_dir_path ... ok
[INFO] [stdout] test cache::store::tests::test_cache_file_constants ... ok
[INFO] [stdout] test cache::store::tests::test_cache_meta_new ... ok
[INFO] [stdout] test cache::store::tests::test_clear_cache ... ok
[INFO] [stdout] test cache::store::tests::test_clear_cache_nonexistent ... ok
[INFO] [stdout] test cache::store::tests::test_ensure_cache_dir ... ok
[INFO] [stdout] test cache::store::tests::test_ensure_cache_dir_idempotent ... ok
[INFO] [stdout] test cache::store::tests::test_is_cache_valid_corrupted_meta ... ok
[INFO] [stdout] test cache::store::tests::test_is_cache_valid_no_cache ... ok
[INFO] [stdout] test cache::store::tests::test_is_cache_valid_with_valid_cache ... ok
[INFO] [stdout] test cache::store::tests::test_is_cache_valid_wrong_version ... ok
[INFO] [stdout] test cache::store::tests::test_read_cache_jsonl ... ok
[INFO] [stdout] test cache::store::tests::test_read_cache_jsonl_empty_lines ... ok
[INFO] [stdout] test cache::store::tests::test_read_cache_jsonl_malformed_line ... ok
[INFO] [stdout] test cache::store::tests::test_read_cache_jsonl_not_found ... ok
[INFO] [stdout] test cache::store::tests::test_read_meta_not_found ... ok
[INFO] [stdout] test cache::store::tests::test_run_rebuild_command ... ok
[INFO] [stdout] test cache::store::tests::test_write_cache_jsonl ... ok
[INFO] [stdout] test cache::store::tests::test_write_cache_jsonl_empty ... ok
[INFO] [stdout] test cache::store::tests::test_write_read_meta ... ok
[INFO] [stdout] test core::file_reader::tests::test_encoding_strategy_default ... ok
[INFO] [stdout] test core::file_reader::tests::test_file_read_config_default ... ok
[INFO] [stdout] test core::file_reader::tests::test_file_read_result_builders ... ok
[INFO] [stdout] test core::file_reader::tests::test_file_warning_to_result_item ... ok
[INFO] [stdout] test core::file_reader::tests::test_read_file_binary ... ok
[INFO] [stdout] test core::file_reader::tests::test_read_file_lossy_conversion ... ok
[INFO] [stdout] test core::file_reader::tests::test_read_file_skip_encoding ... ok
[INFO] [stdout] test core::file_reader::tests::test_read_file_skip_size ... ok
[INFO] [stdout] test core::file_reader::tests::test_read_file_success ... ok
[INFO] [stdout] test core::file_reader::tests::test_read_file_truncated ... ok
[INFO] [stdout] test core::file_reader::tests::test_read_nonexistent_file ... ok
[INFO] [stdout] test core::file_reader::tests::test_size_strategy_default ... ok
[INFO] [stdout] test core::file_reader::tests::test_truncate_at_char_boundary ... ok
[INFO] [stdout] test core::file_reader::tests::test_warning_code_as_str ... ok
[INFO] [stdout] test core::model::tests::test_confidence_serialization ... ok
[INFO] [stdout] test core::model::tests::test_kind_serialization ... ok
[INFO] [stdout] test core::model::tests::test_meta_default ... ok
[INFO] [stdout] test core::model::tests::test_mise_error_new ... ok
[INFO] [stdout] test core::model::tests::test_mise_error_with_string ... ok
[INFO] [stdout] test core::model::tests::test_range_bytes ... ok
[INFO] [stdout] test core::model::tests::test_range_lines ... ok
[INFO] [stdout] test core::model::tests::test_result_item_anchor ... ok
[INFO] [stdout] test core::model::tests::test_result_item_data_serialization ... ok
[INFO] [stdout] test core::model::tests::test_result_item_deserialization ... ok
[INFO] [stdout] test core::model::tests::test_result_item_error ... ok
[INFO] [stdout] test core::model::tests::test_result_item_extract ... ok
[INFO] [stdout] test core::model::tests::test_result_item_file ... ok
[INFO] [stdout] test core::model::tests::test_result_item_match_result ... ok
[INFO] [stdout] test core::model::tests::test_result_item_with_confidence ... ok
[INFO] [stdout] test core::model::tests::test_result_item_with_data ... ok
[INFO] [stdout] test core::model::tests::test_result_item_with_error ... ok
[INFO] [stdout] test core::model::tests::test_result_item_with_meta ... ok
[INFO] [stdout] test core::model::tests::test_result_item_with_source_mode ... ok
[INFO] [stdout] test core::model::tests::test_result_set_default ... ok
[INFO] [stdout] test core::model::tests::test_result_set_extend ... ok
[INFO] [stdout] test core::model::tests::test_result_set_from_iter ... ok
[INFO] [stdout] test core::model::tests::test_result_set_into_iter ... ok
[INFO] [stdout] test core::model::tests::test_result_set_new ... ok
[INFO] [stdout] test core::model::tests::test_result_set_push ... ok
[INFO] [stdout] test core::model::tests::test_result_set_sort ... ok
[INFO] [stdout] test core::model::tests::test_result_set_sort_both_none_ranges ... ok
[INFO] [stdout] test core::model::tests::test_result_set_sort_by_range ... ok
[INFO] [stdout] test core::model::tests::test_result_set_sort_byte_range ... ok
[INFO] [stdout] test core::model::tests::test_result_set_sort_byte_ranges ... ok
[INFO] [stdout] test core::model::tests::test_result_set_sort_none_some_ranges ... ok
[INFO] [stdout] test core::model::tests::test_result_set_sort_path_comparison ... ok
[INFO] [stdout] test core::model::tests::test_result_set_sort_with_none_paths ... ok
[INFO] [stdout] test core::model::tests::test_result_set_sort_with_some_none_ranges ... ok
[INFO] [stdout] test core::model::tests::test_source_mode_serialization ... ok
[INFO] [stdout] test core::paths::tests::test_cache_dir ... ok
[INFO] [stdout] test core::paths::tests::test_is_hidden ... ok
[INFO] [stdout] test core::paths::tests::test_is_hidden_empty_filename ... ok
[INFO] [stdout] test core::paths::tests::test_is_within_root ... ok
[INFO] [stdout] test core::paths::tests::test_is_within_root_outside ... ok
[INFO] [stdout] test core::paths::tests::test_join_normalized ... ok
[INFO] [stdout] test core::paths::tests::test_make_relative ... ok
[INFO] [stdout] test core::paths::tests::test_make_relative_not_under_root ... ok
[INFO] [stdout] test core::paths::tests::test_make_relative_same_as_root ... ok
[INFO] [stdout] test core::paths::tests::test_normalize_path ... ok
[INFO] [stdout] test core::paths::tests::test_normalize_path_nested ... ok
[INFO] [stdout] test core::render::tests::test_output_format_default ... ok
[INFO] [stdout] test core::render::tests::test_output_format_parse ... ok
[INFO] [stdout] test core::render::tests::test_output_format_parse_case_insensitive ... ok
[INFO] [stdout] test core::render::tests::test_output_format_parse_invalid ... ok
[INFO] [stdout] test core::render::tests::test_render_config_default ... ok
[INFO] [stdout] test core::render::tests::test_render_config_new ... ok
[INFO] [stdout] test core::render::tests::test_render_config_with_pretty ... ok
[INFO] [stdout] test core::render::tests::test_render_json ... ok
[INFO] [stdout] test core::render::tests::test_render_json_pretty ... ok
[INFO] [stdout] test core::render::tests::test_render_jsonl ... ok
[INFO] [stdout] test core::render::tests::test_render_jsonl_pretty ... ok
[INFO] [stdout] test core::render::tests::test_render_markdown_anchors ... ok
[INFO] [stdout] test core::render::tests::test_render_markdown_byte_range ... ok
[INFO] [stdout] test core::render::tests::test_render_markdown_empty ... ok
[INFO] [stdout] test core::render::tests::test_render_markdown_errors ... ok
[INFO] [stdout] test core::render::tests::test_render_markdown_extracts ... ok
[INFO] [stdout] test core::render::tests::test_render_markdown_files ... ok
[INFO] [stdout] test core::render::tests::test_render_markdown_flow ... ok
[INFO] [stdout] test core::render::tests::test_render_markdown_matches ... ok
[INFO] [stdout] test core::render::tests::test_render_markdown_truncated ... ok
[INFO] [stdout] test core::render::tests::test_render_raw ... ok
[INFO] [stdout] test core::render::tests::test_render_raw_no_excerpt ... ok
[INFO] [stdout] test core::render::tests::test_render_to_writer ... ok
[INFO] [stdout] test core::tokenizer::tests::test_count_tokens_ascii ... ok
[INFO] [stdout] test core::tokenizer::tests::test_count_tokens_cjk ... ok
[INFO] [stdout] test core::tokenizer::tests::test_count_tokens_code ... ok
[INFO] [stdout] test core::tokenizer::tests::test_count_tokens_empty ... ok
[INFO] [stdout] test core::tokenizer::tests::test_count_tokens_mixed ... ok
[INFO] [stdout] test backends::deps::tests::test_render_dot_to_image_requires_graphviz ... ok
[INFO] [stdout] test core::tokenizer::tests::test_heuristic_ascii ... ok
[INFO] [stdout] test core::tokenizer::tests::test_heuristic_cjk ... ok
[INFO] [stdout] test core::tokenizer::tests::test_heuristic_code ... ok
[INFO] [stdout] test core::tokenizer::tests::test_heuristic_vs_tiktoken_approximation ... ok
[INFO] [stdout] test core::tokenizer::tests::test_is_cjk_char ... ok
[INFO] [stdout] test core::tokenizer::tests::test_is_code_symbol ... ok
[INFO] [stdout] test core::tokenizer::tests::test_model_display ... ok
[INFO] [stdout] test core::tokenizer::tests::test_model_from_str ... ok
[INFO] [stdout] test core::util::tests::test_command_exists ... ok
[INFO] [stdout] test core::util::tests::test_get_file_size ... ok
[INFO] [stdout] test core::util::tests::test_get_mtime_ms ... ok
[INFO] [stdout] test core::util::tests::test_hash_algorithm_default ... ok
[INFO] [stdout] test core::util::tests::test_hash_bytes ... ok
[INFO] [stdout] test core::util::tests::test_hash_bytes_deterministic ... ok
[INFO] [stdout] test core::util::tests::test_hash_bytes_different_data ... ok
[INFO] [stdout] test core::util::tests::test_hash_file ... ok
[INFO] [stdout] test core::util::tests::test_now_ms ... ok
[INFO] [stdout] test core::util::tests::test_truncate_string ... ok
[INFO] [stdout] test core::util::tests::test_truncate_string_at_char_boundary ... ok
[INFO] [stdout] test core::util::tests::test_truncate_string_empty ... ok
[INFO] [stdout] test core::util::tests::test_truncate_string_exact_boundary ... ok
[INFO] [stdout] test core::util::tests::test_truncate_string_mid_char ... ok
[INFO] [stdout] test core::util::tests::test_truncate_string_unicode_boundary ... ok
[INFO] [stdout] test core::util::tests::test_truncate_string_utf8 ... ok
[INFO] [stdout] test flows::outline::tests::test_count_cjk_chars ... ok
[INFO] [stdout] test flows::outline::tests::test_count_cjk_chars_mixed ... ok
[INFO] [stdout] test flows::outline::tests::test_count_tokens_empty ... ok
[INFO] [stdout] test flows::outline::tests::test_count_tokens_with_tiktoken ... ok
[INFO] [stdout] test flows::outline::tests::test_count_words ... ok
[INFO] [stdout] test flows::outline::tests::test_count_words_cjk_only ... ok
[INFO] [stdout] test flows::outline::tests::test_count_words_empty ... ok
[INFO] [stdout] test flows::outline::tests::test_count_words_with_numbers ... ok
[INFO] [stdout] test backends::doctor::tests::test_check_dependencies_ast_grep_required ... ok
[INFO] [stdout] test backends::doctor::tests::test_check_dependencies_watchexec_optional ... ok
[INFO] [stdout] test flows::outline::tests::test_extract_preview ... ok
[INFO] [stdout] test backends::doctor::tests::test_check_dependencies_ripgrep_required ... ok
[INFO] [stdout] test core::tokenizer::tests::test_different_models_produce_results ... ok
[INFO] [stdout] test backends::doctor::tests::test_check_dependencies ... ok
[INFO] [stdout] test backends::doctor::tests::test_check_dependencies_has_notes ... ok
[INFO] [stdout] test flows::outline::tests::test_different_token_models ... ok
[INFO] [stdout] test flows::outline::tests::test_extract_preview_all_comments ... ok
[INFO] [stdout] test flows::outline::tests::test_extract_preview_cjk ... ok
[INFO] [stdout] test flows::outline::tests::test_is_cjk_char_fullwidth ... ok
[INFO] [stdout] test flows::outline::tests::test_outline_format_all_variants ... ok
[INFO] [stdout] test flows::outline::tests::test_outline_format_default ... ok
[INFO] [stdout] test flows::outline::tests::test_outline_format_invalid ... ok
[INFO] [stdout] test flows::outline::tests::test_outline_format_parse ... ok
[INFO] [stdout] test flows::outline::tests::test_outline_item_creation ... ok
[INFO] [stdout] test flows::outline::tests::test_outline_item_with_nested_level ... ok
[INFO] [stdout] test flows::outline::tests::test_outline_to_result_set ... ok
[INFO] [stdout] test flows::outline::tests::test_project_outline_creation ... ok
[INFO] [stdout] test flows::outline::tests::test_render_markdown_nested_items ... ok
[INFO] [stdout] test flows::outline::tests::test_render_markdown_empty ... ok
[INFO] [stdout] test flows::outline::tests::test_render_markdown_with_items ... ok
[INFO] [stdout] test flows::outline::tests::test_is_cjk_char_extended ... ok
[INFO] [stdout] test flows::outline::tests::test_render_tree_empty ... ok
[INFO] [stdout] test flows::outline::tests::test_extract_preview_skips_comments ... ok
[INFO] [stdout] test flows::outline::tests::test_render_tree_with_items ... ok
[INFO] [stdout] test flows::pack::tests::test_apply_budget_empty_input ... ok
[INFO] [stdout] test flows::pack::tests::test_apply_budget_by_confidence_sorting ... ok
[INFO] [stdout] test flows::pack::tests::test_apply_budget_no_limit ... ok
[INFO] [stdout] test flows::pack::tests::test_find_char_boundary_beyond ... ok
[INFO] [stdout] test flows::outline::tests::test_extract_preview_whitespace_only ... ok
[INFO] [stdout] test flows::pack::tests::test_apply_budget_by_order_preserves_order ... ok
[INFO] [stdout] test flows::pack::tests::test_different_token_models ... ok
[INFO] [stdout] test flows::pack::tests::test_heuristic_empty ... ok
[INFO] [stdout] test flows::pack::tests::test_item_tokens_with_excerpt ... ok
[INFO] [stdout] test flows::pack::tests::test_pack_options_default ... ok
[INFO] [stdout] test flows::pack::tests::test_item_tokens_file_only ... ok
[INFO] [stdout] test flows::pack::tests::test_pack_priority_parse ... ok
[INFO] [stdout] test flows::pack::tests::test_find_char_boundary_unicode ... ok
[INFO] [stdout] test flows::pack::tests::test_find_char_boundary_within ... ok
[INFO] [stdout] test flows::pack::tests::test_pack_priority_parse_invalid ... ok
[INFO] [stdout] test flows::pack::tests::test_pack_priority_default ... ok
[INFO] [stdout] test flows::pack::tests::test_pack_stats_creation ... ok
[INFO] [stdout] test flows::pack::tests::test_pack_priority_parse_aliases ... ok
[INFO] [stdout] test flows::pack::tests::test_tiktoken_count_code ... ok
[INFO] [stdout] test flows::pack::tests::test_tiktoken_count_cjk ... ok
[INFO] [stdout] test flows::stats::tests::test_calculate_file_stats_nonexistent ... ok
[INFO] [stdout] test flows::stats::tests::test_count_tokens_code ... ok
[INFO] [stdout] test flows::pack::tests::test_tiktoken_count_mixed ... ok
[INFO] [stdout] test flows::pack::tests::test_tiktoken_count_ascii ... ok
[INFO] [stdout] test flows::stats::tests::test_calculate_file_stats ... ok
[INFO] [stdout] test flows::stats::tests::test_calculate_file_stats_with_cjk ... ok
[INFO] [stdout] test flows::stats::tests::test_calculate_project_stats ... ok
[INFO] [stdout] test flows::stats::tests::test_count_tokens_mixed ... ok
[INFO] [stdout] test flows::stats::tests::test_count_tokens_empty ... ok
[INFO] [stdout] test flows::stats::tests::test_count_tokens_with_tiktoken ... ok
[INFO] [stdout] test flows::stats::tests::test_different_token_models ... ok
[INFO] [stdout] test flows::stats::tests::test_file_stats_creation ... ok
[INFO] [stdout] test flows::stats::tests::test_file_stats_default ... ok
[INFO] [stdout] test flows::stats::tests::test_is_cjk_char ... ok
[INFO] [stdout] test flows::stats::tests::test_project_stats_default ... ok
[INFO] [stdout] test flows::pack::tests::test_apply_budget_with_limit ... ok
[INFO] [stdout] test flows::stats::tests::test_project_stats_with_data ... ok
[INFO] [stdout] test flows::stats::tests::test_stats_format_invalid ... ok
[INFO] [stdout] test flows::stats::tests::test_stats_format_default ... ok
[INFO] [stdout] test flows::writing::tests::test_extract_keywords_chinese ... ok
[INFO] [stdout] test flows::stats::tests::test_stats_format_parse ... ok
[INFO] [stdout] test flows::stats::tests::test_stats_to_result_set ... ok
[INFO] [stdout] test flows::writing::tests::test_extract_keywords_deduplication ... ok
[INFO] [stdout] test flows::writing::tests::test_extract_keywords_empty ... ok
[INFO] [stdout] test flows::writing::tests::test_extract_keywords_long_chinese_text ... ok
[INFO] [stdout] test flows::writing::tests::test_extract_keywords_max_limit ... ok
[INFO] [stdout] test flows::writing::tests::test_extract_keywords_mixed ... ok
[INFO] [stdout] test flows::writing::tests::test_extract_keywords_numbers ... ok
[INFO] [stdout] test flows::writing::tests::test_extract_keywords_short_words ... ok
[INFO] [stdout] test flows::writing::tests::test_extract_keywords_special_chars ... ok
[INFO] [stdout] test flows::writing::tests::test_extract_keywords_with_code_content ... ok
[INFO] [stdout] test flows::writing::tests::test_extract_keywords_case_insensitive_dedup ... ok
[INFO] [stdout] test flows::writing::tests::test_extract_keywords_cjk_ngrams ... ok
[INFO] [stdout] test flows::writing::tests::test_gather_writing_evidence_anchor_not_found ... ok
[INFO] [stdout] test flows::writing::tests::test_gather_writing_evidence_empty_directory ... ok
[INFO] [stdout] test backends::doctor::tests::test_run_doctor_command ... ok
[INFO] [stdout] test flows::writing::tests::test_extract_keywords_english ... ok
[INFO] [stdout] test flows::writing::tests::test_extract_keywords_markdown_content ... ok
[INFO] [stdout] test flows::writing::tests::test_is_cjk_char ... ok
[INFO] [stdout] test flows::writing::tests::test_is_cjk_char_cjk_symbols ... ok
[INFO] [stdout] test flows::writing::tests::test_is_cjk_char_hangul ... ok
[INFO] [stdout] test flows::writing::tests::test_is_cjk_char_hiragana ... ok
[INFO] [stdout] test flows::writing::tests::test_extract_keywords_only_common_words ... ok
[INFO] [stdout] test flows::writing::tests::test_extract_keywords_preserves_original_case ... ok
[INFO] [stdout] test flows::writing::tests::test_is_cjk_char_katakana ... ok
[INFO] [stdout] test flows::writing::tests::test_is_cjk_stop_char_common_words ... ok
[INFO] [stdout] test flows::writing::tests::test_is_cjk_stop_char ... ok
[INFO] [stdout] test flows::writing::tests::test_is_cjk_char_fullwidth ... ok
[INFO] [stdout] test flows::writing::tests::test_is_cjk_stop_char_pronouns ... ok
[INFO] [stdout] test flows::writing::tests::test_is_cjk_stop_char_punctuation ... ok
[INFO] [stdout] test flows::writing::tests::test_is_common_word ... ok
[INFO] [stdout] test flows::writing::tests::test_is_common_word_all_cases ... ok
[INFO] [stdout] test flows::writing::tests::test_is_common_word_not_common ... ok
[INFO] [stdout] test flows::writing::tests::test_is_cjk_stop_char_particles ... ok
[INFO] [stdout] test flows::writing::tests::test_run_writing_anchor_not_found ... ok
[INFO] [stdout] test flows::writing::tests::test_gather_writing_evidence_with_related_tags ... ok
[INFO] [stdout] test flows::writing::tests::test_is_cjk_stop_char_conjunctions ... ok
[INFO] [stdout] test flows::writing::tests::test_is_cjk_stop_char_not_stop ... ok
[INFO] [stdout] test flows::writing::tests::test_gather_writing_evidence_with_anchor ... ok
[INFO] [stdout] test flows::writing::tests::test_gather_writing_evidence_no_tags_on_anchor ... ok
[INFO] [stdout] test flows::writing::tests::test_gather_writing_evidence_max_items_limit ... ok
[INFO] [stdout] test flows::writing::tests::test_run_writing_with_valid_anchor ... ok
[INFO] [stdout] 
[INFO] [stdout] test result: ok. 485 passed; 0 failed; 0 ignored; 0 measured; 0 filtered out; finished in 0.84s
[INFO] [stdout] 
[INFO] [stderr]      Running tests/cli.rs (/opt/rustwide/target/release/build/misec/d772c4cb4cd9ad10/out/cli-d772c4cb4cd9ad10)
[INFO] [stdout] 
[INFO] [stdout] running 42 tests
[INFO] [stdout] test ast_with_language_option ... FAILED
[INFO] [stdout] test ast_with_include_glob_filters_files ... FAILED
[INFO] [stdout] test anchor_lint_flags_empty_anchor ... FAILED
[INFO] [stdout] test deps_mermaid_format_produces_diagram ... FAILED
[INFO] [stdout] test deps_jsonl_format_returns_valid_json ... FAILED
[INFO] [stdout] test ast_with_exclude_glob_filters_files ... FAILED
[INFO] [stdout] test deps_dot_format_produces_graphviz ... FAILED
[INFO] [stdout] test deps_analyzes_rust_file_dependencies ... FAILED
[INFO] [stdout] test deps_python_file_analysis ... FAILED
[INFO] [stdout] test deps_reverse_shows_dependents ... FAILED
[INFO] [stdout] test extract_returns_expected_excerpt ... FAILED
[INFO] [stdout] test deps_table_format_works ... FAILED
[INFO] [stdout] test deps_typescript_file_analysis ... FAILED
[INFO] [stdout] test match_with_context_shows_surrounding_lines ... FAILED
[INFO] [stdout] test match_with_ignore_case_finds_case_variants ... FAILED
[INFO] [stdout] test match_with_count_returns_count_only ... FAILED
[INFO] [stdout] test match_with_include_glob_filters_files ... FAILED
[INFO] [stdout] test match_with_exclude_glob_filters_files ... FAILED
[INFO] [stdout] test match_with_max_count_limits_results ... FAILED
[INFO] [stdout] test match_with_word_regexp_matches_whole_words ... FAILED
[INFO] [stdout] test outline_returns_markdown_output ... FAILED
[INFO] [stdout] test outline_tag_filter_works ... FAILED
[INFO] [stdout] test outline_json_format_works ... FAILED
[INFO] [stdout] test outline_tree_format_works ... FAILED
[INFO] [stdout] test pack_empty_selection_returns_empty ... FAILED
[INFO] [stdout] test pack_files_returns_valid_jsonl ... FAILED
[INFO] [stdout] test pack_with_max_tokens_truncates ... FAILED
[INFO] [stdout] test pack_with_stats_outputs_statistics ... FAILED
[INFO] [stdout] test scan_lists_files_in_stable_order ... FAILED
[INFO] [stdout] test scan_with_exclude_glob_filters_files ... FAILED
[INFO] [stdout] test scan_with_include_glob_filters_files ... FAILED
[INFO] [stdout] test scan_with_multiple_include_patterns ... FAILED
[INFO] [stdout] test stats_json_format_works ... FAILED
[INFO] [stdout] test stats_returns_summary_output ... FAILED
[INFO] [stdout] test pack_with_anchors_includes_both ... FAILED
[INFO] [stdout] test pack_priority_by_confidence_orders_correctly ... FAILED
[INFO] [stdout] test stats_table_format_works ... FAILED
[INFO] [stdout] test impact_no_changes_returns_empty ... FAILED
[INFO] [stdout] test impact_table_format_works ... FAILED
[INFO] [stdout] test impact_summary_format_works ... FAILED
[INFO] [stdout] test impact_staged_option_works ... FAILED
[INFO] [stderr] error: test failed, to rerun pass `--test cli`
[INFO] [stdout] test impact_returns_valid_json_output ... FAILED
[INFO] [stdout] 
[INFO] [stdout] failures:
[INFO] [stdout] 
[INFO] [stdout] ---- ast_with_language_option stdout ----
[INFO] [stdout] 
[INFO] [stdout] thread 'ast_with_language_option' (1973) panicked at tests/cli.rs:8:32:
[INFO] [stdout] Failed to find mise binary: CargoError { cause: Some(NotFoundError { path: "/opt/rustwide/target/release/build/misec/d772c4cb4cd9ad10/out/mise" }) }
[INFO] [stdout] stack backtrace:
[INFO] [stdout]    0:     0x5eec4f833df5 - <unknown>
[INFO] [stdout]    1:     0x5eec4f8176aa - <unknown>
[INFO] [stdout]    2:     0x5eec4f83348b - <unknown>
[INFO] [stdout]    3:     0x5eec4f832f6f - <unknown>
[INFO] [stdout]    4:     0x5eec4f832b9a - <unknown>
[INFO] [stdout]    5:     0x5eec4f8326d5 - <unknown>
[INFO] [stdout]    6:     0x5eec4f859511 - <unknown>
[INFO] [stdout]    7:     0x5eec4f8594c9 - <unknown>
[INFO] [stdout]    8:     0x5eec4f8599cc - <unknown>
[INFO] [stdout]    9:     0x5eec4f81753b - <unknown>
[INFO] [stdout]   10:     0x5eec4f81a8a1 - <unknown>
[INFO] [stdout]   11:     0x5eec4f7f2d04 - <unknown>
[INFO] [stdout]   12:     0x5eec4f87763b - <unknown>
[INFO] [stdout]   13:     0x5eec4f8730f0 - <unknown>
[INFO] [stdout]   14:     0x5eec4f87281c - <unknown>
[INFO] [stdout]   15:     0x5eec4f89252c - <unknown>
[INFO] [stdout]   16:     0x5eec4f85b644 - <unknown>
[INFO] [stdout]   17:     0x778e862cedfa - <unknown>
[INFO] [stdout]   18:     0x778e863623d4 - clone
[INFO] [stdout]   19:                0x0 - <unknown>
[INFO] [stdout] 
[INFO] [stdout] ---- ast_with_include_glob_filters_files stdout ----
[INFO] [stdout] 
[INFO] [stdout] thread 'ast_with_include_glob_filters_files' (1972) panicked at tests/cli.rs:8:32:
[INFO] [stdout] Failed to find mise binary: CargoError { cause: Some(NotFoundError { path: "/opt/rustwide/target/release/build/misec/d772c4cb4cd9ad10/out/mise" }) }
[INFO] [stdout] stack backtrace:
[INFO] [stdout]    0:     0x5eec4f833df5 - <unknown>
[INFO] [stdout]    1:     0x5eec4f8176aa - <unknown>
[INFO] [stdout]    2:     0x5eec4f83348b - <unknown>
[INFO] [stdout]    3:     0x5eec4f832f6f - <unknown>
[INFO] [stdout]    4:     0x5eec4f832b9a - <unknown>
[INFO] [stdout]    5:     0x5eec4f8326d5 - <unknown>
[INFO] [stdout]    6:     0x5eec4f859511 - <unknown>
[INFO] [stdout]    7:     0x5eec4f8594c9 - <unknown>
[INFO] [stdout]    8:     0x5eec4f8599cc - <unknown>
[INFO] [stdout]    9:     0x5eec4f81753b - <unknown>
[INFO] [stdout]   10:     0x5eec4f81a8a1 - <unknown>
[INFO] [stdout]   11:     0x5eec4f7ff1a3 - <unknown>
[INFO] [stdout]   12:     0x5eec4f87763b - <unknown>
[INFO] [stdout]   13:     0x5eec4f8730f0 - <unknown>
[INFO] [stdout]   14:     0x5eec4f87281c - <unknown>
[INFO] [stdout]   15:     0x5eec4f89252c - <unknown>
[INFO] [stdout]   16:     0x5eec4f85b644 - <unknown>
[INFO] [stdout]   17:     0x778e862cedfa - <unknown>
[INFO] [stdout]   18:     0x778e863623d4 - clone
[INFO] [stdout]   19:                0x0 - <unknown>
[INFO] [stdout] 
[INFO] [stdout] ---- anchor_lint_flags_empty_anchor stdout ----
[INFO] [stdout] 
[INFO] [stdout] thread 'anchor_lint_flags_empty_anchor' (1970) panicked at tests/cli.rs:8:32:
[INFO] [stdout] Failed to find mise binary: CargoError { cause: Some(NotFoundError { path: "/opt/rustwide/target/release/build/misec/d772c4cb4cd9ad10/out/mise" }) }
[INFO] [stdout] stack backtrace:
[INFO] [stdout]    0:     0x5eec4f833df5 - <unknown>
[INFO] [stdout]    1:     0x5eec4f8176aa - <unknown>
[INFO] [stdout]    2:     0x5eec4f83348b - <unknown>
[INFO] [stdout]    3:     0x5eec4f832f6f - <unknown>
[INFO] [stdout]    4:     0x5eec4f832b9a - <unknown>
[INFO] [stdout]    5:     0x5eec4f8326d5 - <unknown>
[INFO] [stdout]    6:     0x5eec4f859511 - <unknown>
[INFO] [stdout]    7:     0x5eec4f8594c9 - <unknown>
[INFO] [stdout]    8:     0x5eec4f8599cc - <unknown>
[INFO] [stdout]    9:     0x5eec4f81753b - <unknown>
[INFO] [stdout]   10:     0x5eec4f81a8a1 - <unknown>
[INFO] [stdout]   11:     0x5eec4f7f87bb - <unknown>
[INFO] [stdout]   12:     0x5eec4f87763b - <unknown>
[INFO] [stdout]   13:     0x5eec4f8730f0 - <unknown>
[INFO] [stdout]   14:     0x5eec4f87281c - <unknown>
[INFO] [stdout]   15:     0x5eec4f89252c - <unknown>
[INFO] [stdout]   16:     0x5eec4f85b644 - <unknown>
[INFO] [stdout]   17:     0x778e862cedfa - <unknown>
[INFO] [stdout]   18:     0x778e863623d4 - clone
[INFO] [stdout]   19:                0x0 - <unknown>
[INFO] [stdout] 
[INFO] [stdout] ---- deps_mermaid_format_produces_diagram stdout ----
[INFO] [stdout] 
[INFO] [stdout] thread 'deps_mermaid_format_produces_diagram' (1977) panicked at tests/cli.rs:8:32:
[INFO] [stdout] Failed to find mise binary: CargoError { cause: Some(NotFoundError { path: "/opt/rustwide/target/release/build/misec/d772c4cb4cd9ad10/out/mise" }) }
[INFO] [stdout] stack backtrace:
[INFO] [stdout]    0:     0x5eec4f833df5 - <unknown>
[INFO] [stdout]    1:     0x5eec4f8176aa - <unknown>
[INFO] [stdout]    2:     0x5eec4f83348b - <unknown>
[INFO] [stdout]    3:     0x5eec4f832f6f - <unknown>
[INFO] [stdout]    4:     0x5eec4f832b9a - <unknown>
[INFO] [stdout]    5:     0x5eec4f8326d5 - <unknown>
[INFO] [stdout]    6:     0x5eec4f859511 - <unknown>
[INFO] [stdout]    7:     0x5eec4f8594c9 - <unknown>
[INFO] [stdout]    8:     0x5eec4f8599cc - <unknown>
[INFO] [stdout]    9:     0x5eec4f81753b - <unknown>
[INFO] [stdout]   10:     0x5eec4f81a8a1 - <unknown>
[INFO] [stdout]   11:     0x5eec4f801a13 - <unknown>
[INFO] [stdout]   12:     0x5eec4f87763b - <unknown>
[INFO] [stdout]   13:     0x5eec4f8730f0 - <unknown>
[INFO] [stdout]   14:     0x5eec4f87281c - <unknown>
[INFO] [stdout]   15:     0x5eec4f89252c - <unknown>
[INFO] [stdout]   16:     0x5eec4f85b644 - <unknown>
[INFO] [stdout]   17:     0x778e862cedfa - <unknown>
[INFO] [stdout]   18:     0x778e863623d4 - clone
[INFO] [stdout]   19:                0x0 - <unknown>
[INFO] [stdout] 
[INFO] [stdout] ---- deps_jsonl_format_returns_valid_json stdout ----
[INFO] [stdout] 
[INFO] [stdout] thread 'deps_jsonl_format_returns_valid_json' (1976) panicked at tests/cli.rs:8:32:
[INFO] [stdout] Failed to find mise binary: CargoError { cause: Some(NotFoundError { path: "/opt/rustwide/target/release/build/misec/d772c4cb4cd9ad10/out/mise" }) }
[INFO] [stdout] stack backtrace:
[INFO] [stdout]    0:     0x5eec4f833df5 - <unknown>
[INFO] [stdout]    1:     0x5eec4f8176aa - <unknown>
[INFO] [stdout]    2:     0x5eec4f83348b - <unknown>
[INFO] [stdout]    3:     0x5eec4f832f6f - <unknown>
[INFO] [stdout]    4:     0x5eec4f832b9a - <unknown>
[INFO] [stdout]    5:     0x5eec4f8326d5 - <unknown>
[INFO] [stdout]    6:     0x5eec4f859511 - <unknown>
[INFO] [stdout]    7:     0x5eec4f8594c9 - <unknown>
[INFO] [stdout]    8:     0x5eec4f8599cc - <unknown>
[INFO] [stdout]    9:     0x5eec4f81753b - <unknown>
[INFO] [stdout]   10:     0x5eec4f81a8a1 - <unknown>
[INFO] [stdout]   11:     0x5eec4f801362 - <unknown>
[INFO] [stdout]   12:     0x5eec4f87763b - <unknown>
[INFO] [stdout]   13:     0x5eec4f8730f0 - <unknown>
[INFO] [stdout]   14:     0x5eec4f87281c - <unknown>
[INFO] [stdout]   15:     0x5eec4f89252c - <unknown>
[INFO] [stdout]   16:     0x5eec4f85b644 - <unknown>
[INFO] [stdout]   17:     0x778e862cedfa - <unknown>
[INFO] [stdout]   18:     0x778e863623d4 - clone
[INFO] [stdout]   19:                0x0 - <unknown>
[INFO] [stdout] 
[INFO] [stdout] ---- ast_with_exclude_glob_filters_files stdout ----
[INFO] [stdout] 
[INFO] [stdout] thread 'ast_with_exclude_glob_filters_files' (1971) panicked at tests/cli.rs:8:32:
[INFO] [stdout] Failed to find mise binary: CargoError { cause: Some(NotFoundError { path: "/opt/rustwide/target/release/build/misec/d772c4cb4cd9ad10/out/mise" }) }
[INFO] [stdout] stack backtrace:
[INFO] [stdout]    0:     0x5eec4f833df5 - <unknown>
[INFO] [stdout]    1:     0x5eec4f8176aa - <unknown>
[INFO] [stdout]    2:     0x5eec4f83348b - <unknown>
[INFO] [stdout]    3:     0x5eec4f832f6f - <unknown>
[INFO] [stdout]    4:     0x5eec4f832b9a - <unknown>
[INFO] [stdout]    5:     0x5eec4f8326d5 - <unknown>
[INFO] [stdout]    6:     0x5eec4f859511 - <unknown>
[INFO] [stdout]    7:     0x5eec4f8594c9 - <unknown>
[INFO] [stdout]    8:     0x5eec4f8599cc - <unknown>
[INFO] [stdout]    9:     0x5eec4f81753b - <unknown>
[INFO] [stdout]   10:     0x5eec4f81a8a1 - <unknown>
[INFO] [stdout]   11:     0x5eec4f7fe913 - <unknown>
[INFO] [stdout]   12:     0x5eec4f87763b - <unknown>
[INFO] [stdout]   13:     0x5eec4f8730f0 - <unknown>
[INFO] [stdout]   14:     0x5eec4f87281c - <unknown>
[INFO] [stdout]   15:     0x5eec4f89252c - <unknown>
[INFO] [stdout]   16:     0x5eec4f85b644 - <unknown>
[INFO] [stdout]   17:     0x778e862cedfa - <unknown>
[INFO] [stdout]   18:     0x778e863623d4 - clone
[INFO] [stdout]   19:                0x0 - <unknown>
[INFO] [stdout] 
[INFO] [stdout] ---- deps_dot_format_produces_graphviz stdout ----
[INFO] [stdout] 
[INFO] [stdout] thread 'deps_dot_format_produces_graphviz' (1975) panicked at tests/cli.rs:8:32:
[INFO] [stdout] Failed to find mise binary: CargoError { cause: Some(NotFoundError { path: "/opt/rustwide/target/release/build/misec/d772c4cb4cd9ad10/out/mise" }) }
[INFO] [stdout] stack backtrace:
[INFO] [stdout]    0:     0x5eec4f833df5 - <unknown>
[INFO] [stdout]    1:     0x5eec4f8176aa - <unknown>
[INFO] [stdout]    2:     0x5eec4f83348b - <unknown>
[INFO] [stdout]    3:     0x5eec4f832f6f - <unknown>
[INFO] [stdout]    4:     0x5eec4f832b9a - <unknown>
[INFO] [stdout]    5:     0x5eec4f8326d5 - <unknown>
[INFO] [stdout]    6:     0x5eec4f859511 - <unknown>
[INFO] [stdout]    7:     0x5eec4f8594c9 - <unknown>
[INFO] [stdout]    8:     0x5eec4f8599cc - <unknown>
[INFO] [stdout]    9:     0x5eec4f81753b - <unknown>
[INFO] [stdout]   10:     0x5eec4f81a8a1 - <unknown>
[INFO] [stdout]   11:     0x5eec4f7fd741 - <unknown>
[INFO] [stdout]   12:     0x5eec4f87763b - <unknown>
[INFO] [stdout]   13:     0x5eec4f8730f0 - <unknown>
[INFO] [stdout]   14:     0x5eec4f87281c - <unknown>
[INFO] [stdout]   15:     0x5eec4f89252c - <unknown>
[INFO] [stdout]   16:     0x5eec4f85b644 - <unknown>
[INFO] [stdout]   17:     0x778e862cedfa - <unknown>
[INFO] [stdout]   18:     0x778e863623d4 - clone
[INFO] [stdout]   19:                0x0 - <unknown>
[INFO] [stdout] 
[INFO] [stdout] ---- deps_analyzes_rust_file_dependencies stdout ----
[INFO] [stdout] 
[INFO] [stdout] thread 'deps_analyzes_rust_file_dependencies' (1974) panicked at tests/cli.rs:8:32:
[INFO] [stdout] Failed to find mise binary: CargoError { cause: Some(NotFoundError { path: "/opt/rustwide/target/release/build/misec/d772c4cb4cd9ad10/out/mise" }) }
[INFO] [stdout] stack backtrace:
[INFO] [stdout]    0:     0x5eec4f833df5 - <unknown>
[INFO] [stdout]    1:     0x5eec4f8176aa - <unknown>
[INFO] [stdout]    2:     0x5eec4f83348b - <unknown>
[INFO] [stdout]    3:     0x5eec4f832f6f - <unknown>
[INFO] [stdout]    4:     0x5eec4f832b9a - <unknown>
[INFO] [stdout]    5:     0x5eec4f8326d5 - <unknown>
[INFO] [stdout]    6:     0x5eec4f859511 - <unknown>
[INFO] [stdout]    7:     0x5eec4f8594c9 - <unknown>
[INFO] [stdout]    8:     0x5eec4f8599cc - <unknown>
[INFO] [stdout]    9:     0x5eec4f81753b - <unknown>
[INFO] [stdout]   10:     0x5eec4f81a8a1 - <unknown>
[INFO] [stdout]   11:     0x5eec4f800bda - <unknown>
[INFO] [stdout]   12:     0x5eec4f87763b - <unknown>
[INFO] [stdout]   13:     0x5eec4f8730f0 - <unknown>
[INFO] [stdout]   14:     0x5eec4f87281c - <unknown>
[INFO] [stdout]   15:     0x5eec4f89252c - <unknown>
[INFO] [stdout]   16:     0x5eec4f85b644 - <unknown>
[INFO] [stdout]   17:     0x778e862cedfa - <unknown>
[INFO] [stdout]   18:     0x778e863623d4 - clone
[INFO] [stdout]   19:                0x0 - <unknown>
[INFO] [stdout] 
[INFO] [stdout] ---- deps_python_file_analysis stdout ----
[INFO] [stdout] 
[INFO] [stdout] thread 'deps_python_file_analysis' (1978) panicked at tests/cli.rs:8:32:
[INFO] [stdout] Failed to find mise binary: CargoError { cause: Some(NotFoundError { path: "/opt/rustwide/target/release/build/misec/d772c4cb4cd9ad10/out/mise" }) }
[INFO] [stdout] stack backtrace:
[INFO] [stdout]    0:     0x5eec4f833df5 - <unknown>
[INFO] [stdout]    1:     0x5eec4f8176aa - <unknown>
[INFO] [stdout]    2:     0x5eec4f83348b - <unknown>
[INFO] [stdout]    3:     0x5eec4f832f6f - <unknown>
[INFO] [stdout]    4:     0x5eec4f832b9a - <unknown>
[INFO] [stdout]    5:     0x5eec4f8326d5 - <unknown>
[INFO] [stdout]    6:     0x5eec4f859511 - <unknown>
[INFO] [stdout]    7:     0x5eec4f8594c9 - <unknown>
[INFO] [stdout]    8:     0x5eec4f8599cc - <unknown>
[INFO] [stdout]    9:     0x5eec4f81753b - <unknown>
[INFO] [stdout]   10:     0x5eec4f81a8a1 - <unknown>
[INFO] [stdout]   11:     0x5eec4f7f3ff3 - <unknown>
[INFO] [stdout]   12:     0x5eec4f87763b - <unknown>
[INFO] [stdout]   13:     0x5eec4f8730f0 - <unknown>
[INFO] [stdout]   14:     0x5eec4f87281c - <unknown>
[INFO] [stdout]   15:     0x5eec4f89252c - <unknown>
[INFO] [stdout]   16:     0x5eec4f85b644 - <unknown>
[INFO] [stdout]   17:     0x778e862cedfa - <unknown>
[INFO] [stdout]   18:     0x778e863623d4 - clone
[INFO] [stdout]   19:                0x0 - <unknown>
[INFO] [stdout] 
[INFO] [stdout] ---- deps_reverse_shows_dependents stdout ----
[INFO] [stdout] 
[INFO] [stdout] thread 'deps_reverse_shows_dependents' (1979) panicked at tests/cli.rs:8:32:
[INFO] [stdout] Failed to find mise binary: CargoError { cause: Some(NotFoundError { path: "/opt/rustwide/target/release/build/misec/d772c4cb4cd9ad10/out/mise" }) }
[INFO] [stdout] stack backtrace:
[INFO] [stdout]    0:     0x5eec4f833df5 - <unknown>
[INFO] [stdout]    1:     0x5eec4f8176aa - <unknown>
[INFO] [stdout]    2:     0x5eec4f83348b - <unknown>
[INFO] [stdout]    3:     0x5eec4f832f6f - <unknown>
[INFO] [stdout]    4:     0x5eec4f832b9a - <unknown>
[INFO] [stdout]    5:     0x5eec4f8326d5 - <unknown>
[INFO] [stdout]    6:     0x5eec4f859511 - <unknown>
[INFO] [stdout]    7:     0x5eec4f8594c9 - <unknown>
[INFO] [stdout]    8:     0x5eec4f8599cc - <unknown>
[INFO] [stdout]    9:     0x5eec4f81753b - <unknown>
[INFO] [stdout]   10:     0x5eec4f81a8a1 - <unknown>
[INFO] [stdout]   11:     0x5eec4f7f7e29 - <unknown>
[INFO] [stdout]   12:     0x5eec4f87763b - <unknown>
[INFO] [stdout]   13:     0x5eec4f8730f0 - <unknown>
[INFO] [stdout]   14:     0x5eec4f87281c - <unknown>
[INFO] [stdout]   15:     0x5eec4f89252c - <unknown>
[INFO] [stdout]   16:     0x5eec4f85b644 - <unknown>
[INFO] [stdout]   17:     0x778e862cedfa - <unknown>
[INFO] [stdout]   18:     0x778e863623d4 - clone
[INFO] [stdout]   19:                0x0 - <unknown>
[INFO] [stdout] 
[INFO] [stdout] ---- extract_returns_expected_excerpt stdout ----
[INFO] [stdout] 
[INFO] [stdout] thread 'extract_returns_expected_excerpt' (1982) panicked at tests/cli.rs:8:32:
[INFO] [stdout] Failed to find mise binary: CargoError { cause: Some(NotFoundError { path: "/opt/rustwide/target/release/build/misec/d772c4cb4cd9ad10/out/mise" }) }
[INFO] [stdout] stack backtrace:
[INFO] [stdout]    0:     0x5eec4f833df5 - <unknown>
[INFO] [stdout]    1:     0x5eec4f8176aa - <unknown>
[INFO] [stdout]    2:     0x5eec4f83348b - <unknown>
[INFO] [stdout]    3:     0x5eec4f832f6f - <unknown>
[INFO] [stdout]    4:     0x5eec4f832b9a - <unknown>
[INFO] [stdout]    5:     0x5eec4f8326d5 - <unknown>
[INFO] [stdout]    6:     0x5eec4f859511 - <unknown>
[INFO] [stdout]    7:     0x5eec4f8594c9 - <unknown>
[INFO] [stdout]    8:     0x5eec4f8599cc - <unknown>
[INFO] [stdout]    9:     0x5eec4f81753b - <unknown>
[INFO] [stdout]   10:     0x5eec4f81a8a1 - <unknown>
[INFO] [stdout]   11:     0x5eec4f7fb8e2 - <unknown>
[INFO] [stdout]   12:     0x5eec4f87763b - <unknown>
[INFO] [stdout]   13:     0x5eec4f8730f0 - <unknown>
[INFO] [stdout]   14:     0x5eec4f87281c - <unknown>
[INFO] [stdout]   15:     0x5eec4f89252c - <unknown>
[INFO] [stdout]   16:     0x5eec4f85b644 - <unknown>
[INFO] [stdout]   17:     0x778e862cedfa - <unknown>
[INFO] [stdout]   18:     0x778e863623d4 - clone
[INFO] [stdout]   19:                0x0 - <unknown>
[INFO] [stdout] 
[INFO] [stdout] ---- deps_table_format_works stdout ----
[INFO] [stdout] 
[INFO] [stdout] thread 'deps_table_format_works' (1980) panicked at tests/cli.rs:8:32:
[INFO] [stdout] Failed to find mise binary: CargoError { cause: Some(NotFoundError { path: "/opt/rustwide/target/release/build/misec/d772c4cb4cd9ad10/out/mise" }) }
[INFO] [stdout] stack backtrace:
[INFO] [stdout]    0:     0x5eec4f833df5 - <unknown>
[INFO] [stdout]    1:     0x5eec4f8176aa - <unknown>
[INFO] [stdout]    2:     0x5eec4f83348b - <unknown>
[INFO] [stdout]    3:     0x5eec4f832f6f - <unknown>
[INFO] [stdout]    4:     0x5eec4f832b9a - <unknown>
[INFO] [stdout]    5:     0x5eec4f8326d5 - <unknown>
[INFO] [stdout]    6:     0x5eec4f859511 - <unknown>
[INFO] [stdout]    7:     0x5eec4f8594c9 - <unknown>
[INFO] [stdout]    8:     0x5eec4f8599cc - <unknown>
[INFO] [stdout]    9:     0x5eec4f81753b - <unknown>
[INFO] [stdout]   10:     0x5eec4f81a8a1 - <unknown>
[INFO] [stdout]   11:     0x5eec4f7f210b - <unknown>
[INFO] [stdout]   12:     0x5eec4f87763b - <unknown>
[INFO] [stdout]   13:     0x5eec4f8730f0 - <unknown>
[INFO] [stdout]   14:     0x5eec4f87281c - <unknown>
[INFO] [stdout]   15:     0x5eec4f89252c - <unknown>
[INFO] [stdout]   16:     0x5eec4f85b644 - <unknown>
[INFO] [stdout]   17:     0x778e862cedfa - <unknown>
[INFO] [stdout]   18:     0x778e863623d4 - clone
[INFO] [stdout]   19:                0x0 - <unknown>
[INFO] [stdout] 
[INFO] [stdout] ---- deps_typescript_file_analysis stdout ----
[INFO] [stdout] 
[INFO] [stdout] thread 'deps_typescript_file_analysis' (1981) panicked at tests/cli.rs:8:32:
[INFO] [stdout] Failed to find mise binary: CargoError { cause: Some(NotFoundError { path: "/opt/rustwide/target/release/build/misec/d772c4cb4cd9ad10/out/mise" }) }
[INFO] [stdout] stack backtrace:
[INFO] [stdout]    0:     0x5eec4f833df5 - <unknown>
[INFO] [stdout]    1:     0x5eec4f8176aa - <unknown>
[INFO] [stdout]    2:     0x5eec4f83348b - <unknown>
[INFO] [stdout]    3:     0x5eec4f832f6f - <unknown>
[INFO] [stdout]    4:     0x5eec4f832b9a - <unknown>
[INFO] [stdout]    5:     0x5eec4f8326d5 - <unknown>
[INFO] [stdout]    6:     0x5eec4f859511 - <unknown>
[INFO] [stdout]    7:     0x5eec4f8594c9 - <unknown>
[INFO] [stdout]    8:     0x5eec4f8599cc - <unknown>
[INFO] [stdout]    9:     0x5eec4f81753b - <unknown>
[INFO] [stdout]   10:     0x5eec4f81a8a1 - <unknown>
[INFO] [stdout]   11:     0x5eec4f7f8343 - <unknown>
[INFO] [stdout]   12:     0x5eec4f87763b - <unknown>
[INFO] [stdout]   13:     0x5eec4f8730f0 - <unknown>
[INFO] [stdout]   14:     0x5eec4f87281c - <unknown>
[INFO] [stdout]   15:     0x5eec4f89252c - <unknown>
[INFO] [stdout]   16:     0x5eec4f85b644 - <unknown>
[INFO] [stdout]   17:     0x778e862cedfa - <unknown>
[INFO] [stdout]   18:     0x778e863623d4 - clone
[INFO] [stdout]   19:                0x0 - <unknown>
[INFO] [stdout] 
[INFO] [stdout] ---- match_with_context_shows_surrounding_lines stdout ----
[INFO] [stdout] 
[INFO] [stdout] thread 'match_with_context_shows_surrounding_lines' (1990) panicked at tests/cli.rs:8:32:
[INFO] [stdout] Failed to find mise binary: CargoError { cause: Some(NotFoundError { path: "/opt/rustwide/target/release/build/misec/d772c4cb4cd9ad10/out/mise" }) }
[INFO] [stdout] stack backtrace:
[INFO] [stdout]    0:     0x5eec4f833df5 - <unknown>
[INFO] [stdout]    1:     0x5eec4f8176aa - <unknown>
[INFO] [stdout]    2:     0x5eec4f83348b - <unknown>
[INFO] [stdout]    3:     0x5eec4f832f6f - <unknown>
[INFO] [stdout]    4:     0x5eec4f832b9a - <unknown>
[INFO] [stdout]    5:     0x5eec4f8326d5 - <unknown>
[INFO] [stdout]    6:     0x5eec4f859511 - <unknown>
[INFO] [stdout]    7:     0x5eec4f8594c9 - <unknown>
[INFO] [stdout]    8:     0x5eec4f8599cc - <unknown>
[INFO] [stdout]    9:     0x5eec4f81753b - <unknown>
[INFO] [stdout]   10:     0x5eec4f81a8a1 - <unknown>
[INFO] [stdout]   11:     0x5eec4f804354 - <unknown>
[INFO] [stdout]   12:     0x5eec4f87763b - <unknown>
[INFO] [stdout]   13:     0x5eec4f8730f0 - <unknown>
[INFO] [stdout]   14:     0x5eec4f87281c - <unknown>
[INFO] [stdout]   15:     0x5eec4f89252c - <unknown>
[INFO] [stdout]   16:     0x5eec4f85b644 - <unknown>
[INFO] [stdout]   17:     0x778e862cedfa - <unknown>
[INFO] [stdout]   18:     0x778e863623d4 - clone
[INFO] [stdout]   19:                0x0 - <unknown>
[INFO] [stdout] 
[INFO] [stdout] ---- match_with_ignore_case_finds_case_variants stdout ----
[INFO] [stdout] 
[INFO] [stdout] thread 'match_with_ignore_case_finds_case_variants' (1999) panicked at tests/cli.rs:8:32:
[INFO] [stdout] Failed to find mise binary: CargoError { cause: Some(NotFoundError { path: "/opt/rustwide/target/release/build/misec/d772c4cb4cd9ad10/out/mise" }) }
[INFO] [stdout] stack backtrace:
[INFO] [stdout]    0:     0x5eec4f833df5 - <unknown>
[INFO] [stdout]    1:     0x5eec4f8176aa - <unknown>
[INFO] [stdout]    2:     0x5eec4f83348b - <unknown>
[INFO] [stdout]    3:     0x5eec4f832f6f - <unknown>
[INFO] [stdout]    4:     0x5eec4f832b9a - <unknown>
[INFO] [stdout]    5:     0x5eec4f8326d5 - <unknown>
[INFO] [stdout]    6:     0x5eec4f859511 - <unknown>
[INFO] [stdout]    7:     0x5eec4f8594c9 - <unknown>
[INFO] [stdout]    8:     0x5eec4f8599cc - <unknown>
[INFO] [stdout]    9:     0x5eec4f81753b - <unknown>
[INFO] [stdout]   10:     0x5eec4f81a8a1 - <unknown>
[INFO] [stdout]   11:     0x5eec4f804987 - <unknown>
[INFO] [stdout]   12:     0x5eec4f87763b - <unknown>
[INFO] [stdout]   13:     0x5eec4f8730f0 - <unknown>
[INFO] [stdout]   14:     0x5eec4f87281c - <unknown>
[INFO] [stdout]   15:     0x5eec4f89252c - <unknown>
[INFO] [stdout]   16:     0x5eec4f85b644 - <unknown>
[INFO] [stdout]   17:     0x778e862cedfa - <unknown>
[INFO] [stdout]   18:     0x778e863623d4 - clone
[INFO] [stdout]   19:                0x0 - <unknown>
[INFO] [stdout] 
[INFO] [stdout] ---- match_with_count_returns_count_only stdout ----
[INFO] [stdout] 
[INFO] [stdout] thread 'match_with_count_returns_count_only' (1996) panicked at tests/cli.rs:8:32:
[INFO] [stdout] Failed to find mise binary: CargoError { cause: Some(NotFoundError { path: "/opt/rustwide/target/release/build/misec/d772c4cb4cd9ad10/out/mise" }) }
[INFO] [stdout] stack backtrace:
[INFO] [stdout]    0:     0x5eec4f833df5 - <unknown>
[INFO] [stdout]    1:     0x5eec4f8176aa - <unknown>
[INFO] [stdout]    2:     0x5eec4f83348b - <unknown>
[INFO] [stdout]    3:     0x5eec4f832f6f - <unknown>
[INFO] [stdout]    4:     0x5eec4f832b9a - <unknown>
[INFO] [stdout]    5:     0x5eec4f8326d5 - <unknown>
[INFO] [stdout]    6:     0x5eec4f859511 - <unknown>
[INFO] [stdout]    7:     0x5eec4f8594c9 - <unknown>
[INFO] [stdout]    8:     0x5eec4f8599cc - <unknown>
[INFO] [stdout]    9:     0x5eec4f81753b - <unknown>
[INFO] [stdout]   10:     0x5eec4f81a8a1 - <unknown>
[INFO] [stdout]   11:     0x5eec4f7ff892 - <unknown>
[INFO] [stdout]   12:     0x5eec4f87763b - <unknown>
[INFO] [stdout]   13:     0x5eec4f8730f0 - <unknown>
[INFO] [stdout]   14:     0x5eec4f87281c - <unknown>
[INFO] [stdout]   15:     0x5eec4f89252c - <unknown>
[INFO] [stdout]   16:     0x5eec4f85b644 - <unknown>
[INFO] [stdout]   17:     0x778e862cedfa - <unknown>
[INFO] [stdout]   18:     0x778e863623d4 - clone
[INFO] [stdout]   19:                0x0 - <unknown>
[INFO] [stdout] 
[INFO] [stdout] ---- match_with_include_glob_filters_files stdout ----
[INFO] [stdout] 
[INFO] [stdout] thread 'match_with_include_glob_filters_files' (2001) panicked at tests/cli.rs:8:32:
[INFO] [stdout] Failed to find mise binary: CargoError { cause: Some(NotFoundError { path: "/opt/rustwide/target/release/build/misec/d772c4cb4cd9ad10/out/mise" }) }
[INFO] [stdout] stack backtrace:
[INFO] [stdout]    0:     0x5eec4f833df5 - <unknown>
[INFO] [stdout]    1:     0x5eec4f8176aa - <unknown>
[INFO] [stdout]    2:     0x5eec4f83348b - <unknown>
[INFO] [stdout]    3:     0x5eec4f832f6f - <unknown>
[INFO] [stdout]    4:     0x5eec4f832b9a - <unknown>
[INFO] [stdout]    5:     0x5eec4f8326d5 - <unknown>
[INFO] [stdout]    6:     0x5eec4f859511 - <unknown>
[INFO] [stdout]    7:     0x5eec4f8594c9 - <unknown>
[INFO] [stdout]    8:     0x5eec4f8599cc - <unknown>
[INFO] [stdout]    9:     0x5eec4f81753b - <unknown>
[INFO] [stdout]   10:     0x5eec4f81a8a1 - <unknown>
[INFO] [stdout]   11:     0x5eec4f803e53 - <unknown>
[INFO] [stdout]   12:     0x5eec4f87763b - <unknown>
[INFO] [stdout]   13:     0x5eec4f8730f0 - <unknown>
[INFO] [stdout]   14:     0x5eec4f87281c - <unknown>
[INFO] [stdout]   15:     0x5eec4f89252c - <unknown>
[INFO] [stdout]   16:     0x5eec4f85b644 - <unknown>
[INFO] [stdout]   17:     0x778e862cedfa - <unknown>
[INFO] [stdout]   18:     0x778e863623d4 - clone
[INFO] [stdout]   19:                0x0 - <unknown>
[INFO] [stdout] 
[INFO] [stdout] ---- match_with_exclude_glob_filters_files stdout ----
[INFO] [stdout] 
[INFO] [stdout] thread 'match_with_exclude_glob_filters_files' (1998) panicked at tests/cli.rs:8:32:
[INFO] [stdout] Failed to find mise binary: CargoError { cause: Some(NotFoundError { path: "/opt/rustwide/target/release/build/misec/d772c4cb4cd9ad10/out/mise" }) }
[INFO] [stdout] stack backtrace:
[INFO] [stdout]    0:     0x5eec4f833df5 - <unknown>
[INFO] [stdout]    1:     0x5eec4f8176aa - <unknown>
[INFO] [stdout]    2:     0x5eec4f83348b - <unknown>
[INFO] [stdout]    3:     0x5eec4f832f6f - <unknown>
[INFO] [stdout]    4:     0x5eec4f832b9a - <unknown>
[INFO] [stdout]    5:     0x5eec4f8326d5 - <unknown>
[INFO] [stdout]    6:     0x5eec4f859511 - <unknown>
[INFO] [stdout]    7:     0x5eec4f8594c9 - <unknown>
[INFO] [stdout]    8:     0x5eec4f8599cc - <unknown>
[INFO] [stdout]    9:     0x5eec4f81753b - <unknown>
[INFO] [stdout]   10:     0x5eec4f81a8a1 - <unknown>
[INFO] [stdout]   11:     0x5eec4f8035d3 - <unknown>
[INFO] [stdout]   12:     0x5eec4f87763b - <unknown>
[INFO] [stdout]   13:     0x5eec4f8730f0 - <unknown>
[INFO] [stdout]   14:     0x5eec4f87281c - <unknown>
[INFO] [stdout]   15:     0x5eec4f89252c - <unknown>
[INFO] [stdout]   16:     0x5eec4f85b644 - <unknown>
[INFO] [stdout]   17:     0x778e862cedfa - <unknown>
[INFO] [stdout]   18:     0x778e863623d4 - clone
[INFO] [stdout]   19:                0x0 - <unknown>
[INFO] [stdout] 
[INFO] [stdout] ---- match_with_max_count_limits_results stdout ----
[INFO] [stdout] 
[INFO] [stdout] thread 'match_with_max_count_limits_results' (2003) panicked at tests/cli.rs:8:32:
[INFO] [stdout] Failed to find mise binary: CargoError { cause: Some(NotFoundError { path: "/opt/rustwide/target/release/build/misec/d772c4cb4cd9ad10/out/mise" }) }
[INFO] [stdout] stack backtrace:
[INFO] [stdout]    0:     0x5eec4f833df5 - <unknown>
[INFO] [stdout]    1:     0x5eec4f8176aa - <unknown>
[INFO] [stdout]    2:     0x5eec4f83348b - <unknown>
[INFO] [stdout]    3:     0x5eec4f832f6f - <unknown>
[INFO] [stdout]    4:     0x5eec4f832b9a - <unknown>
[INFO] [stdout]    5:     0x5eec4f8326d5 - <unknown>
[INFO] [stdout]    6:     0x5eec4f859511 - <unknown>
[INFO] [stdout]    7:     0x5eec4f8594c9 - <unknown>
[INFO] [stdout]    8:     0x5eec4f8599cc - <unknown>
[INFO] [stdout]    9:     0x5eec4f81753b - <unknown>
[INFO] [stdout]   10:     0x5eec4f81a8a1 - <unknown>
[INFO] [stdout]   11:     0x5eec4f7fffb6 - <unknown>
[INFO] [stdout]   12:     0x5eec4f87763b - <unknown>
[INFO] [stdout]   13:     0x5eec4f8730f0 - <unknown>
[INFO] [stdout]   14:     0x5eec4f87281c - <unknown>
[INFO] [stdout]   15:     0x5eec4f89252c - <unknown>
[INFO] [stdout]   16:     0x5eec4f85b644 - <unknown>
[INFO] [stdout]   17:     0x778e862cedfa - <unknown>
[INFO] [stdout]   18:     0x778e863623d4 - clone
[INFO] [stdout]   19:                0x0 - <unknown>
[INFO] [stdout] 
[INFO] [stdout] ---- match_with_word_regexp_matches_whole_words stdout ----
[INFO] [stdout] 
[INFO] [stdout] thread 'match_with_word_regexp_matches_whole_words' (2005) panicked at tests/cli.rs:8:32:
[INFO] [stdout] Failed to find mise binary: CargoError { cause: Some(NotFoundError { path: "/opt/rustwide/target/release/build/misec/d772c4cb4cd9ad10/out/mise" }) }
[INFO] [stdout] stack backtrace:
[INFO] [stdout]    0:     0x5eec4f833df5 - <unknown>
[INFO] [stdout]    1:     0x5eec4f8176aa - <unknown>
[INFO] [stdout]    2:     0x5eec4f83348b - <unknown>
[INFO] [stdout]    3:     0x5eec4f832f6f - <unknown>
[INFO] [stdout]    4:     0x5eec4f832b9a - <unknown>
[INFO] [stdout]    5:     0x5eec4f8326d5 - <unknown>
[INFO] [stdout]    6:     0x5eec4f859511 - <unknown>
[INFO] [stdout]    7:     0x5eec4f8594c9 - <unknown>
[INFO] [stdout]    8:     0x5eec4f8599cc - <unknown>
[INFO] [stdout]    9:     0x5eec4f81753b - <unknown>
[INFO] [stdout]   10:     0x5eec4f81a8a1 - <unknown>
[INFO] [stdout]   11:     0x5eec4f8053fd - <unknown>
[INFO] [stdout]   12:     0x5eec4f87763b - <unknown>
[INFO] [stdout]   13:     0x5eec4f8730f0 - <unknown>
[INFO] [stdout]   14:     0x5eec4f87281c - <unknown>
[INFO] [stdout]   15:     0x5eec4f89252c - <unknown>
[INFO] [stdout]   16:     0x5eec4f85b644 - <unknown>
[INFO] [stdout]   17:     0x778e862cedfa - <unknown>
[INFO] [stdout]   18:     0x778e863623d4 - clone
[INFO] [stdout]   19:                0x0 - <unknown>
[INFO] [stdout] 
[INFO] [stdout] ---- outline_returns_markdown_output stdout ----
[INFO] [stdout] 
[INFO] [stdout] thread 'outline_returns_markdown_output' (2011) panicked at tests/cli.rs:8:32:
[INFO] [stdout] Failed to find mise binary: CargoError { cause: Some(NotFoundError { path: "/opt/rustwide/target/release/build/misec/d772c4cb4cd9ad10/out/mise" }) }
[INFO] [stdout] stack backtrace:
[INFO] [stdout]    0:     0x5eec4f833df5 - <unknown>
[INFO] [stdout]    1:     0x5eec4f8176aa - <unknown>
[INFO] [stdout]    2:     0x5eec4f83348b - <unknown>
[INFO] [stdout]    3:     0x5eec4f832f6f - <unknown>
[INFO] [stdout]    4:     0x5eec4f832b9a - <unknown>
[INFO] [stdout]    5:     0x5eec4f8326d5 - <unknown>
[INFO] [stdout]    6:     0x5eec4f859511 - <unknown>
[INFO] [stdout]    7:     0x5eec4f8594c9 - <unknown>
[INFO] [stdout]    8:     0x5eec4f8599cc - <unknown>
[INFO] [stdout]    9:     0x5eec4f81753b - <unknown>
[INFO] [stdout]   10:     0x5eec4f81a8a1 - <unknown>
[INFO] [stdout]   11:     0x5eec4f7faa0b - <unknown>
[INFO] [stdout]   12:     0x5eec4f87763b - <unknown>
[INFO] [stdout]   13:     0x5eec4f8730f0 - <unknown>
[INFO] [stdout]   14:     0x5eec4f87281c - <unknown>
[INFO] [stdout]   15:     0x5eec4f89252c - <unknown>
[INFO] [stdout]   16:     0x5eec4f85b644 - <unknown>
[INFO] [stdout]   17:     0x778e862cedfa - <unknown>
[INFO] [stdout]   18:     0x778e863623d4 - clone
[INFO] [stdout]   19:                0x0 - <unknown>
[INFO] [stdout] 
[INFO] [stdout] ---- outline_tag_filter_works stdout ----
[INFO] [stdout] 
[INFO] [stdout] thread 'outline_tag_filter_works' (2012) panicked at tests/cli.rs:8:32:
[INFO] [stdout] Failed to find mise binary: CargoError { cause: Some(NotFoundError { path: "/opt/rustwide/target/release/build/misec/d772c4cb4cd9ad10/out/mise" }) }
[INFO] [stdout] stack backtrace:
[INFO] [stdout]    0:     0x5eec4f833df5 - <unknown>
[INFO] [stdout]    1:     0x5eec4f8176aa - <unknown>
[INFO] [stdout]    2:     0x5eec4f83348b - <unknown>
[INFO] [stdout]    3:     0x5eec4f832f6f - <unknown>
[INFO] [stdout]    4:     0x5eec4f832b9a - <unknown>
[INFO] [stdout]    5:     0x5eec4f8326d5 - <unknown>
[INFO] [stdout]    6:     0x5eec4f859511 - <unknown>
[INFO] [stdout]    7:     0x5eec4f8594c9 - <unknown>
[INFO] [stdout]    8:     0x5eec4f8599cc - <unknown>
[INFO] [stdout]    9:     0x5eec4f81753b - <unknown>
[INFO] [stdout]   10:     0x5eec4f81a8a1 - <unknown>
[INFO] [stdout]   11:     0x5eec4f7f3489 - <unknown>
[INFO] [stdout]   12:     0x5eec4f87763b - <unknown>
[INFO] [stdout]   13:     0x5eec4f8730f0 - <unknown>
[INFO] [stdout]   14:     0x5eec4f87281c - <unknown>
[INFO] [stdout]   15:     0x5eec4f89252c - <unknown>
[INFO] [stdout]   16:     0x5eec4f85b644 - <unknown>
[INFO] [stdout]   17:     0x778e862cedfa - <unknown>
[INFO] [stdout]   18:     0x778e863623d4 - clone
[INFO] [stdout]   19:                0x0 - <unknown>
[INFO] [stdout] 
[INFO] [stdout] ---- outline_json_format_works stdout ----
[INFO] [stdout] 
[INFO] [stdout] thread 'outline_json_format_works' (2010) panicked at tests/cli.rs:8:32:
[INFO] [stdout] Failed to find mise binary: CargoError { cause: Some(NotFoundError { path: "/opt/rustwide/target/release/build/misec/d772c4cb4cd9ad10/out/mise" }) }
[INFO] [stdout] stack backtrace:
[INFO] [stdout]    0:     0x5eec4f833df5 - <unknown>
[INFO] [stdout]    1:     0x5eec4f8176aa - <unknown>
[INFO] [stdout]    2:     0x5eec4f83348b - <unknown>
[INFO] [stdout]    3:     0x5eec4f832f6f - <unknown>
[INFO] [stdout]    4:     0x5eec4f832b9a - <unknown>
[INFO] [stdout]    5:     0x5eec4f8326d5 - <unknown>
[INFO] [stdout]    6:     0x5eec4f859511 - <unknown>
[INFO] [stdout]    7:     0x5eec4f8594c9 - <unknown>
[INFO] [stdout]    8:     0x5eec4f8599cc - <unknown>
[INFO] [stdout]    9:     0x5eec4f81753b - <unknown>
[INFO] [stdout]   10:     0x5eec4f81a8a1 - <unknown>
[INFO] [stdout]   11:     0x5eec4f7f52aa - <unknown>
[INFO] [stdout]   12:     0x5eec4f87763b - <unknown>
[INFO] [stdout]   13:     0x5eec4f8730f0 - <unknown>
[INFO] [stdout]   14:     0x5eec4f87281c - <unknown>
[INFO] [stdout]   15:     0x5eec4f89252c - <unknown>
[INFO] [stdout]   16:     0x5eec4f85b644 - <unknown>
[INFO] [stdout]   17:     0x778e862cedfa - <unknown>
[INFO] [stdout]   18:     0x778e863623d4 - clone
[INFO] [stdout]   19:                0x0 - <unknown>
[INFO] [stdout] 
[INFO] [stdout] ---- outline_tree_format_works stdout ----
[INFO] [stdout] 
[INFO] [stdout] thread 'outline_tree_format_works' (2013) panicked at tests/cli.rs:8:32:
[INFO] [stdout] Failed to find mise binary: CargoError { cause: Some(NotFoundError { path: "/opt/rustwide/target/release/build/misec/d772c4cb4cd9ad10/out/mise" }) }
[INFO] [stdout] stack backtrace:
[INFO] [stdout]    0:     0x5eec4f833df5 - <unknown>
[INFO] [stdout]    1:     0x5eec4f8176aa - <unknown>
[INFO] [stdout]    2:     0x5eec4f83348b - <unknown>
[INFO] [stdout]    3:     0x5eec4f832f6f - <unknown>
[INFO] [stdout]    4:     0x5eec4f832b9a - <unknown>
[INFO] [stdout]    5:     0x5eec4f8326d5 - <unknown>
[INFO] [stdout]    6:     0x5eec4f859511 - <unknown>
[INFO] [stdout]    7:     0x5eec4f8594c9 - <unknown>
[INFO] [stdout]    8:     0x5eec4f8599cc - <unknown>
[INFO] [stdout]    9:     0x5eec4f81753b - <unknown>
[INFO] [stdout]   10:     0x5eec4f81a8a1 - <unknown>
[INFO] [stdout]   11:     0x5eec4f7f57ed - <unknown>
[INFO] [stdout]   12:     0x5eec4f87763b - <unknown>
[INFO] [stdout]   13:     0x5eec4f8730f0 - <unknown>
[INFO] [stdout]   14:     0x5eec4f87281c - <unknown>
[INFO] [stdout]   15:     0x5eec4f89252c - <unknown>
[INFO] [stdout]   16:     0x5eec4f85b644 - <unknown>
[INFO] [stdout]   17:     0x778e862cedfa - <unknown>
[INFO] [stdout]   18:     0x778e863623d4 - clone
[INFO] [stdout]   19:                0x0 - <unknown>
[INFO] [stdout] 
[INFO] [stdout] ---- pack_empty_selection_returns_empty stdout ----
[INFO] [stdout] 
[INFO] [stdout] thread 'pack_empty_selection_returns_empty' (2017) panicked at tests/cli.rs:8:32:
[INFO] [stdout] Failed to find mise binary: CargoError { cause: Some(NotFoundError { path: "/opt/rustwide/target/release/build/misec/d772c4cb4cd9ad10/out/mise" }) }
[INFO] [stdout] stack backtrace:
[INFO] [stdout]    0:     0x5eec4f833df5 - <unknown>
[INFO] [stdout]    1:     0x5eec4f8176aa - <unknown>
[INFO] [stdout]    2:     0x5eec4f83348b - <unknown>
[INFO] [stdout]    3:     0x5eec4f832f6f - <unknown>
[INFO] [stdout]    4:     0x5eec4f832b9a - <unknown>
[INFO] [stdout]    5:     0x5eec4f8326d5 - <unknown>
[INFO] [stdout]    6:     0x5eec4f859511 - <unknown>
[INFO] [stdout]    7:     0x5eec4f8594c9 - <unknown>
[INFO] [stdout]    8:     0x5eec4f8599cc - <unknown>
[INFO] [stdout]    9:     0x5eec4f81753b - <unknown>
[INFO] [stdout]   10:     0x5eec4f81a8a1 - <unknown>
[INFO] [stdout]   11:     0x5eec4f7fdb80 - <unknown>
[INFO] [stdout]   12:     0x5eec4f87763b - <unknown>
[INFO] [stdout]   13:     0x5eec4f8730f0 - <unknown>
[INFO] [stdout]   14:     0x5eec4f87281c - <unknown>
[INFO] [stdout]   15:     0x5eec4f89252c - <unknown>
[INFO] [stdout]   16:     0x5eec4f85b644 - <unknown>
[INFO] [stdout]   17:     0x778e862cedfa - <unknown>
[INFO] [stdout]   18:     0x778e863623d4 - clone
[INFO] [stdout]   19:                0x0 - <unknown>
[INFO] [stdout] 
[INFO] [stdout] ---- pack_files_returns_valid_jsonl stdout ----
[INFO] [stdout] 
[INFO] [stdout] thread 'pack_files_returns_valid_jsonl' (2018) panicked at tests/cli.rs:8:32:
[INFO] [stdout] Failed to find mise binary: CargoError { cause: Some(NotFoundError { path: "/opt/rustwide/target/release/build/misec/d772c4cb4cd9ad10/out/mise" }) }
[INFO] [stdout] stack backtrace:
[INFO] [stdout]    0:     0x5eec4f833df5 - <unknown>
[INFO] [stdout]    1:     0x5eec4f8176aa - <unknown>
[INFO] [stdout]    2:     0x5eec4f83348b - <unknown>
[INFO] [stdout]    3:     0x5eec4f832f6f - <unknown>
[INFO] [stdout]    4:     0x5eec4f832b9a - <unknown>
[INFO] [stdout]    5:     0x5eec4f8326d5 - <unknown>
[INFO] [stdout]    6:     0x5eec4f859511 - <unknown>
[INFO] [stdout]    7:     0x5eec4f8594c9 - <unknown>
[INFO] [stdout]    8:     0x5eec4f8599cc - <unknown>
[INFO] [stdout]    9:     0x5eec4f81753b - <unknown>
[INFO] [stdout]   10:     0x5eec4f81a8a1 - <unknown>
[INFO] [stdout]   11:     0x5eec4f7f8ea1 - <unknown>
[INFO] [stdout]   12:     0x5eec4f87763b - <unknown>
[INFO] [stdout]   13:     0x5eec4f8730f0 - <unknown>
[INFO] [stdout]   14:     0x5eec4f87281c - <unknown>
[INFO] [stdout]   15:     0x5eec4f89252c - <unknown>
[INFO] [stdout]   16:     0x5eec4f85b644 - <unknown>
[INFO] [stdout]   17:     0x778e862cedfa - <unknown>
[INFO] [stdout]   18:     0x778e863623d4 - clone
[INFO] [stdout]   19:                0x0 - <unknown>
[INFO] [stdout] 
[INFO] [stdout] ---- pack_with_max_tokens_truncates stdout ----
[INFO] [stdout] 
[INFO] [stdout] thread 'pack_with_max_tokens_truncates' (2025) panicked at tests/cli.rs:8:32:
[INFO] [stdout] Failed to find mise binary: CargoError { cause: Some(NotFoundError { path: "/opt/rustwide/target/release/build/misec/d772c4cb4cd9ad10/out/mise" }) }
[INFO] [stdout] stack backtrace:
[INFO] [stdout]    0:     0x5eec4f833df5 - <unknown>
[INFO] [stdout]    1:     0x5eec4f8176aa - <unknown>
[INFO] [stdout]    2:     0x5eec4f83348b - <unknown>
[INFO] [stdout]    3:     0x5eec4f832f6f - <unknown>
[INFO] [stdout]    4:     0x5eec4f832b9a - <unknown>
[INFO] [stdout]    5:     0x5eec4f8326d5 - <unknown>
[INFO] [stdout]    6:     0x5eec4f859511 - <unknown>
[INFO] [stdout]    7:     0x5eec4f8594c9 - <unknown>
[INFO] [stdout]    8:     0x5eec4f8599cc - <unknown>
[INFO] [stdout]    9:     0x5eec4f81753b - <unknown>
[INFO] [stdout]   10:     0x5eec4f81a8a1 - <unknown>
[INFO] [stdout]   11:     0x5eec4f7f96b1 - <unknown>
[INFO] [stdout]   12:     0x5eec4f87763b - <unknown>
[INFO] [stdout]   13:     0x5eec4f8730f0 - <unknown>
[INFO] [stdout]   14:     0x5eec4f87281c - <unknown>
[INFO] [stdout]   15:     0x5eec4f89252c - <unknown>
[INFO] [stdout]   16:     0x5eec4f85b644 - <unknown>
[INFO] [stdout]   17:     0x778e862cedfa - <unknown>
[INFO] [stdout]   18:     0x778e863623d4 - clone
[INFO] [stdout]   19:                0x0 - <unknown>
[INFO] [stdout] 
[INFO] [stdout] ---- pack_with_stats_outputs_statistics stdout ----
[INFO] [stdout] 
[INFO] [stdout] thread 'pack_with_stats_outputs_statistics' (2026) panicked at tests/cli.rs:8:32:
[INFO] [stdout] Failed to find mise binary: CargoError { cause: Some(NotFoundError { path: "/opt/rustwide/target/release/build/misec/d772c4cb4cd9ad10/out/mise" }) }
[INFO] [stdout] stack backtrace:
[INFO] [stdout]    0:     0x5eec4f833df5 - <unknown>
[INFO] [stdout]    1:     0x5eec4f8176aa - <unknown>
[INFO] [stdout]    2:     0x5eec4f83348b - <unknown>
[INFO] [stdout]    3:     0x5eec4f832f6f - <unknown>
[INFO] [stdout]    4:     0x5eec4f832b9a - <unknown>
[INFO] [stdout]    5:     0x5eec4f8326d5 - <unknown>
[INFO] [stdout]    6:     0x5eec4f859511 - <unknown>
[INFO] [stdout]    7:     0x5eec4f8594c9 - <unknown>
[INFO] [stdout]    8:     0x5eec4f8599cc - <unknown>
[INFO] [stdout]    9:     0x5eec4f81753b - <unknown>
[INFO] [stdout]   10:     0x5eec4f81a8a1 - <unknown>
[INFO] [stdout]   11:     0x5eec4f7fe0d1 - <unknown>
[INFO] [stdout]   12:     0x5eec4f87763b - <unknown>
[INFO] [stdout]   13:     0x5eec4f8730f0 - <unknown>
[INFO] [stdout]   14:     0x5eec4f87281c - <unknown>
[INFO] [stdout]   15:     0x5eec4f89252c - <unknown>
[INFO] [stdout]   16:     0x5eec4f85b644 - <unknown>
[INFO] [stdout]   17:     0x778e862cedfa - <unknown>
[INFO] [stdout]   18:     0x778e863623d4 - clone
[INFO] [stdout]   19:                0x0 - <unknown>
[INFO] [stdout] 
[INFO] [stdout] ---- scan_lists_files_in_stable_order stdout ----
[INFO] [stdout] 
[INFO] [stdout] thread 'scan_lists_files_in_stable_order' (2027) panicked at tests/cli.rs:8:32:
[INFO] [stdout] Failed to find mise binary: CargoError { cause: Some(NotFoundError { path: "/opt/rustwide/target/release/build/misec/d772c4cb4cd9ad10/out/mise" }) }
[INFO] [stdout] stack backtrace:
[INFO] [stdout]    0:     0x5eec4f833df5 - <unknown>
[INFO] [stdout]    1:     0x5eec4f8176aa - <unknown>
[INFO] [stdout]    2:     0x5eec4f83348b - <unknown>
[INFO] [stdout]    3:     0x5eec4f832f6f - <unknown>
[INFO] [stdout]    4:     0x5eec4f832b9a - <unknown>
[INFO] [stdout]    5:     0x5eec4f8326d5 - <unknown>
[INFO] [stdout]    6:     0x5eec4f859511 - <unknown>
[INFO] [stdout]    7:     0x5eec4f8594c9 - <unknown>
[INFO] [stdout]    8:     0x5eec4f8599cc - <unknown>
[INFO] [stdout]    9:     0x5eec4f81753b - <unknown>
[INFO] [stdout]   10:     0x5eec4f81a8a1 - <unknown>
[INFO] [stdout]   11:     0x5eec4f7fd147 - <unknown>
[INFO] [stdout]   12:     0x5eec4f87763b - <unknown>
[INFO] [stdout]   13:     0x5eec4f8730f0 - <unknown>
[INFO] [stdout]   14:     0x5eec4f87281c - <unknown>
[INFO] [stdout]   15:     0x5eec4f89252c - <unknown>
[INFO] [stdout]   16:     0x5eec4f85b644 - <unknown>
[INFO] [stdout]   17:     0x778e862cedfa - <unknown>
[INFO] [stdout]   18:     0x778e863623d4 - clone
[INFO] [stdout]   19:                0x0 - <unknown>
[INFO] [stdout] 
[INFO] [stdout] ---- scan_with_exclude_glob_filters_files stdout ----
[INFO] [stdout] 
[INFO] [stdout] thread 'scan_with_exclude_glob_filters_files' (2028) panicked at tests/cli.rs:8:32:
[INFO] [stdout] Failed to find mise binary: CargoError { cause: Some(NotFoundError { path: "/opt/rustwide/target/release/build/misec/d772c4cb4cd9ad10/out/mise" }) }
[INFO] [stdout] stack backtrace:
[INFO] [stdout]    0:     0x5eec4f833df5 - <unknown>
[INFO] [stdout]    1:     0x5eec4f8176aa - <unknown>
[INFO] [stdout]    2:     0x5eec4f83348b - <unknown>
[INFO] [stdout]    3:     0x5eec4f832f6f - <unknown>
[INFO] [stdout]    4:     0x5eec4f832b9a - <unknown>
[INFO] [stdout]    5:     0x5eec4f8326d5 - <unknown>
[INFO] [stdout]    6:     0x5eec4f859511 - <unknown>
[INFO] [stdout]    7:     0x5eec4f8594c9 - <unknown>
[INFO] [stdout]    8:     0x5eec4f8599cc - <unknown>
[INFO] [stdout]    9:     0x5eec4f81753b - <unknown>
[INFO] [stdout]   10:     0x5eec4f81a8a1 - <unknown>
[INFO] [stdout]   11:     0x5eec4f8022af - <unknown>
[INFO] [stdout]   12:     0x5eec4f87763b - <unknown>
[INFO] [stdout]   13:     0x5eec4f8730f0 - <unknown>
[INFO] [stdout]   14:     0x5eec4f87281c - <unknown>
[INFO] [stdout]   15:     0x5eec4f89252c - <unknown>
[INFO] [stdout]   16:     0x5eec4f85b644 - <unknown>
[INFO] [stdout]   17:     0x778e862cedfa - <unknown>
[INFO] [stdout]   18:     0x778e863623d4 - clone
[INFO] [stdout]   19:                0x0 - <unknown>
[INFO] [stdout] 
[INFO] [stdout] ---- scan_with_include_glob_filters_files stdout ----
[INFO] [stdout] 
[INFO] [stdout] thread 'scan_with_include_glob_filters_files' (2029) panicked at tests/cli.rs:8:32:
[INFO] [stdout] Failed to find mise binary: CargoError { cause: Some(NotFoundError { path: "/opt/rustwide/target/release/build/misec/d772c4cb4cd9ad10/out/mise" }) }
[INFO] [stdout] stack backtrace:
[INFO] [stdout]    0:     0x5eec4f833df5 - <unknown>
[INFO] [stdout]    1:     0x5eec4f8176aa - <unknown>
[INFO] [stdout]    2:     0x5eec4f83348b - <unknown>
[INFO] [stdout]    3:     0x5eec4f832f6f - <unknown>
[INFO] [stdout]    4:     0x5eec4f832b9a - <unknown>
[INFO] [stdout]    5:     0x5eec4f8326d5 - <unknown>
[INFO] [stdout]    6:     0x5eec4f859511 - <unknown>
[INFO] [stdout]    7:     0x5eec4f8594c9 - <unknown>
[INFO] [stdout]    8:     0x5eec4f8599cc - <unknown>
[INFO] [stdout]    9:     0x5eec4f81753b - <unknown>
[INFO] [stdout]   10:     0x5eec4f81a8a1 - <unknown>
[INFO] [stdout]   11:     0x5eec4f802ca1 - <unknown>
[INFO] [stdout]   12:     0x5eec4f87763b - <unknown>
[INFO] [stdout]   13:     0x5eec4f8730f0 - <unknown>
[INFO] [stdout]   14:     0x5eec4f87281c - <unknown>
[INFO] [stdout]   15:     0x5eec4f89252c - <unknown>
[INFO] [stdout]   16:     0x5eec4f85b644 - <unknown>
[INFO] [stdout]   17:     0x778e862cedfa - <unknown>
[INFO] [stdout]   18:     0x778e863623d4 - clone
[INFO] [stdout]   19:                0x0 - <unknown>
[INFO] [stdout] 
[INFO] [stdout] ---- scan_with_multiple_include_patterns stdout ----
[INFO] [stdout] 
[INFO] [stdout] thread 'scan_with_multiple_include_patterns' (2030) panicked at tests/cli.rs:8:32:
[INFO] [stdout] Failed to find mise binary: CargoError { cause: Some(NotFoundError { path: "/opt/rustwide/target/release/build/misec/d772c4cb4cd9ad10/out/mise" }) }
[INFO] [stdout] stack backtrace:
[INFO] [stdout]    0:     0x5eec4f833df5 - <unknown>
[INFO] [stdout]    1:     0x5eec4f8176aa - <unknown>
[INFO] [stdout]    2:     0x5eec4f83348b - <unknown>
[INFO] [stdout]    3:     0x5eec4f832f6f - <unknown>
[INFO] [stdout]    4:     0x5eec4f832b9a - <unknown>
[INFO] [stdout]    5:     0x5eec4f8326d5 - <unknown>
[INFO] [stdout]    6:     0x5eec4f859511 - <unknown>
[INFO] [stdout]    7:     0x5eec4f8594c9 - <unknown>
[INFO] [stdout]    8:     0x5eec4f8599cc - <unknown>
[INFO] [stdout]    9:     0x5eec4f81753b - <unknown>
[INFO] [stdout]   10:     0x5eec4f81a8a1 - <unknown>
[INFO] [stdout]   11:     0x5eec4f8005f5 - <unknown>
[INFO] [stdout]   12:     0x5eec4f87763b - <unknown>
[INFO] [stdout]   13:     0x5eec4f8730f0 - <unknown>
[INFO] [stdout]   14:     0x5eec4f87281c - <unknown>
[INFO] [stdout]   15:     0x5eec4f89252c - <unknown>
[INFO] [stdout]   16:     0x5eec4f85b644 - <unknown>
[INFO] [stdout]   17:     0x778e862cedfa - <unknown>
[INFO] [stdout]   18:     0x778e863623d4 - clone
[INFO] [stdout]   19:                0x0 - <unknown>
[INFO] [stdout] 
[INFO] [stdout] ---- stats_json_format_works stdout ----
[INFO] [stdout] 
[INFO] [stdout] thread 'stats_json_format_works' (2037) panicked at tests/cli.rs:8:32:
[INFO] [stdout] Failed to find mise binary: CargoError { cause: Some(NotFoundError { path: "/opt/rustwide/target/release/build/misec/d772c4cb4cd9ad10/out/mise" }) }
[INFO] [stdout] stack backtrace:
[INFO] [stdout]    0:     0x5eec4f833df5 - <unknown>
[INFO] [stdout]    1:     0x5eec4f8176aa - <unknown>
[INFO] [stdout]    2:     0x5eec4f83348b - <unknown>
[INFO] [stdout]    3:     0x5eec4f832f6f - <unknown>
[INFO] [stdout]    4:     0x5eec4f832b9a - <unknown>
[INFO] [stdout]    5:     0x5eec4f8326d5 - <unknown>
[INFO] [stdout]    6:     0x5eec4f859511 - <unknown>
[INFO] [stdout]    7:     0x5eec4f8594c9 - <unknown>
[INFO] [stdout]    8:     0x5eec4f8599cc - <unknown>
[INFO] [stdout]    9:     0x5eec4f81753b - <unknown>
[INFO] [stdout]   10:     0x5eec4f81a8a1 - <unknown>
[INFO] [stdout]   11:     0x5eec4f7f283a - <unknown>
[INFO] [stdout]   12:     0x5eec4f87763b - <unknown>
[INFO] [stdout]   13:     0x5eec4f8730f0 - <unknown>
[INFO] [stdout]   14:     0x5eec4f87281c - <unknown>
[INFO] [stdout]   15:     0x5eec4f89252c - <unknown>
[INFO] [stdout]   16:     0x5eec4f85b644 - <unknown>
[INFO] [stdout]   17:     0x778e862cedfa - <unknown>
[INFO] [stdout]   18:     0x778e863623d4 - clone
[INFO] [stdout]   19:                0x0 - <unknown>
[INFO] [stdout] 
[INFO] [stdout] ---- stats_returns_summary_output stdout ----
[INFO] [stdout] 
[INFO] [stdout] thread 'stats_returns_summary_output' (2038) panicked at tests/cli.rs:8:32:
[INFO] [stdout] Failed to find mise binary: CargoError { cause: Some(NotFoundError { path: "/opt/rustwide/target/release/build/misec/d772c4cb4cd9ad10/out/mise" }) }
[INFO] [stdout] stack backtrace:
[INFO] [stdout]    0:     0x5eec4f833df5 - <unknown>
[INFO] [stdout]    1:     0x5eec4f8176aa - <unknown>
[INFO] [stdout]    2:     0x5eec4f83348b - <unknown>
[INFO] [stdout]    3:     0x5eec4f832f6f - <unknown>
[INFO] [stdout]    4:     0x5eec4f832b9a - <unknown>
[INFO] [stdout]    5:     0x5eec4f8326d5 - <unknown>
[INFO] [stdout]    6:     0x5eec4f859511 - <unknown>
[INFO] [stdout]    7:     0x5eec4f8594c9 - <unknown>
[INFO] [stdout]    8:     0x5eec4f8599cc - <unknown>
[INFO] [stdout]    9:     0x5eec4f81753b - <unknown>
[INFO] [stdout]   10:     0x5eec4f81a8a1 - <unknown>
[INFO] [stdout]   11:     0x5eec4f7f78d4 - <unknown>
[INFO] [stdout]   12:     0x5eec4f87763b - <unknown>
[INFO] [stdout]   13:     0x5eec4f8730f0 - <unknown>
[INFO] [stdout]   14:     0x5eec4f87281c - <unknown>
[INFO] [stdout]   15:     0x5eec4f89252c - <unknown>
[INFO] [stdout]   16:     0x5eec4f85b644 - <unknown>
[INFO] [stdout]   17:     0x778e862cedfa - <unknown>
[INFO] [stdout]   18:     0x778e863623d4 - clone
[INFO] [stdout]   19:                0x0 - <unknown>
[INFO] [stdout] 
[INFO] [stdout] ---- pack_with_anchors_includes_both stdout ----
[INFO] [stdout] 
[INFO] [stdout] thread 'pack_with_anchors_includes_both' (2024) panicked at tests/cli.rs:8:32:
[INFO] [stdout] Failed to find mise binary: CargoError { cause: Some(NotFoundError { path: "/opt/rustwide/target/release/build/misec/d772c4cb4cd9ad10/out/mise" }) }
[INFO] [stdout] stack backtrace:
[INFO] [stdout]    0:     0x5eec4f833df5 - <unknown>
[INFO] [stdout]    1:     0x5eec4f8176aa - <unknown>
[INFO] [stdout]    2:     0x5eec4f83348b - <unknown>
[INFO] [stdout]    3:     0x5eec4f832f6f - <unknown>
[INFO] [stdout]    4:     0x5eec4f832b9a - <unknown>
[INFO] [stdout]    5:     0x5eec4f8326d5 - <unknown>
[INFO] [stdout]    6:     0x5eec4f859511 - <unknown>
[INFO] [stdout]    7:     0x5eec4f8594c9 - <unknown>
[INFO] [stdout]    8:     0x5eec4f8599cc - <unknown>
[INFO] [stdout]    9:     0x5eec4f81753b - <unknown>
[INFO] [stdout]   10:     0x5eec4f81a8a1 - <unknown>
[INFO] [stdout]   11:     0x5eec4f7fb1c5 - <unknown>
[INFO] [stdout]   12:     0x5eec4f87763b - <unknown>
[INFO] [stdout]   13:     0x5eec4f8730f0 - <unknown>
[INFO] [stdout]   14:     0x5eec4f87281c - <unknown>
[INFO] [stdout]   15:     0x5eec4f89252c - <unknown>
[INFO] [stdout]   16:     0x5eec4f85b644 - <unknown>
[INFO] [stdout]   17:     0x778e862cedfa - <unknown>
[INFO] [stdout]   18:     0x778e863623d4 - clone
[INFO] [stdout]   19:                0x0 - <unknown>
[INFO] [stdout] 
[INFO] [stdout] ---- pack_priority_by_confidence_orders_correctly stdout ----
[INFO] [stdout] 
[INFO] [stdout] thread 'pack_priority_by_confidence_orders_correctly' (2019) panicked at tests/cli.rs:8:32:
[INFO] [stdout] Failed to find mise binary: CargoError { cause: Some(NotFoundError { path: "/opt/rustwide/target/release/build/misec/d772c4cb4cd9ad10/out/mise" }) }
[INFO] [stdout] stack backtrace:
[INFO] [stdout]    0:     0x5eec4f833df5 - <unknown>
[INFO] [stdout]    1:     0x5eec4f8176aa - <unknown>
[INFO] [stdout]    2:     0x5eec4f83348b - <unknown>
[INFO] [stdout]    3:     0x5eec4f832f6f - <unknown>
[INFO] [stdout]    4:     0x5eec4f832b9a - <unknown>
[INFO] [stdout]    5:     0x5eec4f8326d5 - <unknown>
[INFO] [stdout]    6:     0x5eec4f859511 - <unknown>
[INFO] [stdout]    7:     0x5eec4f8594c9 - <unknown>
[INFO] [stdout]    8:     0x5eec4f8599cc - <unknown>
[INFO] [stdout]    9:     0x5eec4f81753b - <unknown>
[INFO] [stdout]   10:     0x5eec4f81a8a1 - <unknown>
[INFO] [stdout]   11:     0x5eec4f805ba5 - <unknown>
[INFO] [stdout]   12:     0x5eec4f87763b - <unknown>
[INFO] [stdout]   13:     0x5eec4f8730f0 - <unknown>
[INFO] [stdout]   14:     0x5eec4f87281c - <unknown>
[INFO] [stdout]   15:     0x5eec4f89252c - <unknown>
[INFO] [stdout]   16:     0x5eec4f85b644 - <unknown>
[INFO] [stdout]   17:     0x778e862cedfa - <unknown>
[INFO] [stdout]   18:     0x778e863623d4 - clone
[INFO] [stdout]   19:                0x0 - <unknown>
[INFO] [stdout] 
[INFO] [stdout] ---- stats_table_format_works stdout ----
[INFO] [stdout] 
[INFO] [stdout] thread 'stats_table_format_works' (2039) panicked at tests/cli.rs:8:32:
[INFO] [stdout] Failed to find mise binary: CargoError { cause: Some(NotFoundError { path: "/opt/rustwide/target/release/build/misec/d772c4cb4cd9ad10/out/mise" }) }
[INFO] [stdout] stack backtrace:
[INFO] [stdout]    0:     0x5eec4f833df5 - <unknown>
[INFO] [stdout]    1:     0x5eec4f8176aa - <unknown>
[INFO] [stdout]    2:     0x5eec4f83348b - <unknown>
[INFO] [stdout]    3:     0x5eec4f832f6f - <unknown>
[INFO] [stdout]    4:     0x5eec4f832b9a - <unknown>
[INFO] [stdout]    5:     0x5eec4f8326d5 - <unknown>
[INFO] [stdout]    6:     0x5eec4f859511 - <unknown>
[INFO] [stdout]    7:     0x5eec4f8594c9 - <unknown>
[INFO] [stdout]    8:     0x5eec4f8599cc - <unknown>
[INFO] [stdout]    9:     0x5eec4f81753b - <unknown>
[INFO] [stdout]   10:     0x5eec4f81a8a1 - <unknown>
[INFO] [stdout]   11:     0x5eec4f7f3b0c - <unknown>
[INFO] [stdout]   12:     0x5eec4f87763b - <unknown>
[INFO] [stdout]   13:     0x5eec4f8730f0 - <unknown>
[INFO] [stdout]   14:     0x5eec4f87281c - <unknown>
[INFO] [stdout]   15:     0x5eec4f89252c - <unknown>
[INFO] [stdout]   16:     0x5eec4f85b644 - <unknown>
[INFO] [stdout]   17:     0x778e862cedfa - <unknown>
[INFO] [stdout]   18:     0x778e863623d4 - clone
[INFO] [stdout]   19:                0x0 - <unknown>
[INFO] [stdout] 
[INFO] [stdout] ---- impact_no_changes_returns_empty stdout ----
[INFO] [stdout] 
[INFO] [stdout] thread 'impact_no_changes_returns_empty' (1983) panicked at tests/cli.rs:8:32:
[INFO] [stdout] Failed to find mise binary: CargoError { cause: Some(NotFoundError { path: "/opt/rustwide/target/release/build/misec/d772c4cb4cd9ad10/out/mise" }) }
[INFO] [stdout] stack backtrace:
[INFO] [stdout]    0:     0x5eec4f833df5 - <unknown>
[INFO] [stdout]    1:     0x5eec4f8176aa - <unknown>
[INFO] [stdout]    2:     0x5eec4f83348b - <unknown>
[INFO] [stdout]    3:     0x5eec4f832f6f - <unknown>
[INFO] [stdout]    4:     0x5eec4f832b9a - <unknown>
[INFO] [stdout]    5:     0x5eec4f8326d5 - <unknown>
[INFO] [stdout]    6:     0x5eec4f859511 - <unknown>
[INFO] [stdout]    7:     0x5eec4f8594c9 - <unknown>
[INFO] [stdout]    8:     0x5eec4f8599cc - <unknown>
[INFO] [stdout]    9:     0x5eec4f81753b - <unknown>
[INFO] [stdout]   10:     0x5eec4f81a8a1 - <unknown>
[INFO] [stdout]   11:     0x5eec4f7fa38c - <unknown>
[INFO] [stdout]   12:     0x5eec4f87763b - <unknown>
[INFO] [stdout]   13:     0x5eec4f8730f0 - <unknown>
[INFO] [stdout]   14:     0x5eec4f87281c - <unknown>
[INFO] [stdout]   15:     0x5eec4f89252c - <unknown>
[INFO] [stdout]   16:     0x5eec4f85b644 - <unknown>
[INFO] [stdout]   17:     0x778e862cedfa - <unknown>
[INFO] [stdout]   18:     0x778e863623d4 - clone
[INFO] [stdout]   19:                0x0 - <unknown>
[INFO] [stdout] 
[INFO] [stdout] ---- impact_table_format_works stdout ----
[INFO] [stdout] 
[INFO] [stdout] thread 'impact_table_format_works' (1987) panicked at tests/cli.rs:8:32:
[INFO] [stdout] Failed to find mise binary: CargoError { cause: Some(NotFoundError { path: "/opt/rustwide/target/release/build/misec/d772c4cb4cd9ad10/out/mise" }) }
[INFO] [stdout] stack backtrace:
[INFO] [stdout]    0:     0x5eec4f833df5 - <unknown>
[INFO] [stdout]    1:     0x5eec4f8176aa - <unknown>
[INFO] [stdout]    2:     0x5eec4f83348b - <unknown>
[INFO] [stdout]    3:     0x5eec4f832f6f - <unknown>
[INFO] [stdout]    4:     0x5eec4f832b9a - <unknown>
[INFO] [stdout]    5:     0x5eec4f8326d5 - <unknown>
[INFO] [stdout]    6:     0x5eec4f859511 - <unknown>
[INFO] [stdout]    7:     0x5eec4f8594c9 - <unknown>
[INFO] [stdout]    8:     0x5eec4f8599cc - <unknown>
[INFO] [stdout]    9:     0x5eec4f81753b - <unknown>
[INFO] [stdout]   10:     0x5eec4f81a8a1 - <unknown>
[INFO] [stdout]   11:     0x5eec4f7f4a80 - <unknown>
[INFO] [stdout]   12:     0x5eec4f87763b - <unknown>
[INFO] [stdout]   13:     0x5eec4f8730f0 - <unknown>
[INFO] [stdout]   14:     0x5eec4f87281c - <unknown>
[INFO] [stdout]   15:     0x5eec4f89252c - <unknown>
[INFO] [stdout]   16:     0x5eec4f85b644 - <unknown>
[INFO] [stdout]   17:     0x778e862cedfa - <unknown>
[INFO] [stdout]   18:     0x778e863623d4 - clone
[INFO] [stdout]   19:                0x0 - <unknown>
[INFO] [stdout] 
[INFO] [stdout] ---- impact_summary_format_works stdout ----
[INFO] [stdout] 
[INFO] [stdout] thread 'impact_summary_format_works' (1986) panicked at tests/cli.rs:8:32:
[INFO] [stdout] Failed to find mise binary: CargoError { cause: Some(NotFoundError { path: "/opt/rustwide/target/release/build/misec/d772c4cb4cd9ad10/out/mise" }) }
[INFO] [stdout] stack backtrace:
[INFO] [stdout]    0:     0x5eec4f833df5 - <unknown>
[INFO] [stdout]    1:     0x5eec4f8176aa - <unknown>
[INFO] [stdout]    2:     0x5eec4f83348b - <unknown>
[INFO] [stdout]    3:     0x5eec4f832f6f - <unknown>
[INFO] [stdout]    4:     0x5eec4f832b9a - <unknown>
[INFO] [stdout]    5:     0x5eec4f8326d5 - <unknown>
[INFO] [stdout]    6:     0x5eec4f859511 - <unknown>
[INFO] [stdout]    7:     0x5eec4f8594c9 - <unknown>
[INFO] [stdout]    8:     0x5eec4f8599cc - <unknown>
[INFO] [stdout]    9:     0x5eec4f81753b - <unknown>
[INFO] [stdout]   10:     0x5eec4f81a8a1 - <unknown>
[INFO] [stdout]   11:     0x5eec4f7f7254 - <unknown>
[INFO] [stdout]   12:     0x5eec4f87763b - <unknown>
[INFO] [stdout]   13:     0x5eec4f8730f0 - <unknown>
[INFO] [stdout]   14:     0x5eec4f87281c - <unknown>
[INFO] [stdout]   15:     0x5eec4f89252c - <unknown>
[INFO] [stdout]   16:     0x5eec4f85b644 - <unknown>
[INFO] [stdout]   17:     0x778e862cedfa - <unknown>
[INFO] [stdout]   18:     0x778e863623d4 - clone
[INFO] [stdout]   19:                0x0 - <unknown>
[INFO] [stdout] 
[INFO] [stdout] ---- impact_staged_option_works stdout ----
[INFO] [stdout] 
[INFO] [stdout] thread 'impact_staged_option_works' (1985) panicked at tests/cli.rs:8:32:
[INFO] [stdout] Failed to find mise binary: CargoError { cause: Some(NotFoundError { path: "/opt/rustwide/target/release/build/misec/d772c4cb4cd9ad10/out/mise" }) }
[INFO] [stdout] stack backtrace:
[INFO] [stdout]    0:     0x5eec4f833df5 - <unknown>
[INFO] [stdout]    1:     0x5eec4f8176aa - <unknown>
[INFO] [stdout]    2:     0x5eec4f83348b - <unknown>
[INFO] [stdout]    3:     0x5eec4f832f6f - <unknown>
[INFO] [stdout]    4:     0x5eec4f832b9a - <unknown>
[INFO] [stdout]    5:     0x5eec4f8326d5 - <unknown>
[INFO] [stdout]    6:     0x5eec4f859511 - <unknown>
[INFO] [stdout]    7:     0x5eec4f8594c9 - <unknown>
[INFO] [stdout]    8:     0x5eec4f8599cc - <unknown>
[INFO] [stdout]    9:     0x5eec4f81753b - <unknown>
[INFO] [stdout]   10:     0x5eec4f81a8a1 - <unknown>
[INFO] [stdout]   11:     0x5eec4f7f6591 - <unknown>
[INFO] [stdout]   12:     0x5eec4f87763b - <unknown>
[INFO] [stdout]   13:     0x5eec4f8730f0 - <unknown>
[INFO] [stdout]   14:     0x5eec4f87281c - <unknown>
[INFO] [stdout]   15:     0x5eec4f89252c - <unknown>
[INFO] [stdout]   16:     0x5eec4f85b644 - <unknown>
[INFO] [stdout]   17:     0x778e862cedfa - <unknown>
[INFO] [stdout]   18:     0x778e863623d4 - clone
[INFO] [stdout]   19:                0x0 - <unknown>
[INFO] [stdout] 
[INFO] [stdout] ---- impact_returns_valid_json_output stdout ----
[INFO] [stdout] 
[INFO] [stdout] thread 'impact_returns_valid_json_output' (1984) panicked at tests/cli.rs:8:32:
[INFO] [stdout] Failed to find mise binary: CargoError { cause: Some(NotFoundError { path: "/opt/rustwide/target/release/build/misec/d772c4cb4cd9ad10/out/mise" }) }
[INFO] [stdout] stack backtrace:
[INFO] [stdout]    0:     0x5eec4f833df5 - <unknown>
[INFO] [stdout]    1:     0x5eec4f8176aa - <unknown>
[INFO] [stdout]    2:     0x5eec4f83348b - <unknown>
[INFO] [stdout]    3:     0x5eec4f832f6f - <unknown>
[INFO] [stdout]    4:     0x5eec4f832b9a - <unknown>
[INFO] [stdout]    5:     0x5eec4f8326d5 - <unknown>
[INFO] [stdout]    6:     0x5eec4f859511 - <unknown>
[INFO] [stdout]    7:     0x5eec4f8594c9 - <unknown>
[INFO] [stdout]    8:     0x5eec4f8599cc - <unknown>
[INFO] [stdout]    9:     0x5eec4f81753b - <unknown>
[INFO] [stdout]   10:     0x5eec4f81a8a1 - <unknown>
[INFO] [stdout]   11:     0x5eec4f7fc649 - <unknown>
[INFO] [stdout]   12:     0x5eec4f87763b - <unknown>
[INFO] [stdout]   13:     0x5eec4f8730f0 - <unknown>
[INFO] [stdout]   14:     0x5eec4f87281c - <unknown>
[INFO] [stdout]   15:     0x5eec4f89252c - <unknown>
[INFO] [stdout]   16:     0x5eec4f85b644 - <unknown>
[INFO] [stdout]   17:     0x778e862cedfa - <unknown>
[INFO] [stdout]   18:     0x778e863623d4 - clone
[INFO] [stdout]   19:                0x0 - <unknown>
[INFO] [stdout] 
[INFO] [stdout] 
[INFO] [stdout] failures:
[INFO] [stdout]     anchor_lint_flags_empty_anchor
[INFO] [stdout]     ast_with_exclude_glob_filters_files
[INFO] [stdout]     ast_with_include_glob_filters_files
[INFO] [stdout]     ast_with_language_option
[INFO] [stdout]     deps_analyzes_rust_file_dependencies
[INFO] [stdout]     deps_dot_format_produces_graphviz
[INFO] [stdout]     deps_jsonl_format_returns_valid_json
[INFO] [stdout]     deps_mermaid_format_produces_diagram
[INFO] [stdout]     deps_python_file_analysis
[INFO] [stdout]     deps_reverse_shows_dependents
[INFO] [stdout]     deps_table_format_works
[INFO] [stdout]     deps_typescript_file_analysis
[INFO] [stdout]     extract_returns_expected_excerpt
[INFO] [stdout]     impact_no_changes_returns_empty
[INFO] [stdout]     impact_returns_valid_json_output
[INFO] [stdout]     impact_staged_option_works
[INFO] [stdout]     impact_summary_format_works
[INFO] [stdout]     impact_table_format_works
[INFO] [stdout]     match_with_context_shows_surrounding_lines
[INFO] [stdout]     match_with_count_returns_count_only
[INFO] [stdout]     match_with_exclude_glob_filters_files
[INFO] [stdout]     match_with_ignore_case_finds_case_variants
[INFO] [stdout]     match_with_include_glob_filters_files
[INFO] [stdout]     match_with_max_count_limits_results
[INFO] [stdout]     match_with_word_regexp_matches_whole_words
[INFO] [stdout]     outline_json_format_works
[INFO] [stdout]     outline_returns_markdown_output
[INFO] [stdout]     outline_tag_filter_works
[INFO] [stdout]     outline_tree_format_works
[INFO] [stdout]     pack_empty_selection_returns_empty
[INFO] [stdout]     pack_files_returns_valid_jsonl
[INFO] [stdout]     pack_priority_by_confidence_orders_correctly
[INFO] [stdout]     pack_with_anchors_includes_both
[INFO] [stdout]     pack_with_max_tokens_truncates
[INFO] [stdout]     pack_with_stats_outputs_statistics
[INFO] [stdout]     scan_lists_files_in_stable_order
[INFO] [stdout]     scan_with_exclude_glob_filters_files
[INFO] [stdout]     scan_with_include_glob_filters_files
[INFO] [stdout]     scan_with_multiple_include_patterns
[INFO] [stdout]     stats_json_format_works
[INFO] [stdout]     stats_returns_summary_output
[INFO] [stdout]     stats_table_format_works
[INFO] [stdout] 
[INFO] [stdout] test result: FAILED. 0 passed; 42 failed; 0 ignored; 0 measured; 0 filtered out; finished in 0.09s
[INFO] [stdout] 
[INFO] running `Command { std: "docker" "inspect" "f6a922d1cd7b698c6b9ea61ba6bb9bdc9a2c9b8c0b3423969cf9462e353c47fd", kill_on_drop: false }`
[INFO] running `Command { std: "docker" "rm" "-f" "f6a922d1cd7b698c6b9ea61ba6bb9bdc9a2c9b8c0b3423969cf9462e353c47fd", kill_on_drop: false }`
[INFO] [stdout] f6a922d1cd7b698c6b9ea61ba6bb9bdc9a2c9b8c0b3423969cf9462e353c47fd
