[INFO] fetching crate mirrors-arch 0.1.3...
[INFO] testing mirrors-arch-0.1.3 against 1.100.0-beta.1+cargoflags=--release for beta-release-1.100-2
[INFO] extracting crate mirrors-arch 0.1.3 into /workspace/builds/worker-5-tc2/source
[INFO] started tweaking crates.io crate mirrors-arch 0.1.3
[INFO] finished tweaking crates.io crate mirrors-arch 0.1.3
[INFO] tweaked toml for crates.io crate mirrors-arch 0.1.3 written to /workspace/builds/worker-5-tc2/source/Cargo.toml
[INFO] validating manifest of crates.io crate mirrors-arch 0.1.3 on toolchain 1.100.0-beta.1
[INFO] running `Command { std: CARGO_HOME="/workspace/cargo-home" RUSTUP_HOME="/workspace/rustup-home" "/workspace/cargo-home/bin/cargo" "+1.100.0-beta.1" "metadata" "--manifest-path" "Cargo.toml" "--no-deps", kill_on_drop: false }`
[INFO] running `Command { std: CARGO_HOME="/workspace/cargo-home" RUSTUP_HOME="/workspace/rustup-home" "/workspace/cargo-home/bin/cargo" "+1.100.0-beta.1" "generate-lockfile" "--manifest-path" "Cargo.toml", kill_on_drop: false }`
[INFO] [stderr]     Updating crates.io index
[INFO] [stderr]      Locking 154 packages to highest compatible versions
[INFO] [stderr]       Adding itertools v0.11.0 (available: v0.15.0)
[INFO] [stderr]       Adding reqwest v0.11.27 (available: v0.13.5)
[INFO] [stderr]       Adding thiserror v1.0.69 (available: v2.0.21)
[INFO] running `Command { std: CARGO_HOME="/workspace/cargo-home" RUSTUP_HOME="/workspace/rustup-home" "/workspace/cargo-home/bin/cargo" "+1.100.0-beta.1" "fetch" "--manifest-path" "Cargo.toml", kill_on_drop: false }`
[INFO] [stderr] warning: `package.homepage` is redundant with `package.repository`
[INFO] [stderr]   --> Cargo.toml:42:12
[INFO] [stderr]    |
[INFO] [stderr] 42 | homepage = "https://github.com/rtkay123/mirro-rs"
[INFO] [stderr]    |            ^^^^^^^^^^^^^^^^^^^^^^^^^^^^^^^^^^^^^^
[INFO] [stderr] ...
[INFO] [stderr] 45 | repository = "https://github.com/rtkay123/mirro-rs"
[INFO] [stderr]    |              --------------------------------------
[INFO] [stderr]    |
[INFO] [stderr]    = note: `cargo::redundant_homepage` is set to `warn` by default
[INFO] [stderr] help: consider removing `package.homepage`
[INFO] [stderr] warning: `mirrors-arch` (manifest) generated 1 warning
[INFO] running `Command { std: "docker" "create" "-v" "/var/lib/crater-agent-workspace/builds/worker-5-tc2/source:/opt/rustwide/workdir:ro,Z" "-v" "/var/lib/crater-agent-workspace/builds/worker-5-tc2/target:/opt/rustwide/target:rw,Z" "-v" "/var/lib/crater-agent-workspace/cargo-home:/opt/rustwide/cargo-home:ro,Z" "-v" "/var/lib/crater-agent-workspace/rustup-home:/opt/rustwide/rustup-home:ro,Z" "-m" "1610612736" "--network" "none" "ghcr.io/rust-lang/crates-build-env/linux@sha256:77db811e55d90add9212f6832c23229e3de5f1c1f9905e8cb07319ea15df73ac" "sleep" "infinity", kill_on_drop: false }`
[INFO] [stdout] 31acac30c8ead854f0229f0b59a81797ee5aa7dc37559920ea73ea0a12858353
[INFO] running `Command { std: "docker" "start" "31acac30c8ead854f0229f0b59a81797ee5aa7dc37559920ea73ea0a12858353", kill_on_drop: false }`
[INFO] running `Command { std: "docker" "inspect" "31acac30c8ead854f0229f0b59a81797ee5aa7dc37559920ea73ea0a12858353", kill_on_drop: false }`
[INFO] running `Command { std: "docker" "exec" "-e" "SOURCE_DIR=/opt/rustwide/workdir" "-e" "CARGO_HOME=/opt/rustwide/cargo-home" "-e" "RUSTUP_HOME=/opt/rustwide/rustup-home" "-e" "CARGO_TARGET_DIR=/opt/rustwide/target" "-w" "/opt/rustwide/workdir" "--user" "0:0" "31acac30c8ead854f0229f0b59a81797ee5aa7dc37559920ea73ea0a12858353" "/opt/rustwide/cargo-home/bin/cargo" "+1.100.0-beta.1" "metadata" "--no-deps" "--format-version=1", kill_on_drop: false }`
[INFO] running `Command { std: "docker" "inspect" "31acac30c8ead854f0229f0b59a81797ee5aa7dc37559920ea73ea0a12858353", kill_on_drop: false }`
[INFO] running `Command { std: "docker" "exec" "-e" "SOURCE_DIR=/opt/rustwide/workdir" "-e" "CARGO_HOME=/opt/rustwide/cargo-home" "-e" "RUSTUP_HOME=/opt/rustwide/rustup-home" "-e" "CARGO_TARGET_DIR=/opt/rustwide/target" "-e" "CARGO_INCREMENTAL=0" "-e" "RUST_BACKTRACE=full" "-e" "RUSTFLAGS=--cap-lints=warn" "-e" "RUSTDOCFLAGS=--cap-lints=warn" "-w" "/opt/rustwide/workdir" "--user" "0:0" "31acac30c8ead854f0229f0b59a81797ee5aa7dc37559920ea73ea0a12858353" "/opt/rustwide/cargo-home/bin/cargo" "+1.100.0-beta.1" "build" "--frozen" "--message-format=json" "--release", kill_on_drop: false }`
[INFO] [stderr] warning: `package.homepage` is redundant with `package.repository`
[INFO] [stderr]   --> Cargo.toml:42:12
[INFO] [stderr]    |
[INFO] [stderr] 42 | homepage = "https://github.com/rtkay123/mirro-rs"
[INFO] [stderr]    |            ^^^^^^^^^^^^^^^^^^^^^^^^^^^^^^^^^^^^^^
[INFO] [stderr] ...
[INFO] [stderr] 45 | repository = "https://github.com/rtkay123/mirro-rs"
[INFO] [stderr]    |              --------------------------------------
[INFO] [stderr]    |
[INFO] [stderr]    = note: `cargo::redundant_homepage` is set to `warn` by default
[INFO] [stderr] help: consider removing `package.homepage`
[INFO] [stderr] warning: `mirrors-arch` (manifest) generated 1 warning
[INFO] [stderr]    Compiling syn v3.0.9
[INFO] [stderr]    Compiling ring v0.17.14
[INFO] [stderr]    Compiling rustls v0.21.12
[INFO] [stderr]    Compiling serde v1.0.229
[INFO] [stderr]    Compiling syn v2.0.119
[INFO] [stderr]    Compiling serde_json v1.0.154
[INFO] [stderr]    Compiling either v1.19.0
[INFO] [stderr]    Compiling webpki-roots v0.25.4
[INFO] [stderr]    Compiling itertools v0.11.0
[INFO] [stderr]    Compiling thiserror-impl v1.0.69
[INFO] [stderr]    Compiling thiserror v1.0.69
[INFO] [stderr]    Compiling synstructure v0.14.0
[INFO] [stderr]    Compiling zerovec-derive v0.11.6
[INFO] [stderr]    Compiling displaydoc v0.2.7
[INFO] [stderr]    Compiling futures-macro v0.3.34
[INFO] [stderr]    Compiling serde_derive v1.0.229
[INFO] [stderr]    Compiling zerofrom-derive v0.1.8
[INFO] [stderr]    Compiling yoke-derive v0.8.4
[INFO] [stderr]    Compiling futures-util v0.3.34
[INFO] [stderr]    Compiling zerofrom v0.1.8
[INFO] [stderr]    Compiling yoke v0.8.3
[INFO] [stderr]    Compiling zerotrie v0.2.5
[INFO] [stderr]    Compiling zerovec v0.11.8
[INFO] [stderr]    Compiling tinystr v0.8.4
[INFO] [stderr]    Compiling potential_utf v0.1.6
[INFO] [stderr]    Compiling icu_collections v2.3.0
[INFO] [stderr]    Compiling icu_locale_core v2.3.0
[INFO] [stderr]    Compiling icu_provider v2.3.1
[INFO] [stderr]    Compiling icu_properties v2.3.0
[INFO] [stderr]    Compiling icu_normalizer v2.3.0
[INFO] [stderr]    Compiling serde_urlencoded v0.7.1
[INFO] [stderr]    Compiling h2 v0.3.27
[INFO] [stderr]    Compiling futures-executor v0.3.34
[INFO] [stderr]    Compiling futures v0.3.34
[INFO] [stderr]    Compiling idna_adapter v1.2.2
[INFO] [stderr]    Compiling idna v1.1.0
[INFO] [stderr]    Compiling url v2.5.8
[INFO] [stderr]    Compiling rustls-webpki v0.101.7
[INFO] [stderr]    Compiling sct v0.7.1
[INFO] [stderr]    Compiling hyper v0.14.32
[INFO] [stderr]    Compiling tokio-rustls v0.24.1
[INFO] [stderr]    Compiling hyper-rustls v0.24.2
[INFO] [stderr]    Compiling reqwest v0.11.27
[INFO] [stderr]    Compiling mirrors-arch v0.1.3 (/opt/rustwide/workdir)
[INFO] [stderr]     Finished `release` profile [optimized] target(s) in 1m 44s
[INFO] running `Command { std: "docker" "inspect" "31acac30c8ead854f0229f0b59a81797ee5aa7dc37559920ea73ea0a12858353", kill_on_drop: false }`
[INFO] running `Command { std: "docker" "exec" "-e" "SOURCE_DIR=/opt/rustwide/workdir" "-e" "CARGO_HOME=/opt/rustwide/cargo-home" "-e" "RUSTUP_HOME=/opt/rustwide/rustup-home" "-e" "CARGO_TARGET_DIR=/opt/rustwide/target" "-e" "CARGO_INCREMENTAL=0" "-e" "RUST_BACKTRACE=full" "-e" "RUSTFLAGS=--cap-lints=warn" "-e" "RUSTDOCFLAGS=--cap-lints=warn" "-w" "/opt/rustwide/workdir" "--user" "0:0" "31acac30c8ead854f0229f0b59a81797ee5aa7dc37559920ea73ea0a12858353" "/opt/rustwide/cargo-home/bin/cargo" "+1.100.0-beta.1" "test" "--frozen" "--no-run" "--message-format=json" "--release", kill_on_drop: false }`
[INFO] [stderr] warning: `package.homepage` is redundant with `package.repository`
[INFO] [stderr]   --> Cargo.toml:42:12
[INFO] [stderr]    |
[INFO] [stderr] 42 | homepage = "https://github.com/rtkay123/mirro-rs"
[INFO] [stderr]    |            ^^^^^^^^^^^^^^^^^^^^^^^^^^^^^^^^^^^^^^
[INFO] [stderr] ...
[INFO] [stderr] 45 | repository = "https://github.com/rtkay123/mirro-rs"
[INFO] [stderr]    |              --------------------------------------
[INFO] [stderr]    |
[INFO] [stderr]    = note: `cargo::redundant_homepage` is set to `warn` by default
[INFO] [stderr] help: consider removing `package.homepage`
[INFO] [stderr] warning: `mirrors-arch` (manifest) generated 1 warning
[INFO] [stderr]    Compiling tokio-macros v2.7.2
[INFO] [stderr]    Compiling tokio v1.53.3
[INFO] [stderr]    Compiling tokio-util v0.7.20
[INFO] [stderr]    Compiling tokio-rustls v0.24.1
[INFO] [stderr]    Compiling h2 v0.3.27
[INFO] [stderr]    Compiling hyper v0.14.32
[INFO] [stderr]    Compiling hyper-rustls v0.24.2
[INFO] [stderr]    Compiling reqwest v0.11.27
[INFO] [stderr]    Compiling mirrors-arch v0.1.3 (/opt/rustwide/workdir)
[INFO] [stderr]     Finished `release` profile [optimized] target(s) in 50.23s
[INFO] running `Command { std: "docker" "inspect" "31acac30c8ead854f0229f0b59a81797ee5aa7dc37559920ea73ea0a12858353", kill_on_drop: false }`
[INFO] running `Command { std: "docker" "exec" "-e" "SOURCE_DIR=/opt/rustwide/workdir" "-e" "CARGO_HOME=/opt/rustwide/cargo-home" "-e" "RUSTUP_HOME=/opt/rustwide/rustup-home" "-e" "CARGO_TARGET_DIR=/opt/rustwide/target" "-e" "CARGO_INCREMENTAL=0" "-e" "RUST_BACKTRACE=full" "-e" "RUSTFLAGS=--cap-lints=warn" "-e" "RUSTDOCFLAGS=--cap-lints=warn" "-w" "/opt/rustwide/workdir" "--user" "0:0" "31acac30c8ead854f0229f0b59a81797ee5aa7dc37559920ea73ea0a12858353" "/opt/rustwide/cargo-home/bin/cargo" "+1.100.0-beta.1" "test" "--frozen" "--release", kill_on_drop: false }`
[INFO] [stderr] warning: `package.homepage` is redundant with `package.repository`
[INFO] [stderr]   --> Cargo.toml:42:12
[INFO] [stderr]    |
[INFO] [stderr] 42 | homepage = "https://github.com/rtkay123/mirro-rs"
[INFO] [stderr]    |            ^^^^^^^^^^^^^^^^^^^^^^^^^^^^^^^^^^^^^^
[INFO] [stderr] ...
[INFO] [stderr] 45 | repository = "https://github.com/rtkay123/mirro-rs"
[INFO] [stderr]    |              --------------------------------------
[INFO] [stderr]    |
[INFO] [stderr]    = note: `cargo::redundant_homepage` is set to `warn` by default
[INFO] [stderr] help: consider removing `package.homepage`
[INFO] [stderr] warning: `mirrors-arch` (manifest) generated 1 warning
[INFO] [stderr]     Finished `release` profile [optimized] target(s) in 0.26s
[INFO] [stderr]      Running unittests src/lib.rs (/opt/rustwide/target/release/build/mirrors-arch/0a5a35fdfeeef406/out/mirrors_arch-0a5a35fdfeeef406)
[INFO] [stdout] 
[INFO] [stdout] running 6 tests
[INFO] [stdout] test test::check_local_parse ... ok
[INFO] [stdout] test test::archlinux_parse_body_local ... ok
[INFO] [stdout] test test::check_mirrors ... FAILED
[INFO] [stdout] test test::check_mirrors_raw ... FAILED
[INFO] [stderr] error: test failed, to rerun pass `--lib`
[INFO] [stdout] test test::archlinux_parse_body_remote ... FAILED
[INFO] [stdout] test test::arch_mirrors_ok ... FAILED
[INFO] [stdout] 
[INFO] [stdout] failures:
[INFO] [stdout] 
[INFO] [stdout] ---- test::check_mirrors stdout ----
[INFO] [stdout] 
[INFO] [stdout] thread 'test::check_mirrors' (1311) panicked at src/test/mod.rs:47:5:
[INFO] [stdout] assertion failed: mirrors.is_ok()
[INFO] [stdout] stack backtrace:
[INFO] [stdout]    0:     0x61aacd50f611 - <<std[617be2ca0a6fd877]::sys::backtrace::BacktraceLock>::print::DisplayBacktrace as core[a373ad73a504971]::fmt::Display>::fmt
[INFO] [stdout]    1:     0x61aacd5253da - core[a373ad73a504971]::fmt::write
[INFO] [stdout]    2:     0x61aacd513e5c - <alloc[2e1b2a31b91974c5]::vec::Vec<u8> as core[a373ad73a504971]::io::write::Write>::write_fmt
[INFO] [stdout]    3:     0x61aacd4ea8f6 - std[617be2ca0a6fd877]::panicking::default_hook::{closure#0}
[INFO] [stdout]    4:     0x61aacd5075a9 - std[617be2ca0a6fd877]::panicking::default_hook
[INFO] [stdout]    5:     0x61aacd2c15c0 - test[aada8e7e76ba119b]::test_main_inner::{closure#0}
[INFO] [stdout]    6:     0x61aacd5078d2 - std[617be2ca0a6fd877]::panicking::panic_with_hook
[INFO] [stdout]    7:     0x61aacd4ea9d4 - std[617be2ca0a6fd877]::panicking::panic_handler::{closure#0}
[INFO] [stdout]    8:     0x61aacd4e35d9 - std[617be2ca0a6fd877]::sys::backtrace::__rust_end_short_backtrace::<std[617be2ca0a6fd877]::panicking::panic_handler::{closure#0}, !>
[INFO] [stdout]    9:     0x61aacd4eb79d - __rustc[ea4f61d10b84890b]::rust_begin_unwind
[INFO] [stdout]   10:     0x61aacd525b3c - core[a373ad73a504971]::panicking::panic_fmt
[INFO] [stdout]   11:     0x61aacd525b02 - core[a373ad73a504971]::panicking::panic
[INFO] [stdout]   12:     0x61aacd2a8d4a - mirrors_arch[b3dca849fca0afd0]::test::check_mirrors::{closure#0}
[INFO] [stdout]   13:     0x61aacd2b203d - <tokio[1b57d2dd3b45f6f4]::runtime::scheduler::current_thread::Context>::enter::<core[a373ad73a504971]::task::poll::Poll<core[a373ad73a504971]::result::Result<(), mirrors_arch[b3dca849fca0afd0]::errors::Error>>, <tokio[1b57d2dd3b45f6f4]::runtime::scheduler::current_thread::CoreGuard>::block_on<core[a373ad73a504971]::pin::Pin<&mut core[a373ad73a504971]::pin::Pin<&mut dyn core[a373ad73a504971]::future::future::Future<Output = core[a373ad73a504971]::result::Result<(), mirrors_arch[b3dca849fca0afd0]::errors::Error>>>>>::{closure#0}::{closure#0}>
[INFO] [stdout]   14:     0x61aacd2ada8c - <std[617be2ca0a6fd877]::thread::local::LocalKey<tokio[1b57d2dd3b45f6f4]::runtime::context::Context>>::with::<tokio[1b57d2dd3b45f6f4]::runtime::context::set_scheduler<(alloc[2e1b2a31b91974c5]::boxed::Box<tokio[1b57d2dd3b45f6f4]::runtime::scheduler::current_thread::Core>, core[a373ad73a504971]::option::Option<core[a373ad73a504971]::result::Result<(), mirrors_arch[b3dca849fca0afd0]::errors::Error>>), <tokio[1b57d2dd3b45f6f4]::runtime::scheduler::current_thread::CoreGuard>::enter<<tokio[1b57d2dd3b45f6f4]::runtime::scheduler::current_thread::CoreGuard>::block_on<core[a373ad73a504971]::pin::Pin<&mut core[a373ad73a504971]::pin::Pin<&mut dyn core[a373ad73a504971]::future::future::Future<Output = core[a373ad73a504971]::result::Result<(), mirrors_arch[b3dca849fca0afd0]::errors::Error>>>>>::{closure#0}, core[a373ad73a504971]::option::Option<core[a373ad73a504971]::result::Result<(), mirrors_arch[b3dca849fca0afd0]::errors::Error>>>::{closure#0}>::{closure#0}, (alloc[2e1b2a31b91974c5]::boxed::Box<tokio[1b57d2dd3b45f6f4]::runtime::scheduler::current_thread::Core>, core[a373ad73a504971]::option::Option<core[a373ad73a504971]::result::Result<(), mirrors_arch[b3dca849fca0afd0]::errors::Error>>)>
[INFO] [stdout]   15:     0x61aacd2b21fe - <tokio[1b57d2dd3b45f6f4]::runtime::scheduler::current_thread::CoreGuard>::block_on::<core[a373ad73a504971]::pin::Pin<&mut core[a373ad73a504971]::pin::Pin<&mut dyn core[a373ad73a504971]::future::future::Future<Output = core[a373ad73a504971]::result::Result<(), mirrors_arch[b3dca849fca0afd0]::errors::Error>>>>>
[INFO] [stdout]   16:     0x61aacd2b42e2 - tokio[1b57d2dd3b45f6f4]::runtime::context::runtime::enter_runtime::<<tokio[1b57d2dd3b45f6f4]::runtime::scheduler::current_thread::CurrentThread>::block_on<core[a373ad73a504971]::pin::Pin<&mut dyn core[a373ad73a504971]::future::future::Future<Output = core[a373ad73a504971]::result::Result<(), mirrors_arch[b3dca849fca0afd0]::errors::Error>>>>::{closure#0}, core[a373ad73a504971]::result::Result<(), mirrors_arch[b3dca849fca0afd0]::errors::Error>>
[INFO] [stdout]   17:     0x61aacd2b3706 - <tokio[1b57d2dd3b45f6f4]::runtime::runtime::Runtime>::block_on::<core[a373ad73a504971]::pin::Pin<&mut dyn core[a373ad73a504971]::future::future::Future<Output = core[a373ad73a504971]::result::Result<(), mirrors_arch[b3dca849fca0afd0]::errors::Error>>>>
[INFO] [stdout]   18:     0x61aacd2aa753 - <mirrors_arch[b3dca849fca0afd0]::test::check_mirrors::{closure#0} as core[a373ad73a504971]::ops::function::FnOnce<()>>::call_once
[INFO] [stdout]   19:     0x61aacd2b4a0b - test[aada8e7e76ba119b]::__rust_begin_short_backtrace::<core[a373ad73a504971]::result::Result<(), alloc[2e1b2a31b91974c5]::string::String>, fn() -> core[a373ad73a504971]::result::Result<(), alloc[2e1b2a31b91974c5]::string::String>>
[INFO] [stdout]   20:     0x61aacd2c1be5 - test[aada8e7e76ba119b]::run_test::{closure#0}
[INFO] [stdout]   21:     0x61aacd2bb4d4 - std[617be2ca0a6fd877]::sys::backtrace::__rust_begin_short_backtrace::<test[aada8e7e76ba119b]::run_test::{closure#1}, ()>
[INFO] [stdout]   22:     0x61aacd2c4c72 - <std[617be2ca0a6fd877]::thread::lifecycle::spawn_unchecked<test[aada8e7e76ba119b]::run_test::{closure#1}, ()>::{closure#1} as core[a373ad73a504971]::ops::function::FnOnce<()>>::call_once::{shim:vtable#0}
[INFO] [stdout]   23:     0x61aacd50eabf - <std[617be2ca0a6fd877]::sys::thread::unix::Thread>::new::thread_start
[INFO] [stdout]   24:     0x7fc8320dddfa - <unknown>
[INFO] [stdout]   25:     0x7fc8321713d4 - clone
[INFO] [stdout]   26:                0x0 - <unknown>
[INFO] [stdout] 
[INFO] [stdout] ---- test::check_mirrors_raw stdout ----
[INFO] [stdout] 
[INFO] [stdout] thread 'test::check_mirrors_raw' (1312) panicked at src/test/mod.rs:55:5:
[INFO] [stdout] assertion failed: mirrors.is_ok()
[INFO] [stdout] stack backtrace:
[INFO] [stdout]    0:     0x61aacd50f611 - <<std[617be2ca0a6fd877]::sys::backtrace::BacktraceLock>::print::DisplayBacktrace as core[a373ad73a504971]::fmt::Display>::fmt
[INFO] [stdout]    1:     0x61aacd5253da - core[a373ad73a504971]::fmt::write
[INFO] [stdout]    2:     0x61aacd513e5c - <alloc[2e1b2a31b91974c5]::vec::Vec<u8> as core[a373ad73a504971]::io::write::Write>::write_fmt
[INFO] [stdout]    3:     0x61aacd4ea8f6 - std[617be2ca0a6fd877]::panicking::default_hook::{closure#0}
[INFO] [stdout]    4:     0x61aacd5075a9 - std[617be2ca0a6fd877]::panicking::default_hook
[INFO] [stdout]    5:     0x61aacd2c15c0 - test[aada8e7e76ba119b]::test_main_inner::{closure#0}
[INFO] [stdout]    6:     0x61aacd5078d2 - std[617be2ca0a6fd877]::panicking::panic_with_hook
[INFO] [stdout]    7:     0x61aacd4ea9d4 - std[617be2ca0a6fd877]::panicking::panic_handler::{closure#0}
[INFO] [stdout]    8:     0x61aacd4e35d9 - std[617be2ca0a6fd877]::sys::backtrace::__rust_end_short_backtrace::<std[617be2ca0a6fd877]::panicking::panic_handler::{closure#0}, !>
[INFO] [stdout]    9:     0x61aacd4eb79d - __rustc[ea4f61d10b84890b]::rust_begin_unwind
[INFO] [stdout]   10:     0x61aacd525b3c - core[a373ad73a504971]::panicking::panic_fmt
[INFO] [stdout]   11:     0x61aacd525b02 - core[a373ad73a504971]::panicking::panic
[INFO] [stdout]   12:     0x61aacd2a9f2d - mirrors_arch[b3dca849fca0afd0]::test::check_mirrors_raw::{closure#0}
[INFO] [stdout]   13:     0x61aacd2b203d - <tokio[1b57d2dd3b45f6f4]::runtime::scheduler::current_thread::Context>::enter::<core[a373ad73a504971]::task::poll::Poll<core[a373ad73a504971]::result::Result<(), mirrors_arch[b3dca849fca0afd0]::errors::Error>>, <tokio[1b57d2dd3b45f6f4]::runtime::scheduler::current_thread::CoreGuard>::block_on<core[a373ad73a504971]::pin::Pin<&mut core[a373ad73a504971]::pin::Pin<&mut dyn core[a373ad73a504971]::future::future::Future<Output = core[a373ad73a504971]::result::Result<(), mirrors_arch[b3dca849fca0afd0]::errors::Error>>>>>::{closure#0}::{closure#0}>
[INFO] [stdout]   14:     0x61aacd2ada8c - <std[617be2ca0a6fd877]::thread::local::LocalKey<tokio[1b57d2dd3b45f6f4]::runtime::context::Context>>::with::<tokio[1b57d2dd3b45f6f4]::runtime::context::set_scheduler<(alloc[2e1b2a31b91974c5]::boxed::Box<tokio[1b57d2dd3b45f6f4]::runtime::scheduler::current_thread::Core>, core[a373ad73a504971]::option::Option<core[a373ad73a504971]::result::Result<(), mirrors_arch[b3dca849fca0afd0]::errors::Error>>), <tokio[1b57d2dd3b45f6f4]::runtime::scheduler::current_thread::CoreGuard>::enter<<tokio[1b57d2dd3b45f6f4]::runtime::scheduler::current_thread::CoreGuard>::block_on<core[a373ad73a504971]::pin::Pin<&mut core[a373ad73a504971]::pin::Pin<&mut dyn core[a373ad73a504971]::future::future::Future<Output = core[a373ad73a504971]::result::Result<(), mirrors_arch[b3dca849fca0afd0]::errors::Error>>>>>::{closure#0}, core[a373ad73a504971]::option::Option<core[a373ad73a504971]::result::Result<(), mirrors_arch[b3dca849fca0afd0]::errors::Error>>>::{closure#0}>::{closure#0}, (alloc[2e1b2a31b91974c5]::boxed::Box<tokio[1b57d2dd3b45f6f4]::runtime::scheduler::current_thread::Core>, core[a373ad73a504971]::option::Option<core[a373ad73a504971]::result::Result<(), mirrors_arch[b3dca849fca0afd0]::errors::Error>>)>
[INFO] [stdout]   15:     0x61aacd2b21fe - <tokio[1b57d2dd3b45f6f4]::runtime::scheduler::current_thread::CoreGuard>::block_on::<core[a373ad73a504971]::pin::Pin<&mut core[a373ad73a504971]::pin::Pin<&mut dyn core[a373ad73a504971]::future::future::Future<Output = core[a373ad73a504971]::result::Result<(), mirrors_arch[b3dca849fca0afd0]::errors::Error>>>>>
[INFO] [stdout]   16:     0x61aacd2b42e2 - tokio[1b57d2dd3b45f6f4]::runtime::context::runtime::enter_runtime::<<tokio[1b57d2dd3b45f6f4]::runtime::scheduler::current_thread::CurrentThread>::block_on<core[a373ad73a504971]::pin::Pin<&mut dyn core[a373ad73a504971]::future::future::Future<Output = core[a373ad73a504971]::result::Result<(), mirrors_arch[b3dca849fca0afd0]::errors::Error>>>>::{closure#0}, core[a373ad73a504971]::result::Result<(), mirrors_arch[b3dca849fca0afd0]::errors::Error>>
[INFO] [stdout]   17:     0x61aacd2b3706 - <tokio[1b57d2dd3b45f6f4]::runtime::runtime::Runtime>::block_on::<core[a373ad73a504971]::pin::Pin<&mut dyn core[a373ad73a504971]::future::future::Future<Output = core[a373ad73a504971]::result::Result<(), mirrors_arch[b3dca849fca0afd0]::errors::Error>>>>
[INFO] [stdout]   18:     0x61aacd2aadb6 - <mirrors_arch[b3dca849fca0afd0]::test::check_mirrors_raw::{closure#0} as core[a373ad73a504971]::ops::function::FnOnce<()>>::call_once
[INFO] [stdout]   19:     0x61aacd2b4a0b - test[aada8e7e76ba119b]::__rust_begin_short_backtrace::<core[a373ad73a504971]::result::Result<(), alloc[2e1b2a31b91974c5]::string::String>, fn() -> core[a373ad73a504971]::result::Result<(), alloc[2e1b2a31b91974c5]::string::String>>
[INFO] [stdout]   20:     0x61aacd2c1be5 - test[aada8e7e76ba119b]::run_test::{closure#0}
[INFO] [stdout]   21:     0x61aacd2bb4d4 - std[617be2ca0a6fd877]::sys::backtrace::__rust_begin_short_backtrace::<test[aada8e7e76ba119b]::run_test::{closure#1}, ()>
[INFO] [stdout]   22:     0x61aacd2c4c72 - <std[617be2ca0a6fd877]::thread::lifecycle::spawn_unchecked<test[aada8e7e76ba119b]::run_test::{closure#1}, ()>::{closure#1} as core[a373ad73a504971]::ops::function::FnOnce<()>>::call_once::{shim:vtable#0}
[INFO] [stdout]   23:     0x61aacd50eabf - <std[617be2ca0a6fd877]::sys::thread::unix::Thread>::new::thread_start
[INFO] [stdout]   24:     0x7fc8320dddfa - <unknown>
[INFO] [stdout]   25:     0x7fc8321713d4 - clone
[INFO] [stdout]   26:                0x0 - <unknown>
[INFO] [stdout] 
[INFO] [stdout] ---- test::archlinux_parse_body_remote stdout ----
[INFO] [stdout] 
[INFO] [stdout] thread 'test::archlinux_parse_body_remote' (1309) panicked at src/test/mod.rs:27:5:
[INFO] [stdout] assertion failed: response().await.is_ok()
[INFO] [stdout] stack backtrace:
[INFO] [stdout]    0:     0x61aacd50f611 - <<std[617be2ca0a6fd877]::sys::backtrace::BacktraceLock>::print::DisplayBacktrace as core[a373ad73a504971]::fmt::Display>::fmt
[INFO] [stdout]    1:     0x61aacd5253da - core[a373ad73a504971]::fmt::write
[INFO] [stdout]    2:     0x61aacd513e5c - <alloc[2e1b2a31b91974c5]::vec::Vec<u8> as core[a373ad73a504971]::io::write::Write>::write_fmt
[INFO] [stdout]    3:     0x61aacd4ea8f6 - std[617be2ca0a6fd877]::panicking::default_hook::{closure#0}
[INFO] [stdout]    4:     0x61aacd5075a9 - std[617be2ca0a6fd877]::panicking::default_hook
[INFO] [stdout]    5:     0x61aacd2c15c0 - test[aada8e7e76ba119b]::test_main_inner::{closure#0}
[INFO] [stdout]    6:     0x61aacd5078d2 - std[617be2ca0a6fd877]::panicking::panic_with_hook
[INFO] [stdout]    7:     0x61aacd4ea9d4 - std[617be2ca0a6fd877]::panicking::panic_handler::{closure#0}
[INFO] [stdout]    8:     0x61aacd4e35d9 - std[617be2ca0a6fd877]::sys::backtrace::__rust_end_short_backtrace::<std[617be2ca0a6fd877]::panicking::panic_handler::{closure#0}, !>
[INFO] [stdout]    9:     0x61aacd4eb79d - __rustc[ea4f61d10b84890b]::rust_begin_unwind
[INFO] [stdout]   10:     0x61aacd525b3c - core[a373ad73a504971]::panicking::panic_fmt
[INFO] [stdout]   11:     0x61aacd525b02 - core[a373ad73a504971]::panicking::panic
[INFO] [stdout]   12:     0x61aacd2aa5d3 - mirrors_arch[b3dca849fca0afd0]::test::archlinux_parse_body_remote::{closure#0}
[INFO] [stdout]   13:     0x61aacd2b203d - <tokio[1b57d2dd3b45f6f4]::runtime::scheduler::current_thread::Context>::enter::<core[a373ad73a504971]::task::poll::Poll<core[a373ad73a504971]::result::Result<(), mirrors_arch[b3dca849fca0afd0]::errors::Error>>, <tokio[1b57d2dd3b45f6f4]::runtime::scheduler::current_thread::CoreGuard>::block_on<core[a373ad73a504971]::pin::Pin<&mut core[a373ad73a504971]::pin::Pin<&mut dyn core[a373ad73a504971]::future::future::Future<Output = core[a373ad73a504971]::result::Result<(), mirrors_arch[b3dca849fca0afd0]::errors::Error>>>>>::{closure#0}::{closure#0}>
[INFO] [stdout]   14:     0x61aacd2ada8c - <std[617be2ca0a6fd877]::thread::local::LocalKey<tokio[1b57d2dd3b45f6f4]::runtime::context::Context>>::with::<tokio[1b57d2dd3b45f6f4]::runtime::context::set_scheduler<(alloc[2e1b2a31b91974c5]::boxed::Box<tokio[1b57d2dd3b45f6f4]::runtime::scheduler::current_thread::Core>, core[a373ad73a504971]::option::Option<core[a373ad73a504971]::result::Result<(), mirrors_arch[b3dca849fca0afd0]::errors::Error>>), <tokio[1b57d2dd3b45f6f4]::runtime::scheduler::current_thread::CoreGuard>::enter<<tokio[1b57d2dd3b45f6f4]::runtime::scheduler::current_thread::CoreGuard>::block_on<core[a373ad73a504971]::pin::Pin<&mut core[a373ad73a504971]::pin::Pin<&mut dyn core[a373ad73a504971]::future::future::Future<Output = core[a373ad73a504971]::result::Result<(), mirrors_arch[b3dca849fca0afd0]::errors::Error>>>>>::{closure#0}, core[a373ad73a504971]::option::Option<core[a373ad73a504971]::result::Result<(), mirrors_arch[b3dca849fca0afd0]::errors::Error>>>::{closure#0}>::{closure#0}, (alloc[2e1b2a31b91974c5]::boxed::Box<tokio[1b57d2dd3b45f6f4]::runtime::scheduler::current_thread::Core>, core[a373ad73a504971]::option::Option<core[a373ad73a504971]::result::Result<(), mirrors_arch[b3dca849fca0afd0]::errors::Error>>)>
[INFO] [stdout]   15:     0x61aacd2b21fe - <tokio[1b57d2dd3b45f6f4]::runtime::scheduler::current_thread::CoreGuard>::block_on::<core[a373ad73a504971]::pin::Pin<&mut core[a373ad73a504971]::pin::Pin<&mut dyn core[a373ad73a504971]::future::future::Future<Output = core[a373ad73a504971]::result::Result<(), mirrors_arch[b3dca849fca0afd0]::errors::Error>>>>>
[INFO] [stdout]   16:     0x61aacd2b42e2 - tokio[1b57d2dd3b45f6f4]::runtime::context::runtime::enter_runtime::<<tokio[1b57d2dd3b45f6f4]::runtime::scheduler::current_thread::CurrentThread>::block_on<core[a373ad73a504971]::pin::Pin<&mut dyn core[a373ad73a504971]::future::future::Future<Output = core[a373ad73a504971]::result::Result<(), mirrors_arch[b3dca849fca0afd0]::errors::Error>>>>::{closure#0}, core[a373ad73a504971]::result::Result<(), mirrors_arch[b3dca849fca0afd0]::errors::Error>>
[INFO] [stdout]   17:     0x61aacd2b3706 - <tokio[1b57d2dd3b45f6f4]::runtime::runtime::Runtime>::block_on::<core[a373ad73a504971]::pin::Pin<&mut dyn core[a373ad73a504971]::future::future::Future<Output = core[a373ad73a504971]::result::Result<(), mirrors_arch[b3dca849fca0afd0]::errors::Error>>>>
[INFO] [stdout]   18:     0x61aacd2ab1f3 - <mirrors_arch[b3dca849fca0afd0]::test::archlinux_parse_body_remote::{closure#0} as core[a373ad73a504971]::ops::function::FnOnce<()>>::call_once
[INFO] [stdout]   19:     0x61aacd2b4a0b - test[aada8e7e76ba119b]::__rust_begin_short_backtrace::<core[a373ad73a504971]::result::Result<(), alloc[2e1b2a31b91974c5]::string::String>, fn() -> core[a373ad73a504971]::result::Result<(), alloc[2e1b2a31b91974c5]::string::String>>
[INFO] [stdout]   20:     0x61aacd2c1be5 - test[aada8e7e76ba119b]::run_test::{closure#0}
[INFO] [stdout]   21:     0x61aacd2bb4d4 - std[617be2ca0a6fd877]::sys::backtrace::__rust_begin_short_backtrace::<test[aada8e7e76ba119b]::run_test::{closure#1}, ()>
[INFO] [stdout]   22:     0x61aacd2c4c72 - <std[617be2ca0a6fd877]::thread::lifecycle::spawn_unchecked<test[aada8e7e76ba119b]::run_test::{closure#1}, ()>::{closure#1} as core[a373ad73a504971]::ops::function::FnOnce<()>>::call_once::{shim:vtable#0}
[INFO] [stdout]   23:     0x61aacd50eabf - <std[617be2ca0a6fd877]::sys::thread::unix::Thread>::new::thread_start
[INFO] [stdout]   24:     0x7fc8320dddfa - <unknown>
[INFO] [stdout]   25:     0x7fc8321713d4 - clone
[INFO] [stdout]   26:                0x0 - <unknown>
[INFO] [stdout] 
[INFO] [stdout] ---- test::arch_mirrors_ok stdout ----
[INFO] [stdout] 
[INFO] [stdout] thread 'test::arch_mirrors_ok' (1307) panicked at src/test/mod.rs:20:5:
[INFO] [stdout] assertion failed: response().await.is_ok()
[INFO] [stdout] stack backtrace:
[INFO] [stdout]    0:     0x61aacd50f611 - <<std[617be2ca0a6fd877]::sys::backtrace::BacktraceLock>::print::DisplayBacktrace as core[a373ad73a504971]::fmt::Display>::fmt
[INFO] [stdout]    1:     0x61aacd5253da - core[a373ad73a504971]::fmt::write
[INFO] [stdout]    2:     0x61aacd513e5c - <alloc[2e1b2a31b91974c5]::vec::Vec<u8> as core[a373ad73a504971]::io::write::Write>::write_fmt
[INFO] [stdout]    3:     0x61aacd4ea8f6 - std[617be2ca0a6fd877]::panicking::default_hook::{closure#0}
[INFO] [stdout]    4:     0x61aacd5075a9 - std[617be2ca0a6fd877]::panicking::default_hook
[INFO] [stdout]    5:     0x61aacd2c15c0 - test[aada8e7e76ba119b]::test_main_inner::{closure#0}
[INFO] [stdout]    6:     0x61aacd5078d2 - std[617be2ca0a6fd877]::panicking::panic_with_hook
[INFO] [stdout]    7:     0x61aacd4ea9d4 - std[617be2ca0a6fd877]::panicking::panic_handler::{closure#0}
[INFO] [stdout]    8:     0x61aacd4e35d9 - std[617be2ca0a6fd877]::sys::backtrace::__rust_end_short_backtrace::<std[617be2ca0a6fd877]::panicking::panic_handler::{closure#0}, !>
[INFO] [stdout]    9:     0x61aacd4eb79d - __rustc[ea4f61d10b84890b]::rust_begin_unwind
[INFO] [stdout]   10:     0x61aacd525b3c - core[a373ad73a504971]::panicking::panic_fmt
[INFO] [stdout]   11:     0x61aacd525b02 - core[a373ad73a504971]::panicking::panic
[INFO] [stdout]   12:     0x61aacd2a9195 - mirrors_arch[b3dca849fca0afd0]::test::arch_mirrors_ok::{closure#0}
[INFO] [stdout]   13:     0x61aacd2b203d - <tokio[1b57d2dd3b45f6f4]::runtime::scheduler::current_thread::Context>::enter::<core[a373ad73a504971]::task::poll::Poll<core[a373ad73a504971]::result::Result<(), mirrors_arch[b3dca849fca0afd0]::errors::Error>>, <tokio[1b57d2dd3b45f6f4]::runtime::scheduler::current_thread::CoreGuard>::block_on<core[a373ad73a504971]::pin::Pin<&mut core[a373ad73a504971]::pin::Pin<&mut dyn core[a373ad73a504971]::future::future::Future<Output = core[a373ad73a504971]::result::Result<(), mirrors_arch[b3dca849fca0afd0]::errors::Error>>>>>::{closure#0}::{closure#0}>
[INFO] [stdout]   14:     0x61aacd2ada8c - <std[617be2ca0a6fd877]::thread::local::LocalKey<tokio[1b57d2dd3b45f6f4]::runtime::context::Context>>::with::<tokio[1b57d2dd3b45f6f4]::runtime::context::set_scheduler<(alloc[2e1b2a31b91974c5]::boxed::Box<tokio[1b57d2dd3b45f6f4]::runtime::scheduler::current_thread::Core>, core[a373ad73a504971]::option::Option<core[a373ad73a504971]::result::Result<(), mirrors_arch[b3dca849fca0afd0]::errors::Error>>), <tokio[1b57d2dd3b45f6f4]::runtime::scheduler::current_thread::CoreGuard>::enter<<tokio[1b57d2dd3b45f6f4]::runtime::scheduler::current_thread::CoreGuard>::block_on<core[a373ad73a504971]::pin::Pin<&mut core[a373ad73a504971]::pin::Pin<&mut dyn core[a373ad73a504971]::future::future::Future<Output = core[a373ad73a504971]::result::Result<(), mirrors_arch[b3dca849fca0afd0]::errors::Error>>>>>::{closure#0}, core[a373ad73a504971]::option::Option<core[a373ad73a504971]::result::Result<(), mirrors_arch[b3dca849fca0afd0]::errors::Error>>>::{closure#0}>::{closure#0}, (alloc[2e1b2a31b91974c5]::boxed::Box<tokio[1b57d2dd3b45f6f4]::runtime::scheduler::current_thread::Core>, core[a373ad73a504971]::option::Option<core[a373ad73a504971]::result::Result<(), mirrors_arch[b3dca849fca0afd0]::errors::Error>>)>
[INFO] [stdout]   15:     0x61aacd2b21fe - <tokio[1b57d2dd3b45f6f4]::runtime::scheduler::current_thread::CoreGuard>::block_on::<core[a373ad73a504971]::pin::Pin<&mut core[a373ad73a504971]::pin::Pin<&mut dyn core[a373ad73a504971]::future::future::Future<Output = core[a373ad73a504971]::result::Result<(), mirrors_arch[b3dca849fca0afd0]::errors::Error>>>>>
[INFO] [stdout]   16:     0x61aacd2b42e2 - tokio[1b57d2dd3b45f6f4]::runtime::context::runtime::enter_runtime::<<tokio[1b57d2dd3b45f6f4]::runtime::scheduler::current_thread::CurrentThread>::block_on<core[a373ad73a504971]::pin::Pin<&mut dyn core[a373ad73a504971]::future::future::Future<Output = core[a373ad73a504971]::result::Result<(), mirrors_arch[b3dca849fca0afd0]::errors::Error>>>>::{closure#0}, core[a373ad73a504971]::result::Result<(), mirrors_arch[b3dca849fca0afd0]::errors::Error>>
[INFO] [stdout]   17:     0x61aacd2b3706 - <tokio[1b57d2dd3b45f6f4]::runtime::runtime::Runtime>::block_on::<core[a373ad73a504971]::pin::Pin<&mut dyn core[a373ad73a504971]::future::future::Future<Output = core[a373ad73a504971]::result::Result<(), mirrors_arch[b3dca849fca0afd0]::errors::Error>>>>
[INFO] [stdout]   18:     0x61aacd2aa983 - <mirrors_arch[b3dca849fca0afd0]::test::arch_mirrors_ok::{closure#0} as core[a373ad73a504971]::ops::function::FnOnce<()>>::call_once
[INFO] [stdout]   19:     0x61aacd2b4a0b - test[aada8e7e76ba119b]::__rust_begin_short_backtrace::<core[a373ad73a504971]::result::Result<(), alloc[2e1b2a31b91974c5]::string::String>, fn() -> core[a373ad73a504971]::result::Result<(), alloc[2e1b2a31b91974c5]::string::String>>
[INFO] [stdout]   20:     0x61aacd2c1be5 - test[aada8e7e76ba119b]::run_test::{closure#0}
[INFO] [stdout]   21:     0x61aacd2bb4d4 - std[617be2ca0a6fd877]::sys::backtrace::__rust_begin_short_backtrace::<test[aada8e7e76ba119b]::run_test::{closure#1}, ()>
[INFO] [stdout]   22:     0x61aacd2c4c72 - <std[617be2ca0a6fd877]::thread::lifecycle::spawn_unchecked<test[aada8e7e76ba119b]::run_test::{closure#1}, ()>::{closure#1} as core[a373ad73a504971]::ops::function::FnOnce<()>>::call_once::{shim:vtable#0}
[INFO] [stdout]   23:     0x61aacd50eabf - <std[617be2ca0a6fd877]::sys::thread::unix::Thread>::new::thread_start
[INFO] [stdout]   24:     0x7fc8320dddfa - <unknown>
[INFO] [stdout]   25:     0x7fc8321713d4 - clone
[INFO] [stdout]   26:                0x0 - <unknown>
[INFO] [stdout] 
[INFO] [stdout] 
[INFO] [stdout] failures:
[INFO] [stdout]     test::arch_mirrors_ok
[INFO] [stdout]     test::archlinux_parse_body_remote
[INFO] [stdout]     test::check_mirrors
[INFO] [stdout]     test::check_mirrors_raw
[INFO] [stdout] 
[INFO] [stdout] test result: FAILED. 2 passed; 4 failed; 0 ignored; 0 measured; 0 filtered out; finished in 0.02s
[INFO] [stdout] 
[INFO] running `Command { std: "docker" "inspect" "31acac30c8ead854f0229f0b59a81797ee5aa7dc37559920ea73ea0a12858353", kill_on_drop: false }`
[INFO] running `Command { std: "docker" "rm" "-f" "31acac30c8ead854f0229f0b59a81797ee5aa7dc37559920ea73ea0a12858353", kill_on_drop: false }`
[INFO] [stdout] 31acac30c8ead854f0229f0b59a81797ee5aa7dc37559920ea73ea0a12858353
