[INFO] fetching crate miraland-clap-v3-utils 1.19.2...
[INFO] testing miraland-clap-v3-utils-1.19.2 against 1.99.0-beta.8+cargoflags=--release for beta-release-1.100-2
[INFO] extracting crate miraland-clap-v3-utils 1.19.2 into /workspace/builds/worker-5-tc1/source
[INFO] started tweaking crates.io crate miraland-clap-v3-utils 1.19.2
[INFO] finished tweaking crates.io crate miraland-clap-v3-utils 1.19.2
[INFO] tweaked toml for crates.io crate miraland-clap-v3-utils 1.19.2 written to /workspace/builds/worker-5-tc1/source/Cargo.toml
[INFO] validating manifest of crates.io crate miraland-clap-v3-utils 1.19.2 on toolchain 1.99.0-beta.8
[INFO] running `Command { std: CARGO_HOME="/workspace/cargo-home" RUSTUP_HOME="/workspace/rustup-home" "/workspace/cargo-home/bin/cargo" "+1.99.0-beta.8" "metadata" "--manifest-path" "Cargo.toml" "--no-deps", kill_on_drop: false }`
[INFO] running `Command { std: CARGO_HOME="/workspace/cargo-home" RUSTUP_HOME="/workspace/rustup-home" "/workspace/cargo-home/bin/cargo" "+1.99.0-beta.8" "generate-lockfile" "--manifest-path" "Cargo.toml", kill_on_drop: false }`
[INFO] [stderr]     Updating crates.io index
[INFO] [stderr]      Locking 297 packages to highest compatible versions
[INFO] [stderr]       Adding clap v3.2.25 (available: v4.6.7)
[INFO] [stderr]       Adding crypto-common v0.1.6 (available: v0.1.7)
[INFO] [stderr]       Adding thiserror v1.0.69 (available: v2.0.21)
[INFO] [stderr]       Adding tiny-bip39 v0.8.2 (available: v2.0.0)
[INFO] [stderr]       Adding zeroize v1.3.0 (available: v1.9.1)
[INFO] running `Command { std: CARGO_HOME="/workspace/cargo-home" RUSTUP_HOME="/workspace/rustup-home" "/workspace/cargo-home/bin/cargo" "+1.99.0-beta.8" "fetch" "--manifest-path" "Cargo.toml", kill_on_drop: false }`
[INFO] [stderr]  Downloading crates ...
[INFO] [stderr]   Downloaded miraland-frozen-abi-macro v1.19.2
[INFO] [stderr]   Downloaded miraland-sdk-macro v1.19.2
[INFO] [stderr]   Downloaded miraland-frozen-abi v1.19.2
[INFO] [stderr]   Downloaded miraland-program v1.19.2
[INFO] [stderr]   Downloaded miraland-sdk v1.19.2
[INFO] [stderr]   Downloaded miraland-logger v1.19.2
[INFO] [stderr]   Downloaded miraland-zk-token-sdk v1.19.2
[INFO] [stderr]   Downloaded aes-gcm-siv v0.11.1
[INFO] [stderr]   Downloaded miraland-remote-wallet v1.19.2
[INFO] running `Command { std: "docker" "create" "-v" "/var/lib/crater-agent-workspace/builds/worker-5-tc1/source:/opt/rustwide/workdir:ro,Z" "-v" "/var/lib/crater-agent-workspace/builds/worker-5-tc1/target:/opt/rustwide/target:rw,Z" "-v" "/var/lib/crater-agent-workspace/cargo-home:/opt/rustwide/cargo-home:ro,Z" "-v" "/var/lib/crater-agent-workspace/rustup-home:/opt/rustwide/rustup-home:ro,Z" "-m" "1610612736" "--network" "none" "ghcr.io/rust-lang/crates-build-env/linux@sha256:77db811e55d90add9212f6832c23229e3de5f1c1f9905e8cb07319ea15df73ac" "sleep" "infinity", kill_on_drop: false }`
[INFO] [stdout] 353e5bf81692a00492bf00a8f570efee03beaea8b658e3d37a1bb2a68d55e2d7
[INFO] running `Command { std: "docker" "start" "353e5bf81692a00492bf00a8f570efee03beaea8b658e3d37a1bb2a68d55e2d7", kill_on_drop: false }`
[INFO] running `Command { std: "docker" "inspect" "353e5bf81692a00492bf00a8f570efee03beaea8b658e3d37a1bb2a68d55e2d7", kill_on_drop: false }`
[INFO] running `Command { std: "docker" "exec" "-e" "SOURCE_DIR=/opt/rustwide/workdir" "-e" "CARGO_HOME=/opt/rustwide/cargo-home" "-e" "RUSTUP_HOME=/opt/rustwide/rustup-home" "-e" "CARGO_TARGET_DIR=/opt/rustwide/target" "-w" "/opt/rustwide/workdir" "--user" "0:0" "353e5bf81692a00492bf00a8f570efee03beaea8b658e3d37a1bb2a68d55e2d7" "/opt/rustwide/cargo-home/bin/cargo" "+1.99.0-beta.8" "metadata" "--no-deps" "--format-version=1", kill_on_drop: false }`
[INFO] running `Command { std: "docker" "inspect" "353e5bf81692a00492bf00a8f570efee03beaea8b658e3d37a1bb2a68d55e2d7", kill_on_drop: false }`
[INFO] running `Command { std: "docker" "exec" "-e" "SOURCE_DIR=/opt/rustwide/workdir" "-e" "CARGO_HOME=/opt/rustwide/cargo-home" "-e" "RUSTUP_HOME=/opt/rustwide/rustup-home" "-e" "CARGO_TARGET_DIR=/opt/rustwide/target" "-e" "CARGO_INCREMENTAL=0" "-e" "RUST_BACKTRACE=full" "-e" "RUSTFLAGS=--cap-lints=warn" "-e" "RUSTDOCFLAGS=--cap-lints=warn" "-w" "/opt/rustwide/workdir" "--user" "0:0" "353e5bf81692a00492bf00a8f570efee03beaea8b658e3d37a1bb2a68d55e2d7" "/opt/rustwide/cargo-home/bin/cargo" "+1.99.0-beta.8" "build" "--frozen" "--message-format=json" "--release", kill_on_drop: false }`
[INFO] [stderr]    Compiling subtle v2.6.1
[INFO] [stderr]    Compiling getrandom v0.1.16
[INFO] [stderr]    Compiling zerocopy v0.8.63
[INFO] [stderr]    Compiling syn v3.0.9
[INFO] [stderr]    Compiling syn v2.0.119
[INFO] [stderr]    Compiling block-padding v0.2.1
[INFO] [stderr]    Compiling ark-serialize-derive v0.4.2
[INFO] [stderr]    Compiling ark-ff-macros v0.4.2
[INFO] [stderr]    Compiling derivative v2.2.0
[INFO] [stderr]    Compiling ark-ff-asm v0.4.2
[INFO] [stderr]    Compiling itertools v0.10.5
[INFO] [stderr]    Compiling aho-corasick v1.1.5
[INFO] [stderr]    Compiling bitflags v2.13.2
[INFO] [stderr]    Compiling miraland-frozen-abi-macro v1.19.2
[INFO] [stderr]    Compiling keccak v0.1.6
[INFO] [stderr]    Compiling libsecp256k1-core v0.2.2
[INFO] [stderr]    Compiling blake3 v1.8.7
[INFO] [stderr]    Compiling borsh-schema-derive-internal v0.9.3
[INFO] [stderr]    Compiling borsh-schema-derive-internal v0.10.4
[INFO] [stderr]    Compiling rand_core v0.5.1
[INFO] [stderr]    Compiling borsh-derive-internal v0.9.3
[INFO] [stderr]    Compiling borsh-derive-internal v0.10.4
[INFO] [stderr]    Compiling atty v0.2.14
[INFO] [stderr]    Compiling miraland-frozen-abi v1.19.2
[INFO] [stderr]    Compiling once_cell v1.21.4
[INFO] [stderr]    Compiling termcolor v1.4.1
[INFO] [stderr]    Compiling tinyvec v1.13.3
[INFO] [stderr]    Compiling memoffset v0.9.1
[INFO] [stderr]    Compiling digest v0.11.3
[INFO] [stderr]    Compiling hashbrown v0.11.2
[INFO] [stderr]    Compiling borsh-derive v0.9.3
[INFO] [stderr]    Compiling borsh-derive v0.10.4
[INFO] [stderr]    Compiling borsh v1.8.1
[INFO] [stderr]    Compiling miraland-program v1.19.2
[INFO] [stderr]    Compiling memmap2 v0.5.10
[INFO] [stderr]    Compiling serde_bytes v0.11.19
[INFO] [stderr]    Compiling humantime v2.4.0
[INFO] [stderr]    Compiling base64 v0.12.3
[INFO] [stderr]    Compiling arrayvec v0.7.8
[INFO] [stderr]    Compiling libsecp256k1-gen-genmult v0.2.1
[INFO] [stderr]    Compiling libsecp256k1-gen-ecmult v0.2.1
[INFO] [stderr]    Compiling rustc-hash v1.1.0
[INFO] [stderr]    Compiling bs58 v0.5.1
[INFO] [stderr]    Compiling rustix v1.1.5
[INFO] [stderr]    Compiling libsecp256k1 v0.6.0
[INFO] [stderr]    Compiling serde_json v1.0.154
[INFO] [stderr]    Compiling borsh v0.9.3
[INFO] [stderr]    Compiling unicode-normalization v0.1.26
[INFO] [stderr]    Compiling miraland-sdk v1.19.2
[INFO] [stderr]    Compiling itertools v0.12.1
[INFO] [stderr]    Compiling derivation-path v0.2.0
[INFO] [stderr]    Compiling chrono v0.4.45
[INFO] [stderr]    Compiling uriparse v0.6.4
[INFO] [stderr]    Compiling getrandom v0.4.3
[INFO] [stderr]    Compiling qstring v0.7.2
[INFO] [stderr]    Compiling indexmap v1.9.3
[INFO] [stderr]    Compiling siphasher v0.3.11
[INFO] [stderr]    Compiling regex-automata v0.4.18
[INFO] [stderr]    Compiling assert_matches v1.5.0
[INFO] [stderr]    Compiling unicode-width v0.2.2
[INFO] [stderr]    Compiling parking_lot_core v0.9.12
[INFO] [stderr]    Compiling console v0.15.11
[INFO] [stderr]    Compiling shell-words v1.1.1
[INFO] [stderr]    Compiling os_str_bytes v6.6.1
[INFO] [stderr]    Compiling hashbrown v0.12.3
[INFO] [stderr]    Compiling clap_lex v0.2.4
[INFO] [stderr]    Compiling parking_lot v0.12.5
[INFO] [stderr]    Compiling rtoolbox v0.0.6
[INFO] [stderr]    Compiling strsim v0.10.0
[INFO] [stderr]    Compiling semver v1.0.28
[INFO] [stderr]    Compiling textwrap v0.16.4
[INFO] [stderr]    Compiling rpassword v7.5.4
[INFO] [stderr]    Compiling clap v3.2.25
[INFO] [stderr]    Compiling tempfile v3.27.0
[INFO] [stderr]    Compiling synstructure v0.14.0
[INFO] [stderr]    Compiling wasm-bindgen-macro-support v0.2.129
[INFO] [stderr]    Compiling regex v1.13.1
[INFO] [stderr]    Compiling darling_core v0.20.11
[INFO] [stderr]    Compiling env_logger v0.9.3
[INFO] [stderr]    Compiling serde_derive v1.0.229
[INFO] [stderr]    Compiling zerofrom-derive v0.1.8
[INFO] [stderr]    Compiling yoke-derive v0.8.4
[INFO] [stderr]    Compiling zerovec-derive v0.11.6
[INFO] [stderr]    Compiling displaydoc v0.2.7
[INFO] [stderr]    Compiling borsh-derive v1.8.1
[INFO] [stderr]    Compiling zeroize_derive v1.5.0
[INFO] [stderr]    Compiling thiserror-impl v1.0.69
[INFO] [stderr]    Compiling bytemuck_derive v1.12.1
[INFO] [stderr]    Compiling num-derive v0.4.2
[INFO] [stderr]    Compiling zeroize v1.3.0
[INFO] [stderr]    Compiling zerofrom v0.1.8
[INFO] [stderr]    Compiling num_enum_derive v0.7.6
[INFO] [stderr]    Compiling ppv-lite86 v0.2.21
[INFO] [stderr]    Compiling yoke v0.8.3
[INFO] [stderr]    Compiling ahash v0.8.12
[INFO] [stderr]    Compiling hashbrown v0.13.2
[INFO] [stderr]    Compiling zerotrie v0.2.5
[INFO] [stderr]    Compiling zerovec v0.11.8
[INFO] [stderr]    Compiling rand_chacha v0.3.1
[INFO] [stderr]    Compiling rand_chacha v0.2.2
[INFO] [stderr]    Compiling miraland-sdk-macro v1.19.2
[INFO] [stderr]    Compiling thiserror v1.0.69
[INFO] [stderr]    Compiling rand v0.7.3
[INFO] [stderr]    Compiling borsh v0.10.4
[INFO] [stderr]    Compiling bytemuck v1.25.2
[INFO] [stderr]    Compiling rand v0.8.8
[INFO] [stderr]    Compiling num_enum v0.7.6
[INFO] [stderr]    Compiling qualifier_attr v0.2.2
[INFO] [stderr]    Compiling miraland-logger v1.19.2
[INFO] [stderr]    Compiling dialoguer v0.10.4
[INFO] [stderr]    Compiling merlin v3.0.0
[INFO] [stderr]    Compiling tinystr v0.8.4
[INFO] [stderr]    Compiling potential_utf v0.1.6
[INFO] [stderr]    Compiling icu_collections v2.3.0
[INFO] [stderr]    Compiling ark-std v0.4.0
[INFO] [stderr]    Compiling icu_locale_core v2.3.0
[INFO] [stderr]    Compiling darling_macro v0.20.11
[INFO] [stderr]    Compiling darling v0.20.11
[INFO] [stderr]    Compiling serde_with_macros v2.3.3
[INFO] [stderr]    Compiling serde v1.0.229
[INFO] [stderr]    Compiling generic-array v0.14.9
[INFO] [stderr]    Compiling icu_provider v2.3.1
[INFO] [stderr]    Compiling im v15.1.0
[INFO] [stderr]    Compiling bv v0.11.1
[INFO] [stderr]    Compiling bincode v1.3.3
[INFO] [stderr]    Compiling serde_with v2.3.3
[INFO] [stderr]    Compiling icu_properties v2.3.0
[INFO] [stderr]    Compiling icu_normalizer v2.3.0
[INFO] [stderr]    Compiling crypto-common v0.1.6
[INFO] [stderr]    Compiling block-buffer v0.10.4
[INFO] [stderr]    Compiling digest v0.9.0
[INFO] [stderr]    Compiling digest v0.10.7
[INFO] [stderr]    Compiling block-buffer v0.9.0
[INFO] [stderr]    Compiling crypto-mac v0.8.0
[INFO] [stderr]    Compiling inout v0.1.4
[INFO] [stderr]    Compiling curve25519-dalek v3.2.1
[INFO] [stderr]    Compiling wasm-bindgen-macro v0.2.129
[INFO] [stderr]    Compiling sha2 v0.9.9
[INFO] [stderr]    Compiling hmac v0.8.1
[INFO] [stderr]    Compiling pbkdf2 v0.4.0
[INFO] [stderr]    Compiling hmac-drbg v0.3.0
[INFO] [stderr]    Compiling cipher v0.4.4
[INFO] [stderr]    Compiling universal-hash v0.5.1
[INFO] [stderr]    Compiling aead v0.5.2
[INFO] [stderr]    Compiling sha3 v0.9.1
[INFO] [stderr]    Compiling polyval v0.6.2
[INFO] [stderr]    Compiling wasm-bindgen v0.2.129
[INFO] [stderr]    Compiling ark-serialize v0.4.2
[INFO] [stderr]    Compiling sha2 v0.10.9
[INFO] [stderr]    Compiling hmac v0.12.1
[INFO] [stderr]    Compiling sha3 v0.10.9
[INFO] [stderr]    Compiling pbkdf2 v0.11.0
[INFO] [stderr]    Compiling ctr v0.9.2
[INFO] [stderr]    Compiling aes v0.8.4
[INFO] [stderr]    Compiling tiny-bip39 v0.8.2
[INFO] [stderr]    Compiling ark-ff v0.4.2
[INFO] [stderr]    Compiling idna_adapter v1.2.2
[INFO] [stderr]    Compiling idna v1.1.0
[INFO] [stderr]    Compiling aes-gcm-siv v0.11.1
[INFO] [stderr]    Compiling ed25519-dalek v1.0.1
[INFO] [stderr]    Compiling ed25519-dalek-bip32 v0.2.0
[INFO] [stderr]    Compiling url v2.5.8
[INFO] [stderr]    Compiling ark-poly v0.4.2
[INFO] [stderr]    Compiling ark-ec v0.4.2
[INFO] [stderr]    Compiling ark-bn254 v0.4.0
[INFO] [stderr]    Compiling light-poseidon v0.2.0
[INFO] [stderr]    Compiling miraland-remote-wallet v1.19.2
[INFO] [stderr]    Compiling miraland-zk-token-sdk v1.19.2
[INFO] [stderr]    Compiling miraland-clap-v3-utils v1.19.2 (/opt/rustwide/workdir)
[INFO] [stderr]     Finished `release` profile [optimized] target(s) in 2m 19s
[INFO] running `Command { std: "docker" "inspect" "353e5bf81692a00492bf00a8f570efee03beaea8b658e3d37a1bb2a68d55e2d7", kill_on_drop: false }`
[INFO] running `Command { std: "docker" "exec" "-e" "SOURCE_DIR=/opt/rustwide/workdir" "-e" "CARGO_HOME=/opt/rustwide/cargo-home" "-e" "RUSTUP_HOME=/opt/rustwide/rustup-home" "-e" "CARGO_TARGET_DIR=/opt/rustwide/target" "-e" "CARGO_INCREMENTAL=0" "-e" "RUST_BACKTRACE=full" "-e" "RUSTFLAGS=--cap-lints=warn" "-e" "RUSTDOCFLAGS=--cap-lints=warn" "-w" "/opt/rustwide/workdir" "--user" "0:0" "353e5bf81692a00492bf00a8f570efee03beaea8b658e3d37a1bb2a68d55e2d7" "/opt/rustwide/cargo-home/bin/cargo" "+1.99.0-beta.8" "test" "--frozen" "--no-run" "--message-format=json" "--release", kill_on_drop: false }`
[INFO] [stderr]    Compiling miraland-clap-v3-utils v1.19.2 (/opt/rustwide/workdir)
[INFO] [stderr]     Finished `release` profile [optimized] target(s) in 3.93s
[INFO] running `Command { std: "docker" "inspect" "353e5bf81692a00492bf00a8f570efee03beaea8b658e3d37a1bb2a68d55e2d7", kill_on_drop: false }`
[INFO] running `Command { std: "docker" "exec" "-e" "SOURCE_DIR=/opt/rustwide/workdir" "-e" "CARGO_HOME=/opt/rustwide/cargo-home" "-e" "RUSTUP_HOME=/opt/rustwide/rustup-home" "-e" "CARGO_TARGET_DIR=/opt/rustwide/target" "-e" "CARGO_INCREMENTAL=0" "-e" "RUST_BACKTRACE=full" "-e" "RUSTFLAGS=--cap-lints=warn" "-e" "RUSTDOCFLAGS=--cap-lints=warn" "-w" "/opt/rustwide/workdir" "--user" "0:0" "353e5bf81692a00492bf00a8f570efee03beaea8b658e3d37a1bb2a68d55e2d7" "/opt/rustwide/cargo-home/bin/cargo" "+1.99.0-beta.8" "test" "--frozen" "--release", kill_on_drop: false }`
[INFO] [stderr]     Finished `release` profile [optimized] target(s) in 0.27s
[INFO] [stderr]      Running unittests src/lib.rs (/opt/rustwide/target/release/deps/miraland_clap_v3_utils-a52d0b5e44292910)
[INFO] [stdout] 
[INFO] [stdout] running 21 tests
[INFO] [stdout] test input_parsers::signer::tests::test_parse_pubkey_signature ... ok
[INFO] [stdout] test input_parsers::signer::tests::test_parse_keypair_source ... ok
[INFO] [stdout] test input_parsers::signer::tests::test_parse_prompt_signer_source ... ok
[INFO] [stdout] test input_parsers::signer::tests::test_keypair_of ... FAILED
[INFO] [stdout] test input_parsers::signer::tests::test_parse_pubkey_or_keypair_signer_source ... ok
[INFO] [stdout] test input_parsers::signer::tests::test_pubkeys_of ... FAILED
[INFO] [stdout] test input_parsers::signer::tests::test_pubkeys_sigs_of ... ok
[INFO] [stdout] test input_parsers::tests::test_derivation ... ok
[INFO] [stdout] test input_parsers::tests::test_mln_to_lamports ... ok
[INFO] [stdout] test input_parsers::tests::test_parse_pubkey ... ok
[INFO] [stdout] test input_parsers::signer::tests::test_parse_signer_source ... FAILED
[INFO] [stdout] test input_parsers::tests::test_parse_hash ... ok
[INFO] [stdout] test keypair::tests::test_sanitize_seed_phrase ... ok
[INFO] [stdout] test input_parsers::tests::test_value_of ... ok
[INFO] [stdout] test keypair::tests::test_signer_info_signers_for_message ... ok
[INFO] [stdout] test input_parsers::signer::tests::test_parse_keypair_or_ask_keyword_source ... ok
[INFO] [stdout] test input_parsers::tests::test_values_of ... ok
[INFO] [stdout] test input_parsers::tests::test_parse_token_decimal ... ok
[INFO] [stdout] test input_parsers::tests::test_parse_token_decimal_or_all ... ok
[INFO] [stdout] test keypair::tests::signer_from_path_with_file ... FAILED
[INFO] [stdout] test input_parsers::signer::tests::test_pubkey_of ... FAILED
[INFO] [stdout] 
[INFO] [stdout] failures:
[INFO] [stdout] 
[INFO] [stdout] ---- input_parsers::signer::tests::test_keypair_of stdout ----
[INFO] [stdout] 
[INFO] [stdout] thread 'input_parsers::signer::tests::test_keypair_of' (3016) panicked at src/input_parsers/signer.rs:533:56:
[INFO] [stdout] called `Result::unwrap()` on an `Err` value: Os { code: 30, kind: ReadOnlyFilesystem, message: "Read-only file system" }
[INFO] [stdout] stack backtrace:
[INFO] [stdout]    0:     0x5b831bdbe981 - <<std[70759c8f55707aa4]::sys::backtrace::BacktraceLock>::print::DisplayBacktrace as core[df12db4294e9bfd3]::fmt::Display>::fmt
[INFO] [stdout]    1:     0x5b831bdd6d9a - core[df12db4294e9bfd3]::fmt::write
[INFO] [stdout]    2:     0x5b831bdc402c - <alloc[2182bb758b4b3781]::vec::Vec<u8> as core[df12db4294e9bfd3]::io::write::Write>::write_fmt
[INFO] [stdout]    3:     0x5b831bd98e96 - std[70759c8f55707aa4]::panicking::default_hook::{closure#0}
[INFO] [stdout]    4:     0x5b831bdb6629 - std[70759c8f55707aa4]::panicking::default_hook
[INFO] [stdout]    5:     0x5b831bc9f8f0 - test[9d35eded1c95d3be]::test_main_inner::<test[9d35eded1c95d3be]::test_main_static::{closure#0}>::{closure#0}
[INFO] [stdout]    6:     0x5b831bdb67e2 - std[70759c8f55707aa4]::panicking::panic_with_hook
[INFO] [stdout]    7:     0x5b831bd98f42 - std[70759c8f55707aa4]::panicking::panic_handler::{closure#0}
[INFO] [stdout]    8:     0x5b831bd91569 - std[70759c8f55707aa4]::sys::backtrace::__rust_end_short_backtrace::<std[70759c8f55707aa4]::panicking::panic_handler::{closure#0}, !>
[INFO] [stdout]    9:     0x5b831bd99ccd - __rustc[8fa7c3cbc660c2b3]::rust_begin_unwind
[INFO] [stdout]   10:     0x5b831bdd74cc - core[df12db4294e9bfd3]::panicking::panic_fmt
[INFO] [stdout]   11:     0x5b831bdd72a2 - core[df12db4294e9bfd3]::result::unwrap_failed
[INFO] [stdout]   12:     0x5b831bc69658 - miraland_clap_v3_utils[f466c5dc652e7019]::input_parsers::signer::tests::test_keypair_of
[INFO] [stdout]   13:     0x5b831bc823f9 - <miraland_clap_v3_utils[f466c5dc652e7019]::input_parsers::signer::tests::test_keypair_of::{closure#0} as core[df12db4294e9bfd3]::ops::function::FnOnce<()>>::call_once
[INFO] [stdout]   14:     0x5b831bc92bdb - test[9d35eded1c95d3be]::__rust_begin_short_backtrace::<core[df12db4294e9bfd3]::result::Result<(), alloc[2182bb758b4b3781]::string::String>, fn() -> core[df12db4294e9bfd3]::result::Result<(), alloc[2182bb758b4b3781]::string::String>>
[INFO] [stdout]   15:     0x5b831bca0245 - test[9d35eded1c95d3be]::run_test::{closure#0}
[INFO] [stdout]   16:     0x5b831bc99b04 - std[70759c8f55707aa4]::sys::backtrace::__rust_begin_short_backtrace::<test[9d35eded1c95d3be]::run_test::{closure#1}, ()>
[INFO] [stdout]   17:     0x5b831bca33a2 - <std[70759c8f55707aa4]::thread::lifecycle::spawn_unchecked<test[9d35eded1c95d3be]::run_test::{closure#1}, ()>::{closure#1} as core[df12db4294e9bfd3]::ops::function::FnOnce<()>>::call_once::{shim:vtable#0}
[INFO] [stdout]   18:     0x5b831bdbe229 - <std[70759c8f55707aa4]::sys::thread::unix::Thread>::new::thread_start
[INFO] [stdout]   19:     0x7fa415dfadfa - <unknown>
[INFO] [stdout]   20:     0x7fa415e8e3d4 - clone
[INFO] [stdout]   21:                0x0 - <unknown>
[INFO] [stdout] 
[INFO] [stdout] ---- input_parsers::signer::tests::test_pubkeys_of stdout ----
[INFO] [stdout] 
[INFO] [stdout] thread 'input_parsers::signer::tests::test_pubkeys_of' (3024) panicked at src/input_parsers/signer.rs:572:56:
[INFO] [stdout] called `Result::unwrap()` on an `Err` value: Os { code: 30, kind: ReadOnlyFilesystem, message: "Read-only file system" }
[INFO] [stdout] stack backtrace:
[INFO] [stdout]    0:     0x5b831bdbe981 - <<std[70759c8f55707aa4]::sys::backtrace::BacktraceLock>::print::DisplayBacktrace as core[df12db4294e9bfd3]::fmt::Display>::fmt
[INFO] [stdout]    1:     0x5b831bdd6d9a - core[df12db4294e9bfd3]::fmt::write
[INFO] [stdout]    2:     0x5b831bdc402c - <alloc[2182bb758b4b3781]::vec::Vec<u8> as core[df12db4294e9bfd3]::io::write::Write>::write_fmt
[INFO] [stdout]    3:     0x5b831bd98e96 - std[70759c8f55707aa4]::panicking::default_hook::{closure#0}
[INFO] [stdout]    4:     0x5b831bdb6629 - std[70759c8f55707aa4]::panicking::default_hook
[INFO] [stdout]    5:     0x5b831bc9f8f0 - test[9d35eded1c95d3be]::test_main_inner::<test[9d35eded1c95d3be]::test_main_static::{closure#0}>::{closure#0}
[INFO] [stdout]    6:     0x5b831bdb67e2 - std[70759c8f55707aa4]::panicking::panic_with_hook
[INFO] [stdout]    7:     0x5b831bd98f42 - std[70759c8f55707aa4]::panicking::panic_handler::{closure#0}
[INFO] [stdout]    8:     0x5b831bd91569 - std[70759c8f55707aa4]::sys::backtrace::__rust_end_short_backtrace::<std[70759c8f55707aa4]::panicking::panic_handler::{closure#0}, !>
[INFO] [stdout]    9:     0x5b831bd99ccd - __rustc[8fa7c3cbc660c2b3]::rust_begin_unwind
[INFO] [stdout]   10:     0x5b831bdd74cc - core[df12db4294e9bfd3]::panicking::panic_fmt
[INFO] [stdout]   11:     0x5b831bdd72a2 - core[df12db4294e9bfd3]::result::unwrap_failed
[INFO] [stdout]   12:     0x5b831bc69c96 - miraland_clap_v3_utils[f466c5dc652e7019]::input_parsers::signer::tests::test_pubkeys_of
[INFO] [stdout]   13:     0x5b831bc82419 - <miraland_clap_v3_utils[f466c5dc652e7019]::input_parsers::signer::tests::test_pubkeys_of::{closure#0} as core[df12db4294e9bfd3]::ops::function::FnOnce<()>>::call_once
[INFO] [stdout]   14:     0x5b831bc92bdb - test[9d35eded1c95d3be]::__rust_begin_short_backtrace::<core[df12db4294e9bfd3]::result::Result<(), alloc[2182bb758b4b3781]::string::String>, fn() -> core[df12db4294e9bfd3]::result::Result<(), alloc[2182bb758b4b3781]::string::String>>
[INFO] [stdout]   15:     0x5b831bca0245 - test[9d35eded1c95d3be]::run_test::{closure#0}
[INFO] [stdout]   16:     0x5b831bc99b04 - std[70759c8f55707aa4]::sys::backtrace::__rust_begin_short_backtrace::<test[9d35eded1c95d3be]::run_test::{closure#1}, ()>
[INFO] [stdout]   17:     0x5b831bca33a2 - <std[70759c8f55707aa4]::thread::lifecycle::spawn_unchecked<test[9d35eded1c95d3be]::run_test::{closure#1}, ()>::{closure#1} as core[df12db4294e9bfd3]::ops::function::FnOnce<()>>::call_once::{shim:vtable#0}
[INFO] [stdout]   18:     0x5b831bdbe229 - <std[70759c8f55707aa4]::sys::thread::unix::Thread>::new::thread_start
[INFO] [stdout]   19:     0x7fa415dfadfa - <unknown>
[INFO] [stdout]   20:     0x7fa415e8e3d4 - clone
[INFO] [stdout]   21:                0x0 - <unknown>
[INFO] [stdout] 
[INFO] [stdout] ---- input_parsers::signer::tests::test_parse_signer_source stdout ----
[INFO] [stdout] 
[INFO] [stdout] thread 'input_parsers::signer::tests::test_parse_signer_source' (3022) panicked at src/input_parsers/signer.rs:434:77:
[INFO] [stdout] called `Result::unwrap()` on an `Err` value: Custom { kind: ReadOnlyFilesystem, error: PathError { path: "/opt/rustwide/workdir/.tmpnRhHeT", err: Os { code: 30, kind: ReadOnlyFilesystem, message: "Read-only file system" } } }
[INFO] [stdout] stack backtrace:
[INFO] [stdout]    0:     0x5b831bdbe981 - <<std[70759c8f55707aa4]::sys::backtrace::BacktraceLock>::print::DisplayBacktrace as core[df12db4294e9bfd3]::fmt::Display>::fmt
[INFO] [stdout]    1:     0x5b831bdd6d9a - core[df12db4294e9bfd3]::fmt::write
[INFO] [stdout]    2:     0x5b831bdc402c - <alloc[2182bb758b4b3781]::vec::Vec<u8> as core[df12db4294e9bfd3]::io::write::Write>::write_fmt
[INFO] [stdout]    3:     0x5b831bd98e96 - std[70759c8f55707aa4]::panicking::default_hook::{closure#0}
[INFO] [stdout]    4:     0x5b831bdb6629 - std[70759c8f55707aa4]::panicking::default_hook
[INFO] [stdout]    5:     0x5b831bc9f8f0 - test[9d35eded1c95d3be]::test_main_inner::<test[9d35eded1c95d3be]::test_main_static::{closure#0}>::{closure#0}
[INFO] [stdout]    6:     0x5b831bdb67e2 - std[70759c8f55707aa4]::panicking::panic_with_hook
[INFO] [stdout]    7:     0x5b831bd98f42 - std[70759c8f55707aa4]::panicking::panic_handler::{closure#0}
[INFO] [stdout]    8:     0x5b831bd91569 - std[70759c8f55707aa4]::sys::backtrace::__rust_end_short_backtrace::<std[70759c8f55707aa4]::panicking::panic_handler::{closure#0}, !>
[INFO] [stdout]    9:     0x5b831bd99ccd - __rustc[8fa7c3cbc660c2b3]::rust_begin_unwind
[INFO] [stdout]   10:     0x5b831bdd74cc - core[df12db4294e9bfd3]::panicking::panic_fmt
[INFO] [stdout]   11:     0x5b831bdd72a2 - core[df12db4294e9bfd3]::result::unwrap_failed
[INFO] [stdout]   12:     0x5b831bc6b56f - miraland_clap_v3_utils[f466c5dc652e7019]::input_parsers::signer::tests::test_parse_signer_source
[INFO] [stdout]   13:     0x5b831bc82459 - <miraland_clap_v3_utils[f466c5dc652e7019]::input_parsers::signer::tests::test_parse_signer_source::{closure#0} as core[df12db4294e9bfd3]::ops::function::FnOnce<()>>::call_once
[INFO] [stdout]   14:     0x5b831bc92bdb - test[9d35eded1c95d3be]::__rust_begin_short_backtrace::<core[df12db4294e9bfd3]::result::Result<(), alloc[2182bb758b4b3781]::string::String>, fn() -> core[df12db4294e9bfd3]::result::Result<(), alloc[2182bb758b4b3781]::string::String>>
[INFO] [stdout]   15:     0x5b831bca0245 - test[9d35eded1c95d3be]::run_test::{closure#0}
[INFO] [stdout]   16:     0x5b831bc99b04 - std[70759c8f55707aa4]::sys::backtrace::__rust_begin_short_backtrace::<test[9d35eded1c95d3be]::run_test::{closure#1}, ()>
[INFO] [stdout]   17:     0x5b831bca33a2 - <std[70759c8f55707aa4]::thread::lifecycle::spawn_unchecked<test[9d35eded1c95d3be]::run_test::{closure#1}, ()>::{closure#1} as core[df12db4294e9bfd3]::ops::function::FnOnce<()>>::call_once::{shim:vtable#0}
[INFO] [stdout]   18:     0x5b831bdbe229 - <std[70759c8f55707aa4]::sys::thread::unix::Thread>::new::thread_start
[INFO] [stdout]   19:     0x7fa415dfadfa - <unknown>
[INFO] [stdout]   20:     0x7fa415e8e3d4 - clone
[INFO] [stdout]   21:                0x0 - <unknown>
[INFO] [stdout] 
[INFO] [stdout] ---- keypair::tests::signer_from_path_with_file stdout ----
[INFO] [stdout] Error: Hid("hidapi crate compilation disabled in miraland-remote-wallet.")
[INFO] [stdout] 
[INFO] [stdout] ---- input_parsers::signer::tests::test_pubkey_of stdout ----
[INFO] [stdout] 
[INFO] [stdout] thread 'input_parsers::signer::tests::test_pubkey_of' (3023) panicked at src/input_parsers/signer.rs:552:56:
[INFO] [stdout] called `Result::unwrap()` on an `Err` value: Os { code: 30, kind: ReadOnlyFilesystem, message: "Read-only file system" }
[INFO] [stdout] stack backtrace:
[INFO] [stdout]    0:     0x5b831bdbe981 - <<std[70759c8f55707aa4]::sys::backtrace::BacktraceLock>::print::DisplayBacktrace as core[df12db4294e9bfd3]::fmt::Display>::fmt
[INFO] [stdout]    1:     0x5b831bdd6d9a - core[df12db4294e9bfd3]::fmt::write
[INFO] [stdout]    2:     0x5b831bdc402c - <alloc[2182bb758b4b3781]::vec::Vec<u8> as core[df12db4294e9bfd3]::io::write::Write>::write_fmt
[INFO] [stdout]    3:     0x5b831bd98e96 - std[70759c8f55707aa4]::panicking::default_hook::{closure#0}
[INFO] [stdout]    4:     0x5b831bdb6629 - std[70759c8f55707aa4]::panicking::default_hook
[INFO] [stdout]    5:     0x5b831bc9f8f0 - test[9d35eded1c95d3be]::test_main_inner::<test[9d35eded1c95d3be]::test_main_static::{closure#0}>::{closure#0}
[INFO] [stdout]    6:     0x5b831bdb67e2 - std[70759c8f55707aa4]::panicking::panic_with_hook
[INFO] [stdout]    7:     0x5b831bd98f42 - std[70759c8f55707aa4]::panicking::panic_handler::{closure#0}
[INFO] [stdout]    8:     0x5b831bd91569 - std[70759c8f55707aa4]::sys::backtrace::__rust_end_short_backtrace::<std[70759c8f55707aa4]::panicking::panic_handler::{closure#0}, !>
[INFO] [stdout]    9:     0x5b831bd99ccd - __rustc[8fa7c3cbc660c2b3]::rust_begin_unwind
[INFO] [stdout]   10:     0x5b831bdd74cc - core[df12db4294e9bfd3]::panicking::panic_fmt
[INFO] [stdout]   11:     0x5b831bdd72a2 - core[df12db4294e9bfd3]::result::unwrap_failed
[INFO] [stdout]   12:     0x5b831bc68f4b - miraland_clap_v3_utils[f466c5dc652e7019]::input_parsers::signer::tests::test_pubkey_of
[INFO] [stdout]   13:     0x5b831bc823d9 - <miraland_clap_v3_utils[f466c5dc652e7019]::input_parsers::signer::tests::test_pubkey_of::{closure#0} as core[df12db4294e9bfd3]::ops::function::FnOnce<()>>::call_once
[INFO] [stdout]   14:     0x5b831bc92bdb - test[9d35eded1c95d3be]::__rust_begin_short_backtrace::<core[df12db4294e9bfd3]::result::Result<(), alloc[2182bb758b4b3781]::string::String>, fn() -> core[df12db4294e9bfd3]::result::Result<(), alloc[2182bb758b4b3781]::string::String>>
[INFO] [stdout]   15:     0x5b831bca0245 - test[9d35eded1c95d3be]::run_test::{closure#0}
[INFO] [stdout]   16:     0x5b831bc99b04 - std[70759c8f55707aa4]::sys::backtrace::__rust_begin_short_backtrace::<test[9d35eded1c95d3be]::run_test::{closure#1}, ()>
[INFO] [stdout]   17:     0x5b831bca33a2 - <std[70759c8f55707aa4]::thread::lifecycle::spawn_unchecked<test[9d35eded1c95d3be]::run_test::{closure#1}, ()>::{closure#1} as core[df12db4294e9bfd3]::ops::function::FnOnce<()>>::call_once::{shim:vtable#0}
[INFO] [stdout]   18:     0x5b831bdbe229 - <std[70759c8f55707aa4]::sys::thread::unix::Thread>::new::thread_start
[INFO] [stdout]   19:     0x7fa415dfadfa - <unknown>
[INFO] [stdout]   20:     0x7fa415e8e3d4 - clone
[INFO] [stdout]   21:                0x0 - <unknown>
[INFO] [stdout] 
[INFO] [stdout] 
[INFO] [stdout] failures:
[INFO] [stdout]     input_parsers::signer::tests::test_keypair_of
[INFO] [stdout]     input_parsers::signer::tests::test_parse_signer_source
[INFO] [stdout]     input_parsers::signer::tests::test_pubkey_of
[INFO] [stdout]     input_parsers::signer::tests::test_pubkeys_of
[INFO] [stdout]     keypair::tests::signer_from_path_with_file
[INFO] [stdout] 
[INFO] [stdout] test result: FAILED. 16 passed; 5 failed; 0 ignored; 0 measured; 0 filtered out; finished in 0.01s
[INFO] [stdout] 
[INFO] [stderr] error: test failed, to rerun pass `--lib`
[INFO] running `Command { std: "docker" "inspect" "353e5bf81692a00492bf00a8f570efee03beaea8b658e3d37a1bb2a68d55e2d7", kill_on_drop: false }`
[INFO] running `Command { std: "docker" "rm" "-f" "353e5bf81692a00492bf00a8f570efee03beaea8b658e3d37a1bb2a68d55e2d7", kill_on_drop: false }`
[INFO] [stdout] 353e5bf81692a00492bf00a8f570efee03beaea8b658e3d37a1bb2a68d55e2d7
