[INFO] fetching crate miniscript-qtum 10.0.0-qtum...
[INFO] testing miniscript-qtum-10.0.0-qtum against 1.99.0-beta.8+cargoflags=--release for beta-release-1.100-2
[INFO] extracting crate miniscript-qtum 10.0.0-qtum into /workspace/builds/worker-3-tc1/source
[INFO] started tweaking crates.io crate miniscript-qtum 10.0.0-qtum
[INFO] removed 0 missing examples
[INFO] finished tweaking crates.io crate miniscript-qtum 10.0.0-qtum
[INFO] tweaked toml for crates.io crate miniscript-qtum 10.0.0-qtum written to /workspace/builds/worker-3-tc1/source/Cargo.toml
[INFO] validating manifest of crates.io crate miniscript-qtum 10.0.0-qtum on toolchain 1.99.0-beta.8
[INFO] running `Command { std: CARGO_HOME="/workspace/cargo-home" RUSTUP_HOME="/workspace/rustup-home" "/workspace/cargo-home/bin/cargo" "+1.99.0-beta.8" "metadata" "--manifest-path" "Cargo.toml" "--no-deps", kill_on_drop: false }`
[INFO] crate crates.io crate miniscript-qtum 10.0.0-qtum already has a lockfile, it will not be regenerated
[INFO] running `Command { std: CARGO_HOME="/workspace/cargo-home" RUSTUP_HOME="/workspace/rustup-home" "/workspace/cargo-home/bin/cargo" "+1.99.0-beta.8" "fetch" "--manifest-path" "Cargo.toml", kill_on_drop: false }`
[INFO] [stderr] warning: Cargo.toml: `default_features` is deprecated in favor of `default-features` and will not work in the 2024 edition
[INFO] [stderr] (in the `internals` dependency)
[INFO] [stderr] warning: `miniscript-qtum` (manifest) generated 1 warning
[INFO] [stderr]     Updating crates.io index
[INFO] [stderr]  Downloading crates ...
[INFO] [stderr]   Downloaded serde_test v1.0.176
[INFO] [stderr]   Downloaded proc-macro2 v1.0.68
[INFO] [stderr]   Downloaded bitcoin_hashes v0.12.0
[INFO] [stderr]   Downloaded core2 v0.3.3
[INFO] [stderr]   Downloaded golomb-coded-set v0.2.0
[INFO] [stderr]   Downloaded ckb-occupied-capacity-macros v0.112.1
[INFO] [stderr]   Downloaded numext-fixed-uint-core v0.1.6
[INFO] [stderr]   Downloaded merkle-cbt v0.3.2
[INFO] [stderr]   Downloaded rlp v0.5.2
[INFO] [stderr]   Downloaded keccak-hash v0.10.0
[INFO] [stderr]   Downloaded rustc-hex v2.1.0
[INFO] [stderr]   Downloaded ckb-hash v0.112.1
[INFO] [stderr]   Downloaded ckb-constant v0.112.1
[INFO] [stderr]   Downloaded thiserror-impl v1.0.51
[INFO] [stderr]   Downloaded bitcoin-private v0.1.0
[INFO] [stderr]   Downloaded ckb-occupied-capacity v0.112.1
[INFO] [stderr]   Downloaded ckb-channel v0.112.1
[INFO] [stderr]   Downloaded numext-fixed-uint v0.1.6
[INFO] [stderr]   Downloaded heapsize v0.4.2
[INFO] [stderr]   Downloaded ckb-merkle-mountain-range v0.5.2
[INFO] [stderr]   Downloaded blake2b-rs v0.2.0
[INFO] [stderr]   Downloaded ckb-fixed-hash v0.112.1
[INFO] [stderr]   Downloaded ckb-fixed-hash-macros v0.112.1
[INFO] [stderr]   Downloaded ckb-error v0.112.1
[INFO] [stderr]   Downloaded qtum-private v0.1.0-qtum
[INFO] [stderr]   Downloaded primitive-types v0.12.2
[INFO] [stderr]   Downloaded numext-fixed-uint-hack v0.1.6
[INFO] [stderr]   Downloaded faster-hex v0.6.1
[INFO] [stderr]   Downloaded fixed-hash v0.8.0
[INFO] [stderr]   Downloaded ckb-occupied-capacity-core v0.112.1
[INFO] [stderr]   Downloaded ckb-fixed-hash-core v0.112.1
[INFO] [stderr]   Downloaded paste v1.0.14
[INFO] [stderr]   Downloaded thiserror v1.0.51
[INFO] [stderr]   Downloaded hex_lit v0.1.1
[INFO] [stderr]   Downloaded ckb-rational v0.112.1
[INFO] [stderr]   Downloaded bech32 v0.9.1
[INFO] [stderr]   Downloaded uint v0.9.5
[INFO] [stderr]   Downloaded molecule v0.7.5
[INFO] [stderr]   Downloaded ckb-types v0.112.1
[INFO] [stderr]   Downloaded numext-constructor v0.1.6
[INFO] [stderr]   Downloaded derive_more v0.99.17
[INFO] [stderr]   Downloaded crossbeam-utils v0.8.17
[INFO] [stderr]   Downloaded ckb-gen-types v0.112.1
[INFO] [stderr]   Downloaded blake2b-ref v0.3.1
[INFO] [stderr]   Downloaded crossbeam-channel v0.5.9
[INFO] [stderr]   Downloaded qtum v0.30.0-qtum
[INFO] [stderr]   Downloaded secp256k1-sys v0.8.1
[INFO] running `Command { std: "docker" "create" "-v" "/var/lib/crater-agent-workspace/builds/worker-3-tc1/source:/opt/rustwide/workdir:ro,Z" "-v" "/var/lib/crater-agent-workspace/builds/worker-3-tc1/target:/opt/rustwide/target:rw,Z" "-v" "/var/lib/crater-agent-workspace/cargo-home:/opt/rustwide/cargo-home:ro,Z" "-v" "/var/lib/crater-agent-workspace/rustup-home:/opt/rustwide/rustup-home:ro,Z" "-m" "1610612736" "--network" "none" "ghcr.io/rust-lang/crates-build-env/linux@sha256:77db811e55d90add9212f6832c23229e3de5f1c1f9905e8cb07319ea15df73ac" "sleep" "infinity", kill_on_drop: false }`
[INFO] [stdout] 4c1320580374547cd256ea2e104cdfdcb694b05d7d275a6b82fa95b0fd915c12
[INFO] running `Command { std: "docker" "start" "4c1320580374547cd256ea2e104cdfdcb694b05d7d275a6b82fa95b0fd915c12", kill_on_drop: false }`
[INFO] running `Command { std: "docker" "inspect" "4c1320580374547cd256ea2e104cdfdcb694b05d7d275a6b82fa95b0fd915c12", kill_on_drop: false }`
[INFO] running `Command { std: "docker" "exec" "-e" "SOURCE_DIR=/opt/rustwide/workdir" "-e" "CARGO_HOME=/opt/rustwide/cargo-home" "-e" "RUSTUP_HOME=/opt/rustwide/rustup-home" "-e" "CARGO_TARGET_DIR=/opt/rustwide/target" "-w" "/opt/rustwide/workdir" "--user" "0:0" "4c1320580374547cd256ea2e104cdfdcb694b05d7d275a6b82fa95b0fd915c12" "/opt/rustwide/cargo-home/bin/cargo" "+1.99.0-beta.8" "metadata" "--no-deps" "--format-version=1", kill_on_drop: false }`
[INFO] running `Command { std: "docker" "inspect" "4c1320580374547cd256ea2e104cdfdcb694b05d7d275a6b82fa95b0fd915c12", kill_on_drop: false }`
[INFO] running `Command { std: "docker" "exec" "-e" "SOURCE_DIR=/opt/rustwide/workdir" "-e" "CARGO_HOME=/opt/rustwide/cargo-home" "-e" "RUSTUP_HOME=/opt/rustwide/rustup-home" "-e" "CARGO_TARGET_DIR=/opt/rustwide/target" "-e" "CARGO_INCREMENTAL=0" "-e" "RUST_BACKTRACE=full" "-e" "RUSTFLAGS=--cap-lints=warn" "-e" "RUSTDOCFLAGS=--cap-lints=warn" "-w" "/opt/rustwide/workdir" "--user" "0:0" "4c1320580374547cd256ea2e104cdfdcb694b05d7d275a6b82fa95b0fd915c12" "/opt/rustwide/cargo-home/bin/cargo" "+1.99.0-beta.8" "build" "--frozen" "--message-format=json" "--release", kill_on_drop: false }`
[INFO] [stderr] warning: Cargo.toml: `default_features` is deprecated in favor of `default-features` and will not work in the 2024 edition
[INFO] [stderr] (in the `internals` dependency)
[INFO] [stderr] warning: `miniscript-qtum` (manifest) generated 1 warning
[INFO] [stderr]    Compiling proc-macro2 v1.0.68
[INFO] [stderr]    Compiling serde v1.0.188
[INFO] [stderr]    Compiling syn v1.0.109
[INFO] [stderr]    Compiling thiserror v1.0.51
[INFO] [stderr]    Compiling libc v0.2.149
[INFO] [stderr]    Compiling heapsize v0.4.2
[INFO] [stderr]    Compiling ppv-lite86 v0.2.17
[INFO] [stderr]    Compiling crunchy v0.2.2
[INFO] [stderr]    Compiling crossbeam-utils v0.8.17
[INFO] [stderr]    Compiling getrandom v0.1.16
[INFO] [stderr]    Compiling faster-hex v0.6.1
[INFO] [stderr]    Compiling bitcoin-private v0.1.0
[INFO] [stderr]    Compiling blake2b-rs v0.2.0
[INFO] [stderr]    Compiling secp256k1-sys v0.8.1
[INFO] [stderr]    Compiling hex v0.4.3
[INFO] [stderr]    Compiling paste v1.0.14
[INFO] [stderr]    Compiling blake2b-ref v0.3.1
[INFO] [stderr]    Compiling fixed-hash v0.8.0
[INFO] [stderr]    Compiling hex_lit v0.1.1
[INFO] [stderr]    Compiling rand_core v0.5.1
[INFO] [stderr]    Compiling qtum-private v0.1.0-qtum
[INFO] [stderr]    Compiling siphasher v0.3.11
[INFO] [stderr]    Compiling tiny-keccak v2.0.2
[INFO] [stderr]    Compiling merkle-cbt v0.3.2
[INFO] [stderr]    Compiling bitcoin_hashes v0.12.0
[INFO] [stderr]    Compiling ckb-merkle-mountain-range v0.5.2
[INFO] [stderr]    Compiling qtum v0.30.0-qtum
[INFO] [stderr]    Compiling rand_chacha v0.2.2
[INFO] [stderr]    Compiling uint v0.9.5
[INFO] [stderr]    Compiling golomb-coded-set v0.2.0
[INFO] [stderr]    Compiling ckb-constant v0.112.1
[INFO] [stderr]    Compiling primitive-types v0.12.2
[INFO] [stderr]    Compiling rustc-hex v2.1.0
[INFO] [stderr]    Compiling getrandom v0.2.10
[INFO] [stderr]    Compiling bech32 v0.9.1
[INFO] [stderr]    Compiling rand_core v0.6.4
[INFO] [stderr]    Compiling rand v0.7.3
[INFO] [stderr]    Compiling quote v1.0.33
[INFO] [stderr]    Compiling syn v2.0.38
[INFO] [stderr]    Compiling ckb-hash v0.112.1
[INFO] [stderr]    Compiling rand_chacha v0.3.1
[INFO] [stderr]    Compiling rand v0.8.5
[INFO] [stderr]    Compiling crossbeam-channel v0.5.9
[INFO] [stderr]    Compiling keccak-hash v0.10.0
[INFO] [stderr]    Compiling ckb-channel v0.112.1
[INFO] [stderr]    Compiling serde_derive v1.0.188
[INFO] [stderr]    Compiling thiserror-impl v1.0.51
[INFO] [stderr]    Compiling numext-constructor v0.1.6
[INFO] [stderr]    Compiling derive_more v0.99.17
[INFO] [stderr]    Compiling ckb-occupied-capacity-core v0.112.1
[INFO] [stderr]    Compiling ckb-fixed-hash-core v0.112.1
[INFO] [stderr]    Compiling ckb-occupied-capacity-macros v0.112.1
[INFO] [stderr]    Compiling ckb-fixed-hash-macros v0.112.1
[INFO] [stderr]    Compiling numext-fixed-uint-core v0.1.6
[INFO] [stderr]    Compiling secp256k1 v0.27.0
[INFO] [stderr]    Compiling bytes v1.5.0
[INFO] [stderr]    Compiling ckb-occupied-capacity v0.112.1
[INFO] [stderr]    Compiling ckb-error v0.112.1
[INFO] [stderr]    Compiling ckb-fixed-hash v0.112.1
[INFO] [stderr]    Compiling molecule v0.7.5
[INFO] [stderr]    Compiling rlp v0.5.2
[INFO] [stderr]    Compiling numext-fixed-uint-hack v0.1.6
[INFO] [stderr]    Compiling numext-fixed-uint v0.1.6
[INFO] [stderr]    Compiling ckb-rational v0.112.1
[INFO] [stderr]    Compiling ckb-gen-types v0.112.1
[INFO] [stderr]    Compiling ckb-types v0.112.1
[INFO] [stderr]    Compiling miniscript-qtum v10.0.0-qtum (/opt/rustwide/workdir)
[INFO] [stdout] warning: unused import: `pub_macros::*`
[INFO] [stdout]    --> src/lib.rs:120:9
[INFO] [stdout]     |
[INFO] [stdout] 120 | pub use pub_macros::*;
[INFO] [stdout]     |         ^^^^^^^^^^^^^
[INFO] [stdout]     |
[INFO] [stdout] note: the lint level is defined here
[INFO] [stdout]    --> src/lib.rs:85:9
[INFO] [stdout]     |
[INFO] [stdout]  85 | #![deny(unused_imports)]
[INFO] [stdout]     |         ^^^^^^^^^^^^^^
[INFO] [stdout] 
[INFO] [stdout] 
[INFO] [stdout] warning: unused imports: `BTreeSet`, `BinaryHeap`, `Cow`, `rc`, `slice`, and `vec_deque::VecDeque`
[INFO] [stdout]    --> src/lib.rs:965:26
[INFO] [stdout]     |
[INFO] [stdout] 965 |         borrow::{Borrow, Cow, ToOwned},
[INFO] [stdout]     |                          ^^^
[INFO] [stdout] 966 |         boxed::Box,
[INFO] [stdout] 967 |         collections::{vec_deque::VecDeque, BTreeMap, BTreeSet, BinaryHeap, HashMap, HashSet},
[INFO] [stdout]     |                       ^^^^^^^^^^^^^^^^^^^            ^^^^^^^^  ^^^^^^^^^^
[INFO] [stdout] 968 |         rc, slice,
[INFO] [stdout]     |         ^^  ^^^^^
[INFO] [stdout] 
[INFO] [stdout] 
[INFO] [stdout] warning: use of deprecated module `std::i64`: all constants in this module replaced by associated constants on the type
[INFO] [stdout]   --> src/miniscript/satisfy.rs:10:17
[INFO] [stdout]    |
[INFO] [stdout] 10 | use core::{cmp, i64, mem};
[INFO] [stdout]    |                 ^^^
[INFO] [stdout]    |
[INFO] [stdout]    = note: `#[warn(deprecated)]` on by default
[INFO] [stdout] 
[INFO] [stdout] 
[INFO] [stdout] warning: use of deprecated constant `std::i64::MAX`: replaced by the `MAX` associated constant on this type
[INFO] [stdout]    --> src/miniscript/satisfy.rs:770:80
[INFO] [stdout]     |
[INFO] [stdout] 770 |                 (&Witness::Unavailable, _) | (&Witness::Impossible, _) => i64::MAX,
[INFO] [stdout]     |                                                                                ^^^
[INFO] [stdout] 
[INFO] [stdout] 
[INFO] [stdout] warning: use of deprecated constant `std::i64::MIN`: replaced by the `MIN` associated constant on this type
[INFO] [stdout]    --> src/miniscript/satisfy.rs:773:80
[INFO] [stdout]     |
[INFO] [stdout] 773 |                 (_, &Witness::Unavailable) | (_, &Witness::Impossible) => i64::MIN,
[INFO] [stdout]     |                                                                                ^^^
[INFO] [stdout] 
[INFO] [stdout] 
[INFO] [stdout] warning: use of deprecated constant `std::i64::MAX`: replaced by the `MAX` associated constant on this type
[INFO] [stdout]    --> src/miniscript/satisfy.rs:889:80
[INFO] [stdout]     |
[INFO] [stdout] 889 |                 (&Witness::Unavailable, _) | (&Witness::Impossible, _) => i64::MAX,
[INFO] [stdout]     |                                                                                ^^^
[INFO] [stdout] 
[INFO] [stdout] 
[INFO] [stdout] warning: use of deprecated constant `std::i64::MIN`: replaced by the `MIN` associated constant on this type
[INFO] [stdout]    --> src/miniscript/satisfy.rs:891:80
[INFO] [stdout]     |
[INFO] [stdout] 891 |                 (_, &Witness::Unavailable) | (_, &Witness::Impossible) => i64::MIN,
[INFO] [stdout]     |                                                                                ^^^
[INFO] [stdout] 
[INFO] [stdout] 
[INFO] [stdout] warning: methods `proprietary` and `unknown` are never used
[INFO] [stdout]     --> src/psbt/mod.rs:1054:8
[INFO] [stdout]      |
[INFO] [stdout] 1045 | trait PsbtFields {
[INFO] [stdout]      |       ---------- methods in this trait
[INFO] [stdout] ...
[INFO] [stdout] 1054 |     fn proprietary(&mut self) -> &mut BTreeMap<psbt::raw::ProprietaryKey, Vec<u8>>;
[INFO] [stdout]      |        ^^^^^^^^^^^
[INFO] [stdout] 1055 |     fn unknown(&mut self) -> &mut BTreeMap<psbt::raw::Key, Vec<u8>>;
[INFO] [stdout]      |        ^^^^^^^
[INFO] [stdout]      |
[INFO] [stdout] note: the lint level is defined here
[INFO] [stdout]     --> src/lib.rs:84:9
[INFO] [stdout]      |
[INFO] [stdout]   84 | #![deny(dead_code)]
[INFO] [stdout]      |         ^^^^^^^^^
[INFO] [stdout] 
[INFO] [stdout] 
[INFO] [stdout] warning: hiding a lifetime that's elided elsewhere is confusing
[INFO] [stdout]    --> src/descriptor/tr.rs:125:17
[INFO] [stdout]     |
[INFO] [stdout] 125 |     pub fn iter(&self) -> TapTreeIter<Pk> {
[INFO] [stdout]     |                 ^^^^^     ^^^^^^^^^^^^^^^ the same lifetime is hidden here
[INFO] [stdout]     |                 |
[INFO] [stdout]     |                 the lifetime is elided here
[INFO] [stdout]     |
[INFO] [stdout]     = help: the same lifetime is referred to in inconsistent ways, making the signature confusing
[INFO] [stdout]     = note: `#[warn(mismatched_lifetime_syntaxes)]` on by default
[INFO] [stdout] help: use `'_` for type paths
[INFO] [stdout]     |
[INFO] [stdout] 125 |     pub fn iter(&self) -> TapTreeIter<'_, Pk> {
[INFO] [stdout]     |                                       +++
[INFO] [stdout] 
[INFO] [stdout] 
[INFO] [stdout] warning: hiding a lifetime that's elided elsewhere is confusing
[INFO] [stdout]    --> src/descriptor/tr.rs:195:25
[INFO] [stdout]     |
[INFO] [stdout] 195 |     pub fn iter_scripts(&self) -> TapTreeIter<Pk> {
[INFO] [stdout]     |                         ^^^^^     ^^^^^^^^^^^^^^^ the same lifetime is hidden here
[INFO] [stdout]     |                         |
[INFO] [stdout]     |                         the lifetime is elided here
[INFO] [stdout]     |
[INFO] [stdout]     = help: the same lifetime is referred to in inconsistent ways, making the signature confusing
[INFO] [stdout] help: use `'_` for type paths
[INFO] [stdout]     |
[INFO] [stdout] 195 |     pub fn iter_scripts(&self) -> TapTreeIter<'_, Pk> {
[INFO] [stdout]     |                                               +++
[INFO] [stdout] 
[INFO] [stdout] 
[INFO] [stdout] warning: hiding a lifetime that's elided elsewhere is confusing
[INFO] [stdout]    --> src/descriptor/tr.rs:521:21
[INFO] [stdout]     |
[INFO] [stdout] 521 | fn parse_tr_tree(s: &str) -> Result<expression::Tree, Error> {
[INFO] [stdout]     |                     ^^^^            ^^^^^^^^^^^^^^^^ the same lifetime is hidden here
[INFO] [stdout]     |                     |
[INFO] [stdout]     |                     the lifetime is elided here
[INFO] [stdout]     |
[INFO] [stdout]     = help: the same lifetime is referred to in inconsistent ways, making the signature confusing
[INFO] [stdout] help: use `'_` for type paths
[INFO] [stdout]     |
[INFO] [stdout] 521 | fn parse_tr_tree(s: &str) -> Result<expression::Tree<'_>, Error> {
[INFO] [stdout]     |                                                     ++++
[INFO] [stdout] 
[INFO] [stdout] 
[INFO] [stdout] warning: hiding a lifetime that's elided elsewhere is confusing
[INFO] [stdout]   --> src/miniscript/iter.rs:21:17
[INFO] [stdout]    |
[INFO] [stdout] 21 |     pub fn iter(&self) -> Iter<Pk, Ctx> {
[INFO] [stdout]    |                 ^^^^^     ^^^^^^^^^^^^^ the same lifetime is hidden here
[INFO] [stdout]    |                 |
[INFO] [stdout]    |                 the lifetime is elided here
[INFO] [stdout]    |
[INFO] [stdout]    = help: the same lifetime is referred to in inconsistent ways, making the signature confusing
[INFO] [stdout] help: use `'_` for type paths
[INFO] [stdout]    |
[INFO] [stdout] 21 |     pub fn iter(&self) -> Iter<'_, Pk, Ctx> {
[INFO] [stdout]    |                                +++
[INFO] [stdout] 
[INFO] [stdout] 
[INFO] [stdout] warning: hiding a lifetime that's elided elsewhere is confusing
[INFO] [stdout]   --> src/miniscript/iter.rs:28:20
[INFO] [stdout]    |
[INFO] [stdout] 28 |     pub fn iter_pk(&self) -> PkIter<Pk, Ctx> {
[INFO] [stdout]    |                    ^^^^^     ^^^^^^^^^^^^^^^ the same lifetime is hidden here
[INFO] [stdout]    |                    |
[INFO] [stdout]    |                    the lifetime is elided here
[INFO] [stdout]    |
[INFO] [stdout]    = help: the same lifetime is referred to in inconsistent ways, making the signature confusing
[INFO] [stdout] help: use `'_` for type paths
[INFO] [stdout]    |
[INFO] [stdout] 28 |     pub fn iter_pk(&self) -> PkIter<'_, Pk, Ctx> {
[INFO] [stdout]    |                                     +++
[INFO] [stdout] 
[INFO] [stdout] 
[INFO] [stdout] warning: hiding a lifetime that's elided elsewhere is confusing
[INFO] [stdout]   --> src/miniscript/lex.rs:81:17
[INFO] [stdout]    |
[INFO] [stdout] 81 |     pub fn peek(&self) -> Option<&'s Token> {
[INFO] [stdout]    |                 ^^^^^                ^^^^^ the same lifetime is hidden here
[INFO] [stdout]    |                 |
[INFO] [stdout]    |                 the lifetime is elided here
[INFO] [stdout]    |
[INFO] [stdout]    = help: the same lifetime is referred to in inconsistent ways, making the signature confusing
[INFO] [stdout] help: use `'_` for type paths
[INFO] [stdout]    |
[INFO] [stdout] 81 |     pub fn peek(&self) -> Option<&'s Token<'_>> {
[INFO] [stdout]    |                                           ++++
[INFO] [stdout] 
[INFO] [stdout] 
[INFO] [stderr]     Finished `release` profile [optimized] target(s) in 1m 25s
[INFO] running `Command { std: "docker" "inspect" "4c1320580374547cd256ea2e104cdfdcb694b05d7d275a6b82fa95b0fd915c12", kill_on_drop: false }`
[INFO] running `Command { std: "docker" "exec" "-e" "SOURCE_DIR=/opt/rustwide/workdir" "-e" "CARGO_HOME=/opt/rustwide/cargo-home" "-e" "RUSTUP_HOME=/opt/rustwide/rustup-home" "-e" "CARGO_TARGET_DIR=/opt/rustwide/target" "-e" "CARGO_INCREMENTAL=0" "-e" "RUST_BACKTRACE=full" "-e" "RUSTFLAGS=--cap-lints=warn" "-e" "RUSTDOCFLAGS=--cap-lints=warn" "-w" "/opt/rustwide/workdir" "--user" "0:0" "4c1320580374547cd256ea2e104cdfdcb694b05d7d275a6b82fa95b0fd915c12" "/opt/rustwide/cargo-home/bin/cargo" "+1.99.0-beta.8" "test" "--frozen" "--no-run" "--message-format=json" "--release", kill_on_drop: false }`
[INFO] [stderr] warning: Cargo.toml: `default_features` is deprecated in favor of `default-features` and will not work in the 2024 edition
[INFO] [stderr] (in the `internals` dependency)
[INFO] [stderr] warning: `miniscript-qtum` (manifest) generated 1 warning
[INFO] [stderr]    Compiling serde_test v1.0.176
[INFO] [stdout] warning: unused import: `pub_macros::*`
[INFO] [stdout]    --> src/lib.rs:120:9
[INFO] [stdout]     |
[INFO] [stdout] 120 | pub use pub_macros::*;
[INFO] [stdout]     |         ^^^^^^^^^^^^^
[INFO] [stdout]     |
[INFO] [stdout] note: the lint level is defined here
[INFO] [stdout]    --> src/lib.rs:85:9
[INFO] [stdout]     |
[INFO] [stdout]  85 | #![deny(unused_imports)]
[INFO] [stdout]     |         ^^^^^^^^^^^^^^
[INFO] [stdout] 
[INFO] [stdout] 
[INFO] [stdout] warning: unused imports: `BTreeSet`, `BinaryHeap`, `Cow`, `rc`, `slice`, and `vec_deque::VecDeque`
[INFO] [stdout]    --> src/lib.rs:965:26
[INFO] [stdout]     |
[INFO] [stdout] 965 |         borrow::{Borrow, Cow, ToOwned},
[INFO] [stdout]     |                          ^^^
[INFO] [stdout] 966 |         boxed::Box,
[INFO] [stdout] 967 |         collections::{vec_deque::VecDeque, BTreeMap, BTreeSet, BinaryHeap, HashMap, HashSet},
[INFO] [stdout]     |                       ^^^^^^^^^^^^^^^^^^^            ^^^^^^^^  ^^^^^^^^^^
[INFO] [stdout] 968 |         rc, slice,
[INFO] [stdout]     |         ^^  ^^^^^
[INFO] [stdout] 
[INFO] [stdout] 
[INFO] [stdout] warning: use of deprecated module `std::i64`: all constants in this module replaced by associated constants on the type
[INFO] [stdout]   --> src/miniscript/satisfy.rs:10:17
[INFO] [stdout]    |
[INFO] [stdout] 10 | use core::{cmp, i64, mem};
[INFO] [stdout]    |                 ^^^
[INFO] [stdout]    |
[INFO] [stdout]    = note: `#[warn(deprecated)]` on by default
[INFO] [stdout] 
[INFO] [stdout] 
[INFO] [stdout] warning: use of deprecated constant `std::i64::MAX`: replaced by the `MAX` associated constant on this type
[INFO] [stdout]    --> src/miniscript/satisfy.rs:770:80
[INFO] [stdout]     |
[INFO] [stdout] 770 |                 (&Witness::Unavailable, _) | (&Witness::Impossible, _) => i64::MAX,
[INFO] [stdout]     |                                                                                ^^^
[INFO] [stdout] 
[INFO] [stdout] 
[INFO] [stdout] warning: use of deprecated constant `std::i64::MIN`: replaced by the `MIN` associated constant on this type
[INFO] [stdout]    --> src/miniscript/satisfy.rs:773:80
[INFO] [stdout]     |
[INFO] [stdout] 773 |                 (_, &Witness::Unavailable) | (_, &Witness::Impossible) => i64::MIN,
[INFO] [stdout]     |                                                                                ^^^
[INFO] [stdout] 
[INFO] [stdout] 
[INFO] [stdout] warning: use of deprecated constant `std::i64::MAX`: replaced by the `MAX` associated constant on this type
[INFO] [stdout]    --> src/miniscript/satisfy.rs:889:80
[INFO] [stdout]     |
[INFO] [stdout] 889 |                 (&Witness::Unavailable, _) | (&Witness::Impossible, _) => i64::MAX,
[INFO] [stdout]     |                                                                                ^^^
[INFO] [stdout] 
[INFO] [stdout] 
[INFO] [stdout] warning: use of deprecated constant `std::i64::MIN`: replaced by the `MIN` associated constant on this type
[INFO] [stdout]    --> src/miniscript/satisfy.rs:891:80
[INFO] [stdout]     |
[INFO] [stdout] 891 |                 (_, &Witness::Unavailable) | (_, &Witness::Impossible) => i64::MIN,
[INFO] [stdout]     |                                                                                ^^^
[INFO] [stdout] 
[INFO] [stdout] 
[INFO] [stdout] warning: methods `proprietary` and `unknown` are never used
[INFO] [stdout]     --> src/psbt/mod.rs:1054:8
[INFO] [stdout]      |
[INFO] [stdout] 1045 | trait PsbtFields {
[INFO] [stdout]      |       ---------- methods in this trait
[INFO] [stdout] ...
[INFO] [stdout] 1054 |     fn proprietary(&mut self) -> &mut BTreeMap<psbt::raw::ProprietaryKey, Vec<u8>>;
[INFO] [stdout]      |        ^^^^^^^^^^^
[INFO] [stdout] 1055 |     fn unknown(&mut self) -> &mut BTreeMap<psbt::raw::Key, Vec<u8>>;
[INFO] [stdout]      |        ^^^^^^^
[INFO] [stdout]      |
[INFO] [stdout] note: the lint level is defined here
[INFO] [stdout]     --> src/lib.rs:84:9
[INFO] [stdout]      |
[INFO] [stdout]   84 | #![deny(dead_code)]
[INFO] [stdout]      |         ^^^^^^^^^
[INFO] [stdout] 
[INFO] [stdout] 
[INFO] [stdout] warning: hiding a lifetime that's elided elsewhere is confusing
[INFO] [stdout]    --> src/descriptor/tr.rs:125:17
[INFO] [stdout]     |
[INFO] [stdout] 125 |     pub fn iter(&self) -> TapTreeIter<Pk> {
[INFO] [stdout]     |                 ^^^^^     ^^^^^^^^^^^^^^^ the same lifetime is hidden here
[INFO] [stdout]     |                 |
[INFO] [stdout]     |                 the lifetime is elided here
[INFO] [stdout]     |
[INFO] [stdout]     = help: the same lifetime is referred to in inconsistent ways, making the signature confusing
[INFO] [stdout]     = note: `#[warn(mismatched_lifetime_syntaxes)]` on by default
[INFO] [stdout] help: use `'_` for type paths
[INFO] [stdout]     |
[INFO] [stdout] 125 |     pub fn iter(&self) -> TapTreeIter<'_, Pk> {
[INFO] [stdout]     |                                       +++
[INFO] [stdout] 
[INFO] [stdout] 
[INFO] [stdout] warning: hiding a lifetime that's elided elsewhere is confusing
[INFO] [stdout]    --> src/descriptor/tr.rs:195:25
[INFO] [stdout]     |
[INFO] [stdout] 195 |     pub fn iter_scripts(&self) -> TapTreeIter<Pk> {
[INFO] [stdout]     |                         ^^^^^     ^^^^^^^^^^^^^^^ the same lifetime is hidden here
[INFO] [stdout]     |                         |
[INFO] [stdout]     |                         the lifetime is elided here
[INFO] [stdout]     |
[INFO] [stdout]     = help: the same lifetime is referred to in inconsistent ways, making the signature confusing
[INFO] [stdout] help: use `'_` for type paths
[INFO] [stdout]     |
[INFO] [stdout] 195 |     pub fn iter_scripts(&self) -> TapTreeIter<'_, Pk> {
[INFO] [stdout]     |                                               +++
[INFO] [stdout] 
[INFO] [stdout] 
[INFO] [stdout] warning: hiding a lifetime that's elided elsewhere is confusing
[INFO] [stdout]    --> src/descriptor/tr.rs:521:21
[INFO] [stdout]     |
[INFO] [stdout] 521 | fn parse_tr_tree(s: &str) -> Result<expression::Tree, Error> {
[INFO] [stdout]     |                     ^^^^            ^^^^^^^^^^^^^^^^ the same lifetime is hidden here
[INFO] [stdout]     |                     |
[INFO] [stdout]     |                     the lifetime is elided here
[INFO] [stdout]     |
[INFO] [stdout]     = help: the same lifetime is referred to in inconsistent ways, making the signature confusing
[INFO] [stdout] help: use `'_` for type paths
[INFO] [stdout]     |
[INFO] [stdout] 521 | fn parse_tr_tree(s: &str) -> Result<expression::Tree<'_>, Error> {
[INFO] [stdout]     |                                                     ++++
[INFO] [stdout] 
[INFO] [stdout] 
[INFO] [stdout] warning: hiding a lifetime that's elided elsewhere is confusing
[INFO] [stdout]   --> src/miniscript/iter.rs:21:17
[INFO] [stdout]    |
[INFO] [stdout] 21 |     pub fn iter(&self) -> Iter<Pk, Ctx> {
[INFO] [stdout]    |                 ^^^^^     ^^^^^^^^^^^^^ the same lifetime is hidden here
[INFO] [stdout]    |                 |
[INFO] [stdout]    |                 the lifetime is elided here
[INFO] [stdout]    |
[INFO] [stdout]    = help: the same lifetime is referred to in inconsistent ways, making the signature confusing
[INFO] [stdout] help: use `'_` for type paths
[INFO] [stdout]    |
[INFO] [stdout] 21 |     pub fn iter(&self) -> Iter<'_, Pk, Ctx> {
[INFO] [stdout]    |                                +++
[INFO] [stdout] 
[INFO] [stdout] 
[INFO] [stdout] warning: hiding a lifetime that's elided elsewhere is confusing
[INFO] [stdout]   --> src/miniscript/iter.rs:28:20
[INFO] [stdout]    |
[INFO] [stdout] 28 |     pub fn iter_pk(&self) -> PkIter<Pk, Ctx> {
[INFO] [stdout]    |                    ^^^^^     ^^^^^^^^^^^^^^^ the same lifetime is hidden here
[INFO] [stdout]    |                    |
[INFO] [stdout]    |                    the lifetime is elided here
[INFO] [stdout]    |
[INFO] [stdout]    = help: the same lifetime is referred to in inconsistent ways, making the signature confusing
[INFO] [stdout] help: use `'_` for type paths
[INFO] [stdout]    |
[INFO] [stdout] 28 |     pub fn iter_pk(&self) -> PkIter<'_, Pk, Ctx> {
[INFO] [stdout]    |                                     +++
[INFO] [stdout] 
[INFO] [stdout] 
[INFO] [stdout] warning: hiding a lifetime that's elided elsewhere is confusing
[INFO] [stdout]   --> src/miniscript/lex.rs:81:17
[INFO] [stdout]    |
[INFO] [stdout] 81 |     pub fn peek(&self) -> Option<&'s Token> {
[INFO] [stdout]    |                 ^^^^^                ^^^^^ the same lifetime is hidden here
[INFO] [stdout]    |                 |
[INFO] [stdout]    |                 the lifetime is elided here
[INFO] [stdout]    |
[INFO] [stdout]    = help: the same lifetime is referred to in inconsistent ways, making the signature confusing
[INFO] [stdout] help: use `'_` for type paths
[INFO] [stdout]    |
[INFO] [stdout] 81 |     pub fn peek(&self) -> Option<&'s Token<'_>> {
[INFO] [stdout]    |                                           ++++
[INFO] [stdout] 
[INFO] [stdout] 
[INFO] [stderr]    Compiling miniscript-qtum v10.0.0-qtum (/opt/rustwide/workdir)
[INFO] [stdout] warning: unexpected `cfg` condition value: `cargo-fmt`
[INFO] [stdout]    --> examples/sign_multisig.rs:110:16
[INFO] [stdout]     |
[INFO] [stdout] 110 |     #[cfg_attr(feature="cargo-fmt", rustfmt_skip)]
[INFO] [stdout]     |                ^^^^^^^^^^^^^^^^^^^
[INFO] [stdout]     |
[INFO] [stdout]     = note: expected values for `feature` are: `actual-serde`, `base64`, `compiler`, `default`, `hashbrown`, `no-std`, `rand`, `serde`, `std`, `trace`, and `unstable`
[INFO] [stdout]     = help: consider adding `cargo-fmt` as a feature in `Cargo.toml`
[INFO] [stdout]     = note: see <https://doc.rust-lang.org/nightly/rustc/check-cfg/cargo-specifics.html> for more information about checking conditional configuration
[INFO] [stdout]     = note: `#[warn(unexpected_cfgs)]` on by default
[INFO] [stdout] 
[INFO] [stdout] 
[INFO] [stdout] warning: unexpected `cfg` condition value: `cargo-fmt`
[INFO] [stdout]    --> examples/verify_tx.rs:122:16
[INFO] [stdout]     |
[INFO] [stdout] 122 |     #[cfg_attr(feature="cargo-fmt", rustfmt_skip)]
[INFO] [stdout]     |                ^^^^^^^^^^^^^^^^^^^
[INFO] [stdout]     |
[INFO] [stdout]     = note: expected values for `feature` are: `actual-serde`, `base64`, `compiler`, `default`, `hashbrown`, `no-std`, `rand`, `serde`, `std`, `trace`, and `unstable`
[INFO] [stdout]     = help: consider adding `cargo-fmt` as a feature in `Cargo.toml`
[INFO] [stdout]     = note: see <https://doc.rust-lang.org/nightly/rustc/check-cfg/cargo-specifics.html> for more information about checking conditional configuration
[INFO] [stdout]     = note: `#[warn(unexpected_cfgs)]` on by default
[INFO] [stdout] 
[INFO] [stdout] 
[INFO] [stdout] warning: unused import: `pub_macros::*`
[INFO] [stdout]    --> src/lib.rs:120:9
[INFO] [stdout]     |
[INFO] [stdout] 120 | pub use pub_macros::*;
[INFO] [stdout]     |         ^^^^^^^^^^^^^
[INFO] [stdout]     |
[INFO] [stdout] note: the lint level is defined here
[INFO] [stdout]    --> src/lib.rs:85:9
[INFO] [stdout]     |
[INFO] [stdout]  85 | #![deny(unused_imports)]
[INFO] [stdout]     |         ^^^^^^^^^^^^^^
[INFO] [stdout] 
[INFO] [stdout] 
[INFO] [stdout] warning: unexpected `cfg` condition value: `cargo-fmt`
[INFO] [stdout]   --> src/miniscript/ms_tests.rs:71:16
[INFO] [stdout]    |
[INFO] [stdout] 71 |     #[cfg_attr(feature="cargo-fmt", rustfmt_skip)]
[INFO] [stdout]    |                ^^^^^^^^^^^^^^^^^^^
[INFO] [stdout]    |
[INFO] [stdout]    = note: expected values for `feature` are: `actual-serde`, `base64`, `compiler`, `default`, `hashbrown`, `no-std`, `rand`, `serde`, `std`, `trace`, and `unstable`
[INFO] [stdout]    = help: consider adding `cargo-fmt` as a feature in `Cargo.toml`
[INFO] [stdout]    = note: see <https://doc.rust-lang.org/nightly/rustc/check-cfg/cargo-specifics.html> for more information about checking conditional configuration
[INFO] [stdout]    = note: `#[warn(unexpected_cfgs)]` on by default
[INFO] [stdout] 
[INFO] [stdout] 
[INFO] [stdout] warning: unexpected `cfg` condition value: `cargo-fmt`
[INFO] [stdout]     --> src/miniscript/ms_tests.rs:5649:16
[INFO] [stdout]      |
[INFO] [stdout] 5649 |     #[cfg_attr(feature="cargo-fmt", rustfmt_skip)]
[INFO] [stdout]      |                ^^^^^^^^^^^^^^^^^^^
[INFO] [stdout]      |
[INFO] [stdout]      = note: expected values for `feature` are: `actual-serde`, `base64`, `compiler`, `default`, `hashbrown`, `no-std`, `rand`, `serde`, `std`, `trace`, and `unstable`
[INFO] [stdout]      = help: consider adding `cargo-fmt` as a feature in `Cargo.toml`
[INFO] [stdout]      = note: see <https://doc.rust-lang.org/nightly/rustc/check-cfg/cargo-specifics.html> for more information about checking conditional configuration
[INFO] [stdout] 
[INFO] [stdout] 
[INFO] [stdout] warning: unexpected `cfg` condition value: `cargo-fmt`
[INFO] [stdout]     --> src/miniscript/ms_tests.rs:9146:16
[INFO] [stdout]      |
[INFO] [stdout] 9146 |     #[cfg_attr(feature="cargo-fmt", rustfmt_skip)]
[INFO] [stdout]      |                ^^^^^^^^^^^^^^^^^^^
[INFO] [stdout]      |
[INFO] [stdout]      = note: expected values for `feature` are: `actual-serde`, `base64`, `compiler`, `default`, `hashbrown`, `no-std`, `rand`, `serde`, `std`, `trace`, and `unstable`
[INFO] [stdout]      = help: consider adding `cargo-fmt` as a feature in `Cargo.toml`
[INFO] [stdout]      = note: see <https://doc.rust-lang.org/nightly/rustc/check-cfg/cargo-specifics.html> for more information about checking conditional configuration
[INFO] [stdout] 
[INFO] [stdout] 
[INFO] [stdout] warning: unexpected `cfg` condition value: `cargo-fmt`
[INFO] [stdout]      --> src/miniscript/ms_tests.rs:15047:16
[INFO] [stdout]       |
[INFO] [stdout] 15047 |     #[cfg_attr(feature="cargo-fmt", rustfmt_skip)]
[INFO] [stdout]       |                ^^^^^^^^^^^^^^^^^^^
[INFO] [stdout]       |
[INFO] [stdout]       = note: expected values for `feature` are: `actual-serde`, `base64`, `compiler`, `default`, `hashbrown`, `no-std`, `rand`, `serde`, `std`, `trace`, and `unstable`
[INFO] [stdout]       = help: consider adding `cargo-fmt` as a feature in `Cargo.toml`
[INFO] [stdout]       = note: see <https://doc.rust-lang.org/nightly/rustc/check-cfg/cargo-specifics.html> for more information about checking conditional configuration
[INFO] [stdout] 
[INFO] [stdout] 
[INFO] [stdout] warning: unexpected `cfg` condition value: `cargo-fmt`
[INFO] [stdout]      --> src/miniscript/ms_tests.rs:22080:20
[INFO] [stdout]       |
[INFO] [stdout] 22080 |         #[cfg_attr(feature="cargo-fmt", rustfmt_skip)]
[INFO] [stdout]       |                    ^^^^^^^^^^^^^^^^^^^
[INFO] [stdout]       |
[INFO] [stdout]       = note: expected values for `feature` are: `actual-serde`, `base64`, `compiler`, `default`, `hashbrown`, `no-std`, `rand`, `serde`, `std`, `trace`, and `unstable`
[INFO] [stdout]       = help: consider adding `cargo-fmt` as a feature in `Cargo.toml`
[INFO] [stdout]       = note: see <https://doc.rust-lang.org/nightly/rustc/check-cfg/cargo-specifics.html> for more information about checking conditional configuration
[INFO] [stdout] 
[INFO] [stdout] 
[INFO] [stdout] warning: unused imports: `BTreeSet`, `BinaryHeap`, `Cow`, `rc`, `slice`, and `vec_deque::VecDeque`
[INFO] [stdout]    --> src/lib.rs:965:26
[INFO] [stdout]     |
[INFO] [stdout] 965 |         borrow::{Borrow, Cow, ToOwned},
[INFO] [stdout]     |                          ^^^
[INFO] [stdout] 966 |         boxed::Box,
[INFO] [stdout] 967 |         collections::{vec_deque::VecDeque, BTreeMap, BTreeSet, BinaryHeap, HashMap, HashSet},
[INFO] [stdout]     |                       ^^^^^^^^^^^^^^^^^^^            ^^^^^^^^  ^^^^^^^^^^
[INFO] [stdout] 968 |         rc, slice,
[INFO] [stdout]     |         ^^  ^^^^^
[INFO] [stdout] 
[INFO] [stdout] 
[INFO] [stdout] warning: use of deprecated module `std::i64`: all constants in this module replaced by associated constants on the type
[INFO] [stdout]   --> src/miniscript/satisfy.rs:10:17
[INFO] [stdout]    |
[INFO] [stdout] 10 | use core::{cmp, i64, mem};
[INFO] [stdout]    |                 ^^^
[INFO] [stdout]    |
[INFO] [stdout]    = note: `#[warn(deprecated)]` on by default
[INFO] [stdout] 
[INFO] [stdout] 
[INFO] [stdout] warning: use of deprecated constant `std::i64::MAX`: replaced by the `MAX` associated constant on this type
[INFO] [stdout]    --> src/miniscript/satisfy.rs:770:80
[INFO] [stdout]     |
[INFO] [stdout] 770 |                 (&Witness::Unavailable, _) | (&Witness::Impossible, _) => i64::MAX,
[INFO] [stdout]     |                                                                                ^^^
[INFO] [stdout] 
[INFO] [stdout] 
[INFO] [stdout] warning: use of deprecated constant `std::i64::MIN`: replaced by the `MIN` associated constant on this type
[INFO] [stdout]    --> src/miniscript/satisfy.rs:773:80
[INFO] [stdout]     |
[INFO] [stdout] 773 |                 (_, &Witness::Unavailable) | (_, &Witness::Impossible) => i64::MIN,
[INFO] [stdout]     |                                                                                ^^^
[INFO] [stdout] 
[INFO] [stdout] 
[INFO] [stdout] warning: use of deprecated constant `std::i64::MAX`: replaced by the `MAX` associated constant on this type
[INFO] [stdout]    --> src/miniscript/satisfy.rs:889:80
[INFO] [stdout]     |
[INFO] [stdout] 889 |                 (&Witness::Unavailable, _) | (&Witness::Impossible, _) => i64::MAX,
[INFO] [stdout]     |                                                                                ^^^
[INFO] [stdout] 
[INFO] [stdout] 
[INFO] [stdout] warning: use of deprecated constant `std::i64::MIN`: replaced by the `MIN` associated constant on this type
[INFO] [stdout]    --> src/miniscript/satisfy.rs:891:80
[INFO] [stdout]     |
[INFO] [stdout] 891 |                 (_, &Witness::Unavailable) | (_, &Witness::Impossible) => i64::MIN,
[INFO] [stdout]     |                                                                                ^^^
[INFO] [stdout] 
[INFO] [stdout] 
[INFO] [stdout] warning: methods `proprietary` and `unknown` are never used
[INFO] [stdout]     --> src/psbt/mod.rs:1054:8
[INFO] [stdout]      |
[INFO] [stdout] 1045 | trait PsbtFields {
[INFO] [stdout]      |       ---------- methods in this trait
[INFO] [stdout] ...
[INFO] [stdout] 1054 |     fn proprietary(&mut self) -> &mut BTreeMap<psbt::raw::ProprietaryKey, Vec<u8>>;
[INFO] [stdout]      |        ^^^^^^^^^^^
[INFO] [stdout] 1055 |     fn unknown(&mut self) -> &mut BTreeMap<psbt::raw::Key, Vec<u8>>;
[INFO] [stdout]      |        ^^^^^^^
[INFO] [stdout]      |
[INFO] [stdout] note: the lint level is defined here
[INFO] [stdout]     --> src/lib.rs:84:9
[INFO] [stdout]      |
[INFO] [stdout]   84 | #![deny(dead_code)]
[INFO] [stdout]      |         ^^^^^^^^^
[INFO] [stdout] 
[INFO] [stdout] 
[INFO] [stdout] warning: hiding a lifetime that's elided elsewhere is confusing
[INFO] [stdout]    --> src/descriptor/tr.rs:125:17
[INFO] [stdout]     |
[INFO] [stdout] 125 |     pub fn iter(&self) -> TapTreeIter<Pk> {
[INFO] [stdout]     |                 ^^^^^     ^^^^^^^^^^^^^^^ the same lifetime is hidden here
[INFO] [stdout]     |                 |
[INFO] [stdout]     |                 the lifetime is elided here
[INFO] [stdout]     |
[INFO] [stdout]     = help: the same lifetime is referred to in inconsistent ways, making the signature confusing
[INFO] [stdout]     = note: `#[warn(mismatched_lifetime_syntaxes)]` on by default
[INFO] [stdout] help: use `'_` for type paths
[INFO] [stdout]     |
[INFO] [stdout] 125 |     pub fn iter(&self) -> TapTreeIter<'_, Pk> {
[INFO] [stdout]     |                                       +++
[INFO] [stdout] 
[INFO] [stdout] 
[INFO] [stdout] warning: hiding a lifetime that's elided elsewhere is confusing
[INFO] [stdout]    --> src/descriptor/tr.rs:195:25
[INFO] [stdout]     |
[INFO] [stdout] 195 |     pub fn iter_scripts(&self) -> TapTreeIter<Pk> {
[INFO] [stdout]     |                         ^^^^^     ^^^^^^^^^^^^^^^ the same lifetime is hidden here
[INFO] [stdout]     |                         |
[INFO] [stdout]     |                         the lifetime is elided here
[INFO] [stdout]     |
[INFO] [stdout]     = help: the same lifetime is referred to in inconsistent ways, making the signature confusing
[INFO] [stdout] help: use `'_` for type paths
[INFO] [stdout]     |
[INFO] [stdout] 195 |     pub fn iter_scripts(&self) -> TapTreeIter<'_, Pk> {
[INFO] [stdout]     |                                               +++
[INFO] [stdout] 
[INFO] [stdout] 
[INFO] [stdout] warning: hiding a lifetime that's elided elsewhere is confusing
[INFO] [stdout]    --> src/descriptor/tr.rs:521:21
[INFO] [stdout]     |
[INFO] [stdout] 521 | fn parse_tr_tree(s: &str) -> Result<expression::Tree, Error> {
[INFO] [stdout]     |                     ^^^^            ^^^^^^^^^^^^^^^^ the same lifetime is hidden here
[INFO] [stdout]     |                     |
[INFO] [stdout]     |                     the lifetime is elided here
[INFO] [stdout]     |
[INFO] [stdout]     = help: the same lifetime is referred to in inconsistent ways, making the signature confusing
[INFO] [stdout] help: use `'_` for type paths
[INFO] [stdout]     |
[INFO] [stdout] 521 | fn parse_tr_tree(s: &str) -> Result<expression::Tree<'_>, Error> {
[INFO] [stdout]     |                                                     ++++
[INFO] [stdout] 
[INFO] [stdout] 
[INFO] [stdout] warning: hiding a lifetime that's elided elsewhere is confusing
[INFO] [stdout]   --> src/miniscript/iter.rs:21:17
[INFO] [stdout]    |
[INFO] [stdout] 21 |     pub fn iter(&self) -> Iter<Pk, Ctx> {
[INFO] [stdout]    |                 ^^^^^     ^^^^^^^^^^^^^ the same lifetime is hidden here
[INFO] [stdout]    |                 |
[INFO] [stdout]    |                 the lifetime is elided here
[INFO] [stdout]    |
[INFO] [stdout]    = help: the same lifetime is referred to in inconsistent ways, making the signature confusing
[INFO] [stdout] help: use `'_` for type paths
[INFO] [stdout]    |
[INFO] [stdout] 21 |     pub fn iter(&self) -> Iter<'_, Pk, Ctx> {
[INFO] [stdout]    |                                +++
[INFO] [stdout] 
[INFO] [stdout] 
[INFO] [stdout] warning: hiding a lifetime that's elided elsewhere is confusing
[INFO] [stdout]   --> src/miniscript/iter.rs:28:20
[INFO] [stdout]    |
[INFO] [stdout] 28 |     pub fn iter_pk(&self) -> PkIter<Pk, Ctx> {
[INFO] [stdout]    |                    ^^^^^     ^^^^^^^^^^^^^^^ the same lifetime is hidden here
[INFO] [stdout]    |                    |
[INFO] [stdout]    |                    the lifetime is elided here
[INFO] [stdout]    |
[INFO] [stdout]    = help: the same lifetime is referred to in inconsistent ways, making the signature confusing
[INFO] [stdout] help: use `'_` for type paths
[INFO] [stdout]    |
[INFO] [stdout] 28 |     pub fn iter_pk(&self) -> PkIter<'_, Pk, Ctx> {
[INFO] [stdout]    |                                     +++
[INFO] [stdout] 
[INFO] [stdout] 
[INFO] [stdout] warning: missing documentation for a module
[INFO] [stdout]    --> src/miniscript/iter.rs:217:1
[INFO] [stdout]     |
[INFO] [stdout] 217 | pub mod test {
[INFO] [stdout]     | ^^^^^^^^^^^^
[INFO] [stdout]     |
[INFO] [stdout] note: the lint level is defined here
[INFO] [stdout]    --> src/lib.rs:86:9
[INFO] [stdout]     |
[INFO] [stdout]  86 | #![deny(missing_docs)]
[INFO] [stdout]     |         ^^^^^^^^^^^^
[INFO] [stdout] 
[INFO] [stdout] 
[INFO] [stdout] warning: missing documentation for a type alias
[INFO] [stdout]    --> src/miniscript/iter.rs:225:5
[INFO] [stdout]     |
[INFO] [stdout] 225 |     pub type TestData = (
[INFO] [stdout]     |     ^^^^^^^^^^^^^^^^^
[INFO] [stdout] 
[INFO] [stdout] 
[INFO] [stdout] warning: missing documentation for a function
[INFO] [stdout]    --> src/miniscript/iter.rs:232:5
[INFO] [stdout]     |
[INFO] [stdout] 232 |     pub fn gen_secp_pubkeys(n: usize) -> Vec<secp256k1::PublicKey> {
[INFO] [stdout]     |     ^^^^^^^^^^^^^^^^^^^^^^^^^^^^^^^^^^^^^^^^^^^^^^^^^^^^^^^^^^^^^^
[INFO] [stdout] 
[INFO] [stdout] 
[INFO] [stdout] warning: missing documentation for a function
[INFO] [stdout]    --> src/miniscript/iter.rs:250:5
[INFO] [stdout]     |
[INFO] [stdout] 250 |     pub fn gen_bitcoin_pubkeys(n: usize, compressed: bool) -> Vec<qtum::PublicKey> {
[INFO] [stdout]     |     ^^^^^^^^^^^^^^^^^^^^^^^^^^^^^^^^^^^^^^^^^^^^^^^^^^^^^^^^^^^^^^^^^^^^^^^^^^^^^^
[INFO] [stdout] 
[INFO] [stdout] 
[INFO] [stdout] warning: missing documentation for a function
[INFO] [stdout]    --> src/miniscript/iter.rs:257:5
[INFO] [stdout]     |
[INFO] [stdout] 257 |     pub fn gen_testcases() -> Vec<TestData> {
[INFO] [stdout]     |     ^^^^^^^^^^^^^^^^^^^^^^^^^^^^^^^^^^^^^^^
[INFO] [stdout] 
[INFO] [stdout] 
[INFO] [stdout] warning: hiding a lifetime that's elided elsewhere is confusing
[INFO] [stdout]   --> src/miniscript/lex.rs:81:17
[INFO] [stdout]    |
[INFO] [stdout] 81 |     pub fn peek(&self) -> Option<&'s Token> {
[INFO] [stdout]    |                 ^^^^^                ^^^^^ the same lifetime is hidden here
[INFO] [stdout]    |                 |
[INFO] [stdout]    |                 the lifetime is elided here
[INFO] [stdout]    |
[INFO] [stdout]    = help: the same lifetime is referred to in inconsistent ways, making the signature confusing
[INFO] [stdout] help: use `'_` for type paths
[INFO] [stdout]    |
[INFO] [stdout] 81 |     pub fn peek(&self) -> Option<&'s Token<'_>> {
[INFO] [stdout]    |                                           ++++
[INFO] [stdout] 
[INFO] [stdout] 
[INFO] [stderr]     Finished `release` profile [optimized] target(s) in 1m 14s
[INFO] running `Command { std: "docker" "inspect" "4c1320580374547cd256ea2e104cdfdcb694b05d7d275a6b82fa95b0fd915c12", kill_on_drop: false }`
[INFO] running `Command { std: "docker" "exec" "-e" "SOURCE_DIR=/opt/rustwide/workdir" "-e" "CARGO_HOME=/opt/rustwide/cargo-home" "-e" "RUSTUP_HOME=/opt/rustwide/rustup-home" "-e" "CARGO_TARGET_DIR=/opt/rustwide/target" "-e" "CARGO_INCREMENTAL=0" "-e" "RUST_BACKTRACE=full" "-e" "RUSTFLAGS=--cap-lints=warn" "-e" "RUSTDOCFLAGS=--cap-lints=warn" "-w" "/opt/rustwide/workdir" "--user" "0:0" "4c1320580374547cd256ea2e104cdfdcb694b05d7d275a6b82fa95b0fd915c12" "/opt/rustwide/cargo-home/bin/cargo" "+1.99.0-beta.8" "test" "--frozen" "--release", kill_on_drop: false }`
[INFO] [stderr] warning: Cargo.toml: `default_features` is deprecated in favor of `default-features` and will not work in the 2024 edition
[INFO] [stderr] (in the `internals` dependency)
[INFO] [stderr] warning: `miniscript-qtum` (manifest) generated 1 warning
[INFO] [stderr] warning: unused import: `pub_macros::*`
[INFO] [stderr]    --> src/lib.rs:120:9
[INFO] [stderr]     |
[INFO] [stderr] 120 | pub use pub_macros::*;
[INFO] [stderr]     |         ^^^^^^^^^^^^^
[INFO] [stderr]     |
[INFO] [stderr] note: the lint level is defined here
[INFO] [stderr]    --> src/lib.rs:85:9
[INFO] [stderr]     |
[INFO] [stderr]  85 | #![deny(unused_imports)]
[INFO] [stderr]     |         ^^^^^^^^^^^^^^
[INFO] [stderr] 
[INFO] [stderr] warning: unused imports: `BTreeSet`, `BinaryHeap`, `Cow`, `rc`, `slice`, and `vec_deque::VecDeque`
[INFO] [stderr]    --> src/lib.rs:965:26
[INFO] [stderr]     |
[INFO] [stderr] 965 |         borrow::{Borrow, Cow, ToOwned},
[INFO] [stderr]     |                          ^^^
[INFO] [stderr] 966 |         boxed::Box,
[INFO] [stderr] 967 |         collections::{vec_deque::VecDeque, BTreeMap, BTreeSet, BinaryHeap, HashMap, HashSet},
[INFO] [stderr]     |                       ^^^^^^^^^^^^^^^^^^^            ^^^^^^^^  ^^^^^^^^^^
[INFO] [stderr] 968 |         rc, slice,
[INFO] [stderr]     |         ^^  ^^^^^
[INFO] [stderr] 
[INFO] [stderr] warning: use of deprecated module `std::i64`: all constants in this module replaced by associated constants on the type
[INFO] [stderr]   --> src/miniscript/satisfy.rs:10:17
[INFO] [stderr]    |
[INFO] [stderr] 10 | use core::{cmp, i64, mem};
[INFO] [stderr]    |                 ^^^
[INFO] [stderr]    |
[INFO] [stderr]    = note: `#[warn(deprecated)]` on by default
[INFO] [stderr] 
[INFO] [stderr] warning: use of deprecated constant `std::i64::MAX`: replaced by the `MAX` associated constant on this type
[INFO] [stderr]    --> src/miniscript/satisfy.rs:770:80
[INFO] [stderr]     |
[INFO] [stderr] 770 |                 (&Witness::Unavailable, _) | (&Witness::Impossible, _) => i64::MAX,
[INFO] [stderr]     |                                                                                ^^^
[INFO] [stderr] 
[INFO] [stderr] warning: use of deprecated constant `std::i64::MIN`: replaced by the `MIN` associated constant on this type
[INFO] [stderr]    --> src/miniscript/satisfy.rs:773:80
[INFO] [stderr]     |
[INFO] [stderr] 773 |                 (_, &Witness::Unavailable) | (_, &Witness::Impossible) => i64::MIN,
[INFO] [stderr]     |                                                                                ^^^
[INFO] [stderr] 
[INFO] [stderr] warning: use of deprecated constant `std::i64::MAX`: replaced by the `MAX` associated constant on this type
[INFO] [stderr]    --> src/miniscript/satisfy.rs:889:80
[INFO] [stderr]     |
[INFO] [stderr] 889 |                 (&Witness::Unavailable, _) | (&Witness::Impossible, _) => i64::MAX,
[INFO] [stderr]     |                                                                                ^^^
[INFO] [stderr] 
[INFO] [stderr] warning: use of deprecated constant `std::i64::MIN`: replaced by the `MIN` associated constant on this type
[INFO] [stderr]    --> src/miniscript/satisfy.rs:891:80
[INFO] [stderr]     |
[INFO] [stderr] 891 |                 (_, &Witness::Unavailable) | (_, &Witness::Impossible) => i64::MIN,
[INFO] [stderr]     |                                                                                ^^^
[INFO] [stderr] 
[INFO] [stderr] warning: methods `proprietary` and `unknown` are never used
[INFO] [stderr]     --> src/psbt/mod.rs:1054:8
[INFO] [stderr]      |
[INFO] [stderr] 1045 | trait PsbtFields {
[INFO] [stderr]      |       ---------- methods in this trait
[INFO] [stderr] ...
[INFO] [stderr] 1054 |     fn proprietary(&mut self) -> &mut BTreeMap<psbt::raw::ProprietaryKey, Vec<u8>>;
[INFO] [stderr]      |        ^^^^^^^^^^^
[INFO] [stderr] 1055 |     fn unknown(&mut self) -> &mut BTreeMap<psbt::raw::Key, Vec<u8>>;
[INFO] [stderr]      |        ^^^^^^^
[INFO] [stderr]      |
[INFO] [stderr] note: the lint level is defined here
[INFO] [stderr]     --> src/lib.rs:84:9
[INFO] [stderr]      |
[INFO] [stderr]   84 | #![deny(dead_code)]
[INFO] [stderr]      |         ^^^^^^^^^
[INFO] [stderr] 
[INFO] [stderr] warning: hiding a lifetime that's elided elsewhere is confusing
[INFO] [stderr]    --> src/descriptor/tr.rs:125:17
[INFO] [stderr]     |
[INFO] [stderr] 125 |     pub fn iter(&self) -> TapTreeIter<Pk> {
[INFO] [stderr]     |                 ^^^^^     ^^^^^^^^^^^^^^^ the same lifetime is hidden here
[INFO] [stderr]     |                 |
[INFO] [stderr]     |                 the lifetime is elided here
[INFO] [stderr]     |
[INFO] [stderr]     = help: the same lifetime is referred to in inconsistent ways, making the signature confusing
[INFO] [stderr]     = note: `#[warn(mismatched_lifetime_syntaxes)]` on by default
[INFO] [stderr] help: use `'_` for type paths
[INFO] [stderr]     |
[INFO] [stderr] 125 |     pub fn iter(&self) -> TapTreeIter<'_, Pk> {
[INFO] [stderr]     |                                       +++
[INFO] [stderr] 
[INFO] [stderr] warning: hiding a lifetime that's elided elsewhere is confusing
[INFO] [stderr]    --> src/descriptor/tr.rs:195:25
[INFO] [stderr]     |
[INFO] [stderr] 195 |     pub fn iter_scripts(&self) -> TapTreeIter<Pk> {
[INFO] [stderr]     |                         ^^^^^     ^^^^^^^^^^^^^^^ the same lifetime is hidden here
[INFO] [stderr]     |                         |
[INFO] [stderr]     |                         the lifetime is elided here
[INFO] [stderr]     |
[INFO] [stderr]     = help: the same lifetime is referred to in inconsistent ways, making the signature confusing
[INFO] [stderr] help: use `'_` for type paths
[INFO] [stderr]     |
[INFO] [stderr] 195 |     pub fn iter_scripts(&self) -> TapTreeIter<'_, Pk> {
[INFO] [stderr]     |                                               +++
[INFO] [stderr] 
[INFO] [stderr] warning: hiding a lifetime that's elided elsewhere is confusing
[INFO] [stderr]    --> src/descriptor/tr.rs:521:21
[INFO] [stderr]     |
[INFO] [stderr] 521 | fn parse_tr_tree(s: &str) -> Result<expression::Tree, Error> {
[INFO] [stderr]     |                     ^^^^            ^^^^^^^^^^^^^^^^ the same lifetime is hidden here
[INFO] [stderr]     |                     |
[INFO] [stderr]     |                     the lifetime is elided here
[INFO] [stderr]     |
[INFO] [stderr]     = help: the same lifetime is referred to in inconsistent ways, making the signature confusing
[INFO] [stderr] help: use `'_` for type paths
[INFO] [stderr]     |
[INFO] [stderr] 521 | fn parse_tr_tree(s: &str) -> Result<expression::Tree<'_>, Error> {
[INFO] [stderr]     |                                                     ++++
[INFO] [stderr] 
[INFO] [stderr] warning: hiding a lifetime that's elided elsewhere is confusing
[INFO] [stderr]   --> src/miniscript/iter.rs:21:17
[INFO] [stderr]    |
[INFO] [stderr] 21 |     pub fn iter(&self) -> Iter<Pk, Ctx> {
[INFO] [stderr]    |                 ^^^^^     ^^^^^^^^^^^^^ the same lifetime is hidden here
[INFO] [stderr]    |                 |
[INFO] [stderr]    |                 the lifetime is elided here
[INFO] [stderr]    |
[INFO] [stderr]    = help: the same lifetime is referred to in inconsistent ways, making the signature confusing
[INFO] [stderr] help: use `'_` for type paths
[INFO] [stderr]    |
[INFO] [stderr] 21 |     pub fn iter(&self) -> Iter<'_, Pk, Ctx> {
[INFO] [stderr]    |                                +++
[INFO] [stderr] 
[INFO] [stderr] warning: hiding a lifetime that's elided elsewhere is confusing
[INFO] [stderr]   --> src/miniscript/iter.rs:28:20
[INFO] [stderr]    |
[INFO] [stderr] 28 |     pub fn iter_pk(&self) -> PkIter<Pk, Ctx> {
[INFO] [stderr]    |                    ^^^^^     ^^^^^^^^^^^^^^^ the same lifetime is hidden here
[INFO] [stderr]    |                    |
[INFO] [stderr]    |                    the lifetime is elided here
[INFO] [stderr]    |
[INFO] [stderr]    = help: the same lifetime is referred to in inconsistent ways, making the signature confusing
[INFO] [stderr] help: use `'_` for type paths
[INFO] [stderr]    |
[INFO] [stderr] 28 |     pub fn iter_pk(&self) -> PkIter<'_, Pk, Ctx> {
[INFO] [stderr]    |                                     +++
[INFO] [stderr] 
[INFO] [stderr] warning: hiding a lifetime that's elided elsewhere is confusing
[INFO] [stderr]   --> src/miniscript/lex.rs:81:17
[INFO] [stderr]    |
[INFO] [stderr] 81 |     pub fn peek(&self) -> Option<&'s Token> {
[INFO] [stderr]    |                 ^^^^^                ^^^^^ the same lifetime is hidden here
[INFO] [stderr]    |                 |
[INFO] [stderr]    |                 the lifetime is elided here
[INFO] [stderr]    |
[INFO] [stderr]    = help: the same lifetime is referred to in inconsistent ways, making the signature confusing
[INFO] [stderr] help: use `'_` for type paths
[INFO] [stderr]    |
[INFO] [stderr] 81 |     pub fn peek(&self) -> Option<&'s Token<'_>> {
[INFO] [stderr]    |                                           ++++
[INFO] [stderr] 
[INFO] [stderr] warning: unexpected `cfg` condition value: `cargo-fmt`
[INFO] [stderr]   --> src/miniscript/ms_tests.rs:71:16
[INFO] [stderr]    |
[INFO] [stderr] 71 |     #[cfg_attr(feature="cargo-fmt", rustfmt_skip)]
[INFO] [stderr]    |                ^^^^^^^^^^^^^^^^^^^
[INFO] [stderr]    |
[INFO] [stderr]    = note: expected values for `feature` are: `actual-serde`, `base64`, `compiler`, `default`, `hashbrown`, `no-std`, `rand`, `serde`, `std`, `trace`, and `unstable`
[INFO] [stderr]    = help: consider adding `cargo-fmt` as a feature in `Cargo.toml`
[INFO] [stderr]    = note: see <https://doc.rust-lang.org/nightly/rustc/check-cfg/cargo-specifics.html> for more information about checking conditional configuration
[INFO] [stderr]    = note: `#[warn(unexpected_cfgs)]` on by default
[INFO] [stderr] 
[INFO] [stderr] warning: unexpected `cfg` condition value: `cargo-fmt`
[INFO] [stderr]     --> src/miniscript/ms_tests.rs:5649:16
[INFO] [stderr]      |
[INFO] [stderr] 5649 |     #[cfg_attr(feature="cargo-fmt", rustfmt_skip)]
[INFO] [stderr]      |                ^^^^^^^^^^^^^^^^^^^
[INFO] [stderr]      |
[INFO] [stderr]      = note: expected values for `feature` are: `actual-serde`, `base64`, `compiler`, `default`, `hashbrown`, `no-std`, `rand`, `serde`, `std`, `trace`, and `unstable`
[INFO] [stderr]      = help: consider adding `cargo-fmt` as a feature in `Cargo.toml`
[INFO] [stderr]      = note: see <https://doc.rust-lang.org/nightly/rustc/check-cfg/cargo-specifics.html> for more information about checking conditional configuration
[INFO] [stderr] 
[INFO] [stderr] warning: unexpected `cfg` condition value: `cargo-fmt`
[INFO] [stderr]     --> src/miniscript/ms_tests.rs:9146:16
[INFO] [stderr]      |
[INFO] [stderr] 9146 |     #[cfg_attr(feature="cargo-fmt", rustfmt_skip)]
[INFO] [stderr]      |                ^^^^^^^^^^^^^^^^^^^
[INFO] [stderr]      |
[INFO] [stderr]      = note: expected values for `feature` are: `actual-serde`, `base64`, `compiler`, `default`, `hashbrown`, `no-std`, `rand`, `serde`, `std`, `trace`, and `unstable`
[INFO] [stderr]      = help: consider adding `cargo-fmt` as a feature in `Cargo.toml`
[INFO] [stderr]      = note: see <https://doc.rust-lang.org/nightly/rustc/check-cfg/cargo-specifics.html> for more information about checking conditional configuration
[INFO] [stderr] 
[INFO] [stderr] warning: unexpected `cfg` condition value: `cargo-fmt`
[INFO] [stderr]      --> src/miniscript/ms_tests.rs:15047:16
[INFO] [stderr]       |
[INFO] [stderr] 15047 |     #[cfg_attr(feature="cargo-fmt", rustfmt_skip)]
[INFO] [stderr]       |                ^^^^^^^^^^^^^^^^^^^
[INFO] [stderr]       |
[INFO] [stderr]       = note: expected values for `feature` are: `actual-serde`, `base64`, `compiler`, `default`, `hashbrown`, `no-std`, `rand`, `serde`, `std`, `trace`, and `unstable`
[INFO] [stderr]       = help: consider adding `cargo-fmt` as a feature in `Cargo.toml`
[INFO] [stderr]       = note: see <https://doc.rust-lang.org/nightly/rustc/check-cfg/cargo-specifics.html> for more information about checking conditional configuration
[INFO] [stderr] 
[INFO] [stderr] warning: unexpected `cfg` condition value: `cargo-fmt`
[INFO] [stderr]      --> src/miniscript/ms_tests.rs:22080:20
[INFO] [stderr]       |
[INFO] [stderr] 22080 |         #[cfg_attr(feature="cargo-fmt", rustfmt_skip)]
[INFO] [stderr]       |                    ^^^^^^^^^^^^^^^^^^^
[INFO] [stderr]       |
[INFO] [stderr]       = note: expected values for `feature` are: `actual-serde`, `base64`, `compiler`, `default`, `hashbrown`, `no-std`, `rand`, `serde`, `std`, `trace`, and `unstable`
[INFO] [stderr]       = help: consider adding `cargo-fmt` as a feature in `Cargo.toml`
[INFO] [stderr]       = note: see <https://doc.rust-lang.org/nightly/rustc/check-cfg/cargo-specifics.html> for more information about checking conditional configuration
[INFO] [stderr] 
[INFO] [stderr] warning: missing documentation for a module
[INFO] [stderr]    --> src/miniscript/iter.rs:217:1
[INFO] [stderr]     |
[INFO] [stderr] 217 | pub mod test {
[INFO] [stderr]     | ^^^^^^^^^^^^
[INFO] [stderr]     |
[INFO] [stderr] note: the lint level is defined here
[INFO] [stderr]    --> src/lib.rs:86:9
[INFO] [stderr]     |
[INFO] [stderr]  86 | #![deny(missing_docs)]
[INFO] [stderr]     |         ^^^^^^^^^^^^
[INFO] [stderr] 
[INFO] [stderr] warning: missing documentation for a type alias
[INFO] [stderr]    --> src/miniscript/iter.rs:225:5
[INFO] [stderr]     |
[INFO] [stderr] 225 |     pub type TestData = (
[INFO] [stderr]     |     ^^^^^^^^^^^^^^^^^
[INFO] [stderr] 
[INFO] [stderr] warning: missing documentation for a function
[INFO] [stderr]    --> src/miniscript/iter.rs:232:5
[INFO] [stderr]     |
[INFO] [stderr] 232 |     pub fn gen_secp_pubkeys(n: usize) -> Vec<secp256k1::PublicKey> {
[INFO] [stderr]     |     ^^^^^^^^^^^^^^^^^^^^^^^^^^^^^^^^^^^^^^^^^^^^^^^^^^^^^^^^^^^^^^
[INFO] [stderr] 
[INFO] [stderr] warning: missing documentation for a function
[INFO] [stderr]    --> src/miniscript/iter.rs:250:5
[INFO] [stderr]     |
[INFO] [stderr] 250 |     pub fn gen_bitcoin_pubkeys(n: usize, compressed: bool) -> Vec<qtum::PublicKey> {
[INFO] [stderr]     |     ^^^^^^^^^^^^^^^^^^^^^^^^^^^^^^^^^^^^^^^^^^^^^^^^^^^^^^^^^^^^^^^^^^^^^^^^^^^^^^
[INFO] [stderr] 
[INFO] [stderr] warning: missing documentation for a function
[INFO] [stderr]    --> src/miniscript/iter.rs:257:5
[INFO] [stderr]     |
[INFO] [stderr] 257 |     pub fn gen_testcases() -> Vec<TestData> {
[INFO] [stderr]     |     ^^^^^^^^^^^^^^^^^^^^^^^^^^^^^^^^^^^^^^^
[INFO] [stderr] 
[INFO] [stderr] warning: `miniscript-qtum` (lib) generated 14 warnings (run `cargo fix --lib -p miniscript-qtum` to apply 8 suggestions)
[INFO] [stderr] warning: `miniscript-qtum` (lib test) generated 24 warnings (14 duplicates)
[INFO] [stderr] warning: unexpected `cfg` condition value: `cargo-fmt`
[INFO] [stderr]    --> examples/verify_tx.rs:122:16
[INFO] [stderr]     |
[INFO] [stderr] 122 |     #[cfg_attr(feature="cargo-fmt", rustfmt_skip)]
[INFO] [stderr]     |                ^^^^^^^^^^^^^^^^^^^
[INFO] [stderr]     |
[INFO] [stderr]     = note: expected values for `feature` are: `actual-serde`, `base64`, `compiler`, `default`, `hashbrown`, `no-std`, `rand`, `serde`, `std`, `trace`, and `unstable`
[INFO] [stderr]     = help: consider adding `cargo-fmt` as a feature in `Cargo.toml`
[INFO] [stderr]     = note: see <https://doc.rust-lang.org/nightly/rustc/check-cfg/cargo-specifics.html> for more information about checking conditional configuration
[INFO] [stderr]     = note: `#[warn(unexpected_cfgs)]` on by default
[INFO] [stderr] 
[INFO] [stderr] warning: unexpected `cfg` condition value: `cargo-fmt`
[INFO] [stderr]    --> examples/sign_multisig.rs:110:16
[INFO] [stderr]     |
[INFO] [stderr] 110 |     #[cfg_attr(feature="cargo-fmt", rustfmt_skip)]
[INFO] [stderr]     |                ^^^^^^^^^^^^^^^^^^^
[INFO] [stderr]     |
[INFO] [stderr]     = note: expected values for `feature` are: `actual-serde`, `base64`, `compiler`, `default`, `hashbrown`, `no-std`, `rand`, `serde`, `std`, `trace`, and `unstable`
[INFO] [stderr]     = help: consider adding `cargo-fmt` as a feature in `Cargo.toml`
[INFO] [stderr]     = note: see <https://doc.rust-lang.org/nightly/rustc/check-cfg/cargo-specifics.html> for more information about checking conditional configuration
[INFO] [stderr]     = note: `#[warn(unexpected_cfgs)]` on by default
[INFO] [stderr] 
[INFO] [stderr] warning: `miniscript-qtum` (example "verify_tx") generated 1 warning
[INFO] [stderr] warning: `miniscript-qtum` (example "sign_multisig") generated 1 warning
[INFO] [stderr]     Finished `release` profile [optimized] target(s) in 0.12s
[INFO] [stderr]      Running unittests src/lib.rs (/opt/rustwide/target/release/deps/miniscript_qtum-4f6a8cc1aaef4415)
[INFO] [stdout] 
[INFO] [stdout] running 86 tests
[INFO] [stdout] test descriptor::key::test::parse_descriptor_key_errors ... ok
[INFO] [stdout] test descriptor::checksum::test::test_desc_checksum_invalid_character ... ok
[INFO] [stdout] test descriptor::checksum::test::test_valid_descriptor_checksum ... ok
[INFO] [stdout] test descriptor::tests::multipath_descriptors ... ok
[INFO] [stdout] test descriptor::tests::empty_thresh ... ok
[INFO] [stdout] test descriptor::key::test::test_deriv_on_xprv ... ok
[INFO] [stdout] test descriptor::key::test::test_master_fingerprint ... ok
[INFO] [stdout] test descriptor::tests::desc_rtt_tests ... ok
[INFO] [stdout] test descriptor::key::test::test_wildcard ... ok
[INFO] [stdout] test descriptor::key::test::multipath_extended_keys ... ok
[INFO] [stdout] test descriptor::key::test::parse_descriptor_secret_key_error ... ok
[INFO] [stdout] test descriptor::sortedmulti::tests::too_many_pubkeys ... ok
[INFO] [stdout] test descriptor::tests::after_is_cltv ... ok
[INFO] [stdout] test descriptor::tests::roundtrip_tests ... ok
[INFO] [stdout] test descriptor::tests::checksum_for_nested_sh ... ok
[INFO] [stdout] test descriptor::tests::parse_descriptor ... ok
[INFO] [stdout] test descriptor::tests::older_is_csv ... ok
[INFO] [stdout] test descriptor::tests::display_alternate ... ok
[INFO] [stdout] test descriptor::tests::tr_roundtrip_key ... ok
[INFO] [stdout] test descriptor::tests::parse_descriptor_key ... ok
[INFO] [stdout] test descriptor::tests::satisfy ... ok
[INFO] [stdout] test descriptor::tests::parse_with_secrets ... ok
[INFO] [stdout] test descriptor::tests::test_xonly_keys ... ok
[INFO] [stdout] test descriptor::tests::tr_roundtrip_tree ... ok
[INFO] [stdout] test descriptor::tests::script_pubkey ... FAILED
[INFO] [stdout] test descriptor::tests::test_sortedmulti ... FAILED
[INFO] [stdout] test descriptor::tests::test_context_pks ... ok
[INFO] [stdout] test descriptor::tests::test_parse_descriptor ... ok
[INFO] [stdout] test descriptor::tests::test_scriptcode ... ok
[INFO] [stdout] test descriptor::tr::tests::test_for_each ... ok
[INFO] [stdout] test interpreter::inner::tests::pubkey_pkh ... ok
[INFO] [stdout] test interpreter::inner::tests::pubkey_pk ... ok
[INFO] [stdout] test interpreter::inner::tests::pubkey_wpkh ... ok
[INFO] [stdout] test interpreter::inner::tests::pubkey_sh_wpkh ... ok
[INFO] [stdout] test interpreter::inner::tests::script_bare ... ok
[INFO] [stdout] test descriptor::tests::tr_script_pubkey ... ok
[INFO] [stdout] test expression::tests::test_parse_num ... ok
[INFO] [stdout] test descriptor::tests::witness_stack_for_andv_is_arranged_in_correct_order ... ok
[INFO] [stdout] test descriptor::tests::tr_roundtrip_script ... ok
[INFO] [stdout] test descriptor::tests::test_find_derivation_index_for_spk ... ok
[INFO] [stdout] test interpreter::inner::tests::script_sh ... ok
[INFO] [stdout] test interpreter::inner::tests::script_sh_wsh ... ok
[INFO] [stdout] test interpreter::inner::tests::script_wsh ... ok
[INFO] [stdout] test miniscript::tests::pk_alias ... ok
[INFO] [stdout] test miniscript::tests::all_attribute_tests ... ok
[INFO] [stdout] test miniscript::tests::basic ... ok
[INFO] [stdout] test miniscript::iter::test::find_keys ... ok
[INFO] [stdout] test miniscript::tests::serialize ... ok
[INFO] [stdout] test miniscript::tests::deserialize ... ok
[INFO] [stdout] test miniscript::tests::expr_features ... ok
[INFO] [stdout] test miniscript::tests::non_ascii ... ok
[INFO] [stdout] test miniscript::tests::decode_bug_cpp_review ... ok
[INFO] [stdout] test miniscript::tests::tr_multi_a_j_wrapper ... ok
[INFO] [stdout] test miniscript::types::extra_props::tests::combine_threshold ... ok
[INFO] [stdout] test policy::concrete::tests::for_each_key ... ok
[INFO] [stdout] test miniscript::tests::test_tapscript_rtt ... ok
[INFO] [stdout] test miniscript::tests::true_false ... ok
[INFO] [stdout] test miniscript::tests::verify_parse ... ok
[INFO] [stdout] test policy::semantic::tests::for_each_key ... ok
[INFO] [stdout] test interpreter::tests::sat_constraints ... ok
[INFO] [stdout] test miniscript::tests::multi_a_tests ... ok
[INFO] [stdout] test policy::semantic::tests::semantic_analysis ... ok
[INFO] [stdout] test policy::tests::compile_invalid ... ok
[INFO] [stdout] test policy::semantic::tests::parse_policy_err ... ok
[INFO] [stdout] test miniscript::tests::translate_tests ... ok
[INFO] [stdout] test policy::semantic::tests::entailment_escrow ... ok
[INFO] [stdout] test policy::tests::policy_rtt_tests ... ok
[INFO] [stdout] test policy::tests::heavy_nest ... ok
[INFO] [stdout] test policy::tests::lift_andor ... ok
[INFO] [stdout] test policy::tests::test_timelock_validity ... ok
[INFO] [stdout] test psbt::tests::test_extract_bip174 ... ok
[INFO] [stdout] test tests::regression_secp256k1_key_hash ... ok
[INFO] [stdout] test psbt::tests::test_update_item_tr_no_script ... ok
[INFO] [stdout] test tests::regression_xonly_key_hash ... ok
[INFO] [stdout] test psbt::finalizer::tests::tests_from_bip174 ... ok
[INFO] [stdout] test psbt::tests::test_update_output_checks ... ok
[INFO] [stdout] test psbt::tests::test_update_input_checks ... ok
[INFO] [stdout] test psbt::tests::test_update_item_non_tr_multi ... ok
[INFO] [stdout] test tests::regression_bitcoin_key_hash ... ok
[INFO] [stdout] test psbt::tests::test_update_item_tr_with_tapscript ... ok
[INFO] [stdout] test miniscript::ms_tests::tests::conflict_tests_from_alloy ... ok
[INFO] [stdout] test miniscript::ms_tests::tests::main_tests_from_alloy ... ok
[INFO] [stdout] test miniscript::ms_tests::tests::invalid_tests_from_alloy ... ok
[INFO] [stdout] test miniscript::ms_tests::tests::mall_8f1e8_tests_from_alloy ... ok
[INFO] [stdout] test policy::semantic::tests::entailment_liquid_test ... ok
[INFO] [stdout] test miniscript::ms_tests::tests::malleable_tests_from_alloy ... ok
[INFO] [stdout] 
[INFO] [stdout] failures:
[INFO] [stdout] 
[INFO] [stdout] ---- descriptor::tests::script_pubkey stdout ----
[INFO] [stdout] 
[INFO] [stdout] thread 'descriptor::tests::script_pubkey' (1933) panicked at src/descriptor/mod.rs:1087:9:
[INFO] [stdout] assertion `left == right` failed
[INFO] [stdout]   left: "QYimYE98sT5VatdDN2hmAzpuNMPV68JFrk"
[INFO] [stdout]  right: "1D7nRvrRgzCg9kYBwhPH3j3Gs6SmsRg3Wq"
[INFO] [stdout] stack backtrace:
[INFO] [stdout]    0:     0x55d5c7e62631 - <<std[70759c8f55707aa4]::sys::backtrace::BacktraceLock>::print::DisplayBacktrace as core[df12db4294e9bfd3]::fmt::Display>::fmt
[INFO] [stdout]    1:     0x55d5c7e784ca - core[df12db4294e9bfd3]::fmt::write
[INFO] [stdout]    2:     0x55d5c7e66b7c - <alloc[2182bb758b4b3781]::vec::Vec<u8> as core[df12db4294e9bfd3]::io::write::Write>::write_fmt
[INFO] [stdout]    3:     0x55d5c7e3ec26 - std[70759c8f55707aa4]::panicking::default_hook::{closure#0}
[INFO] [stdout]    4:     0x55d5c7e5ad99 - std[70759c8f55707aa4]::panicking::default_hook
[INFO] [stdout]    5:     0x55d5c7d98af0 - test[9d35eded1c95d3be]::test_main_inner::<test[9d35eded1c95d3be]::test_main_static::{closure#0}>::{closure#0}
[INFO] [stdout]    6:     0x55d5c7e5af52 - std[70759c8f55707aa4]::panicking::panic_with_hook
[INFO] [stdout]    7:     0x55d5c7e3ecd2 - std[70759c8f55707aa4]::panicking::panic_handler::{closure#0}
[INFO] [stdout]    8:     0x55d5c7e37a29 - std[70759c8f55707aa4]::sys::backtrace::__rust_end_short_backtrace::<std[70759c8f55707aa4]::panicking::panic_handler::{closure#0}, !>
[INFO] [stdout]    9:     0x55d5c7e3f8cd - __rustc[8fa7c3cbc660c2b3]::rust_begin_unwind
[INFO] [stdout]   10:     0x55d5c7e78bfc - core[df12db4294e9bfd3]::panicking::panic_fmt
[INFO] [stdout]   11:     0x55d5c7e78b13 - core[df12db4294e9bfd3]::panicking::assert_failed_inner
[INFO] [stdout]   12:     0x55d5c7d82fc8 - core[df12db4294e9bfd3]::panicking::assert_failed::<alloc[2182bb758b4b3781]::string::String, &str>
[INFO] [stdout]   13:     0x55d5c7b7235e - <miniscript_qtum[b74ed9634a915f70]::descriptor::tests::script_pubkey::{closure#0} as core[df12db4294e9bfd3]::ops::function::FnOnce<()>>::call_once
[INFO] [stdout]   14:     0x55d5c7d8bddb - test[9d35eded1c95d3be]::__rust_begin_short_backtrace::<core[df12db4294e9bfd3]::result::Result<(), alloc[2182bb758b4b3781]::string::String>, fn() -> core[df12db4294e9bfd3]::result::Result<(), alloc[2182bb758b4b3781]::string::String>>
[INFO] [stdout]   15:     0x55d5c7d99445 - test[9d35eded1c95d3be]::run_test::{closure#0}
[INFO] [stdout]   16:     0x55d5c7d92d04 - std[70759c8f55707aa4]::sys::backtrace::__rust_begin_short_backtrace::<test[9d35eded1c95d3be]::run_test::{closure#1}, ()>
[INFO] [stdout]   17:     0x55d5c7d9c5a2 - <std[70759c8f55707aa4]::thread::lifecycle::spawn_unchecked<test[9d35eded1c95d3be]::run_test::{closure#1}, ()>::{closure#1} as core[df12db4294e9bfd3]::ops::function::FnOnce<()>>::call_once::{shim:vtable#0}
[INFO] [stdout]   18:     0x55d5c7e61f09 - <std[70759c8f55707aa4]::sys::thread::unix::Thread>::new::thread_start
[INFO] [stdout]   19:     0x79cab454adfa - <unknown>
[INFO] [stdout]   20:     0x79cab45de3d4 - clone
[INFO] [stdout]   21:                0x0 - <unknown>
[INFO] [stdout] 
[INFO] [stdout] ---- descriptor::tests::test_sortedmulti stdout ----
[INFO] [stdout] 
[INFO] [stdout] thread 'descriptor::tests::test_sortedmulti' (1938) panicked at src/descriptor/mod.rs:1724:18:
[INFO] [stdout] called `Result::unwrap()` on an `Err` value: Base58(InvalidAddressVersion(5))
[INFO] [stdout] stack backtrace:
[INFO] [stdout]    0:     0x55d5c7e62631 - <<std[70759c8f55707aa4]::sys::backtrace::BacktraceLock>::print::DisplayBacktrace as core[df12db4294e9bfd3]::fmt::Display>::fmt
[INFO] [stdout]    1:     0x55d5c7e784ca - core[df12db4294e9bfd3]::fmt::write
[INFO] [stdout]    2:     0x55d5c7e66b7c - <alloc[2182bb758b4b3781]::vec::Vec<u8> as core[df12db4294e9bfd3]::io::write::Write>::write_fmt
[INFO] [stdout]    3:     0x55d5c7e3ec26 - std[70759c8f55707aa4]::panicking::default_hook::{closure#0}
[INFO] [stdout]    4:     0x55d5c7e5ad99 - std[70759c8f55707aa4]::panicking::default_hook
[INFO] [stdout]    5:     0x55d5c7d98af0 - test[9d35eded1c95d3be]::test_main_inner::<test[9d35eded1c95d3be]::test_main_static::{closure#0}>::{closure#0}
[INFO] [stdout]    6:     0x55d5c7e5af52 - std[70759c8f55707aa4]::panicking::panic_with_hook
[INFO] [stdout]    7:     0x55d5c7e3ecd2 - std[70759c8f55707aa4]::panicking::panic_handler::{closure#0}
[INFO] [stdout]    8:     0x55d5c7e37a29 - std[70759c8f55707aa4]::sys::backtrace::__rust_end_short_backtrace::<std[70759c8f55707aa4]::panicking::panic_handler::{closure#0}, !>
[INFO] [stdout]    9:     0x55d5c7e3f8cd - __rustc[8fa7c3cbc660c2b3]::rust_begin_unwind
[INFO] [stdout]   10:     0x55d5c7e78bfc - core[df12db4294e9bfd3]::panicking::panic_fmt
[INFO] [stdout]   11:     0x55d5c7e789d2 - core[df12db4294e9bfd3]::result::unwrap_failed
[INFO] [stdout]   12:     0x55d5c7b66167 - miniscript_qtum[b74ed9634a915f70]::descriptor::tests::test_sortedmulti::_test_sortedmulti
[INFO] [stdout]   13:     0x55d5c7b773ae - <miniscript_qtum[b74ed9634a915f70]::descriptor::tests::test_sortedmulti::{closure#0} as core[df12db4294e9bfd3]::ops::function::FnOnce<()>>::call_once
[INFO] [stdout]   14:     0x55d5c7d8bddb - test[9d35eded1c95d3be]::__rust_begin_short_backtrace::<core[df12db4294e9bfd3]::result::Result<(), alloc[2182bb758b4b3781]::string::String>, fn() -> core[df12db4294e9bfd3]::result::Result<(), alloc[2182bb758b4b3781]::string::String>>
[INFO] [stdout]   15:     0x55d5c7d99445 - test[9d35eded1c95d3be]::run_test::{closure#0}
[INFO] [stdout]   16:     0x55d5c7d92d04 - std[70759c8f55707aa4]::sys::backtrace::__rust_begin_short_backtrace::<test[9d35eded1c95d3be]::run_test::{closure#1}, ()>
[INFO] [stdout]   17:     0x55d5c7d9c5a2 - <std[70759c8f55707aa4]::thread::lifecycle::spawn_unchecked<test[9d35eded1c95d3be]::run_test::{closure#1}, ()>::{closure#1} as core[df12db4294e9bfd3]::ops::function::FnOnce<()>>::call_once::{shim:vtable#0}
[INFO] [stdout]   18:     0x55d5c7e61f09 - <std[70759c8f55707aa4]::sys::thread::unix::Thread>::new::thread_start
[INFO] [stdout]   19:     0x79cab454adfa - <unknown>
[INFO] [stdout]   20:     0x79cab45de3d4 - clone
[INFO] [stdout]   21:                0x0 - <unknown>
[INFO] [stdout] 
[INFO] [stdout] 
[INFO] [stdout] failures:
[INFO] [stdout]     descriptor::tests::script_pubkey
[INFO] [stdout]     descriptor::tests::test_sortedmulti
[INFO] [stdout] 
[INFO] [stdout] test result: FAILED. 84 passed; 2 failed; 0 ignored; 0 measured; 0 filtered out; finished in 0.13s
[INFO] [stdout] 
[INFO] [stderr] error: test failed, to rerun pass `--lib`
[INFO] running `Command { std: "docker" "inspect" "4c1320580374547cd256ea2e104cdfdcb694b05d7d275a6b82fa95b0fd915c12", kill_on_drop: false }`
[INFO] running `Command { std: "docker" "rm" "-f" "4c1320580374547cd256ea2e104cdfdcb694b05d7d275a6b82fa95b0fd915c12", kill_on_drop: false }`
[INFO] [stdout] 4c1320580374547cd256ea2e104cdfdcb694b05d7d275a6b82fa95b0fd915c12
